38.91.101.117 - - [08/Mar/2025:02:36:49 +0000] "POST /store/wp-cron.php?doing_wp_cron=1741401409.7785201072692871093750 HTTP/1.1" 200 0 "-" "WordPress/6.7.2; https://valuecartpk.shop/store"
38.91.101.117 - - [08/Mar/2025:02:43:49 +0000] "POST /store/wp-cron.php?doing_wp_cron=1741401828.8654129505157470703125 HTTP/1.1" 200 0 "-" "WordPress/6.7.2; https://valuecartpk.shop/store"
38.91.101.117 - - [08/Mar/2025:02:51:49 +0000] "POST /store/wp-cron.php?doing_wp_cron=1741402308.7448849678039550781250 HTTP/1.1" 200 0 "-" "WordPress/6.7.2; https://valuecartpk.shop/store"
2a06:98c0:3600::103 - - [08/Mar/2025:02:55:08 +0000] "GET /wordpress/wp-admin/setup-config.php HTTP/1.1" 404 1251 "-" "Mozilla/5.0 (Windows NT 10.0; Win64; x64) AppleWebKit/537.36 (KHTML, like Gecko) Chrome/133.0.0.0 Safari/537.36"
2a06:98c0:3600::103 - - [08/Mar/2025:03:08:02 +0000] "GET /wp-admin/setup-config.php HTTP/1.1" 404 1251 "-" "Mozilla/5.0 (Windows NT 10.0; Win64; x64) AppleWebKit/537.36 (KHTML, like Gecko) Chrome/133.0.0.0 Safari/537.36"
38.91.101.117 - - [08/Mar/2025:03:08:50 +0000] "POST /store/wp-cron.php?doing_wp_cron=1741403330.1698689460754394531250 HTTP/1.1" 200 0 "-" "WordPress/6.7.2; https://valuecartpk.shop/store"
85.239.238.198 - - [08/Mar/2025:03:04:48 +0000] "GET /store/shop/?filter_brand=joseph-joseph,magisso&filter_color=blue,brown&stock_status=instock,onsale HTTP/1.1" 200 21886 "-" "Mozilla/5.0 (compatible; MJ12bot/v1.4.8; http://mj12bot.com/)"
85.239.238.198 - - [08/Mar/2025:03:04:54 +0000] "GET /store/shop/?filter_brand=joseph-joseph,magisso&filter_color=blue,brown&stock_status=instock,onsale&filter_size=l HTTP/1.1" 200 21965 "-" "Mozilla/5.0 (compatible; MJ12bot/v1.4.8; http://mj12bot.com/)"
85.239.238.198 - - [08/Mar/2025:03:05:00 +0000] "GET /store/shop/?filter_brand=joseph-joseph,magisso&filter_color=blue,brown&stock_status=instock,onsale&filter_size=m HTTP/1.1" 200 21951 "-" "Mozilla/5.0 (compatible; MJ12bot/v1.4.8; http://mj12bot.com/)"
38.91.101.117 - - [08/Mar/2025:03:05:50 +0000] "POST /store/wp-cron.php?doing_wp_cron=1741403150.3104109764099121093750 HTTP/1.1" 200 0 "-" "WordPress/6.7.2; https://valuecartpk.shop/store"
38.91.101.117 - - [08/Mar/2025:03:16:51 +0000] "POST /store/wp-cron.php?doing_wp_cron=1741403811.2708110809326171875000 HTTP/1.1" 200 0 "-" "WordPress/6.7.2; https://valuecartpk.shop/store"
2a06:98c0:3600::103 - - [08/Mar/2025:03:19:29 +0000] "GET /wordpress/wp-admin/setup-config.php HTTP/1.1" 404 1251 "-" "Mozilla/5.0 (Windows NT 10.0; Win64; x64) AppleWebKit/537.36 (KHTML, like Gecko) Chrome/133.0.0.0 Safari/537.36"
38.91.101.117 - - [08/Mar/2025:03:26:48 +0000] "POST /store/wp-cron.php?doing_wp_cron=1741404408.1241381168365478515625 HTTP/1.1" 200 0 "-" "WordPress/6.7.2; https://valuecartpk.shop/store"
20.171.207.80 - - [08/Mar/2025:03:27:58 +0000] "GET /store/shop/?filter_brand=joseph-joseph&filter_color=brown%2Cyellow&filter_size=l%2Cs&stock_status=instock HTTP/2" 200 21854 "-" "Mozilla/5.0 AppleWebKit/537.36 (KHTML, like Gecko; compatible; GPTBot/1.2; +https://openai.com/gptbot)"
20.171.207.80 - - [08/Mar/2025:03:28:12 +0000] "GET /store/shop/?filter_brand=eva-solo%2Cmagisso%2Cvitra&filter_color=brown%2Cyellow&filter_size=l%2Cs&stock_status=onsale HTTP/2" 200 21891 "-" "Mozilla/5.0 AppleWebKit/537.36 (KHTML, like Gecko; compatible; GPTBot/1.2; +https://openai.com/gptbot)"
38.91.101.117 - - [08/Mar/2025:03:28:49 +0000] "POST /store/wp-cron.php?doing_wp_cron=1741404528.9869310855865478515625 HTTP/1.1" 200 0 "-" "WordPress/6.7.2; https://valuecartpk.shop/store"
20.171.207.80 - - [08/Mar/2025:03:27:53 +0000] "GET /store/shop/?filter_brand=magisso&filter_color=black%2Cyellow&filter_size=l%2Cm%2Cs&stock_status=instock HTTP/2" 500 1034 "-" "Mozilla/5.0 AppleWebKit/537.36 (KHTML, like Gecko; compatible; GPTBot/1.2; +https://openai.com/gptbot)"
20.171.207.80 - - [08/Mar/2025:03:28:36 +0000] "GET /store/shop/?filter_brand=eva-solo%2Cklober&filter_color=beige%2Cblack%2Cblue&filter_size=l%2Cm&stock_status=instock HTTP/2" 200 25055 "-" "Mozilla/5.0 AppleWebKit/537.36 (KHTML, like Gecko; compatible; GPTBot/1.2; +https://openai.com/gptbot)"
2a06:98c0:3600::103 - - [08/Mar/2025:03:29:01 +0000] "GET /wp-admin/setup-config.php HTTP/1.1" 404 1251 "-" "Mozilla/5.0 (Windows NT 10.0; Win64; x64) AppleWebKit/537.36 (KHTML, like Gecko) Chrome/133.0.0.0 Safari/537.36"
20.171.207.80 - - [08/Mar/2025:03:29:24 +0000] "GET /store/shop/?filter_brand=klober%2Cvitra&filter_color=black%2Cyellow&filter_size=l%2Cm%2Cs&per_row=3&shop_view=grid&stock_status=instock HTTP/2" 200 25106 "-" "Mozilla/5.0 AppleWebKit/537.36 (KHTML, like Gecko; compatible; GPTBot/1.2; +https://openai.com/gptbot)"
38.91.101.117 - - [08/Mar/2025:01:48:49 +0000] "POST /store/wp-cron.php?doing_wp_cron=1741398529.2227330207824707031250 HTTP/1.1" 200 0 "-" "WordPress/6.7.2; https://valuecartpk.shop/store"
38.91.101.117 - - [08/Mar/2025:01:50:49 +0000] "POST /store/wp-cron.php?doing_wp_cron=1741398649.5204489231109619140625 HTTP/1.1" 200 0 "-" "WordPress/6.7.2; https://valuecartpk.shop/store"
38.91.101.117 - - [08/Mar/2025:01:51:48 +0000] "POST /store/wp-cron.php?doing_wp_cron=1741398708.6468770503997802734375 HTTP/1.1" 200 0 "-" "WordPress/6.7.2; https://valuecartpk.shop/store"
170.106.107.87 - - [08/Mar/2025:01:52:39 +0000] "GET /store/product-category/lighting/ HTTP/1.1" 200 27664 "-" "Mozilla/5.0 (iPhone; CPU iPhone OS 13_2_3 like Mac OS X) AppleWebKit/605.1.15 (KHTML, like Gecko) Version/13.0.3 Mobile/15E148 Safari/604.1"
38.91.101.117 - - [08/Mar/2025:01:57:51 +0000] "POST /store/wp-cron.php?doing_wp_cron=1741399071.0424020290374755859375 HTTP/1.1" 200 0 "-" "WordPress/6.7.2; https://valuecartpk.shop/store"
38.91.101.117 - - [08/Mar/2025:02:00:48 +0000] "POST /store/wp-cron.php?doing_wp_cron=1741399248.7692649364471435546875 HTTP/1.1" 200 0 "-" "WordPress/6.7.2; https://valuecartpk.shop/store"
38.91.101.117 - - [08/Mar/2025:02:14:50 +0000] "POST /store/wp-cron.php?doing_wp_cron=1741400090.2677938938140869140625 HTTP/1.1" 200 0 "-" "WordPress/6.7.2; https://valuecartpk.shop/store"
38.91.101.117 - - [08/Mar/2025:02:21:03 +0000] "POST /store/wp-cron.php?doing_wp_cron=1741400463.5462779998779296875000 HTTP/1.1" 200 0 "-" "WordPress/6.7.2; https://valuecartpk.shop/store"
38.91.101.117 - - [08/Mar/2025:02:23:54 +0000] "POST /store/wp-cron.php?doing_wp_cron=1741400634.3742349147796630859375 HTTP/1.1" 200 0 "-" "WordPress/6.7.2; https://valuecartpk.shop/store"
38.91.101.117 - - [08/Mar/2025:02:28:53 +0000] "POST /store/wp-cron.php?doing_wp_cron=1741400933.7355709075927734375000 HTTP/1.1" 200 0 "-" "WordPress/6.7.2; https://valuecartpk.shop/store"
38.91.101.117 - - [08/Mar/2025:02:31:09 +0000] "POST /store/wp-cron.php?doing_wp_cron=1741401069.6662020683288574218750 HTTP/1.1" 200 0 "-" "WordPress/6.7.2; https://valuecartpk.shop/store"
38.91.101.117 - - [08/Mar/2025:02:33:48 +0000] "POST /store/wp-cron.php?doing_wp_cron=1741401228.6453979015350341796875 HTTP/1.1" 200 0 "-" "WordPress/6.7.2; https://valuecartpk.shop/store"
38.91.101.117 - - [08/Mar/2025:02:38:51 +0000] "POST /store/wp-cron.php?doing_wp_cron=1741401531.1875669956207275390625 HTTP/1.1" 200 0 "-" "WordPress/6.7.2; https://valuecartpk.shop/store"
38.91.101.117 - - [08/Mar/2025:02:39:50 +0000] "POST /store/wp-cron.php?doing_wp_cron=1741401590.2815968990325927734375 HTTP/1.1" 200 0 "-" "WordPress/6.7.2; https://valuecartpk.shop/store"
2a06:98c0:3600::103 - - [08/Mar/2025:02:40:54 +0000] "GET /wordpress/wp-admin/setup-config.php HTTP/1.1" 404 1251 "-" "Mozilla/5.0 (Windows NT 10.0; Win64; x64) AppleWebKit/537.36 (KHTML, like Gecko) Chrome/133.0.0.0 Safari/537.36"
43.128.149.102 - - [08/Mar/2025:02:55:28 +0000] "GET /store/product/augue-adipiscing-euismod/ HTTP/1.1" 200 37920 "-" "Mozilla/5.0 (iPhone; CPU iPhone OS 13_2_3 like Mac OS X) AppleWebKit/605.1.15 (KHTML, like Gecko) Version/13.0.3 Mobile/15E148 Safari/604.1"
38.91.101.117 - - [08/Mar/2025:03:00:48 +0000] "POST /store/wp-cron.php?doing_wp_cron=1741402848.1334381103515625000000 HTTP/1.1" 200 0 "-" "WordPress/6.7.2; https://valuecartpk.shop/store"
38.91.101.117 - - [08/Mar/2025:03:03:52 +0000] "POST /store/wp-cron.php?doing_wp_cron=1741403032.0117120742797851562500 HTTP/1.1" 200 0 "-" "WordPress/6.7.2; https://valuecartpk.shop/store"
2a06:98c0:3600::103 - - [08/Mar/2025:03:06:09 +0000] "GET /wordpress/wp-admin/setup-config.php HTTP/1.1" 404 1251 "-" "Mozilla/5.0 (Windows NT 10.0; Win64; x64) AppleWebKit/537.36 (KHTML, like Gecko) Chrome/133.0.0.0 Safari/537.36"
38.91.101.117 - - [08/Mar/2025:03:20:48 +0000] "POST /store/wp-cron.php?doing_wp_cron=1741404048.0538361072540283203125 HTTP/1.1" 200 0 "-" "WordPress/6.7.2; https://valuecartpk.shop/store"
20.171.207.80 - - [08/Mar/2025:03:29:30 +0000] "GET /store/shop/?filter_brand=klober%2Cvitra&filter_color=black%2Cyellow&filter_size=l%2Cm%2Cs&per_row=4&shop_view=grid&stock_status=instock HTTP/2" 200 25112 "-" "Mozilla/5.0 AppleWebKit/537.36 (KHTML, like Gecko; compatible; GPTBot/1.2; +https://openai.com/gptbot)"
20.171.207.80 - - [08/Mar/2025:03:29:35 +0000] "GET /store/shop/?filter_brand=eva-solo%2Cvitra&filter_color=blue%2Cbrown%2Cyellow&filter_size=s&per_row=3&shop_view=grid&stock_status=instock HTTP/2" 200 24356 "-" "Mozilla/5.0 AppleWebKit/537.36 (KHTML, like Gecko; compatible; GPTBot/1.2; +https://openai.com/gptbot)"
20.171.207.80 - - [08/Mar/2025:03:29:39 +0000] "GET /store/shop/?filter_brand=eva-solo%2Cvitra&filter_color=blue%2Cbrown%2Cyellow&filter_size=s&per_row=2&shop_view=grid&stock_status=instock HTTP/2" 200 24349 "-" "Mozilla/5.0 AppleWebKit/537.36 (KHTML, like Gecko; compatible; GPTBot/1.2; +https://openai.com/gptbot)"
20.171.207.80 - - [08/Mar/2025:03:29:43 +0000] "GET /store/shop/?filter_brand=eva-solo%2Cvitra&filter_color=beige%2Cblue%2Cbrown&filter_size=s&stock_status=instock HTTP/2" 200 24316 "-" "Mozilla/5.0 AppleWebKit/537.36 (KHTML, like Gecko; compatible; GPTBot/1.2; +https://openai.com/gptbot)"
20.171.207.80 - - [08/Mar/2025:03:29:47 +0000] "GET /store/shop/?filter_brand=eva-solo%2Cklober&filter_color=beige%2Cblack%2Cblue&filter_size=l%2Cm&per_row=4&shop_view=grid&stock_status=instock HTTP/2" 500 1035 "-" "Mozilla/5.0 AppleWebKit/537.36 (KHTML, like Gecko; compatible; GPTBot/1.2; +https://openai.com/gptbot)"
20.171.207.80 - - [08/Mar/2025:03:29:51 +0000] "GET /store/shop/?filter_brand=eva-solo%2Cklober&filter_color=beige%2Cblack%2Cblue&filter_size=l%2Cm&per_row=2&shop_view=grid&stock_status=instock HTTP/2" 200 25109 "-" "Mozilla/5.0 AppleWebKit/537.36 (KHTML, like Gecko; compatible; GPTBot/1.2; +https://openai.com/gptbot)"
20.171.207.80 - - [08/Mar/2025:03:30:01 +0000] "GET /store/shop/?filter_brand=eva-solo%2Cklober&filter_color=beige%2Cblack%2Cblue&filter_size=l%2Cm&per_row=3&shop_view=grid&stock_status=instock HTTP/2" 200 25103 "-" "Mozilla/5.0 AppleWebKit/537.36 (KHTML, like Gecko; compatible; GPTBot/1.2; +https://openai.com/gptbot)"
20.171.207.80 - - [08/Mar/2025:03:30:10 +0000] "GET /store/shop/?filter_brand=eva-solo%2Cklober&filter_color=beige%2Cblack%2Cblue&filter_size=l%2Cm&per_page=12&stock_status=instock HTTP/2" 200 25047 "-" "Mozilla/5.0 AppleWebKit/537.36 (KHTML, like Gecko; compatible; GPTBot/1.2; +https://openai.com/gptbot)"
20.171.207.80 - - [08/Mar/2025:03:30:18 +0000] "GET /store/shop/?filter_brand=eva-solo%2Cvitra&filter_color=blue%2Cbrown%2Cyellow&filter_size=s&per_row=4&shop_view=grid&stock_status=instock%2Consale HTTP/2" 200 21933 "-" "Mozilla/5.0 AppleWebKit/537.36 (KHTML, like Gecko; compatible; GPTBot/1.2; +https://openai.com/gptbot)"
20.171.207.80 - - [08/Mar/2025:03:30:26 +0000] "GET /store/shop/?filter_brand=klober%2Cvitra&filter_color=black%2Cyellow&filter_size=l%2Cm%2Cs&per_row=2&shop_view=grid&stock_status=instock%2Consale HTTP/2" 200 22002 "-" "Mozilla/5.0 AppleWebKit/537.36 (KHTML, like Gecko; compatible; GPTBot/1.2; +https://openai.com/gptbot)"
20.171.207.80 - - [08/Mar/2025:03:30:33 +0000] "GET /store/shop/?filter_brand=klober%2Cvitra&filter_color=black%2Cyellow&filter_size=l%2Cm%2Cs&per_row=3&shop_view=grid&stock_status=instock%2Consale HTTP/2" 200 22002 "-" "Mozilla/5.0 AppleWebKit/537.36 (KHTML, like Gecko; compatible; GPTBot/1.2; +https://openai.com/gptbot)"
20.171.207.80 - - [08/Mar/2025:03:30:39 +0000] "GET /store/shop/?filter_brand=klober%2Cvitra&filter_color=black%2Cyellow&filter_size=l%2Cm%2Cs&per_row=4&shop_view=grid&stock_status=instock%2Consale HTTP/2" 200 22001 "-" "Mozilla/5.0 AppleWebKit/537.36 (KHTML, like Gecko; compatible; GPTBot/1.2; +https://openai.com/gptbot)"
20.171.207.80 - - [08/Mar/2025:03:30:44 +0000] "GET /store/shop/?filter_brand=eva-solo%2Cvitra&filter_color=blue%2Cbrown%2Cyellow&filter_size=s&per_row=3&shop_view=grid&stock_status=instock%2Consale HTTP/2" 200 21933 "-" "Mozilla/5.0 AppleWebKit/537.36 (KHTML, like Gecko; compatible; GPTBot/1.2; +https://openai.com/gptbot)"
38.91.101.117 - - [08/Mar/2025:03:30:51 +0000] "POST /store/wp-cron.php?doing_wp_cron=1741404651.2778379917144775390625 HTTP/1.1" 200 0 "-" "WordPress/6.7.2; https://valuecartpk.shop/store"
20.171.207.80 - - [08/Mar/2025:03:30:49 +0000] "GET /store/shop/?filter_brand=eva-solo%2Cvitra&filter_color=beige%2Cblue%2Cbrown&filter_size=s&per_page=12&stock_status=instock HTTP/2" 200 24352 "-" "Mozilla/5.0 AppleWebKit/537.36 (KHTML, like Gecko; compatible; GPTBot/1.2; +https://openai.com/gptbot)"
20.171.207.80 - - [08/Mar/2025:03:30:54 +0000] "GET /store/shop/?filter_brand=eva-solo%2Cvitra&filter_color=beige%2Cblue%2Cbrown&filter_size=s&per_page=24&stock_status=instock HTTP/2" 200 24347 "-" "Mozilla/5.0 AppleWebKit/537.36 (KHTML, like Gecko; compatible; GPTBot/1.2; +https://openai.com/gptbot)"
20.171.207.80 - - [08/Mar/2025:03:30:58 +0000] "GET /store/shop/?filter_brand=eva-solo%2Cklober&filter_color=beige%2Cblack%2Cblue&filter_size=l%2Cm&per_page=9&stock_status=instock HTTP/2" 200 25061 "-" "Mozilla/5.0 AppleWebKit/537.36 (KHTML, like Gecko; compatible; GPTBot/1.2; +https://openai.com/gptbot)"
20.171.207.80 - - [08/Mar/2025:03:31:01 +0000] "GET /store/shop/?filter_brand=eva-solo%2Cklober&filter_color=beige%2Cblack%2Cblue&filter_size=l%2Cm&per_page=12&per_row=2&shop_view=grid&stock_status=instock HTTP/2" 200 25041 "-" "Mozilla/5.0 AppleWebKit/537.36 (KHTML, like Gecko; compatible; GPTBot/1.2; +https://openai.com/gptbot)"
20.171.207.80 - - [08/Mar/2025:03:31:05 +0000] "GET /store/shop/?filter_brand=eva-solo%2Cklober&filter_color=beige%2Cblack%2Cblue&filter_size=l%2Cm&per_page=12&per_row=3&shop_view=grid&stock_status=instock HTTP/2" 200 25053 "-" "Mozilla/5.0 AppleWebKit/537.36 (KHTML, like Gecko; compatible; GPTBot/1.2; +https://openai.com/gptbot)"
20.171.207.80 - - [08/Mar/2025:03:31:10 +0000] "GET /store/shop/?filter_brand=eva-solo%2Cklober&filter_color=beige%2Cblack%2Cblue&filter_size=l%2Cm&per_page=9&per_row=2&shop_view=grid&stock_status=instock HTTP/2" 200 25122 "-" "Mozilla/5.0 AppleWebKit/537.36 (KHTML, like Gecko; compatible; GPTBot/1.2; +https://openai.com/gptbot)"
20.171.207.80 - - [08/Mar/2025:03:31:15 +0000] "GET /store/shop/?filter_brand=eva-solo%2Cklober&filter_color=beige%2Cblack%2Cblue&filter_size=l%2Cm&per_page=24&per_row=3&shop_view=grid&stock_status=instock HTTP/2" 200 25050 "-" "Mozilla/5.0 AppleWebKit/537.36 (KHTML, like Gecko; compatible; GPTBot/1.2; +https://openai.com/gptbot)"
2a06:98c0:3600::103 - - [08/Mar/2025:03:31:20 +0000] "GET /wordpress/wp-admin/setup-config.php HTTP/1.1" 404 1251 "-" "Mozilla/5.0 (Windows NT 10.0; Win64; x64) AppleWebKit/537.36 (KHTML, like Gecko) Chrome/133.0.0.0 Safari/537.36"
20.171.207.80 - - [08/Mar/2025:03:31:19 +0000] "GET /store/shop/?filter_brand=eva-solo%2Cklober&filter_color=beige%2Cblack%2Cblue&filter_size=l%2Cm&per_page=9&per_row=3&shop_view=grid&stock_status=instock HTTP/2" 200 25133 "-" "Mozilla/5.0 AppleWebKit/537.36 (KHTML, like Gecko; compatible; GPTBot/1.2; +https://openai.com/gptbot)"
20.171.207.80 - - [08/Mar/2025:03:31:23 +0000] "GET /store/shop/?filter_brand=eva-solo%2Cklober&filter_color=beige%2Cblack%2Cblue&filter_size=l%2Cm&per_page=12&per_row=4&shop_view=grid&stock_status=instock HTTP/2" 200 25055 "-" "Mozilla/5.0 AppleWebKit/537.36 (KHTML, like Gecko; compatible; GPTBot/1.2; +https://openai.com/gptbot)"
20.171.207.80 - - [08/Mar/2025:03:31:27 +0000] "GET /store/shop/?filter_brand=eva-solo%2Cklober&filter_color=beige%2Cblack%2Cblue&filter_size=l%2Cm&per_page=18&per_row=2&shop_view=grid&stock_status=instock HTTP/2" 200 25051 "-" "Mozilla/5.0 AppleWebKit/537.36 (KHTML, like Gecko; compatible; GPTBot/1.2; +https://openai.com/gptbot)"
20.171.207.80 - - [08/Mar/2025:03:31:30 +0000] "GET /store/shop/?filter_brand=eva-solo%2Cklober&filter_color=beige%2Cblack%2Cblue&filter_size=l%2Cm&per_page=24&per_row=2&shop_view=grid&stock_status=instock HTTP/2" 200 25044 "-" "Mozilla/5.0 AppleWebKit/537.36 (KHTML, like Gecko; compatible; GPTBot/1.2; +https://openai.com/gptbot)"
20.171.207.80 - - [08/Mar/2025:03:31:33 +0000] "GET /store/shop/?filter_brand=eva-solo%2Cklober&filter_color=beige%2Cblack%2Cblue&filter_size=l%2Cm&per_row=4&shop_view=grid&stock_status=instock HTTP/2" 200 25104 "-" "Mozilla/5.0 AppleWebKit/537.36 (KHTML, like Gecko; compatible; GPTBot/1.2; +https://openai.com/gptbot)"
20.171.207.80 - - [08/Mar/2025:03:31:36 +0000] "GET /store/shop/?filter_brand=eva-solo%2Cvitra&filter_color=beige%2Cblue%2Cbrown&filter_size=s&per_page=12&stock_status=instock%2Consale HTTP/2" 200 21947 "-" "Mozilla/5.0 AppleWebKit/537.36 (KHTML, like Gecko; compatible; GPTBot/1.2; +https://openai.com/gptbot)"
20.171.207.80 - - [08/Mar/2025:03:31:39 +0000] "GET /store/shop/?filter_brand=eva-solo%2Cklober&filter_color=beige%2Cblack%2Cblue&filter_size=l%2Cm&per_page=9&per_row=4&shop_view=grid&stock_status=instock HTTP/2" 200 25127 "-" "Mozilla/5.0 AppleWebKit/537.36 (KHTML, like Gecko; compatible; GPTBot/1.2; +https://openai.com/gptbot)"
20.171.207.80 - - [08/Mar/2025:03:31:42 +0000] "GET /store/shop/?filter_brand=eva-solo%2Cvitra&filter_color=beige%2Cblue%2Cbrown&filter_size=s&per_page=24&stock_status=instock%2Consale HTTP/2" 200 21947 "-" "Mozilla/5.0 AppleWebKit/537.36 (KHTML, like Gecko; compatible; GPTBot/1.2; +https://openai.com/gptbot)"
20.171.207.80 - - [08/Mar/2025:03:31:44 +0000] "GET /store/shop/?filter_brand=eva-solo%2Cklober&filter_color=beige%2Cblack%2Cblue&filter_size=l%2Cm&per_page=12&stock_status=instock%2Consale HTTP/2" 200 21984 "-" "Mozilla/5.0 AppleWebKit/537.36 (KHTML, like Gecko; compatible; GPTBot/1.2; +https://openai.com/gptbot)"
20.171.207.80 - - [08/Mar/2025:03:31:46 +0000] "GET /store/shop/?filter_brand=eva-solo%2Cklober&filter_color=beige%2Cblack%2Cblue&filter_size=l%2Cm&per_page=9&per_row=2&shop_view=grid&stock_status=instock%2Consale HTTP/2" 200 21998 "-" "Mozilla/5.0 AppleWebKit/537.36 (KHTML, like Gecko; compatible; GPTBot/1.2; +https://openai.com/gptbot)"
20.171.207.80 - - [08/Mar/2025:03:31:49 +0000] "GET /store/shop/?filter_brand=eva-solo%2Cklober&filter_color=beige%2Cblack%2Cblue&filter_size=l%2Cm&per_page=24&per_row=4&shop_view=grid&stock_status=instock HTTP/2" 200 25055 "-" "Mozilla/5.0 AppleWebKit/537.36 (KHTML, like Gecko; compatible; GPTBot/1.2; +https://openai.com/gptbot)"
20.171.207.80 - - [08/Mar/2025:03:31:51 +0000] "GET /store/shop/?filter_brand=eva-solo%2Cklober&filter_color=beige%2Cblack%2Cblue&filter_size=l%2Cm&per_page=9&per_row=3&shop_view=grid&stock_status=instock%2Consale HTTP/2" 200 21998 "-" "Mozilla/5.0 AppleWebKit/537.36 (KHTML, like Gecko; compatible; GPTBot/1.2; +https://openai.com/gptbot)"
20.171.207.80 - - [08/Mar/2025:03:31:54 +0000] "GET /store/shop/?filter_brand=eva-solo%2Cklober&filter_color=beige%2Cblack%2Cblue&filter_size=l%2Cm&per_page=9&stock_status=instock%2Consale HTTP/2" 200 21984 "-" "Mozilla/5.0 AppleWebKit/537.36 (KHTML, like Gecko; compatible; GPTBot/1.2; +https://openai.com/gptbot)"
20.171.207.80 - - [08/Mar/2025:03:31:56 +0000] "GET /store/shop/?filter_brand=eva-solo%2Cklober&filter_color=beige%2Cblack%2Cblue&filter_size=l%2Cm&per_page=24&stock_status=instock HTTP/2" 200 25041 "-" "Mozilla/5.0 AppleWebKit/537.36 (KHTML, like Gecko; compatible; GPTBot/1.2; +https://openai.com/gptbot)"
20.171.207.80 - - [08/Mar/2025:03:31:59 +0000] "GET /store/shop/?filter_brand=eva-solo%2Cvitra&filter_color=beige%2Cblue%2Cbrown&filter_size=s&per_page=9&stock_status=instock HTTP/2" 200 24330 "-" "Mozilla/5.0 AppleWebKit/537.36 (KHTML, like Gecko; compatible; GPTBot/1.2; +https://openai.com/gptbot)"
20.171.207.80 - - [08/Mar/2025:03:32:02 +0000] "GET /store/shop/?filter_brand=eva-solo%2Cklober&filter_color=beige%2Cblack%2Cblue&filter_size=l%2Cm&per_page=18&per_row=2&shop_view=grid&stock_status=instock%2Consale HTTP/2" 200 22001 "-" "Mozilla/5.0 AppleWebKit/537.36 (KHTML, like Gecko; compatible; GPTBot/1.2; +https://openai.com/gptbot)"
20.171.207.80 - - [08/Mar/2025:03:32:05 +0000] "GET /store/shop/?filter_brand=eva-solo%2Cvitra&filter_color=beige%2Cblue%2Cbrown&filter_size=s&per_page=12&stock_status=onsale HTTP/2" 200 21935 "-" "Mozilla/5.0 AppleWebKit/537.36 (KHTML, like Gecko; compatible; GPTBot/1.2; +https://openai.com/gptbot)"
20.171.207.80 - - [08/Mar/2025:03:32:07 +0000] "GET /store/shop/?filter_brand=eva-solo%2Cklober&filter_color=beige%2Cblack%2Cblue&filter_size=l%2Cm&per_page=9&per_row=4&shop_view=grid&stock_status=instock%2Consale HTTP/2" 200 21998 "-" "Mozilla/5.0 AppleWebKit/537.36 (KHTML, like Gecko; compatible; GPTBot/1.2; +https://openai.com/gptbot)"
20.171.207.80 - - [08/Mar/2025:03:32:09 +0000] "GET /store/shop/?filter_brand=eva-solo%2Cvitra&filter_color=beige%2Cblue%2Cbrown&filter_size=s&per_page=24&stock_status=onsale HTTP/2" 200 21944 "-" "Mozilla/5.0 AppleWebKit/537.36 (KHTML, like Gecko; compatible; GPTBot/1.2; +https://openai.com/gptbot)"
20.171.207.80 - - [08/Mar/2025:03:32:13 +0000] "GET /store/shop/?filter_brand=eva-solo%2Cklober&filter_color=beige%2Cblack%2Cblue&filter_size=l%2Cm&per_page=12&stock_status=onsale HTTP/2" 200 21989 "-" "Mozilla/5.0 AppleWebKit/537.36 (KHTML, like Gecko; compatible; GPTBot/1.2; +https://openai.com/gptbot)"
20.171.207.80 - - [08/Mar/2025:03:32:17 +0000] "GET /store/shop/?filter_brand=eva-solo%2Cklober&filter_color=beige%2Cblack%2Cblue&filter_size=l%2Cm&per_page=24&per_row=2&shop_view=grid&stock_status=instock%2Consale HTTP/2" 200 22002 "-" "Mozilla/5.0 AppleWebKit/537.36 (KHTML, like Gecko; compatible; GPTBot/1.2; +https://openai.com/gptbot)"
20.171.207.80 - - [08/Mar/2025:03:32:20 +0000] "GET /store/shop/?filter_brand=eva-solo%2Cklober&filter_color=beige%2Cblack%2Cblue&filter_size=l%2Cm&per_page=12&per_row=2&shop_view=grid&stock_status=instock%2Consale HTTP/2" 200 22017 "-" "Mozilla/5.0 AppleWebKit/537.36 (KHTML, like Gecko; compatible; GPTBot/1.2; +https://openai.com/gptbot)"
20.171.207.80 - - [08/Mar/2025:03:32:23 +0000] "GET /store/shop/?filter_brand=eva-solo%2Cklober&filter_color=beige%2Cblack%2Cblue&filter_size=l%2Cm&per_page=24&per_row=4&shop_view=grid&stock_status=instock%2Consale HTTP/2" 200 22001 "-" "Mozilla/5.0 AppleWebKit/537.36 (KHTML, like Gecko; compatible; GPTBot/1.2; +https://openai.com/gptbot)"
20.171.207.80 - - [08/Mar/2025:03:32:25 +0000] "GET /store/shop/?filter_brand=eva-solo%2Cklober&filter_color=beige%2Cblack%2Cblue&filter_size=l%2Cm&per_page=12&per_row=4&shop_view=grid&stock_status=instock%2Consale HTTP/2" 200 22002 "-" "Mozilla/5.0 AppleWebKit/537.36 (KHTML, like Gecko; compatible; GPTBot/1.2; +https://openai.com/gptbot)"
20.171.207.80 - - [08/Mar/2025:03:32:28 +0000] "GET /store/shop/?filter_brand=eva-solo%2Cklober&filter_color=beige%2Cblack%2Cblue&filter_size=l%2Cm&per_page=24&stock_status=instock%2Consale HTTP/2" 200 21982 "-" "Mozilla/5.0 AppleWebKit/537.36 (KHTML, like Gecko; compatible; GPTBot/1.2; +https://openai.com/gptbot)"
20.171.207.80 - - [08/Mar/2025:03:32:31 +0000] "GET /store/shop/?filter_brand=eva-solo%2Cvitra&filter_color=beige%2Cblue%2Cbrown&filter_size=s&per_page=9&stock_status=instock%2Consale HTTP/2" 200 21950 "-" "Mozilla/5.0 AppleWebKit/537.36 (KHTML, like Gecko; compatible; GPTBot/1.2; +https://openai.com/gptbot)"
20.171.207.80 - - [08/Mar/2025:03:32:34 +0000] "GET /store/shop/?filter_brand=eva-solo%2Cklober&filter_color=beige%2Cblack%2Cblue&filter_size=l%2Cm&per_page=18&per_row=2&shop_view=grid&stock_status=onsale HTTP/2" 200 22015 "-" "Mozilla/5.0 AppleWebKit/537.36 (KHTML, like Gecko; compatible; GPTBot/1.2; +https://openai.com/gptbot)"
20.171.207.80 - - [08/Mar/2025:03:32:37 +0000] "GET /store/shop/?filter_brand=eva-solo%2Cklober&filter_color=beige%2Cblack%2Cblue&filter_size=l%2Cm&per_page=12&per_row=3&shop_view=grid&stock_status=instock%2Consale HTTP/2" 200 22002 "-" "Mozilla/5.0 AppleWebKit/537.36 (KHTML, like Gecko; compatible; GPTBot/1.2; +https://openai.com/gptbot)"
20.171.207.80 - - [08/Mar/2025:03:32:40 +0000] "GET /store/shop/?filter_brand=eva-solo%2Cklober&filter_color=beige%2Cblack%2Cblue&filter_size=l%2Cm&per_page=24&per_row=3&shop_view=grid&stock_status=instock%2Consale HTTP/2" 200 22002 "-" "Mozilla/5.0 AppleWebKit/537.36 (KHTML, like Gecko; compatible; GPTBot/1.2; +https://openai.com/gptbot)"
20.171.207.80 - - [08/Mar/2025:03:32:42 +0000] "GET /store/shop/?filter_brand=eva-solo%2Cvitra&filter_color=beige%2Cblue%2Cbrown&filter_size=s&per_row=4&shop_view=grid&stock_status=instock HTTP/2" 200 24296 "-" "Mozilla/5.0 AppleWebKit/537.36 (KHTML, like Gecko; compatible; GPTBot/1.2; +https://openai.com/gptbot)"
20.171.207.80 - - [08/Mar/2025:03:32:45 +0000] "GET /store/shop/?filter_brand=eva-solo%2Cklober&filter_color=beige%2Cblack%2Cblue&filter_size=l%2Cm&per_page=24&per_row=2&shop_view=grid&stock_status=onsale HTTP/2" 200 22008 "-" "Mozilla/5.0 AppleWebKit/537.36 (KHTML, like Gecko; compatible; GPTBot/1.2; +https://openai.com/gptbot)"
20.171.207.80 - - [08/Mar/2025:03:32:48 +0000] "GET /store/shop/?filter_brand=eva-solo%2Cklober&filter_color=beige%2Cblack%2Cblue&filter_size=l%2Cm&per_page=12&per_row=2&shop_view=grid&stock_status=onsale HTTP/2" 200 22007 "-" "Mozilla/5.0 AppleWebKit/537.36 (KHTML, like Gecko; compatible; GPTBot/1.2; +https://openai.com/gptbot)"
20.171.207.80 - - [08/Mar/2025:03:32:53 +0000] "GET /store/shop/?filter_brand=eva-solo%2Cvitra&filter_color=beige%2Cblue%2Cbrown&filter_size=s&per_row=3&shop_view=grid&stock_status=instock HTTP/2" 200 24311 "-" "Mozilla/5.0 AppleWebKit/537.36 (KHTML, like Gecko; compatible; GPTBot/1.2; +https://openai.com/gptbot)"
20.171.207.80 - - [08/Mar/2025:03:32:58 +0000] "GET /store/shop/?filter_brand=eva-solo%2Cklober&filter_color=beige%2Cblack%2Cblue&filter_size=l%2Cm&per_page=24&per_row=4&shop_view=grid&stock_status=onsale HTTP/2" 200 22007 "-" "Mozilla/5.0 AppleWebKit/537.36 (KHTML, like Gecko; compatible; GPTBot/1.2; +https://openai.com/gptbot)"
20.171.207.80 - - [08/Mar/2025:03:33:02 +0000] "GET /store/shop/?filter_brand=eva-solo%2Cklober&filter_color=beige%2Cblack%2Cblue&filter_size=l%2Cm&per_page=12&per_row=4&shop_view=grid&stock_status=onsale HTTP/2" 200 22008 "-" "Mozilla/5.0 AppleWebKit/537.36 (KHTML, like Gecko; compatible; GPTBot/1.2; +https://openai.com/gptbot)"
20.171.207.80 - - [08/Mar/2025:03:33:06 +0000] "GET /store/shop/?filter_brand=eva-solo%2Cklober&filter_color=beige%2Cblack%2Cblue&filter_size=l%2Cm&per_page=24&stock_status=onsale HTTP/2" 200 21990 "-" "Mozilla/5.0 AppleWebKit/537.36 (KHTML, like Gecko; compatible; GPTBot/1.2; +https://openai.com/gptbot)"
20.171.207.80 - - [08/Mar/2025:03:33:10 +0000] "GET /store/shop/?filter_brand=eva-solo%2Cklober&filter_color=beige%2Cblack%2Cblue&filter_size=l%2Cm&per_page=9&per_row=4&shop_view=grid&stock_status=onsale HTTP/2" 200 21980 "-" "Mozilla/5.0 AppleWebKit/537.36 (KHTML, like Gecko; compatible; GPTBot/1.2; +https://openai.com/gptbot)"
20.171.207.80 - - [08/Mar/2025:03:33:13 +0000] "GET /store/shop/?filter_brand=eva-solo%2Cklober&filter_color=beige%2Cblack%2Cblue&filter_size=l%2Cm&per_page=12&per_row=3&shop_view=grid&stock_status=onsale HTTP/2" 200 22008 "-" "Mozilla/5.0 AppleWebKit/537.36 (KHTML, like Gecko; compatible; GPTBot/1.2; +https://openai.com/gptbot)"
20.171.207.80 - - [08/Mar/2025:03:33:16 +0000] "GET /store/shop/?filter_brand=eva-solo%2Cklober&filter_color=beige%2Cblack%2Cblue&filter_size=l%2Cm&per_page=24&per_row=3&shop_view=grid&stock_status=onsale HTTP/2" 200 22015 "-" "Mozilla/5.0 AppleWebKit/537.36 (KHTML, like Gecko; compatible; GPTBot/1.2; +https://openai.com/gptbot)"
20.171.207.80 - - [08/Mar/2025:03:33:19 +0000] "GET /store/shop/?filter_brand=klober%2Cvitra&filter_color=black%2Cyellow&filter_size=l%2Cm%2Cs&per_page=9&per_row=4&shop_view=grid&stock_status=instock HTTP/2" 200 25106 "-" "Mozilla/5.0 AppleWebKit/537.36 (KHTML, like Gecko; compatible; GPTBot/1.2; +https://openai.com/gptbot)"
20.171.207.80 - - [08/Mar/2025:03:33:21 +0000] "GET /store/shop/?filter_brand=eva-solo%2Cvitra&filter_color=beige%2Cblue%2Cbrown&filter_size=s&per_row=4&shop_view=grid&stock_status=instock%2Consale HTTP/2" 200 21965 "-" "Mozilla/5.0 AppleWebKit/537.36 (KHTML, like Gecko; compatible; GPTBot/1.2; +https://openai.com/gptbot)"
20.171.207.80 - - [08/Mar/2025:03:33:23 +0000] "GET /store/shop/?filter_brand=klober%2Cvitra&filter_color=black%2Cyellow&filter_size=l%2Cm%2Cs&per_page=9&per_row=3&shop_view=grid&stock_status=instock HTTP/2" 200 25112 "-" "Mozilla/5.0 AppleWebKit/537.36 (KHTML, like Gecko; compatible; GPTBot/1.2; +https://openai.com/gptbot)"
20.171.207.80 - - [08/Mar/2025:03:33:26 +0000] "GET /store/shop/?filter_brand=eva-solo%2Cvitra&filter_color=beige%2Cblue%2Cbrown&filter_size=s&per_row=3&shop_view=grid&stock_status=instock%2Consale HTTP/2" 200 21965 "-" "Mozilla/5.0 AppleWebKit/537.36 (KHTML, like Gecko; compatible; GPTBot/1.2; +https://openai.com/gptbot)"
20.171.207.80 - - [08/Mar/2025:03:33:29 +0000] "GET /store/shop/?filter_brand=eva-solo%2Cklober&filter_color=beige%2Cblack%2Cblue&filter_size=l%2Cm&per_page=9&per_row=3&shop_view=grid&stock_status=onsale HTTP/2" 200 21979 "-" "Mozilla/5.0 AppleWebKit/537.36 (KHTML, like Gecko; compatible; GPTBot/1.2; +https://openai.com/gptbot)"
20.171.207.80 - - [08/Mar/2025:03:33:32 +0000] "GET /store/shop/?filter_brand=klober%2Cvitra&filter_color=black%2Cyellow&filter_size=l%2Cm%2Cs&per_page=12&per_row=2&shop_view=grid&stock_status=instock HTTP/2" 200 25073 "-" "Mozilla/5.0 AppleWebKit/537.36 (KHTML, like Gecko; compatible; GPTBot/1.2; +https://openai.com/gptbot)"
20.171.207.80 - - [08/Mar/2025:03:33:34 +0000] "GET /store/shop/?filter_brand=klober%2Cvitra&filter_color=black%2Cyellow&filter_size=l%2Cm%2Cs&per_page=24&per_row=2&shop_view=grid&stock_status=instock HTTP/2" 200 25072 "-" "Mozilla/5.0 AppleWebKit/537.36 (KHTML, like Gecko; compatible; GPTBot/1.2; +https://openai.com/gptbot)"
20.171.207.80 - - [08/Mar/2025:03:33:37 +0000] "GET /store/shop/?filter_brand=klober%2Cvitra&filter_color=black%2Cyellow&filter_size=l%2Cm%2Cs&per_page=18&per_row=2&shop_view=grid&stock_status=instock HTTP/2" 200 25081 "-" "Mozilla/5.0 AppleWebKit/537.36 (KHTML, like Gecko; compatible; GPTBot/1.2; +https://openai.com/gptbot)"
20.171.207.80 - - [08/Mar/2025:03:33:39 +0000] "GET /store/shop/?filter_brand=klober%2Cvitra&filter_color=black%2Cyellow&filter_size=l%2Cm%2Cs&per_page=9&per_row=2&shop_view=grid&stock_status=instock HTTP/2" 200 25116 "-" "Mozilla/5.0 AppleWebKit/537.36 (KHTML, like Gecko; compatible; GPTBot/1.2; +https://openai.com/gptbot)"
20.171.207.80 - - [08/Mar/2025:03:33:42 +0000] "GET /store/shop/?filter_brand=klober%2Cvitra&filter_color=black%2Cyellow&filter_size=l%2Cm%2Cs&per_page=24&per_row=3&shop_view=grid&stock_status=instock HTTP/2" 200 25083 "-" "Mozilla/5.0 AppleWebKit/537.36 (KHTML, like Gecko; compatible; GPTBot/1.2; +https://openai.com/gptbot)"
20.171.207.80 - - [08/Mar/2025:03:33:44 +0000] "GET /store/shop/?filter_brand=klober%2Cvitra&filter_color=black%2Cyellow&filter_size=l%2Cm%2Cs&per_page=12&per_row=3&shop_view=grid&stock_status=instock HTTP/2" 200 25083 "-" "Mozilla/5.0 AppleWebKit/537.36 (KHTML, like Gecko; compatible; GPTBot/1.2; +https://openai.com/gptbot)"
20.171.207.80 - - [08/Mar/2025:03:33:47 +0000] "GET /store/shop/?filter_brand=klober%2Cvitra&filter_color=black%2Cyellow&filter_size=l%2Cm%2Cs&per_page=9&per_row=4&shop_view=grid&stock_status=instock%2Consale HTTP/2" 200 22006 "-" "Mozilla/5.0 AppleWebKit/537.36 (KHTML, like Gecko; compatible; GPTBot/1.2; +https://openai.com/gptbot)"
20.171.207.80 - - [08/Mar/2025:03:33:49 +0000] "GET /store/shop/?filter_brand=eva-solo%2Cvitra&filter_color=beige%2Cblue%2Cbrown&filter_size=s&per_row=4&shop_view=grid&stock_status=onsale HTTP/2" 200 21951 "-" "Mozilla/5.0 AppleWebKit/537.36 (KHTML, like Gecko; compatible; GPTBot/1.2; +https://openai.com/gptbot)"
20.171.207.80 - - [08/Mar/2025:03:33:52 +0000] "GET /store/shop/?filter_brand=klober%2Cvitra&filter_color=black%2Cyellow&filter_size=l%2Cm%2Cs&per_page=9&per_row=3&shop_view=grid&stock_status=instock%2Consale HTTP/2" 200 22006 "-" "Mozilla/5.0 AppleWebKit/537.36 (KHTML, like Gecko; compatible; GPTBot/1.2; +https://openai.com/gptbot)"
20.171.207.80 - - [08/Mar/2025:03:33:55 +0000] "GET /store/shop/?filter_brand=eva-solo%2Cvitra&filter_color=beige%2Cblue%2Cbrown&filter_size=s&per_row=3&shop_view=grid&stock_status=onsale HTTP/2" 200 21951 "-" "Mozilla/5.0 AppleWebKit/537.36 (KHTML, like Gecko; compatible; GPTBot/1.2; +https://openai.com/gptbot)"
20.171.207.80 - - [08/Mar/2025:03:33:57 +0000] "GET /store/shop/?filter_brand=klober%2Cvitra&filter_color=black%2Cyellow&filter_size=l%2Cm%2Cs&per_page=12&per_row=4&shop_view=grid&stock_status=instock HTTP/2" 200 25074 "-" "Mozilla/5.0 AppleWebKit/537.36 (KHTML, like Gecko; compatible; GPTBot/1.2; +https://openai.com/gptbot)"
20.171.207.80 - - [08/Mar/2025:03:33:59 +0000] "GET /store/shop/?filter_brand=klober%2Cvitra&filter_color=black%2Cyellow&filter_size=l%2Cm%2Cs&per_page=24&per_row=2&shop_view=grid&stock_status=instock HTTP/2" 200 25071 "-" "Mozilla/5.0 AppleWebKit/537.36 (KHTML, like Gecko; compatible; GPTBot/1.2; +https://openai.com/gptbot)"
20.171.207.80 - - [08/Mar/2025:03:34:02 +0000] "GET /store/shop/?filter_brand=klober%2Cvitra&filter_color=black%2Cyellow&filter_size=l%2Cm%2Cs&per_page=24&per_row=4&shop_view=grid&stock_status=instock HTTP/2" 200 25080 "-" "Mozilla/5.0 AppleWebKit/537.36 (KHTML, like Gecko; compatible; GPTBot/1.2; +https://openai.com/gptbot)"
20.171.207.80 - - [08/Mar/2025:03:34:05 +0000] "GET /store/shop/?filter_brand=eva-solo%2Cklober&filter_color=beige%2Cblack%2Cblue&filter_size=l%2Cm&per_page=9&per_row=2&shop_view=grid&stock_status=onsale HTTP/2" 200 21980 "-" "Mozilla/5.0 AppleWebKit/537.36 (KHTML, like Gecko; compatible; GPTBot/1.2; +https://openai.com/gptbot)"
20.171.207.80 - - [08/Mar/2025:03:34:08 +0000] "GET /store/shop/?filter_brand=eva-solo%2Cvitra&filter_color=blue%2Cbrown%2Cyellow&filter_size=s&per_page=9&per_row=4&shop_view=grid&stock_status=instock HTTP/2" 200 24342 "-" "Mozilla/5.0 AppleWebKit/537.36 (KHTML, like Gecko; compatible; GPTBot/1.2; +https://openai.com/gptbot)"
20.171.207.80 - - [08/Mar/2025:03:34:10 +0000] "GET /store/shop/?filter_brand=klober%2Cvitra&filter_color=black%2Cyellow&filter_size=l%2Cm%2Cs&per_page=9&per_row=2&shop_view=grid&stock_status=instock%2Consale HTTP/2" 200 22005 "-" "Mozilla/5.0 AppleWebKit/537.36 (KHTML, like Gecko; compatible; GPTBot/1.2; +https://openai.com/gptbot)"
20.171.207.80 - - [08/Mar/2025:03:34:12 +0000] "GET /store/shop/?filter_brand=eva-solo%2Cvitra&filter_color=blue%2Cbrown%2Cyellow&filter_size=s&per_page=24&per_row=3&shop_view=grid&stock_status=instock HTTP/2" 200 24363 "-" "Mozilla/5.0 AppleWebKit/537.36 (KHTML, like Gecko; compatible; GPTBot/1.2; +https://openai.com/gptbot)"
20.171.207.80 - - [08/Mar/2025:03:34:15 +0000] "GET /store/shop/?filter_brand=eva-solo%2Cvitra&filter_color=blue%2Cbrown%2Cyellow&filter_size=s&per_page=9&per_row=3&shop_view=grid&stock_status=instock HTTP/2" 200 24360 "-" "Mozilla/5.0 AppleWebKit/537.36 (KHTML, like Gecko; compatible; GPTBot/1.2; +https://openai.com/gptbot)"
20.171.207.80 - - [08/Mar/2025:03:34:17 +0000] "GET /store/shop/?filter_brand=klober%2Cvitra&filter_color=black%2Cyellow&filter_size=l%2Cm%2Cs&per_page=9&per_row=4&shop_view=grid&stock_status=onsale HTTP/2" 200 21989 "-" "Mozilla/5.0 AppleWebKit/537.36 (KHTML, like Gecko; compatible; GPTBot/1.2; +https://openai.com/gptbot)"
38.91.101.117 - - [08/Mar/2025:02:02:48 +0000] "POST /store/wp-cron.php?doing_wp_cron=1741399368.6445600986480712890625 HTTP/1.1" 200 0 "-" "WordPress/6.7.2; https://valuecartpk.shop/store"
38.91.101.117 - - [08/Mar/2025:02:04:52 +0000] "POST /store/wp-cron.php?doing_wp_cron=1741399492.5539939403533935546875 HTTP/1.1" 200 0 "-" "WordPress/6.7.2; https://valuecartpk.shop/store"
2a06:98c0:3600::103 - - [08/Mar/2025:02:05:56 +0000] "GET /wp-admin/setup-config.php HTTP/1.1" 404 1251 "-" "Mozilla/5.0 (Windows NT 10.0; Win64; x64) AppleWebKit/537.36 (KHTML, like Gecko) Chrome/133.0.0.0 Safari/537.36"
38.91.101.117 - - [08/Mar/2025:02:08:48 +0000] "POST /store/wp-cron.php?doing_wp_cron=1741399728.5663421154022216796875 HTTP/1.1" 200 0 "-" "WordPress/6.7.2; https://valuecartpk.shop/store"
38.91.101.117 - - [08/Mar/2025:02:09:50 +0000] "POST /store/wp-cron.php?doing_wp_cron=1741399790.5566420555114746093750 HTTP/1.1" 200 0 "-" "WordPress/6.7.2; https://valuecartpk.shop/store"
38.91.101.117 - - [08/Mar/2025:02:22:20 +0000] "POST /store/wp-cron.php?doing_wp_cron=1741400540.9014759063720703125000 HTTP/1.1" 200 0 "-" "WordPress/6.7.2; https://valuecartpk.shop/store"
38.91.101.117 - - [08/Mar/2025:02:25:00 +0000] "POST /store/wp-cron.php?doing_wp_cron=1741400700.1316039562225341796875 HTTP/1.1" 200 0 "-" "WordPress/6.7.2; https://valuecartpk.shop/store"
38.91.101.117 - - [08/Mar/2025:02:30:01 +0000] "POST /store/wp-cron.php?doing_wp_cron=1741401000.6703119277954101562500 HTTP/1.1" 200 0 "-" "WordPress/6.7.2; https://valuecartpk.shop/store"
38.91.101.117 - - [08/Mar/2025:02:42:48 +0000] "POST /store/wp-cron.php?doing_wp_cron=1741401768.5262179374694824218750 HTTP/1.1" 200 0 "-" "WordPress/6.7.2; https://valuecartpk.shop/store"
38.91.101.117 - - [08/Mar/2025:02:45:48 +0000] "POST /store/wp-cron.php?doing_wp_cron=1741401948.1395359039306640625000 HTTP/1.1" 200 0 "-" "WordPress/6.7.2; https://valuecartpk.shop/store"
38.91.101.117 - - [08/Mar/2025:02:47:53 +0000] "POST /store/wp-cron.php?doing_wp_cron=1741402073.0838348865509033203125 HTTP/1.1" 200 0 "-" "WordPress/6.7.2; https://valuecartpk.shop/store"
38.91.101.117 - - [08/Mar/2025:03:01:48 +0000] "POST /store/wp-cron.php?doing_wp_cron=1741402908.3952488899230957031250 HTTP/1.1" 200 0 "-" "WordPress/6.7.2; https://valuecartpk.shop/store"
38.91.101.117 - - [08/Mar/2025:03:02:49 +0000] "POST /store/wp-cron.php?doing_wp_cron=1741402969.1959049701690673828125 HTTP/1.1" 200 0 "-" "WordPress/6.7.2; https://valuecartpk.shop/store"
38.91.101.117 - - [08/Mar/2025:03:07:52 +0000] "POST /store/wp-cron.php?doing_wp_cron=1741403272.6952021121978759765625 HTTP/1.1" 200 0 "-" "WordPress/6.7.2; https://valuecartpk.shop/store"
2a06:98c0:3600::103 - - [08/Mar/2025:03:08:01 +0000] "GET /wordpress/wp-admin/setup-config.php HTTP/1.1" 404 1251 "-" "Mozilla/5.0 (Windows NT 10.0; Win64; x64) AppleWebKit/537.36 (KHTML, like Gecko) Chrome/133.0.0.0 Safari/537.36"
38.91.101.117 - - [08/Mar/2025:03:13:50 +0000] "POST /store/wp-cron.php?doing_wp_cron=1741403630.2548460960388183593750 HTTP/1.1" 200 0 "-" "WordPress/6.7.2; https://valuecartpk.shop/store"
43.159.128.155 - - [08/Mar/2025:03:16:42 +0000] "GET /store/?add-to-cart=334 HTTP/1.1" 200 32430 "-" "Mozilla/5.0 (iPhone; CPU iPhone OS 13_2_3 like Mac OS X) AppleWebKit/605.1.15 (KHTML, like Gecko) Version/13.0.3 Mobile/15E148 Safari/604.1"
2a06:98c0:3600::103 - - [08/Mar/2025:03:20:21 +0000] "GET /wp-admin/setup-config.php HTTP/1.1" 404 1251 "-" "Mozilla/5.0 (Windows NT 10.0; Win64; x64) AppleWebKit/537.36 (KHTML, like Gecko) Chrome/133.0.0.0 Safari/537.36"
20.171.207.80 - - [08/Mar/2025:03:28:46 +0000] "GET /store/shop/?filter_brand=klober%2Cvitra&filter_color=beige%2Cblack%2Cyellow&filter_size=l%2Cs&per_page=9 HTTP/2" 200 25032 "-" "Mozilla/5.0 AppleWebKit/537.36 (KHTML, like Gecko; compatible; GPTBot/1.2; +https://openai.com/gptbot)"
38.91.101.117 - - [08/Mar/2025:03:22:53 +0000] "POST /store/wp-cron.php?doing_wp_cron=1741404173.1018550395965576171875 HTTP/1.1" 200 0 "-" "WordPress/6.7.2; https://valuecartpk.shop/store"
20.171.207.80 - - [08/Mar/2025:03:28:24 +0000] "GET /store/shop/?filter_brand=joseph-joseph%2Cmagisso&filter_color=blue&filter_size=l%2Cm&stock_status=onsale HTTP/2" 200 21952 "-" "Mozilla/5.0 AppleWebKit/537.36 (KHTML, like Gecko; compatible; GPTBot/1.2; +https://openai.com/gptbot)"
20.171.207.80 - - [08/Mar/2025:03:29:18 +0000] "GET /store/shop/?filter_brand=klober%2Cvitra&filter_color=black%2Cyellow&filter_size=l%2Cm%2Cs&per_row=2&shop_view=grid&stock_status=instock HTTP/2" 200 25101 "-" "Mozilla/5.0 AppleWebKit/537.36 (KHTML, like Gecko; compatible; GPTBot/1.2; +https://openai.com/gptbot)"
20.171.207.80 - - [08/Mar/2025:03:27:33 +0000] "GET /store/shop/?filter_brand=eva-solo%2Cklober&filter_color=beige%2Cblue%2Cyellow&filter_size=l%2Cm%2Cs&stock_status=onsale HTTP/2" 200 22021 "-" "Mozilla/5.0 AppleWebKit/537.36 (KHTML, like Gecko; compatible; GPTBot/1.2; +https://openai.com/gptbot)"
20.171.207.80 - - [08/Mar/2025:03:27:38 +0000] "GET /store/shop/?filter_brand=eva-solo%2Cvitra&filter_color=blue%2Cbrown%2Cyellow&filter_size=s&stock_status=instock HTTP/2" 200 24282 "-" "Mozilla/5.0 AppleWebKit/537.36 (KHTML, like Gecko; compatible; GPTBot/1.2; +https://openai.com/gptbot)"
20.171.207.80 - - [08/Mar/2025:03:27:44 +0000] "GET /store/shop/?filter_brand=eva-solo%2Cklober&filter_color=beige%2Cblue%2Cbrown&filter_size=m&stock_status=onsale HTTP/2" 200 21974 "-" "Mozilla/5.0 AppleWebKit/537.36 (KHTML, like Gecko; compatible; GPTBot/1.2; +https://openai.com/gptbot)"
20.171.207.80 - - [08/Mar/2025:03:29:11 +0000] "GET /store/shop/?filter_brand=eva-solo%2Cvitra&filter_color=blue%2Cbrown%2Cyellow&filter_size=s&per_row=4&shop_view=grid&stock_status=instock HTTP/2" 200 24359 "-" "Mozilla/5.0 AppleWebKit/537.36 (KHTML, like Gecko; compatible; GPTBot/1.2; +https://openai.com/gptbot)"
20.171.207.80 - - [08/Mar/2025:03:34:20 +0000] "GET /store/shop/?filter_brand=eva-solo%2Cvitra&filter_color=blue%2Cbrown%2Cyellow&filter_size=s&per_page=12&per_row=3&shop_view=grid&stock_status=instock HTTP/2" 200 24366 "-" "Mozilla/5.0 AppleWebKit/537.36 (KHTML, like Gecko; compatible; GPTBot/1.2; +https://openai.com/gptbot)"
20.171.207.80 - - [08/Mar/2025:03:34:23 +0000] "GET /store/shop/?filter_brand=klober%2Cvitra&filter_color=black%2Cyellow&filter_size=l%2Cm%2Cs&per_page=9&per_row=3&shop_view=grid&stock_status=onsale HTTP/2" 200 21989 "-" "Mozilla/5.0 AppleWebKit/537.36 (KHTML, like Gecko; compatible; GPTBot/1.2; +https://openai.com/gptbot)"
20.171.207.80 - - [08/Mar/2025:03:34:25 +0000] "GET /store/shop/?filter_brand=eva-solo%2Cvitra&filter_color=blue%2Cbrown%2Cyellow&filter_size=s&per_page=12&per_row=2&shop_view=grid&stock_status=instock HTTP/2" 200 24361 "-" "Mozilla/5.0 AppleWebKit/537.36 (KHTML, like Gecko; compatible; GPTBot/1.2; +https://openai.com/gptbot)"
20.171.207.80 - - [08/Mar/2025:03:34:27 +0000] "GET /store/shop/?filter_brand=eva-solo%2Cvitra&filter_color=beige%2Cblue%2Cbrown&filter_size=s&per_page=12&per_row=2&shop_view=grid&stock_status=instock HTTP/2" 200 24352 "-" "Mozilla/5.0 AppleWebKit/537.36 (KHTML, like Gecko; compatible; GPTBot/1.2; +https://openai.com/gptbot)"
20.171.207.80 - - [08/Mar/2025:03:34:29 +0000] "GET /store/shop/?filter_brand=eva-solo%2Cvitra&filter_color=beige%2Cblue%2Cbrown&filter_size=s&per_page=12&per_row=4&shop_view=grid&stock_status=instock HTTP/2" 200 24362 "-" "Mozilla/5.0 AppleWebKit/537.36 (KHTML, like Gecko; compatible; GPTBot/1.2; +https://openai.com/gptbot)"
20.171.207.80 - - [08/Mar/2025:03:34:32 +0000] "GET /store/shop/?filter_brand=eva-solo%2Cvitra&filter_color=beige%2Cblue%2Cbrown&filter_size=s&per_page=9&per_row=3&shop_view=grid&stock_status=instock HTTP/2" 200 24352 "-" "Mozilla/5.0 AppleWebKit/537.36 (KHTML, like Gecko; compatible; GPTBot/1.2; +https://openai.com/gptbot)"
20.171.207.80 - - [08/Mar/2025:03:34:34 +0000] "GET /store/shop/?filter_brand=eva-solo%2Cvitra&filter_color=blue%2Cbrown%2Cyellow&filter_size=s&per_page=18&per_row=4&shop_view=grid&stock_status=instock HTTP/2" 200 24379 "-" "Mozilla/5.0 AppleWebKit/537.36 (KHTML, like Gecko; compatible; GPTBot/1.2; +https://openai.com/gptbot)"
20.171.207.80 - - [08/Mar/2025:03:34:36 +0000] "GET /store/shop/?filter_brand=eva-solo%2Cvitra&filter_color=blue%2Cbrown%2Cyellow&filter_size=s&per_page=9&per_row=2&shop_view=grid&stock_status=instock HTTP/2" 200 24341 "-" "Mozilla/5.0 AppleWebKit/537.36 (KHTML, like Gecko; compatible; GPTBot/1.2; +https://openai.com/gptbot)"
20.171.207.80 - - [08/Mar/2025:03:34:38 +0000] "GET /store/shop/?filter_brand=klober%2Cvitra&filter_color=black%2Cyellow&filter_size=l%2Cm%2Cs&per_page=9&per_row=2&shop_view=grid&stock_status=onsale HTTP/2" 200 21989 "-" "Mozilla/5.0 AppleWebKit/537.36 (KHTML, like Gecko; compatible; GPTBot/1.2; +https://openai.com/gptbot)"
20.171.207.80 - - [08/Mar/2025:03:34:40 +0000] "GET /store/shop/?filter_brand=eva-solo%2Cvitra&filter_color=blue%2Cbrown%2Cyellow&filter_size=s&per_page=24&per_row=4&shop_view=grid&stock_status=instock HTTP/2" 200 24360 "-" "Mozilla/5.0 AppleWebKit/537.36 (KHTML, like Gecko; compatible; GPTBot/1.2; +https://openai.com/gptbot)"
20.171.207.80 - - [08/Mar/2025:03:34:43 +0000] "GET /store/shop/?filter_brand=eva-solo%2Cvitra&filter_color=blue%2Cbrown%2Cyellow&filter_size=s&per_page=18&per_row=2&shop_view=grid&stock_status=instock HTTP/2" 200 24362 "-" "Mozilla/5.0 AppleWebKit/537.36 (KHTML, like Gecko; compatible; GPTBot/1.2; +https://openai.com/gptbot)"
20.171.207.80 - - [08/Mar/2025:03:34:45 +0000] "GET /store/shop/?filter_brand=eva-solo%2Cvitra&filter_color=beige%2Cblue%2Cbrown&filter_size=s&per_page=24&per_row=4&shop_view=grid&stock_status=instock HTTP/2" 200 24362 "-" "Mozilla/5.0 AppleWebKit/537.36 (KHTML, like Gecko; compatible; GPTBot/1.2; +https://openai.com/gptbot)"
20.171.207.80 - - [08/Mar/2025:03:34:48 +0000] "GET /store/shop/?filter_brand=eva-solo%2Cvitra&filter_color=beige%2Cblue%2Cbrown&filter_size=s&per_page=9&per_row=2&shop_view=grid&stock_status=instock HTTP/2" 200 24351 "-" "Mozilla/5.0 AppleWebKit/537.36 (KHTML, like Gecko; compatible; GPTBot/1.2; +https://openai.com/gptbot)"
20.171.207.80 - - [08/Mar/2025:03:34:50 +0000] "GET /store/shop/?filter_brand=eva-solo%2Cvitra&filter_color=beige%2Cblue%2Cbrown&filter_size=s&per_page=9&per_row=4&shop_view=grid&stock_status=instock HTTP/2" 200 24353 "-" "Mozilla/5.0 AppleWebKit/537.36 (KHTML, like Gecko; compatible; GPTBot/1.2; +https://openai.com/gptbot)"
20.171.207.80 - - [08/Mar/2025:03:34:53 +0000] "GET /store/shop/?filter_brand=eva-solo%2Cvitra&filter_color=beige%2Cblue%2Cbrown&filter_size=s&per_page=18&per_row=3&shop_view=grid&stock_status=instock HTTP/2" 200 24366 "-" "Mozilla/5.0 AppleWebKit/537.36 (KHTML, like Gecko; compatible; GPTBot/1.2; +https://openai.com/gptbot)"
20.171.207.80 - - [08/Mar/2025:03:34:56 +0000] "GET /store/shop/?filter_brand=eva-solo%2Cvitra&filter_color=beige%2Cblue%2Cbrown&filter_size=s&per_page=18&per_row=2&shop_view=grid&stock_status=instock HTTP/2" 200 24350 "-" "Mozilla/5.0 AppleWebKit/537.36 (KHTML, like Gecko; compatible; GPTBot/1.2; +https://openai.com/gptbot)"
20.171.207.80 - - [08/Mar/2025:03:34:59 +0000] "GET /store/shop/?filter_brand=eva-solo%2Cvitra&filter_color=beige%2Cblue%2Cbrown&filter_size=s&per_page=9&per_row=3&shop_view=grid&stock_status=instock%2Consale HTTP/2" 200 21989 "-" "Mozilla/5.0 AppleWebKit/537.36 (KHTML, like Gecko; compatible; GPTBot/1.2; +https://openai.com/gptbot)"
20.171.207.80 - - [08/Mar/2025:03:35:02 +0000] "GET /store/shop/?filter_brand=eva-solo%2Cvitra&filter_color=blue%2Cbrown%2Cyellow&filter_size=s&per_page=12&per_row=4&shop_view=grid&stock_status=instock HTTP/2" 200 24365 "-" "Mozilla/5.0 AppleWebKit/537.36 (KHTML, like Gecko; compatible; GPTBot/1.2; +https://openai.com/gptbot)"
20.171.207.80 - - [08/Mar/2025:03:35:07 +0000] "GET /store/shop/?filter_brand=eva-solo%2Cvitra&filter_color=blue%2Cbrown%2Cyellow&filter_size=s&per_page=18&per_row=3&shop_view=grid&stock_status=instock HTTP/2" 200 24381 "-" "Mozilla/5.0 AppleWebKit/537.36 (KHTML, like Gecko; compatible; GPTBot/1.2; +https://openai.com/gptbot)"
20.171.207.80 - - [08/Mar/2025:03:35:12 +0000] "GET /store/shop/?filter_brand=eva-solo%2Cvitra&filter_color=beige%2Cblue%2Cbrown&filter_size=s&per_page=12&per_row=3&shop_view=grid&stock_status=instock HTTP/2" 200 24365 "-" "Mozilla/5.0 AppleWebKit/537.36 (KHTML, like Gecko; compatible; GPTBot/1.2; +https://openai.com/gptbot)"
20.171.207.80 - - [08/Mar/2025:03:35:17 +0000] "GET /store/shop/?filter_brand=eva-solo%2Cvitra&filter_color=beige%2Cblue%2Cbrown&filter_size=s&per_page=24&per_row=2&shop_view=grid&stock_status=instock HTTP/2" 200 24347 "-" "Mozilla/5.0 AppleWebKit/537.36 (KHTML, like Gecko; compatible; GPTBot/1.2; +https://openai.com/gptbot)"
20.171.207.80 - - [08/Mar/2025:03:35:21 +0000] "GET /store/shop/?filter_brand=eva-solo%2Cvitra&filter_color=blue%2Cbrown%2Cyellow&filter_size=s&per_page=24&per_row=2&shop_view=grid&stock_status=instock HTTP/2" 200 24358 "-" "Mozilla/5.0 AppleWebKit/537.36 (KHTML, like Gecko; compatible; GPTBot/1.2; +https://openai.com/gptbot)"
20.171.207.80 - - [08/Mar/2025:03:35:26 +0000] "GET /store/shop/?filter_brand=eva-solo%2Cvitra&filter_color=beige%2Cblue%2Cbrown&filter_size=s&per_page=24&per_row=3&shop_view=grid&stock_status=instock HTTP/2" 200 24357 "-" "Mozilla/5.0 AppleWebKit/537.36 (KHTML, like Gecko; compatible; GPTBot/1.2; +https://openai.com/gptbot)"
20.171.207.80 - - [08/Mar/2025:03:35:29 +0000] "GET /store/shop/?filter_brand=eva-solo%2Cvitra&filter_color=beige%2Cblue%2Cbrown&filter_size=s&per_page=9&per_row=2&shop_view=grid&stock_status=instock%2Consale HTTP/2" 200 21970 "-" "Mozilla/5.0 AppleWebKit/537.36 (KHTML, like Gecko; compatible; GPTBot/1.2; +https://openai.com/gptbot)"
