20.171.207.80 - - [08/Mar/2025:03:20:46 +0000] "GET /store/shop/?filter_brand=joseph-joseph%2Cvitra&filter_color=yellow&filter_size=l%2Cs&per_page=12&per_row=3&shop_view=grid HTTP/2" 200 24237 "-" "Mozilla/5.0 AppleWebKit/537.36 (KHTML, like Gecko; compatible; GPTBot/1.2; +https://openai.com/gptbot)"
20.171.207.80 - - [08/Mar/2025:03:20:49 +0000] "GET /store/shop/?filter_brand=joseph-joseph%2Cvitra&filter_color=yellow&filter_size=l%2Cs&per_page=18&per_row=3&shop_view=grid HTTP/2" 200 24241 "-" "Mozilla/5.0 AppleWebKit/537.36 (KHTML, like Gecko; compatible; GPTBot/1.2; +https://openai.com/gptbot)"
20.171.207.80 - - [08/Mar/2025:03:20:52 +0000] "GET /store/shop/?filter_brand=joseph-joseph%2Cvitra&filter_color=yellow&filter_size=l%2Cs&per_page=24&per_row=2&shop_view=grid HTTP/2" 200 24224 "-" "Mozilla/5.0 AppleWebKit/537.36 (KHTML, like Gecko; compatible; GPTBot/1.2; +https://openai.com/gptbot)"
20.171.207.80 - - [08/Mar/2025:03:20:56 +0000] "GET /store/shop/?filter_brand=joseph-joseph%2Cvitra&filter_color=yellow&filter_size=l%2Cs&per_page=9&per_row=3&shop_view=grid&stock_status=onsale HTTP/2" 200 21864 "-" "Mozilla/5.0 AppleWebKit/537.36 (KHTML, like Gecko; compatible; GPTBot/1.2; +https://openai.com/gptbot)"
20.171.207.80 - - [08/Mar/2025:03:20:59 +0000] "GET /store/shop/?filter_brand=joseph-joseph%2Cvitra&filter_color=yellow&filter_size=l%2Cs&per_page=9&per_row=4&shop_view=grid HTTP/2" 200 24212 "-" "Mozilla/5.0 AppleWebKit/537.36 (KHTML, like Gecko; compatible; GPTBot/1.2; +https://openai.com/gptbot)"
20.171.207.80 - - [08/Mar/2025:03:21:03 +0000] "GET /store/shop/?filter_brand=eva-solo%2Cvitra&filter_color=blue%2Cbrown%2Cyellow&filter_size=l&per_page=24&per_row=4&shop_view=grid&stock_status=onsale HTTP/2" 200 21960 "-" "Mozilla/5.0 AppleWebKit/537.36 (KHTML, like Gecko; compatible; GPTBot/1.2; +https://openai.com/gptbot)"
20.171.207.80 - - [08/Mar/2025:03:21:06 +0000] "GET /store/shop/?filter_brand=eva-solo%2Cvitra&filter_color=blue%2Cbrown%2Cyellow&filter_size=l&per_page=24&per_row=2&shop_view=grid HTTP/2" 200 24327 "-" "Mozilla/5.0 AppleWebKit/537.36 (KHTML, like Gecko; compatible; GPTBot/1.2; +https://openai.com/gptbot)"
20.171.207.80 - - [08/Mar/2025:03:21:10 +0000] "GET /store/shop/?filter_brand=klober%2Cvitra&filter_color=beige%2Cbrown&filter_size=l%2Cm%2Cs&per_page=12&stock_status=onsale HTTP/2" 200 21936 "-" "Mozilla/5.0 AppleWebKit/537.36 (KHTML, like Gecko; compatible; GPTBot/1.2; +https://openai.com/gptbot)"
20.171.207.80 - - [08/Mar/2025:03:21:15 +0000] "GET /store/shop/?filter_brand=eva-solo%2Cvitra&filter_color=blue%2Cbrown%2Cyellow&filter_size=l&per_page=12&per_row=2&shop_view=grid&stock_status=onsale HTTP/2" 200 21960 "-" "Mozilla/5.0 AppleWebKit/537.36 (KHTML, like Gecko; compatible; GPTBot/1.2; +https://openai.com/gptbot)"
20.171.207.80 - - [08/Mar/2025:03:21:18 +0000] "GET /store/shop/?filter_brand=klober%2Cvitra&filter_color=beige%2Cbrown&filter_size=l%2Cm%2Cs&per_page=24&stock_status=onsale HTTP/2" 200 21936 "-" "Mozilla/5.0 AppleWebKit/537.36 (KHTML, like Gecko; compatible; GPTBot/1.2; +https://openai.com/gptbot)"
20.171.207.80 - - [08/Mar/2025:03:21:22 +0000] "GET /store/shop/?filter_brand=eva-solo%2Cvitra&filter_color=blue%2Cbrown%2Cyellow&filter_size=l&per_page=9&per_row=3&shop_view=grid&stock_status=onsale HTTP/2" 200 21977 "-" "Mozilla/5.0 AppleWebKit/537.36 (KHTML, like Gecko; compatible; GPTBot/1.2; +https://openai.com/gptbot)"
20.171.207.80 - - [08/Mar/2025:03:21:25 +0000] "GET /store/shop/?filter_brand=klober%2Cvitra&filter_color=beige%2Cbrown&filter_size=l%2Cm%2Cs&per_page=9&stock_status=instock HTTP/2" 200 24820 "-" "Mozilla/5.0 AppleWebKit/537.36 (KHTML, like Gecko; compatible; GPTBot/1.2; +https://openai.com/gptbot)"
20.171.207.80 - - [08/Mar/2025:03:21:28 +0000] "GET /store/shop/?filter_brand=joseph-joseph%2Cvitra&filter_color=yellow&filter_size=l%2Cs&per_row=4&shop_view=grid&stock_status=instock%2Consale HTTP/2" 200 21900 "-" "Mozilla/5.0 AppleWebKit/537.36 (KHTML, like Gecko; compatible; GPTBot/1.2; +https://openai.com/gptbot)"
20.171.207.80 - - [08/Mar/2025:03:21:31 +0000] "GET /store/shop/?filter_brand=joseph-joseph%2Cvitra&filter_color=yellow&filter_size=l%2Cs&per_row=3&shop_view=grid&stock_status=instock%2Consale HTTP/2" 200 21898 "-" "Mozilla/5.0 AppleWebKit/537.36 (KHTML, like Gecko; compatible; GPTBot/1.2; +https://openai.com/gptbot)"
20.171.207.80 - - [08/Mar/2025:03:21:34 +0000] "GET /store/shop/?filter_brand=klober%2Cvitra&filter_color=beige%2Cbrown&filter_size=l%2Cm%2Cs&per_page=9&per_row=3&shop_view=grid HTTP/2" 200 24799 "-" "Mozilla/5.0 AppleWebKit/537.36 (KHTML, like Gecko; compatible; GPTBot/1.2; +https://openai.com/gptbot)"
20.171.207.80 - - [08/Mar/2025:03:21:37 +0000] "GET /store/shop/?filter_brand=joseph-joseph%2Cvitra&filter_color=yellow&filter_size=l%2Cs&per_page=9&per_row=4&shop_view=grid&stock_status=onsale HTTP/2" 200 21864 "-" "Mozilla/5.0 AppleWebKit/537.36 (KHTML, like Gecko; compatible; GPTBot/1.2; +https://openai.com/gptbot)"
20.171.207.80 - - [08/Mar/2025:03:21:40 +0000] "GET /store/shop/?filter_brand=klober%2Cvitra&filter_color=beige%2Cbrown&filter_size=l%2Cm%2Cs&per_page=9&per_row=2&shop_view=grid HTTP/2" 200 24790 "-" "Mozilla/5.0 AppleWebKit/537.36 (KHTML, like Gecko; compatible; GPTBot/1.2; +https://openai.com/gptbot)"
20.171.207.80 - - [08/Mar/2025:03:21:43 +0000] "GET /store/shop/?filter_brand=eva-solo%2Cvitra&filter_color=blue%2Cbrown%2Cyellow&filter_size=l&per_page=24&per_row=2&shop_view=grid&stock_status=onsale HTTP/2" 200 21961 "-" "Mozilla/5.0 AppleWebKit/537.36 (KHTML, like Gecko; compatible; GPTBot/1.2; +https://openai.com/gptbot)"
38.91.101.117 - - [08/Mar/2025:03:21:49 +0000] "POST /store/wp-cron.php?doing_wp_cron=1741404109.2121009826660156250000 HTTP/1.1" 200 0 "-" "WordPress/6.7.2; https://valuecartpk.shop/store"
20.171.207.80 - - [08/Mar/2025:03:21:46 +0000] "GET /store/shop/?filter_brand=klober%2Cvitra&filter_color=beige%2Cbrown&filter_size=l%2Cm%2Cs&per_page=9&per_row=4&shop_view=grid HTTP/2" 200 24798 "-" "Mozilla/5.0 AppleWebKit/537.36 (KHTML, like Gecko; compatible; GPTBot/1.2; +https://openai.com/gptbot)"
20.171.207.80 - - [08/Mar/2025:03:21:50 +0000] "GET /store/shop/?filter_brand=klober%2Cvitra&filter_color=beige%2Cbrown&filter_size=l%2Cm%2Cs&per_page=18&per_row=2&shop_view=grid HTTP/2" 200 24775 "-" "Mozilla/5.0 AppleWebKit/537.36 (KHTML, like Gecko; compatible; GPTBot/1.2; +https://openai.com/gptbot)"
20.171.207.80 - - [08/Mar/2025:03:21:54 +0000] "GET /store/shop/?filter_brand=klober%2Cvitra&filter_color=beige%2Cbrown&filter_size=l%2Cm%2Cs&per_page=12&per_row=4&shop_view=grid HTTP/2" 200 24781 "-" "Mozilla/5.0 AppleWebKit/537.36 (KHTML, like Gecko; compatible; GPTBot/1.2; +https://openai.com/gptbot)"
20.171.207.80 - - [08/Mar/2025:03:21:57 +0000] "GET /store/shop/?filter_brand=klober%2Cvitra&filter_color=beige%2Cbrown&filter_size=l%2Cm%2Cs&per_page=9&stock_status=instock%2Consale HTTP/2" 200 21932 "-" "Mozilla/5.0 AppleWebKit/537.36 (KHTML, like Gecko; compatible; GPTBot/1.2; +https://openai.com/gptbot)"
20.171.207.80 - - [08/Mar/2025:03:22:01 +0000] "GET /store/shop/?filter_brand=klober%2Cvitra&filter_color=beige%2Cbrown&filter_size=l%2Cm%2Cs&per_row=2&shop_view=grid&stock_status=onsale HTTP/2" 200 21977 "-" "Mozilla/5.0 AppleWebKit/537.36 (KHTML, like Gecko; compatible; GPTBot/1.2; +https://openai.com/gptbot)"
20.171.207.80 - - [08/Mar/2025:03:22:04 +0000] "GET /store/shop/?filter_brand=klober%2Cvitra&filter_color=beige%2Cbrown&filter_size=l%2Cm%2Cs&per_page=24&per_row=4&shop_view=grid HTTP/2" 200 24774 "-" "Mozilla/5.0 AppleWebKit/537.36 (KHTML, like Gecko; compatible; GPTBot/1.2; +https://openai.com/gptbot)"
20.171.207.80 - - [08/Mar/2025:03:22:07 +0000] "GET /store/shop/?filter_brand=klober%2Cvitra&filter_color=beige%2Cbrown&filter_size=l%2Cm%2Cs&per_page=24&per_row=3&shop_view=grid HTTP/2" 200 24779 "-" "Mozilla/5.0 AppleWebKit/537.36 (KHTML, like Gecko; compatible; GPTBot/1.2; +https://openai.com/gptbot)"
20.171.207.80 - - [08/Mar/2025:03:22:11 +0000] "GET /store/shop/?filter_brand=klober%2Cvitra&filter_color=beige%2Cbrown&filter_size=l%2Cm%2Cs&per_page=24&per_row=2&shop_view=grid HTTP/2" 200 24770 "-" "Mozilla/5.0 AppleWebKit/537.36 (KHTML, like Gecko; compatible; GPTBot/1.2; +https://openai.com/gptbot)"
20.171.207.80 - - [08/Mar/2025:03:22:13 +0000] "GET /store/shop/?filter_brand=klober%2Cvitra&filter_color=beige%2Cbrown&filter_size=l%2Cm%2Cs&per_page=12&per_row=3&shop_view=grid HTTP/2" 200 24781 "-" "Mozilla/5.0 AppleWebKit/537.36 (KHTML, like Gecko; compatible; GPTBot/1.2; +https://openai.com/gptbot)"
38.91.101.117 - - [08/Mar/2025:01:47:48 +0000] "POST /store/wp-cron.php?doing_wp_cron=1741398468.2018868923187255859375 HTTP/1.1" 200 0 "-" "WordPress/6.7.2; https://valuecartpk.shop/store"
2a06:98c0:3600::103 - - [08/Mar/2025:01:53:00 +0000] "GET /wordpress/wp-admin/setup-config.php HTTP/1.1" 404 1251 "-" "Mozilla/5.0 (Windows NT 10.0; Win64; x64) AppleWebKit/537.36 (KHTML, like Gecko) Chrome/133.0.0.0 Safari/537.36"
38.91.101.117 - - [08/Mar/2025:01:56:48 +0000] "POST /store/wp-cron.php?doing_wp_cron=1741399008.0302159786224365234375 HTTP/1.1" 200 0 "-" "WordPress/6.7.2; https://valuecartpk.shop/store"
38.91.101.117 - - [08/Mar/2025:01:58:51 +0000] "POST /store/wp-cron.php?doing_wp_cron=1741399130.9700679779052734375000 HTTP/1.1" 200 0 "-" "WordPress/6.7.2; https://valuecartpk.shop/store"
38.91.101.117 - - [08/Mar/2025:02:05:48 +0000] "POST /store/wp-cron.php?doing_wp_cron=1741399548.7849590778350830078125 HTTP/1.1" 200 0 "-" "WordPress/6.7.2; https://valuecartpk.shop/store"
2a06:98c0:3600::103 - - [08/Mar/2025:02:17:12 +0000] "GET /wordpress/wp-admin/setup-config.php HTTP/1.1" 404 1251 "-" "Mozilla/5.0 (Windows NT 10.0; Win64; x64) AppleWebKit/537.36 (KHTML, like Gecko) Chrome/133.0.0.0 Safari/537.36"
2a06:98c0:3600::103 - - [08/Mar/2025:02:17:21 +0000] "GET /wp-admin/setup-config.php HTTP/1.1" 404 1251 "-" "Mozilla/5.0 (Windows NT 10.0; Win64; x64) AppleWebKit/537.36 (KHTML, like Gecko) Chrome/133.0.0.0 Safari/537.36"
38.91.101.117 - - [08/Mar/2025:02:17:49 +0000] "POST /store/wp-cron.php?doing_wp_cron=1741400269.4678630828857421875000 HTTP/1.1" 200 0 "-" "WordPress/6.7.2; https://valuecartpk.shop/store"
38.91.101.117 - - [08/Mar/2025:02:27:49 +0000] "POST /store/wp-cron.php?doing_wp_cron=1741400869.1209280490875244140625 HTTP/1.1" 200 0 "-" "WordPress/6.7.2; https://valuecartpk.shop/store"
2a06:98c0:3600::103 - - [08/Mar/2025:02:39:23 +0000] "GET /wordpress/wp-admin/setup-config.php HTTP/1.1" 404 1251 "-" "Mozilla/5.0 (Windows NT 10.0; Win64; x64) AppleWebKit/537.36 (KHTML, like Gecko) Chrome/133.0.0.0 Safari/537.36"
38.91.101.117 - - [08/Mar/2025:02:40:48 +0000] "POST /store/wp-cron.php?doing_wp_cron=1741401648.4219920635223388671875 HTTP/1.1" 200 0 "-" "WordPress/6.7.2; https://valuecartpk.shop/store"
38.91.101.117 - - [08/Mar/2025:02:46:50 +0000] "POST /store/wp-cron.php?doing_wp_cron=1741402009.9216558933258056640625 HTTP/1.1" 200 0 "-" "WordPress/6.7.2; https://valuecartpk.shop/store"
38.91.101.117 - - [08/Mar/2025:02:50:50 +0000] "POST /store/wp-cron.php?doing_wp_cron=1741402249.6416409015655517578125 HTTP/1.1" 200 0 "-" "WordPress/6.7.2; https://valuecartpk.shop/store"
38.91.101.117 - - [08/Mar/2025:02:53:50 +0000] "POST /store/wp-cron.php?doing_wp_cron=1741402429.8876230716705322265625 HTTP/1.1" 200 0 "-" "WordPress/6.7.2; https://valuecartpk.shop/store"
38.91.101.117 - - [08/Mar/2025:02:54:50 +0000] "POST /store/wp-cron.php?doing_wp_cron=1741402490.9310460090637207031250 HTTP/1.1" 200 0 "-" "WordPress/6.7.2; https://valuecartpk.shop/store"
2a06:98c0:3600::103 - - [08/Mar/2025:02:55:47 +0000] "GET /wp-admin/setup-config.php HTTP/1.1" 404 1251 "-" "Mozilla/5.0 (Windows NT 10.0; Win64; x64) AppleWebKit/537.36 (KHTML, like Gecko) Chrome/133.0.0.0 Safari/537.36"
38.91.101.117 - - [08/Mar/2025:02:58:49 +0000] "POST /store/wp-cron.php?doing_wp_cron=1741402728.3815770149230957031250 HTTP/1.1" 200 0 "-" "WordPress/6.7.2; https://valuecartpk.shop/store"
38.91.101.117 - - [08/Mar/2025:02:59:51 +0000] "POST /store/wp-cron.php?doing_wp_cron=1741402790.9983000755310058593750 HTTP/1.1" 200 0 "-" "WordPress/6.7.2; https://valuecartpk.shop/store"
38.91.101.117 - - [08/Mar/2025:03:06:58 +0000] "POST /store/wp-cron.php?doing_wp_cron=1741403218.1880550384521484375000 HTTP/1.1" 200 0 "-" "WordPress/6.7.2; https://valuecartpk.shop/store"
38.91.101.117 - - [08/Mar/2025:03:09:50 +0000] "POST /store/wp-cron.php?doing_wp_cron=1741403390.0799798965454101562500 HTTP/1.1" 200 0 "-" "WordPress/6.7.2; https://valuecartpk.shop/store"
20.171.207.80 - - [08/Mar/2025:03:22:16 +0000] "GET /store/shop/?filter_brand=klober%2Cvitra&filter_color=beige%2Cbrown&filter_size=l%2Cm%2Cs&per_page=12&per_row=2&shop_view=grid HTTP/2" 200 24774 "-" "Mozilla/5.0 AppleWebKit/537.36 (KHTML, like Gecko; compatible; GPTBot/1.2; +https://openai.com/gptbot)"
20.171.207.80 - - [08/Mar/2025:03:22:19 +0000] "GET /store/shop/?filter_brand=eva-solo%2Cjoseph-joseph%2Cklober&filter_color=beige%2Cyellow&per_row=2&shop_view=grid HTTP/2" 200 24763 "-" "Mozilla/5.0 AppleWebKit/537.36 (KHTML, like Gecko; compatible; GPTBot/1.2; +https://openai.com/gptbot)"
20.171.207.80 - - [08/Mar/2025:03:22:22 +0000] "GET /store/shop/?filter_brand=eva-solo%2Cmagisso&filter_color=beige%2Cyellow&filter_size=l%2Cm%2Cs&stock_status=onsale HTTP/2" 200 21925 "-" "Mozilla/5.0 AppleWebKit/537.36 (KHTML, like Gecko; compatible; GPTBot/1.2; +https://openai.com/gptbot)"
20.171.207.80 - - [08/Mar/2025:03:22:25 +0000] "GET /store/shop/?filter_brand=eva-solo%2Cmagisso&filter_color=black%2Cblue&filter_size=l%2Cm&stock_status=instock%2Consale HTTP/2" 500 1035 "-" "Mozilla/5.0 AppleWebKit/537.36 (KHTML, like Gecko; compatible; GPTBot/1.2; +https://openai.com/gptbot)"
20.171.207.80 - - [08/Mar/2025:03:22:27 +0000] "GET /store/shop/?filter_brand=magisso%2Cvitra&filter_color=yellow&filter_size=l%2Cm%2Cs&stock_status=instock HTTP/2" 200 24218 "-" "Mozilla/5.0 AppleWebKit/537.36 (KHTML, like Gecko; compatible; GPTBot/1.2; +https://openai.com/gptbot)"
20.171.207.80 - - [08/Mar/2025:03:22:36 +0000] "GET /store/shop/?filter_brand=klober%2Cvitra&filter_color=beige%2Cbrown&filter_size=l%2Cm%2Cs&per_page=9&stock_status=onsale HTTP/2" 200 21941 "-" "Mozilla/5.0 AppleWebKit/537.36 (KHTML, like Gecko; compatible; GPTBot/1.2; +https://openai.com/gptbot)"
20.171.207.80 - - [08/Mar/2025:03:22:44 +0000] "GET /store/shop/?filter_brand=klober%2Cvitra&filter_color=beige%2Cbrown&filter_size=l%2Cm%2Cs&per_row=2&shop_view=grid&stock_status=instock%2Consale HTTP/2" 200 21976 "-" "Mozilla/5.0 AppleWebKit/537.36 (KHTML, like Gecko; compatible; GPTBot/1.2; +https://openai.com/gptbot)"
20.171.207.80 - - [08/Mar/2025:03:22:51 +0000] "GET /store/shop/?filter_brand=eva-solo%2Cmagisso&filter_color=beige%2Cblue&filter_size=m%2Cs&stock_status=instock HTTP/2" 200 25042 "-" "Mozilla/5.0 AppleWebKit/537.36 (KHTML, like Gecko; compatible; GPTBot/1.2; +https://openai.com/gptbot)"
20.171.207.80 - - [08/Mar/2025:03:22:57 +0000] "GET /store/shop/?filter_brand=eva-solo%2Cklober&filter_color=beige%2Cblue%2Cyellow&filter_size=l%2Cm&stock_status=onsale HTTP/2" 200 21992 "-" "Mozilla/5.0 AppleWebKit/537.36 (KHTML, like Gecko; compatible; GPTBot/1.2; +https://openai.com/gptbot)"
20.171.207.80 - - [08/Mar/2025:03:23:02 +0000] "GET /store/shop/?filter_brand=eva-solo&filter_color=black%2Cblue%2Cyellow&filter_size=l%2Cm&stock_status=onsale HTTP/2" 200 21902 "-" "Mozilla/5.0 AppleWebKit/537.36 (KHTML, like Gecko; compatible; GPTBot/1.2; +https://openai.com/gptbot)"
20.171.207.80 - - [08/Mar/2025:03:23:07 +0000] "GET /store/shop/?filter_brand=eva-solo%2Cvitra&filter_color=brown%2Cyellow&filter_size=l%2Cm&stock_status=onsale HTTP/2" 200 21850 "-" "Mozilla/5.0 AppleWebKit/537.36 (KHTML, like Gecko; compatible; GPTBot/1.2; +https://openai.com/gptbot)"
20.171.207.80 - - [08/Mar/2025:03:23:12 +0000] "GET /store/shop/?filter_brand=eva-solo&filter_color=black%2Cbrown&filter_size=l%2Cm%2Cs&stock_status=instock%2Consale HTTP/2" 200 21911 "-" "Mozilla/5.0 AppleWebKit/537.36 (KHTML, like Gecko; compatible; GPTBot/1.2; +https://openai.com/gptbot)"
20.171.207.80 - - [08/Mar/2025:03:23:16 +0000] "GET /store/shop/?filter_brand=eva-solo%2Cjoseph-joseph%2Cklober&filter_color=beige%2Cyellow&per_row=2&shop_view=grid&stock_status=onsale HTTP/2" 200 21963 "-" "Mozilla/5.0 AppleWebKit/537.36 (KHTML, like Gecko; compatible; GPTBot/1.2; +https://openai.com/gptbot)"
20.171.207.80 - - [08/Mar/2025:03:23:20 +0000] "GET /store/shop/?filter_brand=eva-solo%2Cjoseph-joseph%2Cklober&filter_color=beige%2Cyellow&per_page=24&per_row=2&shop_view=grid HTTP/2" 200 24789 "-" "Mozilla/5.0 AppleWebKit/537.36 (KHTML, like Gecko; compatible; GPTBot/1.2; +https://openai.com/gptbot)"
20.171.207.80 - - [08/Mar/2025:03:23:23 +0000] "GET /store/shop/?filter_brand=eva-solo%2Cjoseph-joseph%2Cklober&filter_color=beige%2Cyellow&per_page=12&per_row=2&shop_view=grid HTTP/2" 200 24798 "-" "Mozilla/5.0 AppleWebKit/537.36 (KHTML, like Gecko; compatible; GPTBot/1.2; +https://openai.com/gptbot)"
20.171.207.80 - - [08/Mar/2025:03:23:26 +0000] "GET /store/shop/?filter_brand=eva-solo%2Cjoseph-joseph%2Cklober&filter_color=beige%2Cyellow&per_page=18&per_row=2&shop_view=grid HTTP/2" 200 24795 "-" "Mozilla/5.0 AppleWebKit/537.36 (KHTML, like Gecko; compatible; GPTBot/1.2; +https://openai.com/gptbot)"
20.171.207.80 - - [08/Mar/2025:03:23:29 +0000] "GET /store/shop/?filter_brand=eva-solo%2Cjoseph-joseph%2Cklober&filter_color=beige%2Cyellow&per_page=9&per_row=2&shop_view=grid HTTP/2" 200 24796 "-" "Mozilla/5.0 AppleWebKit/537.36 (KHTML, like Gecko; compatible; GPTBot/1.2; +https://openai.com/gptbot)"
20.171.207.80 - - [08/Mar/2025:03:23:32 +0000] "GET /store/shop/?filter_brand=magisso%2Cvitra&filter_color=yellow&filter_size=l%2Cm%2Cs&per_page=9&stock_status=instock HTTP/2" 200 24234 "-" "Mozilla/5.0 AppleWebKit/537.36 (KHTML, like Gecko; compatible; GPTBot/1.2; +https://openai.com/gptbot)"
20.171.207.80 - - [08/Mar/2025:03:23:35 +0000] "GET /store/shop/?filter_brand=eva-solo%2Cmagisso&filter_color=beige%2Cblue&filter_size=m%2Cs&per_page=18&stock_status=instock HTTP/2" 200 25053 "-" "Mozilla/5.0 AppleWebKit/537.36 (KHTML, like Gecko; compatible; GPTBot/1.2; +https://openai.com/gptbot)"
20.171.207.80 - - [08/Mar/2025:03:23:38 +0000] "GET /store/shop/?filter_brand=eva-solo%2Cmagisso&filter_color=beige%2Cblue&filter_size=m%2Cs&per_page=9&stock_status=instock HTTP/2" 200 25032 "-" "Mozilla/5.0 AppleWebKit/537.36 (KHTML, like Gecko; compatible; GPTBot/1.2; +https://openai.com/gptbot)"
20.171.207.80 - - [08/Mar/2025:03:23:41 +0000] "GET /store/shop/?filter_brand=eva-solo%2Cmagisso&filter_color=beige%2Cblue&filter_size=m%2Cs&per_page=12&stock_status=instock HTTP/2" 200 25054 "-" "Mozilla/5.0 AppleWebKit/537.36 (KHTML, like Gecko; compatible; GPTBot/1.2; +https://openai.com/gptbot)"
20.171.207.80 - - [08/Mar/2025:03:23:44 +0000] "GET /store/shop/?filter_brand=eva-solo%2Cmagisso&filter_color=beige%2Cblue&filter_size=m%2Cs&per_page=24&stock_status=instock HTTP/2" 200 25058 "-" "Mozilla/5.0 AppleWebKit/537.36 (KHTML, like Gecko; compatible; GPTBot/1.2; +https://openai.com/gptbot)"
20.171.207.80 - - [08/Mar/2025:03:23:47 +0000] "GET /store/shop/?filter_brand=magisso%2Cvitra&filter_color=blue%2Cbrown&filter_size=m%2Cs&stock_status=onsale HTTP/2" 200 21937 "-" "Mozilla/5.0 AppleWebKit/537.36 (KHTML, like Gecko; compatible; GPTBot/1.2; +https://openai.com/gptbot)"
20.171.207.80 - - [08/Mar/2025:03:23:50 +0000] "GET /store/shop/?filter_brand=eva-solo%2Cmagisso%2Cvitra&filter_color=black%2Cblue&filter_size=l%2Cs&stock_status=instock HTTP/2" 200 25059 "-" "Mozilla/5.0 AppleWebKit/537.36 (KHTML, like Gecko; compatible; GPTBot/1.2; +https://openai.com/gptbot)"
20.171.207.80 - - [08/Mar/2025:03:23:53 +0000] "GET /store/shop/?filter_brand=eva-solo%2Cjoseph-joseph%2Cklober&filter_color=beige%2Cyellow&per_page=24&per_row=4&shop_view=grid HTTP/2" 200 24798 "-" "Mozilla/5.0 AppleWebKit/537.36 (KHTML, like Gecko; compatible; GPTBot/1.2; +https://openai.com/gptbot)"
20.171.207.80 - - [08/Mar/2025:03:23:56 +0000] "GET /store/shop/?filter_brand=eva-solo%2Cjoseph-joseph%2Cklober&filter_color=beige%2Cyellow&per_page=12&per_row=3&shop_view=grid HTTP/2" 200 24808 "-" "Mozilla/5.0 AppleWebKit/537.36 (KHTML, like Gecko; compatible; GPTBot/1.2; +https://openai.com/gptbot)"
20.171.207.80 - - [08/Mar/2025:03:23:59 +0000] "GET /store/shop/?filter_brand=eva-solo%2Cjoseph-joseph%2Cklober&filter_color=beige%2Cyellow&per_page=24&per_row=3&shop_view=grid HTTP/2" 200 24805 "-" "Mozilla/5.0 AppleWebKit/537.36 (KHTML, like Gecko; compatible; GPTBot/1.2; +https://openai.com/gptbot)"
20.171.207.80 - - [08/Mar/2025:03:24:02 +0000] "GET /store/shop/?filter_brand=eva-solo%2Cjoseph-joseph%2Cklober&filter_color=beige%2Cyellow&per_page=9&per_row=2&shop_view=grid&stock_status=onsale HTTP/2" 200 21972 "-" "Mozilla/5.0 AppleWebKit/537.36 (KHTML, like Gecko; compatible; GPTBot/1.2; +https://openai.com/gptbot)"
20.171.207.80 - - [08/Mar/2025:03:24:05 +0000] "GET /store/shop/?filter_brand=magisso%2Cvitra&filter_color=yellow&filter_size=l%2Cm%2Cs&per_page=9&stock_status=instock%2Consale HTTP/2" 200 21889 "-" "Mozilla/5.0 AppleWebKit/537.36 (KHTML, like Gecko; compatible; GPTBot/1.2; +https://openai.com/gptbot)"
20.171.207.80 - - [08/Mar/2025:03:24:08 +0000] "GET /store/shop/?filter_brand=eva-solo%2Cjoseph-joseph%2Cklober&filter_color=beige%2Cyellow&per_page=12&per_row=4&shop_view=grid HTTP/2" 200 24806 "-" "Mozilla/5.0 AppleWebKit/537.36 (KHTML, like Gecko; compatible; GPTBot/1.2; +https://openai.com/gptbot)"
20.171.207.80 - - [08/Mar/2025:03:24:13 +0000] "GET /store/shop/?filter_brand=eva-solo%2Cmagisso&filter_color=beige%2Cblue&filter_size=m%2Cs&per_page=9&stock_status=instock%2Consale HTTP/2" 200 21969 "-" "Mozilla/5.0 AppleWebKit/537.36 (KHTML, like Gecko; compatible; GPTBot/1.2; +https://openai.com/gptbot)"
20.171.207.80 - - [08/Mar/2025:03:24:16 +0000] "GET /store/shop/?filter_brand=eva-solo%2Cmagisso&filter_color=beige%2Cblue&filter_size=m%2Cs&per_page=12&stock_status=instock%2Consale HTTP/2" 200 21995 "-" "Mozilla/5.0 AppleWebKit/537.36 (KHTML, like Gecko; compatible; GPTBot/1.2; +https://openai.com/gptbot)"
20.171.207.80 - - [08/Mar/2025:03:24:20 +0000] "GET /store/shop/?filter_brand=eva-solo%2Cmagisso&filter_color=beige%2Cblue&filter_size=m%2Cs&per_page=24&stock_status=instock%2Consale HTTP/2" 200 21995 "-" "Mozilla/5.0 AppleWebKit/537.36 (KHTML, like Gecko; compatible; GPTBot/1.2; +https://openai.com/gptbot)"
20.171.207.80 - - [08/Mar/2025:03:24:23 +0000] "GET /store/shop/?filter_brand=eva-solo%2Cmagisso%2Cvitra&filter_color=black%2Cblue&filter_size=l%2Cs&per_row=3&shop_view=grid&stock_status=instock HTTP/2" 200 25113 "-" "Mozilla/5.0 AppleWebKit/537.36 (KHTML, like Gecko; compatible; GPTBot/1.2; +https://openai.com/gptbot)"
20.171.207.80 - - [08/Mar/2025:03:24:26 +0000] "GET /store/shop/?filter_brand=eva-solo%2Cmagisso%2Cvitra&filter_color=black%2Cblue&filter_size=l%2Cs&per_row=2&shop_view=grid&stock_status=instock HTTP/2" 200 25110 "-" "Mozilla/5.0 AppleWebKit/537.36 (KHTML, like Gecko; compatible; GPTBot/1.2; +https://openai.com/gptbot)"
20.171.207.80 - - [08/Mar/2025:03:24:28 +0000] "GET /store/shop/?filter_brand=eva-solo%2Cmagisso%2Cvitra&filter_color=black%2Cblue&filter_size=l%2Cs&per_row=4&shop_view=grid&stock_status=instock HTTP/2" 200 25112 "-" "Mozilla/5.0 AppleWebKit/537.36 (KHTML, like Gecko; compatible; GPTBot/1.2; +https://openai.com/gptbot)"
20.171.207.80 - - [08/Mar/2025:03:24:31 +0000] "GET /store/shop/?filter_brand=eva-solo%2Cmagisso%2Cvitra&filter_color=black%2Cblue&filter_size=l%2Cs&per_page=9&stock_status=instock HTTP/2" 200 25079 "-" "Mozilla/5.0 AppleWebKit/537.36 (KHTML, like Gecko; compatible; GPTBot/1.2; +https://openai.com/gptbot)"
20.171.207.80 - - [08/Mar/2025:03:24:36 +0000] "GET /store/shop/?filter_brand=eva-solo%2Cjoseph-joseph%2Cklober&filter_color=beige%2Cyellow&per_page=9&per_row=4&shop_view=grid HTTP/2" 200 24793 "-" "Mozilla/5.0 AppleWebKit/537.36 (KHTML, like Gecko; compatible; GPTBot/1.2; +https://openai.com/gptbot)"
20.171.207.80 - - [08/Mar/2025:03:24:40 +0000] "GET /store/shop/?filter_brand=eva-solo%2Cjoseph-joseph%2Cklober&filter_color=beige%2Cyellow&per_page=9&per_row=3&shop_view=grid HTTP/2" 200 24790 "-" "Mozilla/5.0 AppleWebKit/537.36 (KHTML, like Gecko; compatible; GPTBot/1.2; +https://openai.com/gptbot)"
20.171.207.80 - - [08/Mar/2025:03:24:44 +0000] "GET /store/shop/?filter_brand=magisso%2Cvitra&filter_color=yellow&filter_size=l%2Cm%2Cs&per_page=9&stock_status=onsale HTTP/2" 200 21871 "-" "Mozilla/5.0 AppleWebKit/537.36 (KHTML, like Gecko; compatible; GPTBot/1.2; +https://openai.com/gptbot)"
20.171.207.80 - - [08/Mar/2025:03:24:49 +0000] "GET /store/shop/?filter_brand=eva-solo%2Cjoseph-joseph%2Cklober&filter_color=beige%2Cyellow&per_page=24&per_row=3&shop_view=grid&stock_status=instock HTTP/2" 200 24848 "-" "Mozilla/5.0 AppleWebKit/537.36 (KHTML, like Gecko; compatible; GPTBot/1.2; +https://openai.com/gptbot)"
20.171.207.80 - - [08/Mar/2025:03:24:55 +0000] "GET /store/shop/?filter_brand=eva-solo%2Cmagisso&filter_color=beige%2Cblue&filter_size=m%2Cs&per_page=9&stock_status=onsale HTTP/2" 200 21963 "-" "Mozilla/5.0 AppleWebKit/537.36 (KHTML, like Gecko; compatible; GPTBot/1.2; +https://openai.com/gptbot)"
20.171.207.80 - - [08/Mar/2025:03:25:00 +0000] "GET /store/shop/?filter_brand=eva-solo%2Cmagisso&filter_color=beige%2Cblue&filter_size=m%2Cs&per_page=12&stock_status=onsale HTTP/2" 200 21960 "-" "Mozilla/5.0 AppleWebKit/537.36 (KHTML, like Gecko; compatible; GPTBot/1.2; +https://openai.com/gptbot)"
20.171.207.80 - - [08/Mar/2025:03:25:05 +0000] "GET /store/shop/?filter_brand=eva-solo%2Cmagisso%2Cvitra&filter_color=black%2Cblue&filter_size=l%2Cs&per_page=24&per_row=3&shop_view=grid&stock_status=instock HTTP/2" 200 25124 "-" "Mozilla/5.0 AppleWebKit/537.36 (KHTML, like Gecko; compatible; GPTBot/1.2; +https://openai.com/gptbot)"
20.171.207.80 - - [08/Mar/2025:03:25:10 +0000] "GET /store/shop/?filter_brand=eva-solo%2Cmagisso%2Cvitra&filter_color=black%2Cblue&filter_size=l%2Cs&per_page=12&per_row=3&shop_view=grid&stock_status=instock HTTP/2" 200 25118 "-" "Mozilla/5.0 AppleWebKit/537.36 (KHTML, like Gecko; compatible; GPTBot/1.2; +https://openai.com/gptbot)"
20.171.207.80 - - [08/Mar/2025:03:25:16 +0000] "GET /store/shop/?filter_brand=eva-solo%2Cmagisso%2Cvitra&filter_color=black%2Cblue&filter_size=l%2Cs&per_page=9&per_row=4&shop_view=grid&stock_status=instock HTTP/2" 200 25104 "-" "Mozilla/5.0 AppleWebKit/537.36 (KHTML, like Gecko; compatible; GPTBot/1.2; +https://openai.com/gptbot)"
20.171.207.80 - - [08/Mar/2025:03:25:21 +0000] "GET /store/shop/?filter_brand=eva-solo%2Cmagisso%2Cvitra&filter_color=black%2Cblue&filter_size=l%2Cs&per_page=24&per_row=4&shop_view=grid&stock_status=instock HTTP/2" 200 25121 "-" "Mozilla/5.0 AppleWebKit/537.36 (KHTML, like Gecko; compatible; GPTBot/1.2; +https://openai.com/gptbot)"
20.171.207.80 - - [08/Mar/2025:03:25:26 +0000] "GET /store/shop/?filter_brand=eva-solo%2Cmagisso%2Cvitra&filter_color=black%2Cblue&filter_size=l%2Cs&per_page=9&per_row=2&shop_view=grid&stock_status=instock HTTP/2" 200 25099 "-" "Mozilla/5.0 AppleWebKit/537.36 (KHTML, like Gecko; compatible; GPTBot/1.2; +https://openai.com/gptbot)"
20.171.207.80 - - [08/Mar/2025:03:25:30 +0000] "GET /store/shop/?filter_brand=eva-solo%2Cmagisso%2Cvitra&filter_color=black%2Cblue&filter_size=l%2Cs&per_page=24&per_row=2&shop_view=grid&stock_status=instock HTTP/2" 200 25114 "-" "Mozilla/5.0 AppleWebKit/537.36 (KHTML, like Gecko; compatible; GPTBot/1.2; +https://openai.com/gptbot)"
20.171.207.80 - - [08/Mar/2025:03:25:34 +0000] "GET /store/shop/?filter_brand=eva-solo%2Cmagisso%2Cvitra&filter_color=black%2Cblue&filter_size=l%2Cs&per_page=9&per_row=3&shop_view=grid&stock_status=instock HTTP/2" 200 25110 "-" "Mozilla/5.0 AppleWebKit/537.36 (KHTML, like Gecko; compatible; GPTBot/1.2; +https://openai.com/gptbot)"
20.171.207.80 - - [08/Mar/2025:03:25:37 +0000] "GET /store/shop/?filter_brand=eva-solo%2Cmagisso%2Cvitra&filter_color=black%2Cblue&filter_size=l%2Cs&per_page=12&per_row=2&shop_view=grid&stock_status=instock HTTP/2" 200 25112 "-" "Mozilla/5.0 AppleWebKit/537.36 (KHTML, like Gecko; compatible; GPTBot/1.2; +https://openai.com/gptbot)"
20.171.207.80 - - [08/Mar/2025:03:25:41 +0000] "GET /store/shop/?filter_brand=eva-solo%2Cmagisso%2Cvitra&filter_color=black%2Cblue&filter_size=l%2Cs&per_page=18&per_row=2&shop_view=grid&stock_status=instock HTTP/2" 200 25117 "-" "Mozilla/5.0 AppleWebKit/537.36 (KHTML, like Gecko; compatible; GPTBot/1.2; +https://openai.com/gptbot)"
20.171.207.80 - - [08/Mar/2025:03:25:44 +0000] "GET /store/shop/?filter_brand=eva-solo%2Cmagisso%2Cvitra&filter_color=black%2Cblue&filter_size=l%2Cs&per_page=12&per_row=4&shop_view=grid&stock_status=instock HTTP/2" 200 25119 "-" "Mozilla/5.0 AppleWebKit/537.36 (KHTML, like Gecko; compatible; GPTBot/1.2; +https://openai.com/gptbot)"
20.171.207.80 - - [08/Mar/2025:03:25:47 +0000] "GET /store/shop/?filter_brand=eva-solo%2Cmagisso%2Cvitra&filter_color=black%2Cblue&filter_size=l%2Cs&per_page=9&stock_status=instock%2Consale HTTP/2" 200 22001 "-" "Mozilla/5.0 AppleWebKit/537.36 (KHTML, like Gecko; compatible; GPTBot/1.2; +https://openai.com/gptbot)"
20.171.207.80 - - [08/Mar/2025:03:25:50 +0000] "GET /store/shop/?filter_brand=eva-solo%2Cjoseph-joseph%2Cklober&filter_color=beige%2Cyellow&per_page=9&per_row=4&shop_view=grid&stock_status=onsale HTTP/2" 200 21971 "-" "Mozilla/5.0 AppleWebKit/537.36 (KHTML, like Gecko; compatible; GPTBot/1.2; +https://openai.com/gptbot)"
20.171.207.80 - - [08/Mar/2025:03:25:53 +0000] "GET /store/shop/?filter_brand=eva-solo%2Cjoseph-joseph%2Cklober&filter_color=beige%2Cyellow&per_page=9&per_row=3&shop_view=grid&stock_status=onsale HTTP/2" 200 21971 "-" "Mozilla/5.0 AppleWebKit/537.36 (KHTML, like Gecko; compatible; GPTBot/1.2; +https://openai.com/gptbot)"
20.171.207.80 - - [08/Mar/2025:03:25:56 +0000] "GET /store/shop/?filter_brand=eva-solo%2Cmagisso%2Cvitra&filter_color=black%2Cblue&filter_size=l%2Cs&per_page=9&per_row=4&shop_view=grid&stock_status=instock%2Consale HTTP/2" 200 22039 "-" "Mozilla/5.0 AppleWebKit/537.36 (KHTML, like Gecko; compatible; GPTBot/1.2; +https://openai.com/gptbot)"
20.171.207.80 - - [08/Mar/2025:03:25:59 +0000] "GET /store/shop/?filter_brand=eva-solo%2Cmagisso%2Cvitra&filter_color=black%2Cblue&filter_size=l%2Cs&per_page=9&per_row=2&shop_view=grid&stock_status=instock%2Consale HTTP/2" 200 22037 "-" "Mozilla/5.0 AppleWebKit/537.36 (KHTML, like Gecko; compatible; GPTBot/1.2; +https://openai.com/gptbot)"
20.171.207.80 - - [08/Mar/2025:03:26:01 +0000] "GET /store/shop/?filter_brand=eva-solo%2Cmagisso%2Cvitra&filter_color=black%2Cblue&filter_size=l%2Cs&per_page=18&per_row=4&shop_view=grid&stock_status=instock HTTP/2" 200 25122 "-" "Mozilla/5.0 AppleWebKit/537.36 (KHTML, like Gecko; compatible; GPTBot/1.2; +https://openai.com/gptbot)"
20.171.207.80 - - [08/Mar/2025:03:26:04 +0000] "GET /store/shop/?filter_brand=eva-solo%2Cmagisso%2Cvitra&filter_color=black%2Cblue&filter_size=l%2Cs&per_page=18&per_row=3&shop_view=grid&stock_status=instock HTTP/2" 200 25125 "-" "Mozilla/5.0 AppleWebKit/537.36 (KHTML, like Gecko; compatible; GPTBot/1.2; +https://openai.com/gptbot)"
20.171.207.80 - - [08/Mar/2025:03:26:07 +0000] "GET /store/shop/?filter_brand=eva-solo%2Cmagisso%2Cvitra&filter_color=black%2Cblue&filter_size=l%2Cs&per_page=9&per_row=3&shop_view=grid&stock_status=instock%2Consale HTTP/2" 200 22055 "-" "Mozilla/5.0 AppleWebKit/537.36 (KHTML, like Gecko; compatible; GPTBot/1.2; +https://openai.com/gptbot)"
20.171.207.80 - - [08/Mar/2025:03:26:10 +0000] "GET /store/shop/?filter_brand=eva-solo%2Cmagisso&filter_color=beige%2Cblue&filter_size=m%2Cs&per_page=24&stock_status=onsale HTTP/2" 200 21960 "-" "Mozilla/5.0 AppleWebKit/537.36 (KHTML, like Gecko; compatible; GPTBot/1.2; +https://openai.com/gptbot)"
20.171.207.80 - - [08/Mar/2025:03:26:12 +0000] "GET /store/shop/?filter_brand=eva-solo%2Cjoseph-joseph%2Cklober&filter_color=beige%2Cyellow&per_page=24&per_row=2&shop_view=grid&stock_status=onsale HTTP/2" 200 21992 "-" "Mozilla/5.0 AppleWebKit/537.36 (KHTML, like Gecko; compatible; GPTBot/1.2; +https://openai.com/gptbot)"
20.171.207.80 - - [08/Mar/2025:03:26:15 +0000] "GET /store/shop/?filter_brand=eva-solo%2Cmagisso%2Cvitra&filter_color=black%2Cblue&filter_size=l%2Cs&per_page=9&stock_status=onsale HTTP/2" 200 21999 "-" "Mozilla/5.0 AppleWebKit/537.36 (KHTML, like Gecko; compatible; GPTBot/1.2; +https://openai.com/gptbot)"
20.171.207.80 - - [08/Mar/2025:03:26:18 +0000] "GET /store/shop/?filter_brand=eva-solo%2Cjoseph-joseph%2Cklober&filter_color=beige%2Cyellow&per_page=24&per_row=3&shop_view=grid&stock_status=onsale HTTP/2" 200 21990 "-" "Mozilla/5.0 AppleWebKit/537.36 (KHTML, like Gecko; compatible; GPTBot/1.2; +https://openai.com/gptbot)"
20.171.207.80 - - [08/Mar/2025:03:26:20 +0000] "GET /store/shop/?filter_brand=eva-solo%2Cjoseph-joseph%2Cklober&filter_color=beige%2Cyellow&per_page=18&per_row=2&shop_view=grid&stock_status=instock HTTP/2" 200 24847 "-" "Mozilla/5.0 AppleWebKit/537.36 (KHTML, like Gecko; compatible; GPTBot/1.2; +https://openai.com/gptbot)"
20.171.207.80 - - [08/Mar/2025:03:26:22 +0000] "GET /store/shop/?filter_brand=eva-solo%2Cmagisso%2Cvitra&filter_color=black%2Cblue&filter_size=l%2Cs&per_page=9&per_row=4&shop_view=grid&stock_status=onsale HTTP/2" 200 22038 "-" "Mozilla/5.0 AppleWebKit/537.36 (KHTML, like Gecko; compatible; GPTBot/1.2; +https://openai.com/gptbot)"
20.171.207.80 - - [08/Mar/2025:03:26:25 +0000] "GET /store/shop/?filter_brand=eva-solo%2Cjoseph-joseph%2Cklober&filter_color=beige%2Cyellow&per_page=18&per_row=3&shop_view=grid&stock_status=instock HTTP/2" 200 24859 "-" "Mozilla/5.0 AppleWebKit/537.36 (KHTML, like Gecko; compatible; GPTBot/1.2; +https://openai.com/gptbot)"
20.171.207.80 - - [08/Mar/2025:03:26:27 +0000] "GET /store/shop/?filter_brand=eva-solo%2Cmagisso%2Cvitra&filter_color=black%2Cblue&filter_size=l%2Cs&per_page=9&per_row=2&shop_view=grid&stock_status=onsale HTTP/2" 200 22038 "-" "Mozilla/5.0 AppleWebKit/537.36 (KHTML, like Gecko; compatible; GPTBot/1.2; +https://openai.com/gptbot)"
20.171.207.80 - - [08/Mar/2025:03:26:30 +0000] "GET /store/shop/?filter_brand=eva-solo%2Cjoseph-joseph%2Cklober&filter_color=beige%2Cyellow&per_page=12&per_row=4&shop_view=grid&stock_status=instock HTTP/2" 200 24858 "-" "Mozilla/5.0 AppleWebKit/537.36 (KHTML, like Gecko; compatible; GPTBot/1.2; +https://openai.com/gptbot)"
20.171.207.80 - - [08/Mar/2025:03:26:33 +0000] "GET /store/shop/?filter_brand=eva-solo%2Cmagisso%2Cvitra&filter_color=black%2Cblue&filter_size=l%2Cs&per_page=9&per_row=3&shop_view=grid&stock_status=onsale HTTP/2" 200 22037 "-" "Mozilla/5.0 AppleWebKit/537.36 (KHTML, like Gecko; compatible; GPTBot/1.2; +https://openai.com/gptbot)"
20.171.207.80 - - [08/Mar/2025:03:26:35 +0000] "GET /store/shop/?filter_brand=eva-solo%2Cjoseph-joseph%2Cklober&filter_color=beige%2Cyellow&per_page=12&per_row=3&shop_view=grid&stock_status=instock HTTP/2" 200 24857 "-" "Mozilla/5.0 AppleWebKit/537.36 (KHTML, like Gecko; compatible; GPTBot/1.2; +https://openai.com/gptbot)"
20.171.207.80 - - [08/Mar/2025:03:26:37 +0000] "GET /store/shop/?filter_brand=eva-solo%2Cjoseph-joseph%2Cklober&filter_color=beige%2Cyellow&per_page=12&per_row=4&shop_view=grid&stock_status=onsale HTTP/2" 200 21992 "-" "Mozilla/5.0 AppleWebKit/537.36 (KHTML, like Gecko; compatible; GPTBot/1.2; +https://openai.com/gptbot)"
20.171.207.80 - - [08/Mar/2025:03:26:40 +0000] "GET /store/shop/?filter_brand=eva-solo%2Cjoseph-joseph%2Cklober&filter_color=beige%2Cyellow&per_page=18&per_row=2&shop_view=grid&stock_status=onsale HTTP/2" 200 21992 "-" "Mozilla/5.0 AppleWebKit/537.36 (KHTML, like Gecko; compatible; GPTBot/1.2; +https://openai.com/gptbot)"
20.171.207.80 - - [08/Mar/2025:03:26:42 +0000] "GET /store/shop/?filter_brand=eva-solo%2Cjoseph-joseph%2Cklober&filter_color=beige%2Cyellow&per_page=12&per_row=3&shop_view=grid&stock_status=onsale HTTP/2" 200 21992 "-" "Mozilla/5.0 AppleWebKit/537.36 (KHTML, like Gecko; compatible; GPTBot/1.2; +https://openai.com/gptbot)"
20.171.207.80 - - [08/Mar/2025:03:26:46 +0000] "GET /store/shop/?filter_brand=eva-solo%2Cjoseph-joseph%2Cklober&filter_color=beige%2Cyellow&per_page=9&per_row=2&shop_view=grid&stock_status=instock HTTP/2" 200 24805 "-" "Mozilla/5.0 AppleWebKit/537.36 (KHTML, like Gecko; compatible; GPTBot/1.2; +https://openai.com/gptbot)"
20.171.207.80 - - [08/Mar/2025:03:26:49 +0000] "GET /store/shop/?filter_brand=eva-solo%2Cjoseph-joseph%2Cklober&filter_color=beige%2Cyellow&per_page=18&per_row=4&shop_view=grid&stock_status=instock HTTP/2" 200 24864 "-" "Mozilla/5.0 AppleWebKit/537.36 (KHTML, like Gecko; compatible; GPTBot/1.2; +https://openai.com/gptbot)"
20.171.207.80 - - [08/Mar/2025:03:26:53 +0000] "GET /store/shop/?filter_brand=eva-solo%2Cjoseph-joseph%2Cklober&filter_color=beige%2Cyellow&per_page=24&per_row=2&shop_view=grid&stock_status=instock HTTP/2" 200 24842 "-" "Mozilla/5.0 AppleWebKit/537.36 (KHTML, like Gecko; compatible; GPTBot/1.2; +https://openai.com/gptbot)"
20.171.207.80 - - [08/Mar/2025:03:26:57 +0000] "GET /store/shop/?filter_brand=eva-solo%2Cjoseph-joseph%2Cklober&filter_color=beige%2Cyellow&per_page=9&per_row=3&shop_view=grid&stock_status=instock HTTP/2" 200 24817 "-" "Mozilla/5.0 AppleWebKit/537.36 (KHTML, like Gecko; compatible; GPTBot/1.2; +https://openai.com/gptbot)"
20.171.207.80 - - [08/Mar/2025:03:27:00 +0000] "GET /store/shop/?filter_brand=eva-solo%2Cjoseph-joseph%2Cklober&filter_color=beige%2Cyellow&per_page=12&per_row=2&shop_view=grid&stock_status=instock HTTP/2" 200 24836 "-" "Mozilla/5.0 AppleWebKit/537.36 (KHTML, like Gecko; compatible; GPTBot/1.2; +https://openai.com/gptbot)"
20.171.207.80 - - [08/Mar/2025:03:27:03 +0000] "GET /store/shop/?filter_brand=eva-solo%2Cjoseph-joseph%2Cklober&filter_color=beige%2Cyellow&per_page=24&per_row=4&shop_view=grid&stock_status=instock HTTP/2" 200 24856 "-" "Mozilla/5.0 AppleWebKit/537.36 (KHTML, like Gecko; compatible; GPTBot/1.2; +https://openai.com/gptbot)"
20.171.207.80 - - [08/Mar/2025:03:27:06 +0000] "GET /store/shop/?filter_brand=eva-solo%2Cjoseph-joseph%2Cklober&filter_color=beige%2Cyellow&per_page=24&per_row=4&shop_view=grid&stock_status=onsale HTTP/2" 200 21989 "-" "Mozilla/5.0 AppleWebKit/537.36 (KHTML, like Gecko; compatible; GPTBot/1.2; +https://openai.com/gptbot)"
20.171.207.80 - - [08/Mar/2025:03:27:09 +0000] "GET /store/shop/?filter_brand=eva-solo%2Cjoseph-joseph%2Cklober&filter_color=beige%2Cyellow&per_page=9&per_row=4&shop_view=grid&stock_status=instock HTTP/2" 200 24819 "-" "Mozilla/5.0 AppleWebKit/537.36 (KHTML, like Gecko; compatible; GPTBot/1.2; +https://openai.com/gptbot)"
20.171.207.80 - - [08/Mar/2025:03:27:11 +0000] "GET /store/shop/?filter_brand=eva-solo%2Cjoseph-joseph%2Cklober&filter_color=beige%2Cyellow&per_page=12&per_row=2&shop_view=grid&stock_status=onsale HTTP/2" 200 21988 "-" "Mozilla/5.0 AppleWebKit/537.36 (KHTML, like Gecko; compatible; GPTBot/1.2; +https://openai.com/gptbot)"
20.171.207.80 - - [08/Mar/2025:03:27:14 +0000] "GET /store/shop/?filter_brand=magisso&filter_color=beige%2Cblue&filter_size=m%2Cs&stock_status=instock%2Consale HTTP/2" 200 21931 "-" "Mozilla/5.0 AppleWebKit/537.36 (KHTML, like Gecko; compatible; GPTBot/1.2; +https://openai.com/gptbot)"
20.171.207.80 - - [08/Mar/2025:03:27:16 +0000] "GET /store/shop/?filter_brand=eva-solo%2Cmagisso&filter_color=black%2Cbrown&filter_size=l%2Cs&stock_status=onsale HTTP/2" 500 1034 "-" "Mozilla/5.0 AppleWebKit/537.36 (KHTML, like Gecko; compatible; GPTBot/1.2; +https://openai.com/gptbot)"
20.171.207.80 - - [08/Mar/2025:03:27:19 +0000] "GET /store/shop/?filter_brand=eva-solo%2Cvitra&filter_color=beige%2Cblack&filter_size=m%2Cs&stock_status=instock%2Consale HTTP/2" 200 21912 "-" "Mozilla/5.0 AppleWebKit/537.36 (KHTML, like Gecko; compatible; GPTBot/1.2; +https://openai.com/gptbot)"
20.171.207.80 - - [08/Mar/2025:03:27:26 +0000] "GET /store/shop/?filter_brand=magisso%2Cvitra&filter_color=beige%2Cbrown&filter_size=l%2Cm%2Cs&stock_status=onsale HTTP/2" 200 21901 "-" "Mozilla/5.0 AppleWebKit/537.36 (KHTML, like Gecko; compatible; GPTBot/1.2; +https://openai.com/gptbot)"
2a06:98c0:3600::103 - - [08/Mar/2025:01:51:07 +0000] "GET /wordpress/wp-admin/setup-config.php HTTP/1.1" 404 1251 "-" "Mozilla/5.0 (Windows NT 10.0; Win64; x64) AppleWebKit/537.36 (KHTML, like Gecko) Chrome/133.0.0.0 Safari/537.36"
38.91.101.117 - - [08/Mar/2025:01:52:48 +0000] "POST /store/wp-cron.php?doing_wp_cron=1741398768.1501309871673583984375 HTTP/1.1" 200 0 "-" "WordPress/6.7.2; https://valuecartpk.shop/store"
38.91.101.117 - - [08/Mar/2025:01:59:50 +0000] "POST /store/wp-cron.php?doing_wp_cron=1741399190.6598479747772216796875 HTTP/1.1" 200 0 "-" "WordPress/6.7.2; https://valuecartpk.shop/store"
2a06:98c0:3600::103 - - [08/Mar/2025:02:04:34 +0000] "GET /wordpress/wp-admin/setup-config.php HTTP/1.1" 404 1251 "-" "Mozilla/5.0 (Windows NT 10.0; Win64; x64) AppleWebKit/537.36 (KHTML, like Gecko) Chrome/133.0.0.0 Safari/537.36"
38.91.101.117 - - [08/Mar/2025:02:13:52 +0000] "POST /store/wp-cron.php?doing_wp_cron=1741400032.2264630794525146484375 HTTP/1.1" 200 0 "-" "WordPress/6.7.2; https://valuecartpk.shop/store"
2a06:98c0:3600::103 - - [08/Mar/2025:02:14:30 +0000] "GET /wp-admin/setup-config.php HTTP/1.1" 404 1251 "-" "Mozilla/5.0 (Windows NT 10.0; Win64; x64) AppleWebKit/537.36 (KHTML, like Gecko) Chrome/133.0.0.0 Safari/537.36"
38.91.101.117 - - [08/Mar/2025:02:15:50 +0000] "POST /store/wp-cron.php?doing_wp_cron=1741400150.5239200592041015625000 HTTP/1.1" 200 0 "-" "WordPress/6.7.2; https://valuecartpk.shop/store"
2a06:98c0:3600::103 - - [08/Mar/2025:02:16:01 +0000] "GET /wordpress/wp-admin/setup-config.php HTTP/1.1" 404 1251 "-" "Mozilla/5.0 (Windows NT 10.0; Win64; x64) AppleWebKit/537.36 (KHTML, like Gecko) Chrome/133.0.0.0 Safari/537.36"
38.91.101.117 - - [08/Mar/2025:02:22:54 +0000] "POST /store/wp-cron.php?doing_wp_cron=1741400574.4270029067993164062500 HTTP/1.1" 200 0 "-" "WordPress/6.7.2; https://valuecartpk.shop/store"
38.91.101.117 - - [08/Mar/2025:02:35:50 +0000] "POST /store/wp-cron.php?doing_wp_cron=1741401349.5098140239715576171875 HTTP/1.1" 200 0 "-" "WordPress/6.7.2; https://valuecartpk.shop/store"
2a06:98c0:3600::103 - - [08/Mar/2025:02:42:03 +0000] "GET /wp-admin/setup-config.php HTTP/1.1" 404 1251 "-" "Mozilla/5.0 (Windows NT 10.0; Win64; x64) AppleWebKit/537.36 (KHTML, like Gecko) Chrome/133.0.0.0 Safari/537.36"
38.91.101.117 - - [08/Mar/2025:02:48:48 +0000] "POST /store/wp-cron.php?doing_wp_cron=1741402128.5654020309448242187500 HTTP/1.1" 200 0 "-" "WordPress/6.7.2; https://valuecartpk.shop/store"
2a06:98c0:3600::103 - - [08/Mar/2025:03:07:15 +0000] "GET /wp-admin/setup-config.php HTTP/1.1" 404 1251 "-" "Mozilla/5.0 (Windows NT 10.0; Win64; x64) AppleWebKit/537.36 (KHTML, like Gecko) Chrome/133.0.0.0 Safari/537.36"
38.91.101.117 - - [08/Mar/2025:03:10:50 +0000] "POST /store/wp-cron.php?doing_wp_cron=1741403450.2393400669097900390625 HTTP/1.1" 200 0 "-" "WordPress/6.7.2; https://valuecartpk.shop/store"
38.91.101.117 - - [08/Mar/2025:03:17:51 +0000] "POST /store/wp-cron.php?doing_wp_cron=1741403871.1021430492401123046875 HTTP/1.1" 200 0 "-" "WordPress/6.7.2; https://valuecartpk.shop/store"
38.91.101.117 - - [08/Mar/2025:03:19:49 +0000] "POST /store/wp-cron.php?doing_wp_cron=1741403989.8771948814392089843750 HTTP/1.1" 200 0 "-" "WordPress/6.7.2; https://valuecartpk.shop/store"
38.91.101.117 - - [08/Mar/2025:03:23:48 +0000] "POST /store/wp-cron.php?doing_wp_cron=1741404228.5970470905303955078125 HTTP/1.1" 200 0 "-" "WordPress/6.7.2; https://valuecartpk.shop/store"
38.91.101.117 - - [08/Mar/2025:03:24:52 +0000] "POST /store/wp-cron.php?doing_wp_cron=1741404292.6310369968414306640625 HTTP/1.1" 200 0 "-" "WordPress/6.7.2; https://valuecartpk.shop/store"
20.171.207.80 - - [08/Mar/2025:03:27:49 +0000] "GET /store/shop/?filter_brand=klober%2Cvitra&filter_color=black%2Cyellow&filter_size=l%2Cm%2Cs&stock_status=instock HTTP/2" 200 25031 "-" "Mozilla/5.0 AppleWebKit/537.36 (KHTML, like Gecko; compatible; GPTBot/1.2; +https://openai.com/gptbot)"
2a06:98c0:3600::103 - - [08/Mar/2025:01:52:51 +0000] "GET /wp-admin/setup-config.php HTTP/1.1" 404 1251 "-" "Mozilla/5.0 (Windows NT 10.0; Win64; x64) AppleWebKit/537.36 (KHTML, like Gecko) Chrome/133.0.0.0 Safari/537.36"
2a06:98c0:3600::103 - - [08/Mar/2025:01:55:09 +0000] "GET /wp-admin/setup-config.php HTTP/1.1" 404 1251 "-" "Mozilla/5.0 (Windows NT 10.0; Win64; x64) AppleWebKit/537.36 (KHTML, like Gecko) Chrome/133.0.0.0 Safari/537.36"
38.91.101.117 - - [08/Mar/2025:02:03:48 +0000] "POST /store/wp-cron.php?doing_wp_cron=1741399428.6919240951538085937500 HTTP/1.1" 200 0 "-" "WordPress/6.7.2; https://valuecartpk.shop/store"
38.91.101.117 - - [08/Mar/2025:02:06:49 +0000] "POST /store/wp-cron.php?doing_wp_cron=1741399609.3963990211486816406250 HTTP/1.1" 200 0 "-" "WordPress/6.7.2; https://valuecartpk.shop/store"
38.91.101.117 - - [08/Mar/2025:02:10:49 +0000] "POST /store/wp-cron.php?doing_wp_cron=1741399849.4682710170745849609375 HTTP/1.1" 200 0 "-" "WordPress/6.7.2; https://valuecartpk.shop/store"
38.91.101.117 - - [08/Mar/2025:02:30:00 +0000] "POST /store/wp-cron.php?doing_wp_cron=1741401000.6226239204406738281250 HTTP/1.1" 200 0 "-" "WordPress/6.7.2; https://valuecartpk.shop/store"
38.91.101.117 - - [08/Mar/2025:02:30:48 +0000] "POST /store/wp-cron.php?doing_wp_cron=1741401048.4227230548858642578125 HTTP/1.1" 200 0 "-" "WordPress/6.7.2; https://valuecartpk.shop/store"
38.91.101.117 - - [08/Mar/2025:02:30:55 +0000] "POST /store/wp-cron.php?doing_wp_cron=1741401055.3498709201812744140625 HTTP/1.1" 200 0 "-" "WordPress/6.7.2; https://valuecartpk.shop/store"
38.91.101.117 - - [08/Mar/2025:02:37:50 +0000] "POST /store/wp-cron.php?doing_wp_cron=1741401470.3793220520019531250000 HTTP/1.1" 200 0 "-" "WordPress/6.7.2; https://valuecartpk.shop/store"
2a06:98c0:3600::103 - - [08/Mar/2025:02:43:21 +0000] "GET /wp-admin/setup-config.php HTTP/1.1" 404 1251 "-" "Mozilla/5.0 (Windows NT 10.0; Win64; x64) AppleWebKit/537.36 (KHTML, like Gecko) Chrome/133.0.0.0 Safari/537.36"
38.91.101.117 - - [08/Mar/2025:02:45:16 +0000] "POST /store/wp-cron.php?doing_wp_cron=1741401915.5862560272216796875000 HTTP/1.1" 200 0 "-" "WordPress/6.7.2; https://valuecartpk.shop/store"
38.91.101.117 - - [08/Mar/2025:02:49:49 +0000] "POST /store/wp-cron.php?doing_wp_cron=1741402188.8707349300384521484375 HTTP/1.1" 200 0 "-" "WordPress/6.7.2; https://valuecartpk.shop/store"
38.91.101.117 - - [08/Mar/2025:02:55:53 +0000] "POST /store/wp-cron.php?doing_wp_cron=1741402553.5970580577850341796875 HTTP/1.1" 200 0 "-" "WordPress/6.7.2; https://valuecartpk.shop/store"
43.157.153.236 - - [08/Mar/2025:03:01:17 +0000] "GET /store/?add-to-cart=270 HTTP/1.1" 200 32434 "-" "Mozilla/5.0 (iPhone; CPU iPhone OS 13_2_3 like Mac OS X) AppleWebKit/605.1.15 (KHTML, like Gecko) Version/13.0.3 Mobile/15E148 Safari/604.1"
138.246.253.24 - - [08/Mar/2025:03:02:40 +0000] "GET /robots.txt HTTP/1.1" 404 1251 "-" "Mozilla/5.0 (Windows NT 10.0; Win64; x64) AppleWebKit/537.36 (KHTML, like Gecko) Chrome/103.0.5060.134 Safari/537.36"
38.91.101.117 - - [08/Mar/2025:03:25:49 +0000] "POST /store/wp-cron.php?doing_wp_cron=1741404349.4263389110565185546875 HTTP/1.1" 200 0 "-" "WordPress/6.7.2; https://valuecartpk.shop/store"
38.91.101.117 - - [08/Mar/2025:03:27:51 +0000] "POST /store/wp-cron.php?doing_wp_cron=1741404470.9817988872528076171875 HTTP/1.1" 200 0 "-" "WordPress/6.7.2; https://valuecartpk.shop/store"
20.171.207.80 - - [08/Mar/2025:03:28:56 +0000] "GET /store/shop/?filter_brand=eva-solo%2Cklober%2Cvitra&filter_color=beige%2Cbrown&filter_size=m&stock_status=onsale HTTP/2" 200 21897 "-" "Mozilla/5.0 AppleWebKit/537.36 (KHTML, like Gecko; compatible; GPTBot/1.2; +https://openai.com/gptbot)"
20.171.207.80 - - [08/Mar/2025:03:29:04 +0000] "GET /store/shop/?filter_brand=vitra&filter_color=black%2Cblue%2Cyellow&filter_size=l%2Cm&stock_status=onsale HTTP/2" 200 21911 "-" "Mozilla/5.0 AppleWebKit/537.36 (KHTML, like Gecko; compatible; GPTBot/1.2; +https://openai.com/gptbot)"
217.182.175.38 - - [08/Mar/2025:02:18:02 +0000] "GET /store/shop/?filter_brand=joseph-joseph,vitra&filter_color=black,blue,brown,yellow&stock_status=instock,onsale&filter_size=l HTTP/1.1" 200 21948 "-" "Mozilla/5.0 (compatible; MJ12bot/v1.4.8; http://mj12bot.com/)"
217.182.175.38 - - [08/Mar/2025:02:18:06 +0000] "GET /store/shop/?filter_brand=joseph-joseph,vitra&filter_color=black,blue,brown,yellow&stock_status=instock,onsale&filter_size=m HTTP/1.1" 200 21942 "-" "Mozilla/5.0 (compatible; MJ12bot/v1.4.8; http://mj12bot.com/)"
217.182.175.38 - - [08/Mar/2025:02:18:11 +0000] "GET /store/shop/?filter_brand=joseph-joseph,vitra&filter_color=black,blue,brown,yellow&stock_status=instock,onsale&filter_size=s HTTP/1.1" 200 21941 "-" "Mozilla/5.0 (compatible; MJ12bot/v1.4.8; http://mj12bot.com/)"
217.182.175.38 - - [08/Mar/2025:02:18:15 +0000] "GET /store/shop/?filter_brand=joseph-joseph,vitra&filter_color=black,blue,brown,yellow&stock_status=onsale HTTP/1.1" 200 21875 "-" "Mozilla/5.0 (compatible; MJ12bot/v1.4.8; http://mj12bot.com/)"
217.182.175.38 - - [08/Mar/2025:02:18:19 +0000] "GET /store/shop/?filter_brand=joseph-joseph,vitra&filter_color=black,blue,brown,yellow&stock_status=onsale&filter_size=l HTTP/1.1" 200 21962 "-" "Mozilla/5.0 (compatible; MJ12bot/v1.4.8; http://mj12bot.com/)"
38.91.101.117 - - [08/Mar/2025:02:19:24 +0000] "POST /store/wp-cron.php?doing_wp_cron=1741400364.1970419883728027343750 HTTP/1.1" 200 0 "-" "WordPress/6.7.2; https://valuecartpk.shop/store"
38.91.101.117 - - [08/Mar/2025:02:20:15 +0000] "POST /store/wp-cron.php?doing_wp_cron=1741400415.9111928939819335937500 HTTP/1.1" 200 0 "-" "WordPress/6.7.2; https://valuecartpk.shop/store"
38.91.101.117 - - [08/Mar/2025:02:25:48 +0000] "POST /store/wp-cron.php?doing_wp_cron=1741400748.8817970752716064453125 HTTP/1.1" 200 0 "-" "WordPress/6.7.2; https://valuecartpk.shop/store"
