20.171.207.177 - - [14/Mar/2025:14:18:00 +0000] "GET /store/shop/?filter_brand=joseph-joseph%2Cmagisso&filter_color=black%2Cbrown%2Cyellow&filter_size=l%2Cm%2Cs&per_page=9&stock_status=onsale HTTP/2" 200 23933 "-" "Mozilla/5.0 AppleWebKit/537.36 (KHTML, like Gecko; compatible; GPTBot/1.2; +https://openai.com/gptbot)"
20.171.207.177 - - [14/Mar/2025:14:18:16 +0000] "GET /store/shop/?filter_brand=eva-solo%2Cjoseph-joseph%2Cvitra&filter_color=black%2Cbrown%2Cyellow&filter_size=l%2Cs&per_page=9&stock_status=onsale HTTP/2" 200 23904 "-" "Mozilla/5.0 AppleWebKit/537.36 (KHTML, like Gecko; compatible; GPTBot/1.2; +https://openai.com/gptbot)"
20.171.207.177 - - [14/Mar/2025:14:18:29 +0000] "GET /store/shop/?filter_brand=eva-solo%2Cklober%2Cvitra&filter_color=black%2Cblue%2Cbrown&filter_size=m&per_page=9&stock_status=instock HTTP/2" 200 26106 "-" "Mozilla/5.0 AppleWebKit/537.36 (KHTML, like Gecko; compatible; GPTBot/1.2; +https://openai.com/gptbot)"
20.171.207.177 - - [14/Mar/2025:14:18:41 +0000] "GET /store/shop/?filter_brand=eva-solo%2Cmagisso&filter_color=beige%2Cblack%2Cblue%2Cbrown%2Cyellow&filter_size=l&per_row=3&shop_view=grid HTTP/2" 200 26069 "-" "Mozilla/5.0 AppleWebKit/537.36 (KHTML, like Gecko; compatible; GPTBot/1.2; +https://openai.com/gptbot)"
38.91.101.117 - - [14/Mar/2025:14:18:55 +0000] "POST /store/wp-cron.php?doing_wp_cron=1741961935.3033819198608398437500 HTTP/1.1" 200 0 "-" "WordPress/6.7.2; https://valuecartpk.shop/store"
20.171.207.177 - - [14/Mar/2025:14:18:53 +0000] "GET /store/shop/?filter_brand=eva-solo%2Cjoseph-joseph%2Cvitra&filter_color=black%2Cblue%2Cbrown&filter_size=m&per_page=12&stock_status=instock HTTP/2" 200 26066 "-" "Mozilla/5.0 AppleWebKit/537.36 (KHTML, like Gecko; compatible; GPTBot/1.2; +https://openai.com/gptbot)"
20.171.207.177 - - [14/Mar/2025:14:19:03 +0000] "GET /store/shop/?filter_brand=joseph-joseph%2Cklober%2Cvitra&filter_color=beige%2Cbrown%2Cyellow&filter_size=s&per_row=3&shop_view=grid HTTP/2" 200 26064 "-" "Mozilla/5.0 AppleWebKit/537.36 (KHTML, like Gecko; compatible; GPTBot/1.2; +https://openai.com/gptbot)"
20.171.207.177 - - [14/Mar/2025:14:19:13 +0000] "GET /store/shop/?filter_brand=joseph-joseph%2Cmagisso&filter_color=beige%2Cblack%2Cyellow&filter_size=l%2Cm&per_page=18&per_row=2&shop_view=grid&stock_status=onsale HTTP/2" 200 23920 "-" "Mozilla/5.0 AppleWebKit/537.36 (KHTML, like Gecko; compatible; GPTBot/1.2; +https://openai.com/gptbot)"
20.171.207.177 - - [14/Mar/2025:14:19:21 +0000] "GET /store/shop/?filter_brand=eva-solo%2Cjoseph-joseph%2Cmagisso&filter_color=beige%2Cblue%2Cyellow&per_row=2&shop_view=grid&stock_status=instock%2Consale HTTP/2" 200 23884 "-" "Mozilla/5.0 AppleWebKit/537.36 (KHTML, like Gecko; compatible; GPTBot/1.2; +https://openai.com/gptbot)"
20.171.207.177 - - [14/Mar/2025:14:19:28 +0000] "GET /store/shop/?filter_brand=eva-solo%2Cjoseph-joseph%2Cmagisso&filter_color=beige%2Cblue%2Cyellow&per_row=2&shop_view=grid HTTP/2" 200 26547 "-" "Mozilla/5.0 AppleWebKit/537.36 (KHTML, like Gecko; compatible; GPTBot/1.2; +https://openai.com/gptbot)"
20.171.207.177 - - [14/Mar/2025:14:19:34 +0000] "GET /store/shop/?filter_brand=eva-solo%2Cmagisso&filter_color=beige%2Cblue%2Cbrown%2Cyellow&filter_size=s&per_page=24&stock_status=instock%2Consale HTTP/2" 500 1035 "-" "Mozilla/5.0 AppleWebKit/537.36 (KHTML, like Gecko; compatible; GPTBot/1.2; +https://openai.com/gptbot)"
38.91.101.117 - - [14/Mar/2025:12:52:55 +0000] "POST /store/wp-cron.php?doing_wp_cron=1741956775.2446110248565673828125 HTTP/1.1" 200 0 "-" "WordPress/6.7.2; https://valuecartpk.shop/store"
38.91.101.117 - - [14/Mar/2025:12:57:46 +0000] "POST /store/wp-cron.php?doing_wp_cron=1741957065.6297369003295898437500 HTTP/1.1" 200 0 "-" "WordPress/6.7.2; https://valuecartpk.shop/store"
38.91.101.117 - - [14/Mar/2025:13:26:58 +0000] "POST /store/wp-cron.php?doing_wp_cron=1741958818.5102179050445556640625 HTTP/1.1" 200 0 "-" "WordPress/6.7.2; https://valuecartpk.shop/store"
2a06:98c0:3600::103 - - [14/Mar/2025:13:36:15 +0000] "GET /wp-admin/setup-config.php HTTP/1.1" 404 1251 "-" "Mozilla/5.0 (Windows NT 10.0; Win64; x64) AppleWebKit/537.36 (KHTML, like Gecko) Chrome/133.0.0.0 Safari/537.36"
38.91.101.117 - - [14/Mar/2025:13:41:02 +0000] "POST /store/wp-cron.php?doing_wp_cron=1741959662.2072639465332031250000 HTTP/1.1" 200 0 "-" "WordPress/6.7.2; https://valuecartpk.shop/store"
38.91.101.117 - - [14/Mar/2025:13:46:15 +0000] "POST /store/wp-cron.php?doing_wp_cron=1741959975.6914849281311035156250 HTTP/1.1" 200 0 "-" "WordPress/6.7.2; https://valuecartpk.shop/store"
2a06:98c0:3600::103 - - [14/Mar/2025:13:54:04 +0000] "GET /wp-admin/setup-config.php HTTP/1.1" 404 1251 "-" "Mozilla/5.0 (Windows NT 10.0; Win64; x64) AppleWebKit/537.36 (KHTML, like Gecko) Chrome/133.0.0.0 Safari/537.36"
38.91.101.117 - - [14/Mar/2025:13:54:53 +0000] "POST /store/wp-cron.php?doing_wp_cron=1741960493.1607990264892578125000 HTTP/1.1" 200 0 "-" "WordPress/6.7.2; https://valuecartpk.shop/store"
38.91.101.117 - - [14/Mar/2025:13:59:59 +0000] "POST /store/wp-cron.php?doing_wp_cron=1741960799.6372990608215332031250 HTTP/1.1" 200 0 "-" "WordPress/6.7.2; https://valuecartpk.shop/store"
38.91.101.117 - - [14/Mar/2025:14:07:55 +0000] "POST /store/wp-cron.php?doing_wp_cron=1741961275.1921679973602294921875 HTTP/1.1" 200 0 "-" "WordPress/6.7.2; https://valuecartpk.shop/store"
20.171.207.177 - - [14/Mar/2025:14:11:39 +0000] "GET /store/shop/?filter_brand=joseph-joseph%2Cklober&filter_color=beige%2Cblue%2Cbrown%2Cyellow&filter_size=m&per_page=18&per_row=4&shop_view=grid&stock_status=onsale HTTP/2" 200 23947 "-" "Mozilla/5.0 AppleWebKit/537.36 (KHTML, like Gecko; compatible; GPTBot/1.2; +https://openai.com/gptbot)"
20.171.207.177 - - [14/Mar/2025:14:12:40 +0000] "GET /store/shop/?filter_brand=joseph-joseph%2Cvitra&filter_color=black%2Cblue%2Cbrown%2Cyellow&filter_size=l%2Cs&per_page=24&per_row=4&shop_view=grid&stock_status=onsale HTTP/2" 200 23914 "-" "Mozilla/5.0 AppleWebKit/537.36 (KHTML, like Gecko; compatible; GPTBot/1.2; +https://openai.com/gptbot)"
20.171.207.177 - - [14/Mar/2025:14:14:43 +0000] "GET /store/shop/?filter_brand=eva-solo%2Cjoseph-joseph%2Cmagisso&filter_color=black%2Cblue&filter_size=s&per_page=9&stock_status=instock HTTP/2" 200 26083 "-" "Mozilla/5.0 AppleWebKit/537.36 (KHTML, like Gecko; compatible; GPTBot/1.2; +https://openai.com/gptbot)"
2a06:98c0:3600::103 - - [14/Mar/2025:14:14:47 +0000] "GET /wordpress/wp-admin/setup-config.php HTTP/1.1" 404 1251 "-" "Mozilla/5.0 (Windows NT 10.0; Win64; x64) AppleWebKit/537.36 (KHTML, like Gecko) Chrome/133.0.0.0 Safari/537.36"
38.91.101.117 - - [14/Mar/2025:14:14:11 +0000] "POST /store/wp-cron.php?doing_wp_cron=1741961651.7081320285797119140625 HTTP/1.1" 200 0 "-" "WordPress/6.7.2; https://valuecartpk.shop/store"
38.91.101.117 - - [14/Mar/2025:12:42:53 +0000] "POST /store/wp-cron.php?doing_wp_cron=1741956173.8212690353393554687500 HTTP/1.1" 200 0 "-" "WordPress/6.7.2; https://valuecartpk.shop/store"
38.91.101.117 - - [14/Mar/2025:12:44:57 +0000] "POST /store/wp-cron.php?doing_wp_cron=1741956297.0095379352569580078125 HTTP/1.1" 200 0 "-" "WordPress/6.7.2; https://valuecartpk.shop/store"
38.91.101.117 - - [14/Mar/2025:12:48:57 +0000] "POST /store/wp-cron.php?doing_wp_cron=1741956536.9856801033020019531250 HTTP/1.1" 200 0 "-" "WordPress/6.7.2; https://valuecartpk.shop/store"
38.91.101.117 - - [14/Mar/2025:12:51:54 +0000] "POST /store/wp-cron.php?doing_wp_cron=1741956714.2497329711914062500000 HTTP/1.1" 200 0 "-" "WordPress/6.7.2; https://valuecartpk.shop/store"
38.91.101.117 - - [14/Mar/2025:12:53:47 +0000] "POST /wp/wp-cron.php?doing_wp_cron=1741956827.9536321163177490234375 HTTP/1.1" 200 0 "-" "WordPress/6.7.2; https://multihiv.com/wp"
2a06:98c0:3600::103 - - [14/Mar/2025:12:54:50 +0000] "GET /wp-admin/setup-config.php HTTP/1.1" 404 1251 "-" "Mozilla/5.0 (Windows NT 10.0; Win64; x64) AppleWebKit/537.36 (KHTML, like Gecko) Chrome/133.0.0.0 Safari/537.36"
38.91.101.117 - - [14/Mar/2025:12:55:07 +0000] "POST /store/wp-cron.php?doing_wp_cron=1741956906.8883149623870849609375 HTTP/1.1" 200 0 "-" "WordPress/6.7.2; https://valuecartpk.shop/store"
38.91.101.117 - - [14/Mar/2025:12:59:31 +0000] "POST /store/wp-cron.php?doing_wp_cron=1741957170.4112839698791503906250 HTTP/1.1" 200 0 "-" "WordPress/6.7.2; https://valuecartpk.shop/store"
18.188.96.25 - - [14/Mar/2025:13:00:35 +0000] "GET /wp/wp-json HTTP/2" 200 10887 "-" "Mozilla/5.0 AppleWebKit/537.36 (KHTML, like Gecko; compatible; ClaudeBot/1.0; +claudebot@anthropic.com)"
38.91.101.117 - - [14/Mar/2025:13:21:58 +0000] "POST /store/wp-cron.php?doing_wp_cron=1741958518.3677599430084228515625 HTTP/1.1" 200 0 "-" "WordPress/6.7.2; https://valuecartpk.shop/store"
38.91.101.117 - - [14/Mar/2025:13:30:55 +0000] "POST /store/wp-cron.php?doing_wp_cron=1741959055.5088560581207275390625 HTTP/1.1" 200 0 "-" "WordPress/6.7.2; https://valuecartpk.shop/store"
38.91.101.117 - - [14/Mar/2025:13:31:22 +0000] "POST /store/wp-cron.php?doing_wp_cron=1741959082.8150880336761474609375 HTTP/1.1" 200 0 "-" "WordPress/6.7.2; https://valuecartpk.shop/store"
38.91.101.117 - - [14/Mar/2025:13:35:10 +0000] "POST /store/wp-cron.php?doing_wp_cron=1741959310.2891349792480468750000 HTTP/1.1" 200 0 "-" "WordPress/6.7.2; https://valuecartpk.shop/store"
38.91.101.117 - - [14/Mar/2025:13:38:59 +0000] "POST /store/wp-cron.php?doing_wp_cron=1741959539.3043360710144042968750 HTTP/1.1" 200 0 "-" "WordPress/6.7.2; https://valuecartpk.shop/store"
38.91.101.117 - - [14/Mar/2025:13:49:56 +0000] "POST /store/wp-cron.php?doing_wp_cron=1741960196.4317200183868408203125 HTTP/1.1" 200 0 "-" "WordPress/6.7.2; https://valuecartpk.shop/store"
38.91.101.117 - - [14/Mar/2025:13:50:59 +0000] "POST /store/wp-cron.php?doing_wp_cron=1741960259.9353399276733398437500 HTTP/1.1" 200 0 "-" "WordPress/6.7.2; https://valuecartpk.shop/store"
2a06:98c0:3600::103 - - [14/Mar/2025:14:10:12 +0000] "GET /wp-admin/setup-config.php HTTP/1.1" 404 1251 "-" "Mozilla/5.0 (Windows NT 10.0; Win64; x64) AppleWebKit/537.36 (KHTML, like Gecko) Chrome/133.0.0.0 Safari/537.36"
20.171.207.177 - - [14/Mar/2025:14:12:52 +0000] "GET /store/shop/?filter_brand=joseph-joseph%2Cklober&filter_color=beige%2Cblue%2Cbrown%2Cyellow&filter_size=m&per_page=12&per_row=3&shop_view=grid&stock_status=instock HTTP/2" 200 26168 "-" "Mozilla/5.0 AppleWebKit/537.36 (KHTML, like Gecko; compatible; GPTBot/1.2; +https://openai.com/gptbot)"
20.171.207.177 - - [14/Mar/2025:14:13:28 +0000] "GET /store/shop/?filter_brand=joseph-joseph%2Cmagisso&filter_color=beige%2Cblack%2Cyellow&filter_size=l%2Cm&per_page=12&per_row=3&shop_view=grid&stock_status=onsale HTTP/2" 200 23931 "-" "Mozilla/5.0 AppleWebKit/537.36 (KHTML, like Gecko; compatible; GPTBot/1.2; +https://openai.com/gptbot)"
38.91.101.117 - - [14/Mar/2025:13:21:09 +0000] "POST /store/wp-cron.php?doing_wp_cron=1741958469.3113410472869873046875 HTTP/1.1" 200 0 "-" "WordPress/6.7.2; https://valuecartpk.shop/store"
38.91.101.117 - - [14/Mar/2025:13:24:02 +0000] "POST /store/wp-cron.php?doing_wp_cron=1741958641.9721488952636718750000 HTTP/1.1" 200 0 "-" "WordPress/6.7.2; https://valuecartpk.shop/store"
38.91.101.117 - - [14/Mar/2025:13:40:13 +0000] "POST /store/wp-cron.php?doing_wp_cron=1741959612.9968860149383544921875 HTTP/1.1" 200 0 "-" "WordPress/6.7.2; https://valuecartpk.shop/store"
103.179.241.131 - - [14/Mar/2025:13:42:10 +0000] "GET /store/ HTTP/1.1" 200 29481 "-" "Mozilla/5.0 (Windows NT 10.0; Win64; x64) AppleWebKit/537.36 (KHTML, like Gecko) Chrome/134.0.0.0 Safari/537.36"
2a06:98c0:3600::103 - - [14/Mar/2025:13:44:08 +0000] "GET /wordpress/wp-admin/setup-config.php HTTP/1.1" 404 1251 "-" "Mozilla/5.0 (Windows NT 10.0; Win64; x64) AppleWebKit/537.36 (KHTML, like Gecko) Chrome/133.0.0.0 Safari/537.36"
23.27.145.28 - - [14/Mar/2025:13:55:19 +0000] "GET / HTTP/1.1" 200 788 "-" "Mozilla/5.0 (X11; Linux i686; rv:109.0) Gecko/20100101 Firefox/120.0"
20.171.207.177 - - [14/Mar/2025:14:11:20 +0000] "GET /store/shop/?filter_brand=joseph-joseph%2Cmagisso&filter_color=beige%2Cblack%2Cyellow&filter_size=l%2Cm&per_page=12&per_row=4&shop_view=grid&stock_status=instock%2Consale HTTP/2" 200 23912 "-" "Mozilla/5.0 AppleWebKit/537.36 (KHTML, like Gecko; compatible; GPTBot/1.2; +https://openai.com/gptbot)"
20.171.207.177 - - [14/Mar/2025:14:14:28 +0000] "GET /store/shop/?filter_brand=eva-solo%2Cjoseph-joseph%2Cklober%2Cvitra&filter_color=yellow&filter_size=m%2Cs&per_page=24&stock_status=onsale HTTP/2" 200 23835 "-" "Mozilla/5.0 AppleWebKit/537.36 (KHTML, like Gecko; compatible; GPTBot/1.2; +https://openai.com/gptbot)"
193.70.81.126 - - [14/Mar/2025:14:08:23 +0000] "GET /store/shop/?filter_color=beige,black,blue,brown,yellow&filter_size=m&filter_brand=joseph-joseph,klober,vitra&per_page=18 HTTP/1.1" 200 26114 "-" "Mozilla/5.0 (compatible; MJ12bot/v1.4.8; http://mj12bot.com/)"
193.70.81.126 - - [14/Mar/2025:14:08:28 +0000] "GET /store/shop/?filter_color=beige,black,blue,brown,yellow&filter_size=m&filter_brand=joseph-joseph,klober,vitra&per_page=24 HTTP/1.1" 200 26110 "-" "Mozilla/5.0 (compatible; MJ12bot/v1.4.8; http://mj12bot.com/)"
193.70.81.126 - - [14/Mar/2025:14:08:35 +0000] "GET /store/shop/?filter_color=beige,black,blue,brown,yellow&filter_size=m&filter_brand=joseph-joseph,klober,vitra&per_page=9 HTTP/1.1" 200 26110 "-" "Mozilla/5.0 (compatible; MJ12bot/v1.4.8; http://mj12bot.com/)"
193.70.81.126 - - [14/Mar/2025:14:08:39 +0000] "GET /store/shop/?filter_color=beige,black,blue,brown,yellow&filter_size=m&filter_brand=joseph-joseph,klober,vitra&shop_view=grid&per_row=2 HTTP/1.1" 200 26150 "-" "Mozilla/5.0 (compatible; MJ12bot/v1.4.8; http://mj12bot.com/)"
193.70.81.126 - - [14/Mar/2025:14:08:43 +0000] "GET /store/shop/?filter_color=beige,black,blue,brown,yellow&filter_size=m&filter_brand=joseph-joseph,klober,vitra&shop_view=grid&per_row=3 HTTP/1.1" 200 26155 "-" "Mozilla/5.0 (compatible; MJ12bot/v1.4.8; http://mj12bot.com/)"
193.70.81.126 - - [14/Mar/2025:14:08:47 +0000] "GET /store/shop/?filter_color=beige,black,blue,brown,yellow&filter_size=m&filter_brand=joseph-joseph,klober,vitra&shop_view=grid&per_row=4 HTTP/1.1" 200 26152 "-" "Mozilla/5.0 (compatible; MJ12bot/v1.4.8; http://mj12bot.com/)"
193.70.81.126 - - [14/Mar/2025:14:08:51 +0000] "GET /store/shop/?filter_color=beige,black,blue,brown,yellow&filter_size=m&filter_brand=joseph-joseph,klober,vitra&stock_status=instock HTTP/1.1" 500 264 "-" "Mozilla/5.0 (compatible; MJ12bot/v1.4.8; http://mj12bot.com/)"
193.70.81.126 - - [14/Mar/2025:14:08:53 +0000] "GET /store/shop/?filter_color=beige,black,blue,brown,yellow&filter_size=m&filter_brand=joseph-joseph,klober,vitra&stock_status=instock,onsale HTTP/1.1" 200 23975 "-" "Mozilla/5.0 (compatible; MJ12bot/v1.4.8; http://mj12bot.com/)"
193.70.81.126 - - [14/Mar/2025:14:08:58 +0000] "GET /store/shop/?filter_color=beige,black,blue,brown,yellow&filter_size=m&filter_brand=joseph-joseph,klober,vitra&stock_status=onsale HTTP/1.1" 200 23959 "-" "Mozilla/5.0 (compatible; MJ12bot/v1.4.8; http://mj12bot.com/)"
193.70.81.126 - - [14/Mar/2025:14:09:01 +0000] "GET /store/shop/?filter_color=beige,black,blue,brown,yellow&filter_size=m&filter_brand=joseph-joseph,vitra HTTP/1.1" 200 26000 "-" "Mozilla/5.0 (compatible; MJ12bot/v1.4.8; http://mj12bot.com/)"
38.91.101.117 - - [14/Mar/2025:14:12:15 +0000] "POST /store/wp-cron.php?doing_wp_cron=1741961535.2375249862670898437500 HTTP/1.1" 200 0 "-" "WordPress/6.7.2; https://valuecartpk.shop/store"
38.91.101.117 - - [14/Mar/2025:14:12:55 +0000] "POST /store/wp-cron.php?doing_wp_cron=1741961574.9052550792694091796875 HTTP/1.1" 200 0 "-" "WordPress/6.7.2; https://valuecartpk.shop/store"
20.171.207.177 - - [14/Mar/2025:14:13:20 +0000] "GET /store/shop/?filter_brand=joseph-joseph%2Cklober&filter_color=beige%2Cblue%2Cbrown%2Cyellow&filter_size=m&per_page=18&per_row=2&shop_view=grid&stock_status=instock%2Consale HTTP/2" 200 23952 "-" "Mozilla/5.0 AppleWebKit/537.36 (KHTML, like Gecko; compatible; GPTBot/1.2; +https://openai.com/gptbot)"
20.171.207.177 - - [14/Mar/2025:14:13:48 +0000] "GET /store/shop/?filter_brand=joseph-joseph%2Cmagisso&filter_color=beige%2Cblack%2Cyellow&filter_size=l%2Cm&per_page=18&per_row=3&shop_view=grid&stock_status=onsale HTTP/2" 200 23931 "-" "Mozilla/5.0 AppleWebKit/537.36 (KHTML, like Gecko; compatible; GPTBot/1.2; +https://openai.com/gptbot)"
38.91.101.117 - - [14/Mar/2025:12:44:19 +0000] "POST /store/wp-cron.php?doing_wp_cron=1741956259.6631751060485839843750 HTTP/1.1" 200 0 "-" "WordPress/6.7.2; https://valuecartpk.shop/store"
2a06:98c0:3600::103 - - [14/Mar/2025:12:44:49 +0000] "GET /wordpress/wp-admin/setup-config.php HTTP/1.1" 404 1251 "-" "Mozilla/5.0 (Windows NT 10.0; Win64; x64) AppleWebKit/537.36 (KHTML, like Gecko) Chrome/133.0.0.0 Safari/537.36"
38.91.101.117 - - [14/Mar/2025:12:45:56 +0000] "POST /store/wp-cron.php?doing_wp_cron=1741956356.0152659416198730468750 HTTP/1.1" 200 0 "-" "WordPress/6.7.2; https://valuecartpk.shop/store"
85.208.96.195 - - [14/Mar/2025:12:49:31 +0000] "GET /store/?page_id=3 HTTP/1.1" 500 278 "-" "Mozilla/5.0 (compatible; SemrushBot/7~bl; +http://www.semrush.com/bot.html)"
38.91.101.117 - - [14/Mar/2025:12:49:56 +0000] "POST /store/wp-cron.php?doing_wp_cron=1741956596.6201369762420654296875 HTTP/1.1" 200 0 "-" "WordPress/6.7.2; https://valuecartpk.shop/store"
38.91.101.117 - - [14/Mar/2025:13:09:56 +0000] "POST /store/wp-cron.php?doing_wp_cron=1741957795.9284250736236572265625 HTTP/1.1" 200 0 "-" "WordPress/6.7.2; https://valuecartpk.shop/store"
38.91.101.117 - - [14/Mar/2025:13:17:05 +0000] "POST /store/wp-cron.php?doing_wp_cron=1741958225.1129488945007324218750 HTTP/1.1" 200 0 "-" "WordPress/6.7.2; https://valuecartpk.shop/store"
2a06:98c0:3600::103 - - [14/Mar/2025:13:28:44 +0000] "GET /wp-admin/setup-config.php HTTP/1.1" 404 1251 "-" "Mozilla/5.0 (Windows NT 10.0; Win64; x64) AppleWebKit/537.36 (KHTML, like Gecko) Chrome/133.0.0.0 Safari/537.36"
38.91.101.117 - - [14/Mar/2025:13:38:02 +0000] "POST /store/wp-cron.php?doing_wp_cron=1741959482.6519150733947753906250 HTTP/1.1" 200 0 "-" "WordPress/6.7.2; https://valuecartpk.shop/store"
2a06:98c0:3600::103 - - [14/Mar/2025:13:53:19 +0000] "GET /wordpress/wp-admin/setup-config.php HTTP/1.1" 404 1251 "-" "Mozilla/5.0 (Windows NT 10.0; Win64; x64) AppleWebKit/537.36 (KHTML, like Gecko) Chrome/133.0.0.0 Safari/537.36"
38.91.101.117 - - [14/Mar/2025:13:53:54 +0000] "POST /store/wp-cron.php?doing_wp_cron=1741960434.7832469940185546875000 HTTP/1.1" 200 0 "-" "WordPress/6.7.2; https://valuecartpk.shop/store"
2a06:98c0:3600::103 - - [14/Mar/2025:14:13:46 +0000] "GET /wp-admin/setup-config.php HTTP/1.1" 404 1251 "-" "Mozilla/5.0 (Windows NT 10.0; Win64; x64) AppleWebKit/537.36 (KHTML, like Gecko) Chrome/133.0.0.0 Safari/537.36"
20.171.207.177 - - [14/Mar/2025:14:14:09 +0000] "GET /store/shop/?filter_brand=eva-solo%2Cjoseph-joseph%2Cmagisso&filter_color=black%2Cblue&filter_size=s&per_page=12&stock_status=instock%2Consale HTTP/2" 200 23915 "-" "Mozilla/5.0 AppleWebKit/537.36 (KHTML, like Gecko; compatible; GPTBot/1.2; +https://openai.com/gptbot)"
20.171.207.177 - - [14/Mar/2025:14:09:05 +0000] "GET /store/shop/?filter_brand=joseph-joseph%2Cvitra&filter_color=black%2Cblue%2Cbrown%2Cyellow&filter_size=l%2Cs&per_page=24&per_row=2&shop_view=grid&stock_status=instock HTTP/2" 200 26604 "-" "Mozilla/5.0 AppleWebKit/537.36 (KHTML, like Gecko; compatible; GPTBot/1.2; +https://openai.com/gptbot)"
20.171.207.177 - - [14/Mar/2025:14:09:38 +0000] "GET /store/shop/?filter_brand=joseph-joseph%2Cklober&filter_color=beige%2Cblue%2Cbrown%2Cyellow&filter_size=m&per_page=18&per_row=3&shop_view=grid&stock_status=instock HTTP/2" 200 26179 "-" "Mozilla/5.0 AppleWebKit/537.36 (KHTML, like Gecko; compatible; GPTBot/1.2; +https://openai.com/gptbot)"
38.91.101.117 - - [14/Mar/2025:14:10:10 +0000] "POST /store/wp-cron.php?doing_wp_cron=1741961410.2910649776458740234375 HTTP/1.1" 200 0 "-" "WordPress/6.7.2; https://valuecartpk.shop/store"
20.171.207.177 - - [14/Mar/2025:14:10:07 +0000] "GET /store/shop/?filter_brand=joseph-joseph%2Cklober&filter_color=beige%2Cblue%2Cbrown%2Cyellow&filter_size=m&per_page=18&per_row=2&shop_view=grid&stock_status=instock HTTP/2" 200 26169 "-" "Mozilla/5.0 AppleWebKit/537.36 (KHTML, like Gecko; compatible; GPTBot/1.2; +https://openai.com/gptbot)"
20.171.207.177 - - [14/Mar/2025:14:10:35 +0000] "GET /store/shop/?filter_brand=eva-solo%2Cmagisso%2Cvitra&filter_color=beige%2Cblue%2Cbrown%2Cyellow&per_page=18&per_row=3&shop_view=grid&stock_status=instock HTTP/2" 200 26645 "-" "Mozilla/5.0 AppleWebKit/537.36 (KHTML, like Gecko; compatible; GPTBot/1.2; +https://openai.com/gptbot)"
20.171.207.177 - - [14/Mar/2025:14:10:58 +0000] "GET /store/shop/?filter_brand=joseph-joseph%2Cmagisso&filter_color=beige%2Cblack%2Cyellow&filter_size=l%2Cm&per_page=18&per_row=4&shop_view=grid&stock_status=onsale HTTP/2" 200 23921 "-" "Mozilla/5.0 AppleWebKit/537.36 (KHTML, like Gecko; compatible; GPTBot/1.2; +https://openai.com/gptbot)"
20.171.207.177 - - [14/Mar/2025:14:12:12 +0000] "GET /store/shop/?filter_brand=joseph-joseph%2Cklober&filter_color=beige%2Cblue%2Cbrown%2Cyellow&filter_size=m&per_page=24&per_row=4&shop_view=grid&stock_status=instock HTTP/2" 200 26173 "-" "Mozilla/5.0 AppleWebKit/537.36 (KHTML, like Gecko; compatible; GPTBot/1.2; +https://openai.com/gptbot)"
20.171.207.177 - - [14/Mar/2025:14:12:26 +0000] "GET /store/shop/?filter_brand=joseph-joseph%2Cklober&filter_color=beige%2Cblue%2Cbrown%2Cyellow&filter_size=m&per_page=9&per_row=3&shop_view=grid&stock_status=instock%2Consale HTTP/2" 200 23955 "-" "Mozilla/5.0 AppleWebKit/537.36 (KHTML, like Gecko; compatible; GPTBot/1.2; +https://openai.com/gptbot)"
38.91.101.117 - - [14/Mar/2025:14:05:01 +0000] "POST /store/wp-cron.php?doing_wp_cron=1741961101.1053419113159179687500 HTTP/1.1" 200 0 "-" "WordPress/6.7.2; https://valuecartpk.shop/store"
38.91.101.117 - - [14/Mar/2025:14:08:55 +0000] "POST /store/wp-cron.php?doing_wp_cron=1741961335.5980339050292968750000 HTTP/1.1" 200 0 "-" "WordPress/6.7.2; https://valuecartpk.shop/store"
20.171.207.177 - - [14/Mar/2025:14:11:57 +0000] "GET /store/shop/?filter_brand=joseph-joseph%2Cklober&filter_color=beige%2Cblue%2Cbrown%2Cyellow&filter_size=m&per_page=9&per_row=3&shop_view=grid&stock_status=instock HTTP/2" 200 26159 "-" "Mozilla/5.0 AppleWebKit/537.36 (KHTML, like Gecko; compatible; GPTBot/1.2; +https://openai.com/gptbot)"
20.171.207.177 - - [14/Mar/2025:14:13:03 +0000] "GET /store/shop/?filter_brand=joseph-joseph%2Cklober&filter_color=beige%2Cblue%2Cbrown%2Cyellow&filter_size=m&per_page=12&per_row=4&shop_view=grid&stock_status=instock HTTP/2" 200 26170 "-" "Mozilla/5.0 AppleWebKit/537.36 (KHTML, like Gecko; compatible; GPTBot/1.2; +https://openai.com/gptbot)"
20.171.207.177 - - [14/Mar/2025:14:13:35 +0000] "GET /store/shop/?filter_brand=joseph-joseph%2Cmagisso&filter_color=beige%2Cblack%2Cyellow&filter_size=l%2Cm&per_page=18&per_row=2&shop_view=grid&stock_status=instock HTTP/2" 200 26670 "-" "Mozilla/5.0 AppleWebKit/537.36 (KHTML, like Gecko; compatible; GPTBot/1.2; +https://openai.com/gptbot)"
20.171.207.177 - - [14/Mar/2025:14:13:41 +0000] "GET /store/shop/?filter_brand=joseph-joseph%2Cmagisso&filter_color=beige%2Cblack%2Cyellow&filter_size=l%2Cm&per_page=12&per_row=4&shop_view=grid&stock_status=onsale HTTP/2" 500 1034 "-" "Mozilla/5.0 AppleWebKit/537.36 (KHTML, like Gecko; compatible; GPTBot/1.2; +https://openai.com/gptbot)"
20.171.207.177 - - [14/Mar/2025:14:16:12 +0000] "GET /store/shop/?filter_brand=joseph-joseph%2Cmagisso&filter_color=beige%2Cblack%2Cyellow&filter_size=l%2Cm&per_page=18&per_row=2&shop_view=grid&stock_status=instock%2Consale HTTP/2" 200 23914 "-" "Mozilla/5.0 AppleWebKit/537.36 (KHTML, like Gecko; compatible; GPTBot/1.2; +https://openai.com/gptbot)"
20.171.207.177 - - [14/Mar/2025:14:15:44 +0000] "GET /store/shop/?filter_brand=joseph-joseph%2Cklober&filter_color=black%2Cblue&filter_size=l%2Cm&per_page=24&stock_status=instock HTTP/2" 200 26617 "-" "Mozilla/5.0 AppleWebKit/537.36 (KHTML, like Gecko; compatible; GPTBot/1.2; +https://openai.com/gptbot)"
20.171.207.177 - - [14/Mar/2025:14:16:40 +0000] "GET /store/shop/?filter_brand=eva-solo%2Cjoseph-joseph%2Cmagisso&filter_color=beige%2Cblue%2Cyellow&per_row=2&shop_view=grid&stock_status=instock HTTP/2" 200 26568 "-" "Mozilla/5.0 AppleWebKit/537.36 (KHTML, like Gecko; compatible; GPTBot/1.2; +https://openai.com/gptbot)"
20.171.207.177 - - [14/Mar/2025:14:19:40 +0000] "GET /store/shop/?filter_brand=eva-solo%2Cmagisso&filter_color=beige%2Cblue%2Cbrown%2Cyellow&filter_size=s&per_page=24 HTTP/2" 200 26033 "-" "Mozilla/5.0 AppleWebKit/537.36 (KHTML, like Gecko; compatible; GPTBot/1.2; +https://openai.com/gptbot)"
20.171.207.177 - - [14/Mar/2025:14:19:57 +0000] "GET /store/shop/?filter_brand=eva-solo%2Cjoseph-joseph%2Cmagisso&filter_color=beige%2Cblue%2Cyellow&per_page=18&per_row=2&shop_view=grid&stock_status=instock HTTP/2" 200 26627 "-" "Mozilla/5.0 AppleWebKit/537.36 (KHTML, like Gecko; compatible; GPTBot/1.2; +https://openai.com/gptbot)"
20.171.207.177 - - [14/Mar/2025:14:20:14 +0000] "GET /store/shop/?filter_brand=eva-solo%2Cjoseph-joseph%2Cmagisso&filter_color=beige%2Cblue%2Cyellow&per_row=4&shop_view=grid&stock_status=instock HTTP/2" 200 26577 "-" "Mozilla/5.0 AppleWebKit/537.36 (KHTML, like Gecko; compatible; GPTBot/1.2; +https://openai.com/gptbot)"
20.171.207.177 - - [14/Mar/2025:14:20:28 +0000] "GET /store/shop/?filter_brand=eva-solo%2Cjoseph-joseph%2Cmagisso&filter_color=beige%2Cblack&filter_size=l%2Cs&per_page=12&stock_status=instock HTTP/2" 200 26650 "-" "Mozilla/5.0 AppleWebKit/537.36 (KHTML, like Gecko; compatible; GPTBot/1.2; +https://openai.com/gptbot)"
20.171.207.177 - - [14/Mar/2025:14:20:40 +0000] "GET /store/shop/?filter_brand=eva-solo%2Cmagisso&filter_color=beige%2Cblack%2Cblue%2Cbrown%2Cyellow&filter_size=l&per_row=2&shop_view=grid HTTP/2" 200 26069 "-" "Mozilla/5.0 AppleWebKit/537.36 (KHTML, like Gecko; compatible; GPTBot/1.2; +https://openai.com/gptbot)"
38.91.101.117 - - [14/Mar/2025:14:20:54 +0000] "POST /store/wp-cron.php?doing_wp_cron=1741962054.0679121017456054687500 HTTP/1.1" 200 0 "-" "WordPress/6.7.2; https://valuecartpk.shop/store"
20.171.207.177 - - [14/Mar/2025:14:20:52 +0000] "GET /store/shop/?filter_brand=eva-solo%2Cjoseph-joseph%2Cvitra&filter_color=black%2Cblue%2Cbrown&filter_size=m&per_page=12&per_row=3&shop_view=grid&stock_status=instock HTTP/2" 200 26110 "-" "Mozilla/5.0 AppleWebKit/537.36 (KHTML, like Gecko; compatible; GPTBot/1.2; +https://openai.com/gptbot)"
20.171.207.177 - - [14/Mar/2025:14:21:02 +0000] "GET /store/shop/?filter_brand=joseph-joseph%2Cklober%2Cvitra&filter_color=beige%2Cbrown%2Cyellow&filter_size=s&per_row=3&shop_view=grid&stock_status=onsale HTTP/2" 200 23890 "-" "Mozilla/5.0 AppleWebKit/537.36 (KHTML, like Gecko; compatible; GPTBot/1.2; +https://openai.com/gptbot)"
20.171.207.177 - - [14/Mar/2025:14:21:11 +0000] "GET /store/shop/?filter_brand=eva-solo%2Cjoseph-joseph%2Cvitra&filter_color=black%2Cblue%2Cbrown&filter_size=m&per_page=12&per_row=4&shop_view=grid&stock_status=instock HTTP/2" 500 1035 "-" "Mozilla/5.0 AppleWebKit/537.36 (KHTML, like Gecko; compatible; GPTBot/1.2; +https://openai.com/gptbot)"
20.171.207.177 - - [14/Mar/2025:14:21:20 +0000] "GET /store/shop/?filter_brand=eva-solo%2Cjoseph-joseph%2Cvitra&filter_color=black%2Cblue%2Cbrown&filter_size=m&per_page=12&per_row=2&shop_view=grid&stock_status=instock HTTP/2" 200 26103 "-" "Mozilla/5.0 AppleWebKit/537.36 (KHTML, like Gecko; compatible; GPTBot/1.2; +https://openai.com/gptbot)"
20.171.207.177 - - [14/Mar/2025:14:21:45 +0000] "GET /store/shop/?filter_brand=eva-solo%2Cjoseph-joseph%2Cvitra&filter_color=black%2Cblue%2Cbrown&filter_size=m&per_page=12&stock_status=instock%2Consale HTTP/2" 200 23872 "-" "Mozilla/5.0 AppleWebKit/537.36 (KHTML, like Gecko; compatible; GPTBot/1.2; +https://openai.com/gptbot)"
20.171.207.177 - - [14/Mar/2025:14:22:08 +0000] "GET /store/shop/?filter_brand=joseph-joseph%2Cklober%2Cvitra&filter_color=beige%2Cbrown%2Cyellow&filter_size=s&per_row=4&shop_view=grid HTTP/2" 200 26059 "-" "Mozilla/5.0 AppleWebKit/537.36 (KHTML, like Gecko; compatible; GPTBot/1.2; +https://openai.com/gptbot)"
20.171.207.177 - - [14/Mar/2025:14:22:28 +0000] "GET /store/shop/?filter_brand=eva-solo%2Cmagisso&filter_color=beige%2Cblue%2Cbrown%2Cyellow&filter_size=s&per_page=9 HTTP/2" 200 26042 "-" "Mozilla/5.0 AppleWebKit/537.36 (KHTML, like Gecko; compatible; GPTBot/1.2; +https://openai.com/gptbot)"
20.171.207.177 - - [14/Mar/2025:14:25:00 +0000] "GET /store/shop/?filter_brand=eva-solo%2Cjoseph-joseph%2Cvitra&filter_color=black%2Cblue%2Cbrown&filter_size=m&per_page=24&per_row=3&shop_view=grid&stock_status=instock HTTP/2" 200 26100 "-" "Mozilla/5.0 AppleWebKit/537.36 (KHTML, like Gecko; compatible; GPTBot/1.2; +https://openai.com/gptbot)"
20.171.207.177 - - [14/Mar/2025:14:25:17 +0000] "GET /store/shop/?filter_brand=eva-solo%2Cjoseph-joseph%2Cvitra&filter_color=black%2Cblue%2Cbrown&filter_size=m&per_page=12&per_row=2&shop_view=grid&stock_status=instock%2Consale HTTP/2" 200 23925 "-" "Mozilla/5.0 AppleWebKit/537.36 (KHTML, like Gecko; compatible; GPTBot/1.2; +https://openai.com/gptbot)"
20.171.207.177 - - [14/Mar/2025:14:26:14 +0000] "GET /store/shop/?filter_brand=eva-solo%2Cjoseph-joseph%2Cvitra&filter_color=black%2Cblue%2Cbrown&filter_size=m&per_page=18&per_row=2&shop_view=grid&stock_status=instock%2Consale HTTP/2" 200 23924 "-" "Mozilla/5.0 AppleWebKit/537.36 (KHTML, like Gecko; compatible; GPTBot/1.2; +https://openai.com/gptbot)"
20.171.207.177 - - [14/Mar/2025:14:25:30 +0000] "GET /store/shop/?filter_brand=eva-solo%2Cjoseph-joseph%2Cvitra&filter_color=black%2Cblue%2Cbrown&filter_size=m&per_page=12&per_row=3&shop_view=grid&stock_status=instock%2Consale HTTP/2" 200 23922 "-" "Mozilla/5.0 AppleWebKit/537.36 (KHTML, like Gecko; compatible; GPTBot/1.2; +https://openai.com/gptbot)"
20.171.207.177 - - [14/Mar/2025:14:25:43 +0000] "GET /store/shop/?filter_brand=eva-solo%2Cjoseph-joseph%2Cvitra&filter_color=black%2Cblue%2Cbrown&filter_size=m&per_page=9&per_row=4&shop_view=grid&stock_status=instock HTTP/2" 200 26077 "-" "Mozilla/5.0 AppleWebKit/537.36 (KHTML, like Gecko; compatible; GPTBot/1.2; +https://openai.com/gptbot)"
20.171.207.177 - - [14/Mar/2025:14:26:22 +0000] "GET /store/shop/?filter_brand=eva-solo%2Cjoseph-joseph%2Cvitra&filter_color=black%2Cblue%2Cbrown&filter_size=m&per_page=18&per_row=3&shop_view=grid&stock_status=instock%2Consale HTTP/2" 200 23922 "-" "Mozilla/5.0 AppleWebKit/537.36 (KHTML, like Gecko; compatible; GPTBot/1.2; +https://openai.com/gptbot)"
38.91.101.117 - - [14/Mar/2025:14:25:56 +0000] "POST /store/wp-cron.php?doing_wp_cron=1741962356.7063550949096679687500 HTTP/1.1" 200 0 "-" "WordPress/6.7.2; https://valuecartpk.shop/store"
20.171.207.177 - - [14/Mar/2025:14:26:48 +0000] "GET /store/shop/?filter_brand=eva-solo%2Cjoseph-joseph%2Cvitra&filter_color=black%2Cblue%2Cbrown&filter_size=m&per_page=24&per_row=2&shop_view=grid&stock_status=instock HTTP/2" 200 26100 "-" "Mozilla/5.0 AppleWebKit/537.36 (KHTML, like Gecko; compatible; GPTBot/1.2; +https://openai.com/gptbot)"
20.171.207.177 - - [14/Mar/2025:14:27:04 +0000] "GET /store/shop/?filter_brand=eva-solo%2Cjoseph-joseph%2Cvitra&filter_color=black%2Cblue%2Cbrown&filter_size=m&per_page=12&per_row=2&shop_view=grid&stock_status=onsale HTTP/2" 200 23918 "-" "Mozilla/5.0 AppleWebKit/537.36 (KHTML, like Gecko; compatible; GPTBot/1.2; +https://openai.com/gptbot)"
20.171.207.177 - - [14/Mar/2025:14:27:18 +0000] "GET /store/shop/?filter_brand=eva-solo%2Cjoseph-joseph%2Cvitra&filter_color=black%2Cblue%2Cbrown&filter_size=m&per_page=12&per_row=3&shop_view=grid&stock_status=onsale HTTP/2" 200 23918 "-" "Mozilla/5.0 AppleWebKit/537.36 (KHTML, like Gecko; compatible; GPTBot/1.2; +https://openai.com/gptbot)"
20.171.207.177 - - [14/Mar/2025:14:27:32 +0000] "GET /store/shop/?filter_brand=eva-solo%2Cjoseph-joseph%2Cvitra&filter_color=black%2Cblue%2Cbrown&filter_size=m&per_page=24&per_row=3&shop_view=grid&stock_status=instock%2Consale HTTP/2" 200 23922 "-" "Mozilla/5.0 AppleWebKit/537.36 (KHTML, like Gecko; compatible; GPTBot/1.2; +https://openai.com/gptbot)"
20.171.207.177 - - [14/Mar/2025:14:27:44 +0000] "GET /store/shop/?filter_brand=eva-solo%2Cjoseph-joseph%2Cvitra&filter_color=black%2Cblue%2Cbrown&filter_size=m&per_page=9&per_row=3&shop_view=grid&stock_status=onsale HTTP/2" 200 23882 "-" "Mozilla/5.0 AppleWebKit/537.36 (KHTML, like Gecko; compatible; GPTBot/1.2; +https://openai.com/gptbot)"
20.171.207.177 - - [14/Mar/2025:14:27:54 +0000] "GET /store/shop/?filter_brand=eva-solo%2Cjoseph-joseph%2Cvitra&filter_color=black%2Cblue%2Cbrown&filter_size=m&per_page=18&per_row=4&shop_view=grid&stock_status=instock%2Consale HTTP/2" 200 23924 "-" "Mozilla/5.0 AppleWebKit/537.36 (KHTML, like Gecko; compatible; GPTBot/1.2; +https://openai.com/gptbot)"
20.171.207.177 - - [14/Mar/2025:14:28:04 +0000] "GET /store/shop/?filter_brand=eva-solo%2Cjoseph-joseph%2Cvitra&filter_color=black%2Cblue%2Cbrown&filter_size=m&per_page=18&per_row=2&shop_view=grid&stock_status=onsale HTTP/2" 200 23919 "-" "Mozilla/5.0 AppleWebKit/537.36 (KHTML, like Gecko; compatible; GPTBot/1.2; +https://openai.com/gptbot)"
20.171.207.177 - - [14/Mar/2025:14:28:13 +0000] "GET /store/shop/?filter_brand=eva-solo%2Cjoseph-joseph%2Cvitra&filter_color=black%2Cblue%2Cbrown&filter_size=m&per_page=18&per_row=3&shop_view=grid&stock_status=onsale HTTP/2" 200 23919 "-" "Mozilla/5.0 AppleWebKit/537.36 (KHTML, like Gecko; compatible; GPTBot/1.2; +https://openai.com/gptbot)"
20.171.207.177 - - [14/Mar/2025:14:28:21 +0000] "GET /store/shop/?filter_brand=eva-solo%2Cjoseph-joseph%2Cvitra&filter_color=black%2Cblue%2Cbrown&filter_size=m&per_page=9&per_row=4&shop_view=grid&stock_status=instock%2Consale HTTP/2" 200 23918 "-" "Mozilla/5.0 AppleWebKit/537.36 (KHTML, like Gecko; compatible; GPTBot/1.2; +https://openai.com/gptbot)"
20.171.207.177 - - [14/Mar/2025:14:28:28 +0000] "GET /store/shop/?filter_brand=eva-solo%2Cjoseph-joseph%2Cvitra&filter_color=black%2Cblue%2Cbrown&filter_size=m&per_page=12&per_row=4&shop_view=grid&stock_status=instock%2Consale HTTP/2" 200 23922 "-" "Mozilla/5.0 AppleWebKit/537.36 (KHTML, like Gecko; compatible; GPTBot/1.2; +https://openai.com/gptbot)"
20.171.207.177 - - [14/Mar/2025:14:28:34 +0000] "GET /store/shop/?filter_brand=eva-solo%2Cjoseph-joseph%2Cvitra&filter_color=black%2Cblue%2Cbrown&filter_size=m&per_page=24&per_row=3&shop_view=grid HTTP/2" 200 26034 "-" "Mozilla/5.0 AppleWebKit/537.36 (KHTML, like Gecko; compatible; GPTBot/1.2; +https://openai.com/gptbot)"
20.171.207.177 - - [14/Mar/2025:14:26:36 +0000] "GET /store/shop/?filter_brand=eva-solo%2Cjoseph-joseph%2Cvitra&filter_color=black%2Cblue%2Cbrown&filter_size=m&per_page=9&per_row=2&shop_view=grid&stock_status=instock%2Consale HTTP/2" 200 23918 "-" "Mozilla/5.0 AppleWebKit/537.36 (KHTML, like Gecko; compatible; GPTBot/1.2; +https://openai.com/gptbot)"
38.91.101.117 - - [14/Mar/2025:14:18:04 +0000] "POST /store/wp-cron.php?doing_wp_cron=1741961883.8945300579071044921875 HTTP/1.1" 200 0 "-" "WordPress/6.7.2; https://valuecartpk.shop/store"
2a06:98c0:3600::103 - - [14/Mar/2025:14:21:25 +0000] "GET /wp-admin/setup-config.php HTTP/1.1" 404 1251 "-" "Mozilla/5.0 (Windows NT 10.0; Win64; x64) AppleWebKit/537.36 (KHTML, like Gecko) Chrome/133.0.0.0 Safari/537.36"
20.171.207.177 - - [14/Mar/2025:14:24:06 +0000] "GET /store/shop/?filter_brand=eva-solo%2Cjoseph-joseph%2Cvitra&filter_color=black%2Cblue%2Cbrown&filter_size=m&per_page=18&per_row=3&shop_view=grid&stock_status=instock HTTP/2" 200 26109 "-" "Mozilla/5.0 AppleWebKit/537.36 (KHTML, like Gecko; compatible; GPTBot/1.2; +https://openai.com/gptbot)"
20.171.207.177 - - [14/Mar/2025:14:24:23 +0000] "GET /store/shop/?filter_brand=eva-solo%2Cjoseph-joseph%2Cvitra&filter_color=black%2Cblue%2Cbrown&filter_size=m&per_page=9&per_row=2&shop_view=grid&stock_status=instock HTTP/2" 200 26072 "-" "Mozilla/5.0 AppleWebKit/537.36 (KHTML, like Gecko; compatible; GPTBot/1.2; +https://openai.com/gptbot)"
2a06:98c0:3600::103 - - [14/Mar/2025:14:19:00 +0000] "GET /wordpress/wp-admin/setup-config.php HTTP/1.1" 404 1251 "-" "Mozilla/5.0 (Windows NT 10.0; Win64; x64) AppleWebKit/537.36 (KHTML, like Gecko) Chrome/133.0.0.0 Safari/537.36"
38.91.101.117 - - [14/Mar/2025:14:19:59 +0000] "POST /store/wp-cron.php?doing_wp_cron=1741961999.3935160636901855468750 HTTP/1.1" 200 0 "-" "WordPress/6.7.2; https://valuecartpk.shop/store"
38.91.101.117 - - [14/Mar/2025:14:23:06 +0000] "POST /store/wp-cron.php?doing_wp_cron=1741962186.8005928993225097656250 HTTP/1.1" 200 0 "-" "WordPress/6.7.2; https://valuecartpk.shop/store"
20.171.207.177 - - [14/Mar/2025:14:24:14 +0000] "GET /store/shop/?filter_brand=eva-solo%2Cjoseph-joseph%2Cvitra&filter_color=black%2Cblue%2Cbrown&filter_size=m&per_page=18&per_row=2&shop_view=grid&stock_status=instock HTTP/2" 200 26103 "-" "Mozilla/5.0 AppleWebKit/537.36 (KHTML, like Gecko; compatible; GPTBot/1.2; +https://openai.com/gptbot)"
38.91.101.117 - - [14/Mar/2025:14:22:10 +0000] "POST /store/wp-cron.php?doing_wp_cron=1741962130.2326610088348388671875 HTTP/1.1" 200 0 "-" "WordPress/6.7.2; https://valuecartpk.shop/store"
20.171.207.177 - - [14/Mar/2025:14:23:19 +0000] "GET /store/shop/?filter_brand=eva-solo%2Cjoseph-joseph%2Cmagisso&filter_color=beige%2Cblue%2Cyellow&per_page=18&per_row=4&shop_view=grid&stock_status=instock HTTP/2" 200 26638 "-" "Mozilla/5.0 AppleWebKit/537.36 (KHTML, like Gecko; compatible; GPTBot/1.2; +https://openai.com/gptbot)"
20.171.207.177 - - [14/Mar/2025:14:23:33 +0000] "GET /store/shop/?filter_brand=eva-solo%2Cjoseph-joseph%2Cmagisso&filter_color=beige%2Cblue%2Cyellow&per_page=18&per_row=3&shop_view=grid&stock_status=instock HTTP/2" 200 26632 "-" "Mozilla/5.0 AppleWebKit/537.36 (KHTML, like Gecko; compatible; GPTBot/1.2; +https://openai.com/gptbot)"
20.171.207.177 - - [14/Mar/2025:14:23:04 +0000] "GET /store/shop/?filter_brand=eva-solo%2Cjoseph-joseph%2Cmagisso&filter_color=beige%2Cblue%2Cyellow&per_row=4&shop_view=grid&stock_status=instock%2Consale HTTP/2" 200 23884 "-" "Mozilla/5.0 AppleWebKit/537.36 (KHTML, like Gecko; compatible; GPTBot/1.2; +https://openai.com/gptbot)"
20.171.207.177 - - [14/Mar/2025:14:23:45 +0000] "GET /store/shop/?filter_brand=eva-solo%2Cjoseph-joseph%2Cvitra&filter_color=black%2Cblue%2Cbrown&filter_size=m&per_page=9&per_row=3&shop_view=grid&stock_status=instock HTTP/2" 200 26081 "-" "Mozilla/5.0 AppleWebKit/537.36 (KHTML, like Gecko; compatible; GPTBot/1.2; +https://openai.com/gptbot)"
38.91.101.117 - - [14/Mar/2025:14:23:57 +0000] "POST /store/wp-cron.php?doing_wp_cron=1741962237.9474430084228515625000 HTTP/1.1" 200 0 "-" "WordPress/6.7.2; https://valuecartpk.shop/store"
20.171.207.177 - - [14/Mar/2025:14:22:47 +0000] "GET /store/shop/?filter_brand=eva-solo%2Cmagisso&filter_color=beige%2Cblue%2Cbrown%2Cyellow&filter_size=s&per_page=12 HTTP/2" 200 26040 "-" "Mozilla/5.0 AppleWebKit/537.36 (KHTML, like Gecko; compatible; GPTBot/1.2; +https://openai.com/gptbot)"
20.171.207.177 - - [14/Mar/2025:14:23:56 +0000] "GET /store/shop/?filter_brand=joseph-joseph%2Cklober%2Cvitra&filter_color=beige%2Cbrown%2Cyellow&filter_size=s&per_row=3&shop_view=grid&stock_status=instock%2Consale HTTP/2" 200 23944 "-" "Mozilla/5.0 AppleWebKit/537.36 (KHTML, like Gecko; compatible; GPTBot/1.2; +https://openai.com/gptbot)"
20.171.207.177 - - [14/Mar/2025:14:28:40 +0000] "GET /store/shop/?filter_brand=eva-solo%2Cjoseph-joseph%2Cvitra&filter_color=black%2Cblue%2Cbrown&filter_size=m&per_page=24&per_row=4&shop_view=grid&stock_status=instock HTTP/2" 500 1034 "-" "Mozilla/5.0 AppleWebKit/537.36 (KHTML, like Gecko; compatible; GPTBot/1.2; +https://openai.com/gptbot)"
20.171.207.177 - - [14/Mar/2025:14:28:45 +0000] "GET /store/shop/?filter_brand=eva-solo%2Cjoseph-joseph%2Cvitra&filter_color=black%2Cblue%2Cbrown&filter_size=m&per_page=24&per_row=2&shop_view=grid&stock_status=instock%2Consale HTTP/2" 200 23924 "-" "Mozilla/5.0 AppleWebKit/537.36 (KHTML, like Gecko; compatible; GPTBot/1.2; +https://openai.com/gptbot)"
38.91.101.117 - - [14/Mar/2025:14:29:02 +0000] "POST /store/wp-cron.php?doing_wp_cron=1741962542.4060080051422119140625 HTTP/1.1" 200 0 "-" "WordPress/6.7.2; https://valuecartpk.shop/store"
20.171.207.177 - - [14/Mar/2025:14:29:00 +0000] "GET /store/shop/?filter_brand=eva-solo%2Cjoseph-joseph%2Cvitra&filter_color=black%2Cblue%2Cbrown&filter_size=m&per_page=9&per_row=4&shop_view=grid HTTP/2" 200 26020 "-" "Mozilla/5.0 AppleWebKit/537.36 (KHTML, like Gecko; compatible; GPTBot/1.2; +https://openai.com/gptbot)"
20.171.207.177 - - [14/Mar/2025:14:29:13 +0000] "GET /store/shop/?filter_brand=eva-solo%2Cjoseph-joseph%2Cvitra&filter_color=black%2Cblue%2Cbrown&filter_size=m&per_page=24&per_row=3&shop_view=grid&stock_status=onsale HTTP/2" 200 23918 "-" "Mozilla/5.0 AppleWebKit/537.36 (KHTML, like Gecko; compatible; GPTBot/1.2; +https://openai.com/gptbot)"
20.171.207.177 - - [14/Mar/2025:14:29:26 +0000] "GET /store/shop/?filter_brand=eva-solo%2Cjoseph-joseph%2Cvitra&filter_color=black%2Cblue%2Cbrown&filter_size=m&per_page=9&per_row=3&shop_view=grid HTTP/2" 200 26024 "-" "Mozilla/5.0 AppleWebKit/537.36 (KHTML, like Gecko; compatible; GPTBot/1.2; +https://openai.com/gptbot)"
20.171.207.177 - - [14/Mar/2025:14:29:37 +0000] "GET /store/shop/?filter_brand=eva-solo%2Cjoseph-joseph%2Cvitra&filter_color=black%2Cblue%2Cbrown&filter_size=m&per_page=18&per_row=4&shop_view=grid&stock_status=onsale HTTP/2" 200 23919 "-" "Mozilla/5.0 AppleWebKit/537.36 (KHTML, like Gecko; compatible; GPTBot/1.2; +https://openai.com/gptbot)"
20.171.207.177 - - [14/Mar/2025:14:29:47 +0000] "GET /store/shop/?filter_brand=eva-solo%2Cjoseph-joseph%2Cvitra&filter_color=black%2Cblue%2Cbrown&filter_size=m&per_page=12&per_row=4&shop_view=grid HTTP/2" 200 26033 "-" "Mozilla/5.0 AppleWebKit/537.36 (KHTML, like Gecko; compatible; GPTBot/1.2; +https://openai.com/gptbot)"
20.171.207.177 - - [14/Mar/2025:14:29:57 +0000] "GET /store/shop/?filter_brand=eva-solo%2Cjoseph-joseph%2Cvitra&filter_color=black%2Cblue%2Cbrown&filter_size=m&per_page=12&per_row=3&shop_view=grid HTTP/2" 500 1034 "-" "Mozilla/5.0 AppleWebKit/537.36 (KHTML, like Gecko; compatible; GPTBot/1.2; +https://openai.com/gptbot)"
20.171.207.177 - - [14/Mar/2025:14:30:05 +0000] "GET /store/shop/?filter_brand=eva-solo%2Cjoseph-joseph%2Cvitra&filter_color=black%2Cblue%2Cbrown&filter_size=m&per_page=9&per_row=4&shop_view=grid&stock_status=onsale HTTP/2" 200 23883 "-" "Mozilla/5.0 AppleWebKit/537.36 (KHTML, like Gecko; compatible; GPTBot/1.2; +https://openai.com/gptbot)"
20.171.207.177 - - [14/Mar/2025:14:30:29 +0000] "GET /store/shop/?filter_brand=eva-solo%2Cjoseph-joseph%2Cvitra&filter_color=black%2Cblue%2Cbrown&filter_size=m&per_page=12&per_row=4&shop_view=grid&stock_status=onsale HTTP/2" 200 23918 "-" "Mozilla/5.0 AppleWebKit/537.36 (KHTML, like Gecko; compatible; GPTBot/1.2; +https://openai.com/gptbot)"
20.171.207.177 - - [14/Mar/2025:14:30:50 +0000] "GET /store/shop/?filter_brand=eva-solo%2Cjoseph-joseph%2Cvitra&filter_color=black%2Cblue%2Cbrown&filter_size=m&per_page=24&per_row=4&shop_view=grid HTTP/2" 200 26031 "-" "Mozilla/5.0 AppleWebKit/537.36 (KHTML, like Gecko; compatible; GPTBot/1.2; +https://openai.com/gptbot)"
20.171.207.177 - - [14/Mar/2025:14:26:29 +0000] "GET /store/shop/?filter_brand=joseph-joseph%2Cklober%2Cvitra&filter_color=beige%2Cbrown%2Cyellow&filter_size=s&per_row=4&shop_view=grid&stock_status=instock%2Consale HTTP/2" 200 23943 "-" "Mozilla/5.0 AppleWebKit/537.36 (KHTML, like Gecko; compatible; GPTBot/1.2; +https://openai.com/gptbot)"
20.171.207.177 - - [14/Mar/2025:14:24:30 +0000] "GET /store/shop/?filter_brand=joseph-joseph%2Cklober%2Cvitra&filter_color=beige%2Cbrown%2Cyellow&filter_size=s&per_row=4&shop_view=grid&stock_status=onsale HTTP/2" 200 23890 "-" "Mozilla/5.0 AppleWebKit/537.36 (KHTML, like Gecko; compatible; GPTBot/1.2; +https://openai.com/gptbot)"
20.171.207.177 - - [14/Mar/2025:14:24:36 +0000] "GET /store/shop/?filter_brand=eva-solo%2Cjoseph-joseph%2Cvitra&filter_color=black%2Cblue%2Cbrown&filter_size=m&per_page=24&per_row=2&shop_view=grid&stock_status=instock HTTP/2" 500 1035 "-" "Mozilla/5.0 AppleWebKit/537.36 (KHTML, like Gecko; compatible; GPTBot/1.2; +https://openai.com/gptbot)"
20.171.207.177 - - [14/Mar/2025:14:24:42 +0000] "GET /store/shop/?filter_brand=eva-solo%2Cjoseph-joseph%2Cvitra&filter_color=black%2Cblue%2Cbrown&filter_size=m&per_page=12&per_row=4&shop_view=grid&stock_status=instock HTTP/2" 200 26108 "-" "Mozilla/5.0 AppleWebKit/537.36 (KHTML, like Gecko; compatible; GPTBot/1.2; +https://openai.com/gptbot)"
20.171.207.177 - - [14/Mar/2025:14:26:05 +0000] "GET /store/shop/?filter_brand=eva-solo%2Cjoseph-joseph%2Cvitra&filter_color=black%2Cblue%2Cbrown&filter_size=m&per_page=18&per_row=4&shop_view=grid&stock_status=instock HTTP/2" 200 26108 "-" "Mozilla/5.0 AppleWebKit/537.36 (KHTML, like Gecko; compatible; GPTBot/1.2; +https://openai.com/gptbot)"
20.171.207.177 - - [14/Mar/2025:14:26:42 +0000] "GET /store/shop/?filter_brand=eva-solo%2Cjoseph-joseph%2Cvitra&filter_color=black%2Cblue%2Cbrown&filter_size=m&per_page=24&per_row=4&shop_view=grid&stock_status=instock HTTP/2" 500 1035 "-" "Mozilla/5.0 AppleWebKit/537.36 (KHTML, like Gecko; compatible; GPTBot/1.2; +https://openai.com/gptbot)"
38.91.101.117 - - [14/Mar/2025:14:25:03 +0000] "POST /store/wp-cron.php?doing_wp_cron=1741962302.6906208992004394531250 HTTP/1.1" 200 0 "-" "WordPress/6.7.2; https://valuecartpk.shop/store"
20.171.207.177 - - [14/Mar/2025:14:25:54 +0000] "GET /store/shop/?filter_brand=eva-solo%2Cjoseph-joseph%2Cvitra&filter_color=black%2Cblue%2Cbrown&filter_size=m&per_page=9&per_row=3&shop_view=grid&stock_status=instock%2Consale HTTP/2" 200 23918 "-" "Mozilla/5.0 AppleWebKit/537.36 (KHTML, like Gecko; compatible; GPTBot/1.2; +https://openai.com/gptbot)"
20.171.207.177 - - [14/Mar/2025:14:31:09 +0000] "GET /store/shop/?filter_brand=eva-solo%2Cjoseph-joseph%2Cvitra&filter_color=black%2Cblue%2Cbrown&filter_size=m&per_page=18&per_row=2&shop_view=grid HTTP/2" 200 26035 "-" "Mozilla/5.0 AppleWebKit/537.36 (KHTML, like Gecko; compatible; GPTBot/1.2; +https://openai.com/gptbot)"
20.171.207.177 - - [14/Mar/2025:14:31:28 +0000] "GET /store/shop/?filter_brand=eva-solo%2Cjoseph-joseph%2Cvitra&filter_color=black%2Cblue%2Cbrown&filter_size=m&per_page=24&per_row=2&shop_view=grid&stock_status=onsale HTTP/2" 200 23918 "-" "Mozilla/5.0 AppleWebKit/537.36 (KHTML, like Gecko; compatible; GPTBot/1.2; +https://openai.com/gptbot)"
20.171.207.177 - - [14/Mar/2025:14:31:44 +0000] "GET /store/shop/?filter_brand=eva-solo%2Cjoseph-joseph%2Cvitra&filter_color=black%2Cblue%2Cbrown&filter_size=m&per_page=18&per_row=4&shop_view=grid HTTP/2" 200 26034 "-" "Mozilla/5.0 AppleWebKit/537.36 (KHTML, like Gecko; compatible; GPTBot/1.2; +https://openai.com/gptbot)"
20.171.207.177 - - [14/Mar/2025:14:31:59 +0000] "GET /store/shop/?filter_brand=eva-solo%2Cjoseph-joseph%2Cvitra&filter_color=black%2Cblue%2Cbrown&filter_size=m&per_page=18&per_row=3&shop_view=grid HTTP/2" 200 26035 "-" "Mozilla/5.0 AppleWebKit/537.36 (KHTML, like Gecko; compatible; GPTBot/1.2; +https://openai.com/gptbot)"
20.171.207.177 - - [14/Mar/2025:14:32:12 +0000] "GET /store/shop/?filter_brand=eva-solo%2Cjoseph-joseph%2Cmagisso&filter_color=beige%2Cblue%2Cyellow&per_page=24&per_row=3&shop_view=grid&stock_status=instock HTTP/2" 200 26635 "-" "Mozilla/5.0 AppleWebKit/537.36 (KHTML, like Gecko; compatible; GPTBot/1.2; +https://openai.com/gptbot)"
20.171.207.177 - - [14/Mar/2025:14:32:24 +0000] "GET /store/shop/?filter_brand=eva-solo%2Cjoseph-joseph%2Cmagisso&filter_color=beige%2Cblue%2Cyellow&per_page=18&per_row=3&shop_view=grid&stock_status=instock%2Consale HTTP/2" 200 23847 "-" "Mozilla/5.0 AppleWebKit/537.36 (KHTML, like Gecko; compatible; GPTBot/1.2; +https://openai.com/gptbot)"
20.171.207.177 - - [14/Mar/2025:14:32:34 +0000] "GET /store/shop/?filter_brand=eva-solo%2Cjoseph-joseph%2Cmagisso&filter_color=beige%2Cblue%2Cyellow&per_page=12&per_row=3&shop_view=grid&stock_status=instock HTTP/2" 200 26637 "-" "Mozilla/5.0 AppleWebKit/537.36 (KHTML, like Gecko; compatible; GPTBot/1.2; +https://openai.com/gptbot)"
20.171.207.177 - - [14/Mar/2025:14:32:44 +0000] "GET /store/shop/?filter_brand=eva-solo%2Cjoseph-joseph%2Cmagisso&filter_color=beige%2Cblue%2Cyellow&per_page=12&per_row=4&shop_view=grid&stock_status=instock HTTP/2" 200 26638 "-" "Mozilla/5.0 AppleWebKit/537.36 (KHTML, like Gecko; compatible; GPTBot/1.2; +https://openai.com/gptbot)"
20.171.207.177 - - [14/Mar/2025:14:32:53 +0000] "GET /store/shop/?filter_brand=eva-solo%2Cjoseph-joseph%2Cmagisso&filter_color=beige%2Cblue%2Cyellow&per_page=18&per_row=4&shop_view=grid&stock_status=instock%2Consale HTTP/2" 500 1035 "-" "Mozilla/5.0 AppleWebKit/537.36 (KHTML, like Gecko; compatible; GPTBot/1.2; +https://openai.com/gptbot)"
20.171.207.177 - - [14/Mar/2025:14:33:01 +0000] "GET /store/shop/?filter_brand=eva-solo%2Cjoseph-joseph%2Cmagisso&filter_color=beige%2Cblue%2Cyellow&per_page=9&per_row=4&shop_view=grid&stock_status=instock HTTP/2" 200 26574 "-" "Mozilla/5.0 AppleWebKit/537.36 (KHTML, like Gecko; compatible; GPTBot/1.2; +https://openai.com/gptbot)"
20.171.207.177 - - [14/Mar/2025:14:33:24 +0000] "GET /store/shop/?filter_brand=eva-solo%2Cjoseph-joseph%2Cvitra&filter_color=black%2Cblue%2Cbrown&filter_size=m&per_page=24&per_row=4&shop_view=grid&stock_status=onsale HTTP/2" 200 23918 "-" "Mozilla/5.0 AppleWebKit/537.36 (KHTML, like Gecko; compatible; GPTBot/1.2; +https://openai.com/gptbot)"
20.171.207.177 - - [14/Mar/2025:14:33:46 +0000] "GET /store/shop/?filter_brand=eva-solo%2Cjoseph-joseph%2Cvitra&filter_color=black%2Cblue%2Cbrown&filter_size=m&per_page=24&per_row=4&shop_view=grid&stock_status=instock HTTP/2" 200 26104 "-" "Mozilla/5.0 AppleWebKit/537.36 (KHTML, like Gecko; compatible; GPTBot/1.2; +https://openai.com/gptbot)"
