2a06:98c0:3600::103 - - [14/Mar/2025:11:04:21 +0000] "GET /wp-admin/setup-config.php HTTP/1.1" 404 1251 "-" "Mozilla/5.0 (Windows NT 10.0; Win64; x64) AppleWebKit/537.36 (KHTML, like Gecko) Chrome/133.0.0.0 Safari/537.36"
65.108.64.210 - - [14/Mar/2025:11:05:30 +0000] "GET /store/shop/?filter_color=beige,black,blue,brown,yellow&filter_brand=joseph-joseph,klober,vitra&stock_status=instock,onsale&filter_size=l,m HTTP/1.1" 200 23826 "-" "Mozilla/5.0 (compatible; MJ12bot/v1.4.8; http://mj12bot.com/)"
38.91.101.117 - - [14/Mar/2025:11:05:53 +0000] "POST /store/wp-cron.php?doing_wp_cron=1741950353.1707189083099365234375 HTTP/1.1" 200 0 "-" "WordPress/6.7.2; https://valuecartpk.shop/store"
65.108.64.210 - - [14/Mar/2025:11:06:21 +0000] "GET /store/shop/?filter_color=beige,black,blue,brown,yellow&filter_brand=joseph-joseph,klober,vitra&stock_status=onsale&filter_size=l HTTP/1.1" 200 23782 "-" "Mozilla/5.0 (compatible; MJ12bot/v1.4.8; http://mj12bot.com/)"
65.108.64.210 - - [14/Mar/2025:11:06:40 +0000] "GET /store/shop/?filter_color=beige,black,blue,brown,yellow&filter_brand=joseph-joseph,klober,vitra&stock_status=onsale&filter_size=l,s HTTP/1.1" 200 23791 "-" "Mozilla/5.0 (compatible; MJ12bot/v1.4.8; http://mj12bot.com/)"
38.91.101.117 - - [14/Mar/2025:11:08:54 +0000] "POST /store/wp-cron.php?doing_wp_cron=1741950534.0718870162963867187500 HTTP/1.1" 200 0 "-" "WordPress/6.7.2; https://valuecartpk.shop/store"
65.108.64.210 - - [14/Mar/2025:11:09:44 +0000] "GET /store/shop/?filter_color=beige,black,blue,brown,yellow&filter_brand=joseph-joseph,magisso&stock_status=onsale&filter_size=m,s HTTP/1.1" 200 23769 "-" "Mozilla/5.0 (compatible; MJ12bot/v1.4.8; http://mj12bot.com/)"
65.108.64.210 - - [14/Mar/2025:11:10:36 +0000] "GET /store/shop/?filter_color=beige,black,blue,brown,yellow&filter_brand=joseph-joseph,vitra&filter_size=s HTTP/1.1" 200 25878 "-" "Mozilla/5.0 (compatible; MJ12bot/v1.4.8; http://mj12bot.com/)"
65.108.64.210 - - [14/Mar/2025:11:11:07 +0000] "GET /store/shop/?filter_color=beige,black,blue,brown,yellow&filter_brand=klober&filter_size=l,s HTTP/1.1" 200 23689 "-" "Mozilla/5.0 (compatible; MJ12bot/v1.4.8; http://mj12bot.com/)"
217.182.175.125 - - [14/Mar/2025:11:12:23 +0000] "GET /store/shop/?filter_color=beige,black,blue,brown&filter_size=m,s&filter_brand=vitra&per_page=24 HTTP/1.1" 200 25859 "-" "Mozilla/5.0 (compatible; MJ12bot/v1.4.8; http://mj12bot.com/)"
65.108.64.210 - - [14/Mar/2025:11:12:30 +0000] "GET /store/shop/?filter_color=beige,black,blue,brown,yellow&filter_brand=klober&stock_status=instock,onsale HTTP/1.1" 200 23679 "-" "Mozilla/5.0 (compatible; MJ12bot/v1.4.8; http://mj12bot.com/)"
217.182.175.125 - - [14/Mar/2025:11:12:29 +0000] "GET /store/shop/?filter_color=beige,black,blue,brown&filter_size=m,s&filter_brand=vitra&per_page=9 HTTP/1.1" 200 25870 "-" "Mozilla/5.0 (compatible; MJ12bot/v1.4.8; http://mj12bot.com/)"
217.182.175.125 - - [14/Mar/2025:11:12:37 +0000] "GET /store/shop/?filter_color=beige,black,blue,brown&filter_size=m,s&filter_brand=vitra&shop_view=grid&per_row=2 HTTP/1.1" 500 262 "-" "Mozilla/5.0 (compatible; MJ12bot/v1.4.8; http://mj12bot.com/)"
65.108.64.210 - - [14/Mar/2025:11:12:37 +0000] "GET /store/shop/?filter_color=beige,black,blue,brown,yellow&filter_brand=klober&stock_status=instock,onsale&filter_size=l HTTP/1.1" 200 23707 "-" "Mozilla/5.0 (compatible; MJ12bot/v1.4.8; http://mj12bot.com/)"
217.182.175.125 - - [14/Mar/2025:11:12:39 +0000] "GET /store/shop/?filter_color=beige,black,blue,brown&filter_size=m,s&filter_brand=vitra&shop_view=grid&per_row=3 HTTP/1.1" 200 25902 "-" "Mozilla/5.0 (compatible; MJ12bot/v1.4.8; http://mj12bot.com/)"
217.182.175.125 - - [14/Mar/2025:11:12:44 +0000] "GET /store/shop/?filter_color=beige,black,blue,brown&filter_size=m,s&filter_brand=vitra&shop_view=grid&per_row=4 HTTP/1.1" 200 25910 "-" "Mozilla/5.0 (compatible; MJ12bot/v1.4.8; http://mj12bot.com/)"
217.182.175.125 - - [14/Mar/2025:11:12:53 +0000] "GET /store/shop/?filter_color=beige,black,blue,brown&filter_size=m,s&filter_brand=vitra&stock_status=instock HTTP/1.1" 200 25896 "-" "Mozilla/5.0 (compatible; MJ12bot/v1.4.8; http://mj12bot.com/)"
65.108.64.210 - - [14/Mar/2025:11:12:54 +0000] "GET /store/shop/?filter_color=beige,black,blue,brown,yellow&filter_brand=klober&stock_status=instock,onsale&filter_size=l,m,s HTTP/1.1" 200 23774 "-" "Mozilla/5.0 (compatible; MJ12bot/v1.4.8; http://mj12bot.com/)"
217.182.175.125 - - [14/Mar/2025:11:13:01 +0000] "GET /store/shop/?filter_color=beige,black,blue,brown&filter_size=m,s&filter_brand=vitra&stock_status=instock,onsale HTTP/1.1" 200 23661 "-" "Mozilla/5.0 (compatible; MJ12bot/v1.4.8; http://mj12bot.com/)"
217.182.175.125 - - [14/Mar/2025:11:13:08 +0000] "GET /store/shop/?filter_color=beige,black,blue,brown&filter_size=m,s&filter_brand=vitra&stock_status=onsale HTTP/1.1" 200 23634 "-" "Mozilla/5.0 (compatible; MJ12bot/v1.4.8; http://mj12bot.com/)"
217.182.175.125 - - [14/Mar/2025:11:13:14 +0000] "GET /store/shop/?filter_color=beige,black,blue,brown&filter_size=m,s&stock_status=instock&filter_brand=eva-solo HTTP/1.1" 200 26032 "-" "Mozilla/5.0 (compatible; MJ12bot/v1.4.8; http://mj12bot.com/)"
217.182.175.125 - - [14/Mar/2025:11:13:22 +0000] "GET /store/shop/?filter_color=beige,black,blue,brown&filter_size=m,s&stock_status=instock&filter_brand=eva-solo,joseph-joseph,klober,vitra HTTP/1.1" 200 26551 "-" "Mozilla/5.0 (compatible; MJ12bot/v1.4.8; http://mj12bot.com/)"
217.182.175.125 - - [14/Mar/2025:11:13:26 +0000] "GET /store/shop/?filter_color=beige,black,blue,brown&filter_size=m,s&stock_status=instock&filter_brand=eva-solo,joseph-joseph,vitra HTTP/1.1" 200 26465 "-" "Mozilla/5.0 (compatible; MJ12bot/v1.4.8; http://mj12bot.com/)"
217.182.175.125 - - [14/Mar/2025:11:13:34 +0000] "GET /store/shop/?filter_color=beige,black,blue,brown&filter_size=m,s&stock_status=instock&filter_brand=eva-solo,klober HTTP/1.1" 200 26510 "-" "Mozilla/5.0 (compatible; MJ12bot/v1.4.8; http://mj12bot.com/)"
217.182.175.125 - - [14/Mar/2025:11:13:38 +0000] "GET /store/shop/?filter_color=beige,black,blue,brown&filter_size=m,s&stock_status=instock&filter_brand=joseph-joseph HTTP/1.1" 200 25831 "-" "Mozilla/5.0 (compatible; MJ12bot/v1.4.8; http://mj12bot.com/)"
65.108.64.210 - - [14/Mar/2025:11:07:24 +0000] "GET /store/shop/?filter_color=beige,black,blue,brown,yellow&filter_brand=joseph-joseph,magisso&stock_status=instock&filter_size=l HTTP/1.1" 200 25948 "-" "Mozilla/5.0 (compatible; MJ12bot/v1.4.8; http://mj12bot.com/)"
65.108.64.210 - - [14/Mar/2025:11:08:12 +0000] "GET /store/shop/?filter_color=beige,black,blue,brown,yellow&filter_brand=joseph-joseph,magisso&stock_status=instock&filter_size=m HTTP/1.1" 200 25956 "-" "Mozilla/5.0 (compatible; MJ12bot/v1.4.8; http://mj12bot.com/)"
65.108.64.210 - - [14/Mar/2025:11:09:05 +0000] "GET /store/shop/?filter_color=beige,black,blue,brown,yellow&filter_brand=joseph-joseph,magisso&stock_status=onsale&filter_size=l HTTP/1.1" 200 23753 "-" "Mozilla/5.0 (compatible; MJ12bot/v1.4.8; http://mj12bot.com/)"
65.108.64.210 - - [14/Mar/2025:11:09:17 +0000] "GET /store/shop/?filter_color=beige,black,blue,brown,yellow&filter_brand=joseph-joseph,magisso&stock_status=onsale&filter_size=l,m HTTP/1.1" 200 23780 "-" "Mozilla/5.0 (compatible; MJ12bot/v1.4.8; http://mj12bot.com/)"
65.108.64.210 - - [14/Mar/2025:11:09:29 +0000] "GET /store/shop/?filter_color=beige,black,blue,brown,yellow&filter_brand=joseph-joseph,magisso&stock_status=onsale&filter_size=l,s HTTP/1.1" 200 23780 "-" "Mozilla/5.0 (compatible; MJ12bot/v1.4.8; http://mj12bot.com/)"
65.108.64.210 - - [14/Mar/2025:11:11:00 +0000] "GET /store/shop/?filter_color=beige,black,blue,brown,yellow&filter_brand=klober&filter_size=l,m,s HTTP/1.1" 200 23693 "-" "Mozilla/5.0 (compatible; MJ12bot/v1.4.8; http://mj12bot.com/)"
65.108.64.210 - - [14/Mar/2025:11:11:16 +0000] "GET /store/shop/?filter_color=beige,black,blue,brown,yellow&filter_brand=klober&filter_size=m HTTP/1.1" 200 23658 "-" "Mozilla/5.0 (compatible; MJ12bot/v1.4.8; http://mj12bot.com/)"
65.108.64.210 - - [14/Mar/2025:11:11:53 +0000] "GET /store/shop/?filter_color=beige,black,blue,brown,yellow&filter_brand=klober&stock_status=instock&filter_size=l,m HTTP/1.1" 200 23750 "-" "Mozilla/5.0 (compatible; MJ12bot/v1.4.8; http://mj12bot.com/)"
65.108.64.210 - - [14/Mar/2025:11:12:00 +0000] "GET /store/shop/?filter_color=beige,black,blue,brown,yellow&filter_brand=klober&stock_status=instock&filter_size=l,m,s HTTP/1.1" 200 23723 "-" "Mozilla/5.0 (compatible; MJ12bot/v1.4.8; http://mj12bot.com/)"
65.108.64.210 - - [14/Mar/2025:11:12:05 +0000] "GET /store/shop/?filter_color=beige,black,blue,brown,yellow&filter_brand=klober&stock_status=instock&filter_size=l,s HTTP/1.1" 200 23755 "-" "Mozilla/5.0 (compatible; MJ12bot/v1.4.8; http://mj12bot.com/)"
65.108.64.210 - - [14/Mar/2025:11:12:22 +0000] "GET /store/shop/?filter_color=beige,black,blue,brown,yellow&filter_brand=klober&stock_status=instock&filter_size=s HTTP/1.1" 200 23703 "-" "Mozilla/5.0 (compatible; MJ12bot/v1.4.8; http://mj12bot.com/)"
65.108.64.210 - - [14/Mar/2025:11:12:45 +0000] "GET /store/shop/?filter_color=beige,black,blue,brown,yellow&filter_brand=klober&stock_status=instock,onsale&filter_size=l,m HTTP/1.1" 200 23695 "-" "Mozilla/5.0 (compatible; MJ12bot/v1.4.8; http://mj12bot.com/)"
65.108.64.210 - - [14/Mar/2025:11:13:14 +0000] "GET /store/shop/?filter_color=beige,black,blue,brown,yellow&filter_brand=klober&stock_status=instock,onsale&filter_size=m,s HTTP/1.1" 200 23690 "-" "Mozilla/5.0 (compatible; MJ12bot/v1.4.8; http://mj12bot.com/)"
65.108.64.210 - - [14/Mar/2025:11:13:21 +0000] "GET /store/shop/?filter_color=beige,black,blue,brown,yellow&filter_brand=klober&stock_status=instock,onsale&filter_size=s HTTP/1.1" 200 23710 "-" "Mozilla/5.0 (compatible; MJ12bot/v1.4.8; http://mj12bot.com/)"
65.108.64.210 - - [14/Mar/2025:11:13:37 +0000] "GET /store/shop/?filter_color=beige,black,blue,brown,yellow&filter_brand=klober&stock_status=onsale&filter_size=l,m HTTP/1.1" 200 23765 "-" "Mozilla/5.0 (compatible; MJ12bot/v1.4.8; http://mj12bot.com/)"
38.91.101.117 - - [14/Mar/2025:11:13:53 +0000] "POST /store/wp-cron.php?doing_wp_cron=1741950833.8150649070739746093750 HTTP/1.1" 200 0 "-" "WordPress/6.7.2; https://valuecartpk.shop/store"
65.108.64.210 - - [14/Mar/2025:10:56:35 +0000] "GET /store/shop/?filter_color=beige,black,blue,brown,yellow&filter_brand=eva-solo,klober,vitra&stock_status=instock,onsale&filter_size=l HTTP/1.1" 200 23786 "-" "Mozilla/5.0 (compatible; MJ12bot/v1.4.8; http://mj12bot.com/)"
65.108.64.210 - - [14/Mar/2025:10:56:53 +0000] "GET /store/shop/?filter_color=beige,black,blue,brown,yellow&filter_brand=eva-solo,klober,vitra&stock_status=instock,onsale&filter_size=l,s HTTP/1.1" 200 23756 "-" "Mozilla/5.0 (compatible; MJ12bot/v1.4.8; http://mj12bot.com/)"
65.108.64.210 - - [14/Mar/2025:10:57:59 +0000] "GET /store/shop/?filter_color=beige,black,blue,brown,yellow&filter_brand=eva-solo,klober,vitra&stock_status=onsale&filter_size=m HTTP/1.1" 500 264 "-" "Mozilla/5.0 (compatible; MJ12bot/v1.4.8; http://mj12bot.com/)"
38.91.101.117 - - [14/Mar/2025:10:58:57 +0000] "POST /store/wp-cron.php?doing_wp_cron=1741949937.7989249229431152343750 HTTP/1.1" 200 0 "-" "WordPress/6.7.2; https://valuecartpk.shop/store"
65.108.64.210 - - [14/Mar/2025:10:59:10 +0000] "GET /store/shop/?filter_color=beige,black,blue,brown,yellow&filter_brand=eva-solo,magisso&stock_status=instock&filter_size=m,s HTTP/1.1" 200 26514 "-" "Mozilla/5.0 (compatible; MJ12bot/v1.4.8; http://mj12bot.com/)"
65.108.64.210 - - [14/Mar/2025:11:00:07 +0000] "GET /store/shop/?filter_color=beige,black,blue,brown,yellow&filter_brand=eva-solo,magisso&stock_status=instock,onsale&filter_size=m,s HTTP/1.1" 200 23743 "-" "Mozilla/5.0 (compatible; MJ12bot/v1.4.8; http://mj12bot.com/)"
2a06:98c0:3600::103 - - [14/Mar/2025:11:01:40 +0000] "GET /wordpress/wp-admin/setup-config.php HTTP/1.1" 404 1251 "-" "Mozilla/5.0 (Windows NT 10.0; Win64; x64) AppleWebKit/537.36 (KHTML, like Gecko) Chrome/133.0.0.0 Safari/537.36"
65.108.64.210 - - [14/Mar/2025:11:01:59 +0000] "GET /store/shop/?filter_color=beige,black,blue,brown,yellow&filter_brand=eva-solo,vitra&filter_size=s HTTP/1.1" 200 25885 "-" "Mozilla/5.0 (compatible; MJ12bot/v1.4.8; http://mj12bot.com/)"
65.108.64.210 - - [14/Mar/2025:11:03:55 +0000] "GET /store/shop/?filter_color=beige,black,blue,brown,yellow&filter_brand=joseph-joseph,klober,vitra&shop_view=grid&per_row=2 HTTP/1.1" 200 26438 "-" "Mozilla/5.0 (compatible; MJ12bot/v1.4.8; http://mj12bot.com/)"
65.108.64.210 - - [14/Mar/2025:11:04:03 +0000] "GET /store/shop/?filter_color=beige,black,blue,brown,yellow&filter_brand=joseph-joseph,klober,vitra&shop_view=grid&per_row=3 HTTP/1.1" 200 26446 "-" "Mozilla/5.0 (compatible; MJ12bot/v1.4.8; http://mj12bot.com/)"
38.91.101.117 - - [14/Mar/2025:11:04:54 +0000] "POST /store/wp-cron.php?doing_wp_cron=1741950294.7101409435272216796875 HTTP/1.1" 200 0 "-" "WordPress/6.7.2; https://valuecartpk.shop/store"
65.108.64.210 - - [14/Mar/2025:11:06:13 +0000] "GET /store/shop/?filter_color=beige,black,blue,brown,yellow&filter_brand=joseph-joseph,klober,vitra&stock_status=onsale HTTP/1.1" 200 23710 "-" "Mozilla/5.0 (compatible; MJ12bot/v1.4.8; http://mj12bot.com/)"
65.108.64.210 - - [14/Mar/2025:11:08:35 +0000] "GET /store/shop/?filter_color=beige,black,blue,brown,yellow&filter_brand=joseph-joseph,magisso&stock_status=instock,onsale&filter_size=l,m HTTP/1.1" 200 23767 "-" "Mozilla/5.0 (compatible; MJ12bot/v1.4.8; http://mj12bot.com/)"
65.108.64.210 - - [14/Mar/2025:11:10:18 +0000] "GET /store/shop/?filter_color=beige,black,blue,brown,yellow&filter_brand=joseph-joseph,vitra&filter_size=l,m,s HTTP/1.1" 200 26436 "-" "Mozilla/5.0 (compatible; MJ12bot/v1.4.8; http://mj12bot.com/)"
65.108.64.210 - - [14/Mar/2025:11:10:46 +0000] "GET /store/shop/?filter_color=beige,black,blue,brown,yellow&filter_brand=klober&filter_size=l HTTP/1.1" 200 23656 "-" "Mozilla/5.0 (compatible; MJ12bot/v1.4.8; http://mj12bot.com/)"
65.108.64.210 - - [14/Mar/2025:11:11:27 +0000] "GET /store/shop/?filter_color=beige,black,blue,brown,yellow&filter_brand=klober&filter_size=m,s HTTP/1.1" 500 262 "-" "Mozilla/5.0 (compatible; MJ12bot/v1.4.8; http://mj12bot.com/)"
20.171.207.177 - - [14/Mar/2025:11:07:55 +0000] "GET /store/shop/?filter_brand=joseph-joseph%2Cmagisso%2Cvitra&filter_color=black%2Cblue&filter_size=m&per_page=9&per_row=2&shop_view=grid&stock_status=instock HTTP/2" 200 25979 "-" "Mozilla/5.0 AppleWebKit/537.36 (KHTML, like Gecko; compatible; GPTBot/1.2; +https://openai.com/gptbot)"
20.171.207.177 - - [14/Mar/2025:11:08:50 +0000] "GET /store/shop/?filter_brand=joseph-joseph%2Cklober&filter_color=blue%2Cbrown&filter_size=l%2Cm&per_page=9&stock_status=onsale HTTP/2" 200 23719 "-" "Mozilla/5.0 AppleWebKit/537.36 (KHTML, like Gecko; compatible; GPTBot/1.2; +https://openai.com/gptbot)"
65.108.64.210 - - [14/Mar/2025:11:09:34 +0000] "GET /store/shop/?filter_color=beige,black,blue,brown,yellow&filter_brand=joseph-joseph,magisso&stock_status=onsale&filter_size=m HTTP/1.1" 200 23752 "-" "Mozilla/5.0 (compatible; MJ12bot/v1.4.8; http://mj12bot.com/)"
20.171.207.177 - - [14/Mar/2025:11:09:39 +0000] "GET /store/shop/?filter_brand=joseph-joseph%2Cmagisso&filter_color=brown%2Cyellow&filter_size=l%2Cs&per_page=24&stock_status=instock HTTP/2" 200 26090 "-" "Mozilla/5.0 AppleWebKit/537.36 (KHTML, like Gecko; compatible; GPTBot/1.2; +https://openai.com/gptbot)"
20.171.207.177 - - [14/Mar/2025:11:10:23 +0000] "GET /store/shop/?filter_brand=joseph-joseph%2Cmagisso%2Cvitra&filter_color=black%2Cblue&filter_size=m&per_page=12&per_row=4&shop_view=grid&stock_status=instock%2Consale HTTP/2" 200 23747 "-" "Mozilla/5.0 AppleWebKit/537.36 (KHTML, like Gecko; compatible; GPTBot/1.2; +https://openai.com/gptbot)"
2a06:98c0:3600::103 - - [14/Mar/2025:11:11:03 +0000] "GET /wp-admin/setup-config.php HTTP/1.1" 404 1251 "-" "Mozilla/5.0 (Windows NT 10.0; Win64; x64) AppleWebKit/537.36 (KHTML, like Gecko) Chrome/133.0.0.0 Safari/537.36"
20.171.207.177 - - [14/Mar/2025:11:11:04 +0000] "GET /store/shop/?filter_brand=joseph-joseph%2Cmagisso%2Cvitra&filter_color=black%2Cblue&filter_size=m&per_page=24&per_row=4&shop_view=grid&stock_status=instock%2Consale HTTP/2" 200 23748 "-" "Mozilla/5.0 AppleWebKit/537.36 (KHTML, like Gecko; compatible; GPTBot/1.2; +https://openai.com/gptbot)"
20.171.207.177 - - [14/Mar/2025:11:11:41 +0000] "GET /store/shop/?filter_brand=joseph-joseph%2Cmagisso%2Cvitra&filter_color=black%2Cbrown&filter_size=l%2Cm&per_row=3&shop_view=grid&stock_status=onsale HTTP/2" 200 23769 "-" "Mozilla/5.0 AppleWebKit/537.36 (KHTML, like Gecko; compatible; GPTBot/1.2; +https://openai.com/gptbot)"
20.171.207.177 - - [14/Mar/2025:11:12:14 +0000] "GET /store/shop/?filter_brand=joseph-joseph%2Cklober&filter_color=blue%2Cbrown&filter_size=l%2Cm&per_page=9&stock_status=instock%2Consale HTTP/2" 500 1035 "-" "Mozilla/5.0 AppleWebKit/537.36 (KHTML, like Gecko; compatible; GPTBot/1.2; +https://openai.com/gptbot)"
20.171.207.177 - - [14/Mar/2025:11:12:45 +0000] "GET /store/shop/?filter_brand=joseph-joseph%2Cklober%2Cvitra&filter_color=beige%2Cblue%2Cyellow&per_page=9&per_row=3&shop_view=grid HTTP/2" 200 26443 "-" "Mozilla/5.0 AppleWebKit/537.36 (KHTML, like Gecko; compatible; GPTBot/1.2; +https://openai.com/gptbot)"
38.91.101.117 - - [14/Mar/2025:11:12:57 +0000] "POST /store/wp-cron.php?doing_wp_cron=1741950777.1889109611511230468750 HTTP/1.1" 200 0 "-" "WordPress/6.7.2; https://valuecartpk.shop/store"
20.171.207.177 - - [14/Mar/2025:11:13:50 +0000] "GET /store/shop/?filter_brand=magisso%2Cvitra&filter_color=beige%2Cblack%2Cbrown&per_row=3&shop_view=grid&stock_status=onsale HTTP/2" 200 23634 "-" "Mozilla/5.0 AppleWebKit/537.36 (KHTML, like Gecko; compatible; GPTBot/1.2; +https://openai.com/gptbot)"
65.108.64.210 - - [14/Mar/2025:11:14:45 +0000] "GET /store/shop/?filter_color=beige,black,blue,brown,yellow&filter_brand=magisso,vitra&stock_status=instock&filter_size=l,m,s HTTP/1.1" 200 26511 "-" "Mozilla/5.0 (compatible; MJ12bot/v1.4.8; http://mj12bot.com/)"
217.182.175.125 - - [14/Mar/2025:11:13:46 +0000] "GET /store/shop/?filter_color=beige,black,blue,brown&filter_size=m,s&stock_status=instock&filter_brand=joseph-joseph,klober HTTP/1.1" 200 26486 "-" "Mozilla/5.0 (compatible; MJ12bot/v1.4.8; http://mj12bot.com/)"
217.182.175.125 - - [14/Mar/2025:11:13:55 +0000] "GET /store/shop/?filter_color=beige,black,blue,brown&filter_size=m,s&stock_status=instock&filter_brand=klober,vitra HTTP/1.1" 200 26483 "-" "Mozilla/5.0 (compatible; MJ12bot/v1.4.8; http://mj12bot.com/)"
217.182.175.125 - - [14/Mar/2025:11:14:05 +0000] "GET /store/shop/?filter_color=beige,black,blue,brown&filter_size=m,s&stock_status=instock,onsale&filter_brand=eva-solo HTTP/1.1" 200 23674 "-" "Mozilla/5.0 (compatible; MJ12bot/v1.4.8; http://mj12bot.com/)"
217.182.175.125 - - [14/Mar/2025:11:14:09 +0000] "GET /store/shop/?filter_color=beige,black,blue,brown&filter_size=m,s&stock_status=instock,onsale&filter_brand=eva-solo,joseph-joseph,klober,vitra HTTP/1.1" 200 23791 "-" "Mozilla/5.0 (compatible; MJ12bot/v1.4.8; http://mj12bot.com/)"
217.182.175.125 - - [14/Mar/2025:11:14:16 +0000] "GET /store/shop/?filter_color=beige,black,blue,brown&filter_size=m,s&stock_status=instock,onsale&filter_brand=eva-solo,joseph-joseph,vitra HTTP/1.1" 200 23694 "-" "Mozilla/5.0 (compatible; MJ12bot/v1.4.8; http://mj12bot.com/)"
217.182.175.125 - - [14/Mar/2025:11:14:23 +0000] "GET /store/shop/?filter_color=beige,black,blue,brown&filter_size=m,s&stock_status=instock,onsale&filter_brand=eva-solo,klober HTTP/1.1" 200 23747 "-" "Mozilla/5.0 (compatible; MJ12bot/v1.4.8; http://mj12bot.com/)"
217.182.175.125 - - [14/Mar/2025:11:14:28 +0000] "GET /store/shop/?filter_color=beige,black,blue,brown&filter_size=m,s&stock_status=instock,onsale&filter_brand=joseph-joseph HTTP/1.1" 200 23647 "-" "Mozilla/5.0 (compatible; MJ12bot/v1.4.8; http://mj12bot.com/)"
217.182.175.125 - - [14/Mar/2025:11:14:33 +0000] "GET /store/shop/?filter_color=beige,black,blue,brown&filter_size=m,s&stock_status=instock,onsale&filter_brand=joseph-joseph,klober HTTP/1.1" 200 23734 "-" "Mozilla/5.0 (compatible; MJ12bot/v1.4.8; http://mj12bot.com/)"
217.182.175.125 - - [14/Mar/2025:11:14:39 +0000] "GET /store/shop/?filter_color=beige,black,blue,brown&filter_size=m,s&stock_status=instock,onsale&filter_brand=klober,vitra HTTP/1.1" 200 23756 "-" "Mozilla/5.0 (compatible; MJ12bot/v1.4.8; http://mj12bot.com/)"
65.108.64.210 - - [14/Mar/2025:11:14:40 +0000] "GET /store/shop/?filter_color=beige,black,blue,brown,yellow&filter_brand=magisso,vitra&stock_status=instock&filter_size=l,m HTTP/1.1" 200 26502 "-" "Mozilla/5.0 (compatible; MJ12bot/v1.4.8; http://mj12bot.com/)"
217.182.175.125 - - [14/Mar/2025:11:14:44 +0000] "GET /store/shop/?filter_color=beige,black,blue,brown&filter_size=m,s&stock_status=onsale&filter_brand=eva-solo HTTP/1.1" 200 23658 "-" "Mozilla/5.0 (compatible; MJ12bot/v1.4.8; http://mj12bot.com/)"
217.182.175.125 - - [14/Mar/2025:11:14:48 +0000] "GET /store/shop/?filter_color=beige,black,blue,brown&filter_size=m,s&stock_status=onsale&filter_brand=eva-solo,joseph-joseph,klober,vitra HTTP/1.1" 500 264 "-" "Mozilla/5.0 (compatible; MJ12bot/v1.4.8; http://mj12bot.com/)"
217.182.175.125 - - [14/Mar/2025:11:14:50 +0000] "GET /store/shop/?filter_color=beige,black,blue,brown&filter_size=m,s&stock_status=onsale&filter_brand=eva-solo,joseph-joseph,vitra HTTP/1.1" 200 23703 "-" "Mozilla/5.0 (compatible; MJ12bot/v1.4.8; http://mj12bot.com/)"
217.182.175.125 - - [14/Mar/2025:11:14:58 +0000] "GET /store/shop/?filter_color=beige,black,blue,brown&filter_size=m,s&stock_status=onsale&filter_brand=eva-solo,klober HTTP/1.1" 200 23778 "-" "Mozilla/5.0 (compatible; MJ12bot/v1.4.8; http://mj12bot.com/)"
217.182.175.125 - - [14/Mar/2025:11:15:03 +0000] "GET /store/shop/?filter_color=beige,black,blue,brown&filter_size=m,s&stock_status=onsale&filter_brand=joseph-joseph HTTP/1.1" 200 23669 "-" "Mozilla/5.0 (compatible; MJ12bot/v1.4.8; http://mj12bot.com/)"
65.108.64.210 - - [14/Mar/2025:10:57:30 +0000] "GET /store/shop/?filter_color=beige,black,blue,brown,yellow&filter_brand=eva-solo,klober,vitra&stock_status=onsale&filter_size=l HTTP/1.1" 200 23771 "-" "Mozilla/5.0 (compatible; MJ12bot/v1.4.8; http://mj12bot.com/)"
65.108.64.210 - - [14/Mar/2025:10:58:11 +0000] "GET /store/shop/?filter_color=beige,black,blue,brown,yellow&filter_brand=eva-solo,klober,vitra&stock_status=onsale&filter_size=s HTTP/1.1" 200 23779 "-" "Mozilla/5.0 (compatible; MJ12bot/v1.4.8; http://mj12bot.com/)"
65.108.64.210 - - [14/Mar/2025:10:58:31 +0000] "GET /store/shop/?filter_color=beige,black,blue,brown,yellow&filter_brand=eva-solo,magisso&stock_status=instock&filter_size=l,m HTTP/1.1" 200 26501 "-" "Mozilla/5.0 (compatible; MJ12bot/v1.4.8; http://mj12bot.com/)"
65.108.64.210 - - [14/Mar/2025:10:58:45 +0000] "GET /store/shop/?filter_color=beige,black,blue,brown,yellow&filter_brand=eva-solo,magisso&stock_status=instock&filter_size=l,m,s HTTP/1.1" 500 262 "-" "Mozilla/5.0 (compatible; MJ12bot/v1.4.8; http://mj12bot.com/)"
65.108.64.210 - - [14/Mar/2025:10:59:40 +0000] "GET /store/shop/?filter_color=beige,black,blue,brown,yellow&filter_brand=eva-solo,magisso&stock_status=instock,onsale&filter_size=l,m HTTP/1.1" 500 264 "-" "Mozilla/5.0 (compatible; MJ12bot/v1.4.8; http://mj12bot.com/)"
38.91.101.117 - - [14/Mar/2025:10:59:55 +0000] "POST /store/wp-cron.php?doing_wp_cron=1741949995.8443489074707031250000 HTTP/1.1" 200 0 "-" "WordPress/6.7.2; https://valuecartpk.shop/store"
65.108.64.210 - - [14/Mar/2025:11:02:20 +0000] "GET /store/shop/?filter_color=beige,black,blue,brown,yellow&filter_brand=joseph-joseph,klober,vitra&filter_size=l,m HTTP/1.1" 200 26480 "-" "Mozilla/5.0 (compatible; MJ12bot/v1.4.8; http://mj12bot.com/)"
65.108.64.210 - - [14/Mar/2025:11:03:04 +0000] "GET /store/shop/?filter_color=beige,black,blue,brown,yellow&filter_brand=joseph-joseph,klober,vitra&filter_size=m,s HTTP/1.1" 200 26480 "-" "Mozilla/5.0 (compatible; MJ12bot/v1.4.8; http://mj12bot.com/)"
65.108.64.210 - - [14/Mar/2025:11:05:19 +0000] "GET /store/shop/?filter_color=beige,black,blue,brown,yellow&filter_brand=joseph-joseph,klober,vitra&stock_status=instock,onsale HTTP/1.1" 200 23717 "-" "Mozilla/5.0 (compatible; MJ12bot/v1.4.8; http://mj12bot.com/)"
65.108.64.210 - - [14/Mar/2025:11:06:33 +0000] "GET /store/shop/?filter_color=beige,black,blue,brown,yellow&filter_brand=joseph-joseph,klober,vitra&stock_status=onsale&filter_size=l,m,s HTTP/1.1" 200 23829 "-" "Mozilla/5.0 (compatible; MJ12bot/v1.4.8; http://mj12bot.com/)"
65.108.64.210 - - [14/Mar/2025:11:08:27 +0000] "GET /store/shop/?filter_color=beige,black,blue,brown,yellow&filter_brand=joseph-joseph,magisso&stock_status=instock&filter_size=s HTTP/1.1" 200 25954 "-" "Mozilla/5.0 (compatible; MJ12bot/v1.4.8; http://mj12bot.com/)"
65.108.64.210 - - [14/Mar/2025:11:08:54 +0000] "GET /store/shop/?filter_color=beige,black,blue,brown,yellow&filter_brand=joseph-joseph,magisso&stock_status=onsale HTTP/1.1" 200 23687 "-" "Mozilla/5.0 (compatible; MJ12bot/v1.4.8; http://mj12bot.com/)"
65.108.64.210 - - [14/Mar/2025:11:10:12 +0000] "GET /store/shop/?filter_color=beige,black,blue,brown,yellow&filter_brand=joseph-joseph,vitra&filter_size=l HTTP/1.1" 200 25877 "-" "Mozilla/5.0 (compatible; MJ12bot/v1.4.8; http://mj12bot.com/)"
65.108.64.210 - - [14/Mar/2025:11:13:33 +0000] "GET /store/shop/?filter_color=beige,black,blue,brown,yellow&filter_brand=klober&stock_status=onsale&filter_size=l HTTP/1.1" 200 23679 "-" "Mozilla/5.0 (compatible; MJ12bot/v1.4.8; http://mj12bot.com/)"
65.108.64.210 - - [14/Mar/2025:11:15:09 +0000] "GET /store/shop/?filter_color=beige,black,blue,brown,yellow&filter_brand=magisso,vitra&stock_status=instock&filter_size=s HTTP/1.1" 200 25951 "-" "Mozilla/5.0 (compatible; MJ12bot/v1.4.8; http://mj12bot.com/)"
38.91.101.117 - - [14/Mar/2025:11:15:56 +0000] "POST /store/wp-cron.php?doing_wp_cron=1741950956.3063290119171142578125 HTTP/1.1" 200 0 "-" "WordPress/6.7.2; https://valuecartpk.shop/store"
65.108.64.210 - - [14/Mar/2025:11:15:04 +0000] "GET /store/shop/?filter_color=beige,black,blue,brown,yellow&filter_brand=magisso,vitra&stock_status=instock&filter_size=m,s HTTP/1.1" 200 26504 "-" "Mozilla/5.0 (compatible; MJ12bot/v1.4.8; http://mj12bot.com/)"
217.182.175.125 - - [14/Mar/2025:11:15:07 +0000] "GET /store/shop/?filter_color=beige,black,blue,brown&filter_size=m,s&stock_status=onsale&filter_brand=joseph-joseph,klober HTTP/1.1" 200 23751 "-" "Mozilla/5.0 (compatible; MJ12bot/v1.4.8; http://mj12bot.com/)"
217.182.175.125 - - [14/Mar/2025:11:15:10 +0000] "GET /store/shop/?filter_color=beige,black,blue,brown&filter_size=m,s&stock_status=onsale&filter_brand=klober,vitra HTTP/1.1" 200 23734 "-" "Mozilla/5.0 (compatible; MJ12bot/v1.4.8; http://mj12bot.com/)"
217.182.175.125 - - [14/Mar/2025:11:15:14 +0000] "GET /store/shop/?filter_color=beige,black,blue,brown&filter_size=s HTTP/1.1" 500 264 "-" "Mozilla/5.0 (compatible; MJ12bot/v1.4.8; http://mj12bot.com/)"
217.182.175.125 - - [14/Mar/2025:11:15:16 +0000] "GET /store/shop/?filter_color=beige,black,blue,brown&filter_size=s&filter_brand=eva-solo,joseph-joseph,klober,vitra HTTP/1.1" 200 25988 "-" "Mozilla/5.0 (compatible; MJ12bot/v1.4.8; http://mj12bot.com/)"
217.182.175.125 - - [14/Mar/2025:11:15:25 +0000] "GET /store/shop/?filter_color=beige,black,blue,brown&filter_size=s&filter_brand=eva-solo,klober HTTP/1.1" 200 25915 "-" "Mozilla/5.0 (compatible; MJ12bot/v1.4.8; http://mj12bot.com/)"
217.182.175.125 - - [14/Mar/2025:11:15:32 +0000] "GET /store/shop/?filter_color=beige,black,blue,brown&filter_size=s&filter_brand=eva-solo,klober,vitra&per_page=12 HTTP/1.1" 200 25975 "-" "Mozilla/5.0 (compatible; MJ12bot/v1.4.8; http://mj12bot.com/)"
217.182.175.125 - - [14/Mar/2025:11:15:38 +0000] "GET /store/shop/?filter_color=beige,black,blue,brown&filter_size=s&filter_brand=eva-solo,klober,vitra&per_page=18 HTTP/1.1" 200 25970 "-" "Mozilla/5.0 (compatible; MJ12bot/v1.4.8; http://mj12bot.com/)"
217.182.175.125 - - [14/Mar/2025:11:15:46 +0000] "GET /store/shop/?filter_color=beige,black,blue,brown&filter_size=s&filter_brand=eva-solo,klober,vitra&per_page=24 HTTP/1.1" 200 25964 "-" "Mozilla/5.0 (compatible; MJ12bot/v1.4.8; http://mj12bot.com/)"
217.182.175.125 - - [14/Mar/2025:11:15:53 +0000] "GET /store/shop/?filter_color=beige,black,blue,brown&filter_size=s&filter_brand=eva-solo,klober,vitra&per_page=9 HTTP/1.1" 200 25907 "-" "Mozilla/5.0 (compatible; MJ12bot/v1.4.8; http://mj12bot.com/)"
217.182.175.125 - - [14/Mar/2025:11:16:00 +0000] "GET /store/shop/?filter_color=beige,black,blue,brown&filter_size=s&filter_brand=eva-solo,klober,vitra&shop_view=grid&per_row=2 HTTP/1.1" 500 264 "-" "Mozilla/5.0 (compatible; MJ12bot/v1.4.8; http://mj12bot.com/)"
217.182.175.125 - - [14/Mar/2025:11:16:01 +0000] "GET /store/shop/?filter_color=beige,black,blue,brown&filter_size=s&filter_brand=eva-solo,klober,vitra&shop_view=grid&per_row=3 HTTP/1.1" 200 26002 "-" "Mozilla/5.0 (compatible; MJ12bot/v1.4.8; http://mj12bot.com/)"
217.182.175.125 - - [14/Mar/2025:11:16:06 +0000] "GET /store/shop/?filter_color=beige,black,blue,brown&filter_size=s&filter_brand=eva-solo,klober,vitra&shop_view=grid&per_row=4 HTTP/1.1" 200 25999 "-" "Mozilla/5.0 (compatible; MJ12bot/v1.4.8; http://mj12bot.com/)"
217.182.175.125 - - [14/Mar/2025:11:16:12 +0000] "GET /store/shop/?filter_color=beige,black,blue,brown&filter_size=s&filter_brand=eva-solo,klober,vitra&stock_status=instock HTTP/1.1" 200 26012 "-" "Mozilla/5.0 (compatible; MJ12bot/v1.4.8; http://mj12bot.com/)"
217.182.175.125 - - [14/Mar/2025:11:16:17 +0000] "GET /store/shop/?filter_color=beige,black,blue,brown&filter_size=s&filter_brand=eva-solo,klober,vitra&stock_status=instock,onsale HTTP/1.1" 200 23716 "-" "Mozilla/5.0 (compatible; MJ12bot/v1.4.8; http://mj12bot.com/)"
217.182.175.125 - - [14/Mar/2025:11:16:22 +0000] "GET /store/shop/?filter_color=beige,black,blue,brown&filter_size=s&filter_brand=eva-solo,klober,vitra&stock_status=onsale HTTP/1.1" 200 23789 "-" "Mozilla/5.0 (compatible; MJ12bot/v1.4.8; http://mj12bot.com/)"
217.182.175.125 - - [14/Mar/2025:11:16:28 +0000] "GET /store/shop/?filter_color=beige,black,blue,brown&filter_size=s&filter_brand=eva-solo,magisso HTTP/1.1" 500 262 "-" "Mozilla/5.0 (compatible; MJ12bot/v1.4.8; http://mj12bot.com/)"
217.182.175.125 - - [14/Mar/2025:11:16:31 +0000] "GET /store/shop/?filter_color=beige,black,blue,brown&filter_size=s&filter_brand=eva-solo,magisso&stock_status=instock HTTP/1.1" 200 25935 "-" "Mozilla/5.0 (compatible; MJ12bot/v1.4.8; http://mj12bot.com/)"
217.182.175.125 - - [14/Mar/2025:11:16:35 +0000] "GET /store/shop/?filter_color=beige,black,blue,brown&filter_size=s&filter_brand=eva-solo,magisso&stock_status=instock,onsale HTTP/1.1" 200 23715 "-" "Mozilla/5.0 (compatible; MJ12bot/v1.4.8; http://mj12bot.com/)"
217.182.175.125 - - [14/Mar/2025:11:16:38 +0000] "GET /store/shop/?filter_color=beige,black,blue,brown&filter_size=s&filter_brand=eva-solo,magisso&stock_status=onsale HTTP/1.1" 200 23697 "-" "Mozilla/5.0 (compatible; MJ12bot/v1.4.8; http://mj12bot.com/)"
65.108.64.210 - - [14/Mar/2025:11:16:41 +0000] "GET /store/shop/?filter_color=beige,black,blue,brown,yellow&filter_brand=vitra&filter_size=l HTTP/1.1" 200 25834 "-" "Mozilla/5.0 (compatible; MJ12bot/v1.4.8; http://mj12bot.com/)"
217.182.175.125 - - [14/Mar/2025:11:16:42 +0000] "GET /store/shop/?filter_color=beige,black,blue,brown&filter_size=s&filter_brand=eva-solo,vitra HTTP/1.1" 200 25873 "-" "Mozilla/5.0 (compatible; MJ12bot/v1.4.8; http://mj12bot.com/)"
217.182.175.125 - - [14/Mar/2025:11:16:47 +0000] "GET /store/shop/?filter_color=beige,black,blue,brown&filter_size=s&filter_brand=eva-solo,vitra&stock_status=instock,onsale HTTP/1.1" 200 23672 "-" "Mozilla/5.0 (compatible; MJ12bot/v1.4.8; http://mj12bot.com/)"
217.182.175.125 - - [14/Mar/2025:11:16:53 +0000] "GET /store/shop/?filter_color=beige,black,blue,brown&filter_size=s&filter_brand=joseph-joseph,klober HTTP/1.1" 500 262 "-" "Mozilla/5.0 (compatible; MJ12bot/v1.4.8; http://mj12bot.com/)"
217.182.175.125 - - [14/Mar/2025:11:16:56 +0000] "GET /store/shop/?filter_color=beige,black,blue,brown&filter_size=s&filter_brand=joseph-joseph,klober,vitra&per_page=12 HTTP/1.1" 200 25959 "-" "Mozilla/5.0 (compatible; MJ12bot/v1.4.8; http://mj12bot.com/)"
217.182.175.125 - - [14/Mar/2025:11:17:02 +0000] "GET /store/shop/?filter_color=beige,black,blue,brown&filter_size=s&filter_brand=joseph-joseph,klober,vitra&per_page=18 HTTP/1.1" 200 25948 "-" "Mozilla/5.0 (compatible; MJ12bot/v1.4.8; http://mj12bot.com/)"
217.182.175.125 - - [14/Mar/2025:11:17:08 +0000] "GET /store/shop/?filter_color=beige,black,blue,brown&filter_size=s&filter_brand=joseph-joseph,klober,vitra&per_page=24 HTTP/1.1" 200 25945 "-" "Mozilla/5.0 (compatible; MJ12bot/v1.4.8; http://mj12bot.com/)"
217.182.175.125 - - [14/Mar/2025:11:17:14 +0000] "GET /store/shop/?filter_color=beige,black,blue,brown&filter_size=s&filter_brand=joseph-joseph,klober,vitra&per_page=9 HTTP/1.1" 200 25944 "-" "Mozilla/5.0 (compatible; MJ12bot/v1.4.8; http://mj12bot.com/)"
217.182.175.125 - - [14/Mar/2025:11:17:20 +0000] "GET /store/shop/?filter_color=beige,black,blue,brown&filter_size=s&filter_brand=joseph-joseph,klober,vitra&shop_view=grid&per_row=2 HTTP/1.1" 200 25973 "-" "Mozilla/5.0 (compatible; MJ12bot/v1.4.8; http://mj12bot.com/)"
217.182.175.125 - - [14/Mar/2025:11:17:25 +0000] "GET /store/shop/?filter_color=beige,black,blue,brown&filter_size=s&filter_brand=joseph-joseph,klober,vitra&shop_view=grid&per_row=3 HTTP/1.1" 500 262 "-" "Mozilla/5.0 (compatible; MJ12bot/v1.4.8; http://mj12bot.com/)"
217.182.175.125 - - [14/Mar/2025:11:17:28 +0000] "GET /store/shop/?filter_color=beige,black,blue,brown&filter_size=s&filter_brand=joseph-joseph,klober,vitra&shop_view=grid&per_row=4 HTTP/1.1" 200 25974 "-" "Mozilla/5.0 (compatible; MJ12bot/v1.4.8; http://mj12bot.com/)"
217.182.175.125 - - [14/Mar/2025:11:17:34 +0000] "GET /store/shop/?filter_color=beige,black,blue,brown&filter_size=s&filter_brand=joseph-joseph,klober,vitra&stock_status=instock HTTP/1.1" 200 25982 "-" "Mozilla/5.0 (compatible; MJ12bot/v1.4.8; http://mj12bot.com/)"
20.171.207.177 - - [14/Mar/2025:11:14:49 +0000] "GET /store/shop/?filter_brand=joseph-joseph%2Cmagisso%2Cvitra&filter_color=black%2Cblue&filter_size=m&per_page=9&per_row=4&shop_view=grid&stock_status=onsale HTTP/2" 200 23723 "-" "Mozilla/5.0 AppleWebKit/537.36 (KHTML, like Gecko; compatible; GPTBot/1.2; +https://openai.com/gptbot)"
65.108.64.210 - - [14/Mar/2025:11:15:39 +0000] "GET /store/shop/?filter_color=beige,black,blue,brown,yellow&filter_brand=magisso,vitra&stock_status=instock,onsale&filter_size=m HTTP/1.1" 200 23752 "-" "Mozilla/5.0 (compatible; MJ12bot/v1.4.8; http://mj12bot.com/)"
20.171.207.177 - - [14/Mar/2025:11:15:39 +0000] "GET /store/shop/?filter_brand=joseph-joseph%2Cklober&filter_color=beige%2Cblack%2Cblue&filter_size=m&per_page=24&stock_status=onsale HTTP/2" 200 23749 "-" "Mozilla/5.0 AppleWebKit/537.36 (KHTML, like Gecko; compatible; GPTBot/1.2; +https://openai.com/gptbot)"
65.108.64.210 - - [14/Mar/2025:11:16:06 +0000] "GET /store/shop/?filter_color=beige,black,blue,brown,yellow&filter_brand=magisso,vitra&stock_status=onsale&filter_size=l,m HTTP/1.1" 200 23760 "-" "Mozilla/5.0 (compatible; MJ12bot/v1.4.8; http://mj12bot.com/)"
20.171.207.177 - - [14/Mar/2025:11:16:24 +0000] "GET /store/shop/?filter_brand=eva-solo%2Cjoseph-joseph%2Cklober&filter_color=beige%2Cblue%2Cbrown&filter_size=m&per_page=18&stock_status=onsale HTTP/2" 200 23752 "-" "Mozilla/5.0 AppleWebKit/537.36 (KHTML, like Gecko; compatible; GPTBot/1.2; +https://openai.com/gptbot)"
65.108.64.210 - - [14/Mar/2025:11:16:37 +0000] "GET /store/shop/?filter_color=beige,black,blue,brown,yellow&filter_brand=magisso,vitra&stock_status=onsale&filter_size=s HTTP/1.1" 200 23712 "-" "Mozilla/5.0 (compatible; MJ12bot/v1.4.8; http://mj12bot.com/)"
65.108.64.210 - - [14/Mar/2025:11:16:47 +0000] "GET /store/shop/?filter_color=beige,black,blue,brown,yellow&filter_brand=vitra&filter_size=l,m HTTP/1.1" 200 25843 "-" "Mozilla/5.0 (compatible; MJ12bot/v1.4.8; http://mj12bot.com/)"
20.171.207.177 - - [14/Mar/2025:11:17:03 +0000] "GET /store/shop/?filter_brand=joseph-joseph%2Cklober&filter_color=blue%2Cyellow&filter_size=m%2Cs&per_page=24&stock_status=instock HTTP/2" 200 26275 "-" "Mozilla/5.0 AppleWebKit/537.36 (KHTML, like Gecko; compatible; GPTBot/1.2; +https://openai.com/gptbot)"
65.108.64.210 - - [14/Mar/2025:11:17:04 +0000] "GET /store/shop/?filter_color=beige,black,blue,brown,yellow&filter_brand=vitra&filter_size=l,s HTTP/1.1" 200 25851 "-" "Mozilla/5.0 (compatible; MJ12bot/v1.4.8; http://mj12bot.com/)"
65.108.64.210 - - [14/Mar/2025:11:17:20 +0000] "GET /store/shop/?filter_color=beige,black,blue,brown,yellow&filter_brand=vitra&filter_size=m,s HTTP/1.1" 200 25850 "-" "Mozilla/5.0 (compatible; MJ12bot/v1.4.8; http://mj12bot.com/)"
65.108.64.210 - - [14/Mar/2025:11:17:34 +0000] "GET /store/shop/?filter_color=beige,black,blue,brown,yellow&filter_brand=vitra&per_page=12 HTTP/1.1" 200 25849 "-" "Mozilla/5.0 (compatible; MJ12bot/v1.4.8; http://mj12bot.com/)"
20.171.207.177 - - [14/Mar/2025:11:17:39 +0000] "GET /store/shop/?filter_brand=eva-solo%2Cmagisso%2Cvitra&filter_color=beige%2Cblack%2Cyellow&filter_size=l&per_page=12&stock_status=instock HTTP/2" 200 25966 "-" "Mozilla/5.0 AppleWebKit/537.36 (KHTML, like Gecko; compatible; GPTBot/1.2; +https://openai.com/gptbot)"
65.108.64.210 - - [14/Mar/2025:11:18:01 +0000] "GET /store/shop/?filter_color=beige,black,blue,brown,yellow&filter_brand=vitra&shop_view=grid&per_row=2 HTTP/1.1" 200 25860 "-" "Mozilla/5.0 (compatible; MJ12bot/v1.4.8; http://mj12bot.com/)"
65.108.64.210 - - [14/Mar/2025:11:18:06 +0000] "GET /store/shop/?filter_color=beige,black,blue,brown,yellow&filter_brand=vitra&shop_view=grid&per_row=3 HTTP/1.1" 200 25853 "-" "Mozilla/5.0 (compatible; MJ12bot/v1.4.8; http://mj12bot.com/)"
20.171.207.177 - - [14/Mar/2025:11:18:13 +0000] "GET /store/shop/?filter_brand=eva-solo%2Cjoseph-joseph&filter_color=black%2Cbrown%2Cyellow&filter_size=l%2Cm%2Cs&per_page=18&stock_status=instock HTTP/2" 500 1034 "-" "Mozilla/5.0 AppleWebKit/537.36 (KHTML, like Gecko; compatible; GPTBot/1.2; +https://openai.com/gptbot)"
217.182.175.125 - - [14/Mar/2025:11:17:39 +0000] "GET /store/shop/?filter_color=beige,black,blue,brown&filter_size=s&filter_brand=joseph-joseph,klober,vitra&stock_status=instock,onsale HTTP/1.1" 200 23757 "-" "Mozilla/5.0 (compatible; MJ12bot/v1.4.8; http://mj12bot.com/)"
65.108.64.210 - - [14/Mar/2025:11:17:40 +0000] "GET /store/shop/?filter_color=beige,black,blue,brown,yellow&filter_brand=vitra&per_page=18 HTTP/1.1" 200 25848 "-" "Mozilla/5.0 (compatible; MJ12bot/v1.4.8; http://mj12bot.com/)"
217.182.175.125 - - [14/Mar/2025:11:17:48 +0000] "GET /store/shop/?filter_color=beige,black,blue,brown&filter_size=s&filter_brand=joseph-joseph,klober,vitra&stock_status=onsale HTTP/1.1" 200 23766 "-" "Mozilla/5.0 (compatible; MJ12bot/v1.4.8; http://mj12bot.com/)"
65.108.64.210 - - [14/Mar/2025:11:17:49 +0000] "GET /store/shop/?filter_color=beige,black,blue,brown,yellow&filter_brand=vitra&per_page=24 HTTP/1.1" 200 25846 "-" "Mozilla/5.0 (compatible; MJ12bot/v1.4.8; http://mj12bot.com/)"
38.91.101.117 - - [14/Mar/2025:11:17:56 +0000] "POST /store/wp-cron.php?doing_wp_cron=1741951076.7372310161590576171875 HTTP/1.1" 200 0 "-" "WordPress/6.7.2; https://valuecartpk.shop/store"
217.182.175.125 - - [14/Mar/2025:11:17:53 +0000] "GET /store/shop/?filter_color=beige,black,blue,brown&filter_size=s&filter_brand=joseph-joseph,magisso HTTP/1.1" 200 25918 "-" "Mozilla/5.0 (compatible; MJ12bot/v1.4.8; http://mj12bot.com/)"
217.182.175.125 - - [14/Mar/2025:11:18:00 +0000] "GET /store/shop/?filter_color=beige,black,blue,brown&filter_size=s&filter_brand=joseph-joseph,magisso&stock_status=instock HTTP/1.1" 200 25961 "-" "Mozilla/5.0 (compatible; MJ12bot/v1.4.8; http://mj12bot.com/)"
217.182.175.125 - - [14/Mar/2025:11:18:05 +0000] "GET /store/shop/?filter_color=beige,black,blue,brown&filter_size=s&filter_brand=joseph-joseph,magisso&stock_status=instock,onsale HTTP/1.1" 200 23681 "-" "Mozilla/5.0 (compatible; MJ12bot/v1.4.8; http://mj12bot.com/)"
217.182.175.125 - - [14/Mar/2025:11:18:09 +0000] "GET /store/shop/?filter_color=beige,black,blue,brown&filter_size=s&filter_brand=joseph-joseph,magisso&stock_status=onsale HTTP/1.1" 200 23746 "-" "Mozilla/5.0 (compatible; MJ12bot/v1.4.8; http://mj12bot.com/)"
217.182.175.125 - - [14/Mar/2025:11:18:14 +0000] "GET /store/shop/?filter_color=beige,black,blue,brown&filter_size=s&filter_brand=joseph-joseph,vitra HTTP/1.1" 200 25871 "-" "Mozilla/5.0 (compatible; MJ12bot/v1.4.8; http://mj12bot.com/)"
217.182.175.125 - - [14/Mar/2025:11:18:19 +0000] "GET /store/shop/?filter_color=beige,black,blue,brown&filter_size=s&filter_brand=joseph-joseph,vitra&stock_status=instock,onsale HTTP/1.1" 200 23668 "-" "Mozilla/5.0 (compatible; MJ12bot/v1.4.8; http://mj12bot.com/)"
217.182.175.125 - - [14/Mar/2025:11:18:24 +0000] "GET /store/shop/?filter_color=beige,black,blue,brown&filter_size=s&filter_brand=klober&stock_status=instock HTTP/1.1" 200 23679 "-" "Mozilla/5.0 (compatible; MJ12bot/v1.4.8; http://mj12bot.com/)"
217.182.175.125 - - [14/Mar/2025:11:18:30 +0000] "GET /store/shop/?filter_color=beige,black,blue,brown&filter_size=s&filter_brand=klober&stock_status=instock,onsale HTTP/1.1" 200 23673 "-" "Mozilla/5.0 (compatible; MJ12bot/v1.4.8; http://mj12bot.com/)"
217.182.175.125 - - [14/Mar/2025:11:18:35 +0000] "GET /store/shop/?filter_color=beige,black,blue,brown&filter_size=s&filter_brand=klober&stock_status=onsale HTTP/1.1" 500 264 "-" "Mozilla/5.0 (compatible; MJ12bot/v1.4.8; http://mj12bot.com/)"
217.182.175.125 - - [14/Mar/2025:11:18:37 +0000] "GET /store/shop/?filter_color=beige,black,blue,brown&filter_size=s&filter_brand=klober,vitra HTTP/1.1" 200 25922 "-" "Mozilla/5.0 (compatible; MJ12bot/v1.4.8; http://mj12bot.com/)"
217.182.175.125 - - [14/Mar/2025:11:18:41 +0000] "GET /store/shop/?filter_color=beige,black,blue,brown&filter_size=s&filter_brand=magisso,vitra HTTP/1.1" 200 25904 "-" "Mozilla/5.0 (compatible; MJ12bot/v1.4.8; http://mj12bot.com/)"
65.108.64.210 - - [14/Mar/2025:11:16:01 +0000] "GET /store/shop/?filter_color=beige,black,blue,brown,yellow&filter_brand=magisso,vitra&stock_status=onsale&filter_size=l HTTP/1.1" 200 23716 "-" "Mozilla/5.0 (compatible; MJ12bot/v1.4.8; http://mj12bot.com/)"
65.108.64.210 - - [14/Mar/2025:11:16:13 +0000] "GET /store/shop/?filter_color=beige,black,blue,brown,yellow&filter_brand=magisso,vitra&stock_status=onsale&filter_size=l,m,s HTTP/1.1" 200 23774 "-" "Mozilla/5.0 (compatible; MJ12bot/v1.4.8; http://mj12bot.com/)"
65.108.64.210 - - [14/Mar/2025:11:18:43 +0000] "GET /store/shop/?filter_color=beige,black,blue,brown,yellow&filter_brand=vitra&stock_status=instock&filter_size=m HTTP/1.1" 200 25914 "-" "Mozilla/5.0 (compatible; MJ12bot/v1.4.8; http://mj12bot.com/)"
65.108.64.210 - - [14/Mar/2025:11:19:42 +0000] "GET /store/shop/?filter_color=beige,black,blue,brown,yellow&filter_brand=vitra&stock_status=instock,onsale&filter_size=s HTTP/1.1" 200 23621 "-" "Mozilla/5.0 (compatible; MJ12bot/v1.4.8; http://mj12bot.com/)"
217.182.134.106 - - [14/Mar/2025:11:19:50 +0000] "GET /robots.txt HTTP/1.1" 404 1251 "-" "Mozilla/5.0 (compatible; MJ12bot/v1.4.8; http://mj12bot.com/)"
217.182.134.106 - - [14/Mar/2025:11:19:51 +0000] "GET /store/product-category/accessories/?filter_brand=eva-solo&filter_color=beige,black,blue,yellow&per_page=12 HTTP/1.1" 500 264 "-" "Mozilla/5.0 (compatible; MJ12bot/v1.4.8; http://mj12bot.com/)"
217.182.134.106 - - [14/Mar/2025:11:19:54 +0000] "GET /store/shop/?filter_color=beige,black,blue&filter_brand=joseph-joseph,magisso,vitra&filter_size=l,m&per_page=24 HTTP/1.1" 200 26437 "-" "Mozilla/5.0 (compatible; MJ12bot/v1.4.8; http://mj12bot.com/)"
217.182.134.106 - - [14/Mar/2025:11:20:00 +0000] "GET /store/shop/?filter_color=beige,black,blue&filter_brand=joseph-joseph,magisso,vitra&filter_size=l,m&shop_view=grid&per_row=2 HTTP/1.1" 200 26453 "-" "Mozilla/5.0 (compatible; MJ12bot/v1.4.8; http://mj12bot.com/)"
217.182.134.106 - - [14/Mar/2025:11:20:05 +0000] "GET /store/shop/?filter_color=beige,black,blue&filter_brand=joseph-joseph,magisso,vitra&filter_size=l,m&shop_view=grid&per_row=3 HTTP/1.1" 200 26448 "-" "Mozilla/5.0 (compatible; MJ12bot/v1.4.8; http://mj12bot.com/)"
217.182.134.106 - - [14/Mar/2025:11:20:09 +0000] "GET /store/shop/?filter_color=beige,black,blue&filter_brand=joseph-joseph,magisso,vitra&filter_size=l,m&shop_view=grid&per_row=4 HTTP/1.1" 200 26446 "-" "Mozilla/5.0 (compatible; MJ12bot/v1.4.8; http://mj12bot.com/)"
217.182.134.106 - - [14/Mar/2025:11:20:14 +0000] "GET /store/shop/?filter_color=beige,black,blue&filter_brand=klober&filter_size=l&stock_status=instock,onsale HTTP/1.1" 500 262 "-" "Mozilla/5.0 (compatible; MJ12bot/v1.4.8; http://mj12bot.com/)"
217.182.134.106 - - [14/Mar/2025:11:20:16 +0000] "GET /store/shop/?filter_color=beige,black,blue&filter_brand=klober&filter_size=l,m&stock_status=instock HTTP/1.1" 200 23686 "-" "Mozilla/5.0 (compatible; MJ12bot/v1.4.8; http://mj12bot.com/)"
217.182.134.106 - - [14/Mar/2025:11:20:20 +0000] "GET /store/shop/?filter_color=beige,black,blue&filter_brand=klober&filter_size=l,m&stock_status=instock,onsale HTTP/1.1" 200 23665 "-" "Mozilla/5.0 (compatible; MJ12bot/v1.4.8; http://mj12bot.com/)"
217.182.134.106 - - [14/Mar/2025:11:20:24 +0000] "GET /store/shop/?filter_color=beige,black,blue&filter_brand=klober&filter_size=l,m&stock_status=onsale HTTP/1.1" 200 23694 "-" "Mozilla/5.0 (compatible; MJ12bot/v1.4.8; http://mj12bot.com/)"
217.182.134.106 - - [14/Mar/2025:11:20:28 +0000] "GET /store/shop/?filter_color=beige,black,blue&filter_brand=klober&filter_size=l,m,s&stock_status=instock,onsale HTTP/1.1" 200 23695 "-" "Mozilla/5.0 (compatible; MJ12bot/v1.4.8; http://mj12bot.com/)"
217.182.134.106 - - [14/Mar/2025:11:20:33 +0000] "GET /store/shop/?filter_color=beige,black,blue&filter_brand=klober&filter_size=l,m,s&stock_status=onsale HTTP/1.1" 500 262 "-" "Mozilla/5.0 (compatible; MJ12bot/v1.4.8; http://mj12bot.com/)"
65.108.64.210 - - [14/Mar/2025:11:13:02 +0000] "GET /store/shop/?filter_color=beige,black,blue,brown,yellow&filter_brand=klober&stock_status=instock,onsale&filter_size=l,s HTTP/1.1" 200 23697 "-" "Mozilla/5.0 (compatible; MJ12bot/v1.4.8; http://mj12bot.com/)"
65.108.64.210 - - [14/Mar/2025:11:14:30 +0000] "GET /store/shop/?filter_color=beige,black,blue,brown,yellow&filter_brand=magisso,vitra&stock_status=instock HTTP/1.1" 500 262 "-" "Mozilla/5.0 (compatible; MJ12bot/v1.4.8; http://mj12bot.com/)"
65.108.64.210 - - [14/Mar/2025:11:14:58 +0000] "GET /store/shop/?filter_color=beige,black,blue,brown,yellow&filter_brand=magisso,vitra&stock_status=instock&filter_size=m HTTP/1.1" 200 25954 "-" "Mozilla/5.0 (compatible; MJ12bot/v1.4.8; http://mj12bot.com/)"
65.108.64.210 - - [14/Mar/2025:11:18:12 +0000] "GET /store/shop/?filter_color=beige,black,blue,brown,yellow&filter_brand=vitra&shop_view=grid&per_row=4 HTTP/1.1" 200 25852 "-" "Mozilla/5.0 (compatible; MJ12bot/v1.4.8; http://mj12bot.com/)"
65.108.64.210 - - [14/Mar/2025:11:19:09 +0000] "GET /store/shop/?filter_color=beige,black,blue,brown,yellow&filter_brand=vitra&stock_status=instock,onsale&filter_size=l HTTP/1.1" 200 23620 "-" "Mozilla/5.0 (compatible; MJ12bot/v1.4.8; http://mj12bot.com/)"
65.108.64.210 - - [14/Mar/2025:11:19:37 +0000] "GET /store/shop/?filter_color=beige,black,blue,brown,yellow&filter_brand=vitra&stock_status=instock,onsale&filter_size=m,s HTTP/1.1" 200 23666 "-" "Mozilla/5.0 (compatible; MJ12bot/v1.4.8; http://mj12bot.com/)"
65.108.64.210 - - [14/Mar/2025:11:19:51 +0000] "GET /store/shop/?filter_color=beige,black,blue,brown,yellow&filter_brand=vitra&stock_status=onsale&filter_size=l HTTP/1.1" 200 23620 "-" "Mozilla/5.0 (compatible; MJ12bot/v1.4.8; http://mj12bot.com/)"
38.91.101.117 - - [14/Mar/2025:11:23:09 +0000] "POST /store/wp-cron.php?doing_wp_cron=1741951389.4261600971221923828125 HTTP/1.1" 200 0 "-" "WordPress/6.7.2; https://valuecartpk.shop/store"
103.166.150.82 - - [14/Mar/2025:11:24:04 +0000] "GET /store/wp-json/cartflows/v1/admin/step-data/15649?_locale=user HTTP/1.1" 200 6584 "https://valuecartpk.shop/store/wp-admin/admin.php?page=cartflows&path=store-checkout&action=wcf-edit-flow&flow_id=15648&step_id=15649" "Mozilla/5.0 (Windows NT 10.0; Win64; x64) AppleWebKit/537.36 (KHTML, like Gecko) Chrome/134.0.0.0 Safari/537.36"
103.166.150.82 - - [14/Mar/2025:11:24:04 +0000] "GET /store/wp-json/cartflows/v1/admin/flow-data/15648?_locale=user HTTP/1.1" 200 1699 "https://valuecartpk.shop/store/wp-admin/admin.php?page=cartflows&path=store-checkout&action=wcf-edit-flow&flow_id=15648&step_id=15649" "Mozilla/5.0 (Windows NT 10.0; Win64; x64) AppleWebKit/537.36 (KHTML, like Gecko) Chrome/134.0.0.0 Safari/537.36"
103.166.150.82 - - [14/Mar/2025:11:24:14 +0000] "GET /store/wp-json/cartflows/v1/admin/flow-data/15648?_locale=user HTTP/1.1" 200 1699 "https://valuecartpk.shop/store/wp-admin/admin.php?page=cartflows&path=store-checkout&action=wcf-edit-flow&flow_id=15648&step_id=15649" "Mozilla/5.0 (Windows NT 10.0; Win64; x64) AppleWebKit/537.36 (KHTML, like Gecko) Chrome/134.0.0.0 Safari/537.36"
103.166.150.82 - - [14/Mar/2025:11:24:18 +0000] "GET /store/wp-json/cartflows/v1/admin/flow-data/15648?_locale=user HTTP/1.1" 200 1699 "https://valuecartpk.shop/store/wp-admin/admin.php?page=cartflows&path=store-checkout&action=wcf-edit-flow&flow_id=15648&step_id=15649" "Mozilla/5.0 (Windows NT 10.0; Win64; x64) AppleWebKit/537.36 (KHTML, like Gecko) Chrome/134.0.0.0 Safari/537.36"
103.166.150.82 - - [14/Mar/2025:11:24:36 +0000] "GET /store/wp-admin/post.php?post=15649&action=elementor HTTP/1.1" 200 229567 "https://valuecartpk.shop/store/wp-admin/admin.php?page=cartflows&path=store-checkout&action=wcf-edit-flow&flow_id=15648" "Mozilla/5.0 (Windows NT 10.0; Win64; x64) AppleWebKit/537.36 (KHTML, like Gecko) Chrome/134.0.0.0 Safari/537.36"
