38.91.101.117 - - [14/Mar/2025:10:10:06 +0000] "POST /store/wp-cron.php?doing_wp_cron=1741947006.5199980735778808593750 HTTP/1.1" 200 0 "-" "WordPress/6.7.2; https://valuecartpk.shop/store"
38.91.101.117 - - [14/Mar/2025:10:13:08 +0000] "POST /store/wp-cron.php?doing_wp_cron=1741947187.6543340682983398437500 HTTP/1.1" 200 0 "-" "WordPress/6.7.2; https://valuecartpk.shop/store"
38.91.101.117 - - [14/Mar/2025:10:14:10 +0000] "POST /store/wp-cron.php?doing_wp_cron=1741947249.3845729827880859375000 HTTP/1.1" 200 0 "-" "WordPress/6.7.2; https://valuecartpk.shop/store"
217.182.175.125 - - [14/Mar/2025:10:22:54 +0000] "GET /robots.txt HTTP/1.1" 404 1251 "-" "Mozilla/5.0 (compatible; MJ12bot/v1.4.8; http://mj12bot.com/)"
38.91.101.117 - - [14/Mar/2025:10:24:56 +0000] "POST /store/wp-cron.php?doing_wp_cron=1741947896.4967470169067382812500 HTTP/1.1" 200 0 "-" "WordPress/6.7.2; https://valuecartpk.shop/store"
20.171.207.177 - - [14/Mar/2025:10:37:52 +0000] "GET /store/shop/?filter_brand=eva-solo%2Cjoseph-joseph%2Cklober&filter_color=beige%2Cblack%2Cblue&filter_size=l&per_page=18&stock_status=instock HTTP/2" 200 25977 "-" "Mozilla/5.0 AppleWebKit/537.36 (KHTML, like Gecko; compatible; GPTBot/1.2; +https://openai.com/gptbot)"
20.171.207.177 - - [14/Mar/2025:10:38:02 +0000] "GET /store/shop/?filter_brand=eva-solo%2Cjoseph-joseph%2Cklober&filter_color=beige%2Cblack%2Cblue&filter_size=l&per_page=24&stock_status=instock%2Consale HTTP/2" 200 23775 "-" "Mozilla/5.0 AppleWebKit/537.36 (KHTML, like Gecko; compatible; GPTBot/1.2; +https://openai.com/gptbot)"
20.171.207.177 - - [14/Mar/2025:10:38:11 +0000] "GET /store/shop/?filter_brand=klober%2Cvitra&filter_color=beige%2Cblack&filter_size=l%2Cm%2Cs&per_page=18&stock_status=instock HTTP/2" 500 1035 "-" "Mozilla/5.0 AppleWebKit/537.36 (KHTML, like Gecko; compatible; GPTBot/1.2; +https://openai.com/gptbot)"
20.171.207.177 - - [14/Mar/2025:10:38:20 +0000] "GET /store/shop/?filter_brand=eva-solo%2Cjoseph-joseph%2Cklober&filter_color=beige%2Cblack%2Cblue&filter_size=l&per_page=12&stock_status=instock%2Consale HTTP/2" 200 23772 "-" "Mozilla/5.0 AppleWebKit/537.36 (KHTML, like Gecko; compatible; GPTBot/1.2; +https://openai.com/gptbot)"
20.171.207.177 - - [14/Mar/2025:10:40:05 +0000] "GET /store/shop/?filter_brand=eva-solo%2Cjoseph-joseph%2Cklober&filter_color=beige%2Cblack%2Cblue%2Cyellow&per_page=18&per_row=3&shop_view=grid&stock_status=onsale HTTP/2" 200 23716 "-" "Mozilla/5.0 AppleWebKit/537.36 (KHTML, like Gecko; compatible; GPTBot/1.2; +https://openai.com/gptbot)"
20.171.207.177 - - [14/Mar/2025:10:39:49 +0000] "GET /store/shop/?filter_brand=joseph-joseph%2Cklober&filter_color=beige%2Cblack%2Cblue&filter_size=l&per_page=18 HTTP/2" 200 25900 "-" "Mozilla/5.0 AppleWebKit/537.36 (KHTML, like Gecko; compatible; GPTBot/1.2; +https://openai.com/gptbot)"
20.171.207.177 - - [14/Mar/2025:10:41:08 +0000] "GET /store/shop/?filter_brand=joseph-joseph%2Cklober%2Cvitra&filter_color=beige%2Cblue%2Cbrown&filter_size=m%2Cs&per_row=4&shop_view=grid HTTP/2" 200 26474 "-" "Mozilla/5.0 AppleWebKit/537.36 (KHTML, like Gecko; compatible; GPTBot/1.2; +https://openai.com/gptbot)"
20.171.207.177 - - [14/Mar/2025:10:40:47 +0000] "GET /store/shop/?filter_brand=eva-solo%2Cjoseph-joseph%2Cklober&filter_color=beige%2Cblack%2Cblue&filter_size=l&per_page=18&stock_status=instock%2Consale HTTP/2" 200 23774 "-" "Mozilla/5.0 AppleWebKit/537.36 (KHTML, like Gecko; compatible; GPTBot/1.2; +https://openai.com/gptbot)"
38.91.101.117 - - [14/Mar/2025:10:41:00 +0000] "POST /store/wp-cron.php?doing_wp_cron=1741948860.2036199569702148437500 HTTP/1.1" 200 0 "-" "WordPress/6.7.2; https://valuecartpk.shop/store"
2a06:98c0:3600::103 - - [14/Mar/2025:10:40:01 +0000] "GET /wp-admin/setup-config.php HTTP/1.1" 404 1251 "-" "Mozilla/5.0 (Windows NT 10.0; Win64; x64) AppleWebKit/537.36 (KHTML, like Gecko) Chrome/133.0.0.0 Safari/537.36"
38.91.101.117 - - [14/Mar/2025:09:44:04 +0000] "POST /store/wp-cron.php?doing_wp_cron=1741945444.4741048812866210937500 HTTP/1.1" 200 0 "-" "WordPress/6.7.2; https://valuecartpk.shop/store"
38.91.101.117 - - [14/Mar/2025:09:44:18 +0000] "POST /store/wp-cron.php?doing_wp_cron=1741945458.4915189743041992187500 HTTP/1.1" 200 0 "-" "WordPress/6.7.2; https://valuecartpk.shop/store"
38.91.101.117 - - [14/Mar/2025:09:52:56 +0000] "POST /store/wp-cron.php?doing_wp_cron=1741945976.9520308971405029296875 HTTP/1.1" 200 0 "-" "WordPress/6.7.2; https://valuecartpk.shop/store"
38.91.101.117 - - [14/Mar/2025:09:59:19 +0000] "POST /store/wp-cron.php?doing_wp_cron=1741946359.4659919738769531250000 HTTP/1.1" 200 0 "-" "WordPress/6.7.2; https://valuecartpk.shop/store"
2a06:98c0:3600::103 - - [14/Mar/2025:10:02:21 +0000] "GET /wp-admin/setup-config.php HTTP/1.1" 404 1251 "-" "Mozilla/5.0 (Windows NT 10.0; Win64; x64) AppleWebKit/537.36 (KHTML, like Gecko) Chrome/133.0.0.0 Safari/537.36"
38.91.101.117 - - [14/Mar/2025:10:04:09 +0000] "POST /store/wp-cron.php?doing_wp_cron=1741946649.5611588954925537109375 HTTP/1.1" 200 0 "-" "WordPress/6.7.2; https://valuecartpk.shop/store"
38.91.101.117 - - [14/Mar/2025:10:09:02 +0000] "POST /store/wp-cron.php?doing_wp_cron=1741946942.3615601062774658203125 HTTP/1.1" 200 0 "-" "WordPress/6.7.2; https://valuecartpk.shop/store"
38.91.101.117 - - [14/Mar/2025:10:17:56 +0000] "POST /store/wp-cron.php?doing_wp_cron=1741947476.3170900344848632812500 HTTP/1.1" 200 0 "-" "WordPress/6.7.2; https://valuecartpk.shop/store"
149.57.180.86 - - [14/Mar/2025:10:19:20 +0000] "GET / HTTP/1.1" 200 781 "-" "Mozilla/5.0 (X11; Linux i686; rv:109.0) Gecko/20100101 Firefox/120.0"
2a06:98c0:3600::103 - - [14/Mar/2025:10:21:58 +0000] "GET /wordpress/wp-admin/setup-config.php HTTP/1.1" 404 1251 "-" "Mozilla/5.0 (Windows NT 10.0; Win64; x64) AppleWebKit/537.36 (KHTML, like Gecko) Chrome/133.0.0.0 Safari/537.36"
2a06:98c0:3600::103 - - [14/Mar/2025:10:23:35 +0000] "GET /wordpress/wp-admin/setup-config.php HTTP/1.1" 404 1251 "-" "Mozilla/5.0 (Windows NT 10.0; Win64; x64) AppleWebKit/537.36 (KHTML, like Gecko) Chrome/133.0.0.0 Safari/537.36"
2a06:98c0:3600::103 - - [14/Mar/2025:10:24:04 +0000] "GET /wp-admin/setup-config.php HTTP/1.1" 404 1251 "-" "Mozilla/5.0 (Windows NT 10.0; Win64; x64) AppleWebKit/537.36 (KHTML, like Gecko) Chrome/133.0.0.0 Safari/537.36"
38.91.101.117 - - [14/Mar/2025:10:24:06 +0000] "POST /store/wp-cron.php?doing_wp_cron=1741947846.2246088981628417968750 HTTP/1.1" 200 0 "-" "WordPress/6.7.2; https://valuecartpk.shop/store"
38.91.101.117 - - [14/Mar/2025:10:33:10 +0000] "POST /store/wp-cron.php?doing_wp_cron=1741948389.7351629734039306640625 HTTP/1.1" 200 0 "-" "WordPress/6.7.2; https://valuecartpk.shop/store"
2a06:98c0:3600::103 - - [14/Mar/2025:09:44:24 +0000] "GET /wp-admin/setup-config.php HTTP/1.1" 404 1251 "-" "Mozilla/5.0 (Windows NT 10.0; Win64; x64) AppleWebKit/537.36 (KHTML, like Gecko) Chrome/133.0.0.0 Safari/537.36"
2a06:98c0:3600::103 - - [14/Mar/2025:09:44:43 +0000] "GET /wordpress/wp-admin/setup-config.php HTTP/1.1" 404 1251 "-" "Mozilla/5.0 (Windows NT 10.0; Win64; x64) AppleWebKit/537.36 (KHTML, like Gecko) Chrome/133.0.0.0 Safari/537.36"
38.91.101.117 - - [14/Mar/2025:09:49:06 +0000] "POST /store/wp-cron.php?doing_wp_cron=1741945746.1606450080871582031250 HTTP/1.1" 200 0 "-" "WordPress/6.7.2; https://valuecartpk.shop/store"
38.91.101.117 - - [14/Mar/2025:10:15:59 +0000] "POST /store/wp-cron.php?doing_wp_cron=1741947359.8463780879974365234375 HTTP/1.1" 200 0 "-" "WordPress/6.7.2; https://valuecartpk.shop/store"
38.91.101.117 - - [14/Mar/2025:10:17:15 +0000] "POST /store/wp-cron.php?doing_wp_cron=1741947435.4955260753631591796875 HTTP/1.1" 200 0 "-" "WordPress/6.7.2; https://valuecartpk.shop/store"
38.91.101.117 - - [14/Mar/2025:10:19:58 +0000] "POST /store/wp-cron.php?doing_wp_cron=1741947598.5023400783538818359375 HTTP/1.1" 200 0 "-" "WordPress/6.7.2; https://valuecartpk.shop/store"
4.227.36.42 - - [14/Mar/2025:10:20:56 +0000] "GET /robots.txt HTTP/2" 404 1251 "-" "Mozilla/5.0 AppleWebKit/537.36 (KHTML, like Gecko; compatible; GPTBot/1.2; +https://openai.com/gptbot)"
38.91.101.117 - - [14/Mar/2025:10:26:02 +0000] "POST /store/wp-cron.php?doing_wp_cron=1741947962.1994359493255615234375 HTTP/1.1" 200 0 "-" "WordPress/6.7.2; https://valuecartpk.shop/store"
38.91.101.117 - - [14/Mar/2025:10:27:56 +0000] "POST /store/wp-cron.php?doing_wp_cron=1741948076.2814700603485107421875 HTTP/1.1" 200 0 "-" "WordPress/6.7.2; https://valuecartpk.shop/store"
38.91.101.117 - - [14/Mar/2025:10:31:56 +0000] "POST /store/wp-cron.php?doing_wp_cron=1741948315.4906790256500244140625 HTTP/1.1" 200 0 "-" "WordPress/6.7.2; https://valuecartpk.shop/store"
38.91.101.117 - - [14/Mar/2025:10:34:57 +0000] "POST /store/wp-cron.php?doing_wp_cron=1741948497.7401170730590820312500 HTTP/1.1" 200 0 "-" "WordPress/6.7.2; https://valuecartpk.shop/store"
38.91.101.117 - - [14/Mar/2025:09:46:57 +0000] "POST /store/wp-cron.php?doing_wp_cron=1741945617.2654941082000732421875 HTTP/1.1" 200 0 "-" "WordPress/6.7.2; https://valuecartpk.shop/store"
38.91.101.117 - - [14/Mar/2025:09:51:02 +0000] "POST /store/wp-cron.php?doing_wp_cron=1741945862.7830801010131835937500 HTTP/1.1" 200 0 "-" "WordPress/6.7.2; https://valuecartpk.shop/store"
38.91.101.117 - - [14/Mar/2025:10:00:56 +0000] "POST /store/wp-cron.php?doing_wp_cron=1741946456.6992421150207519531250 HTTP/1.1" 200 0 "-" "WordPress/6.7.2; https://valuecartpk.shop/store"
2a06:98c0:3600::103 - - [14/Mar/2025:10:13:00 +0000] "GET /wp-admin/setup-config.php HTTP/1.1" 404 1251 "-" "Mozilla/5.0 (Windows NT 10.0; Win64; x64) AppleWebKit/537.36 (KHTML, like Gecko) Chrome/133.0.0.0 Safari/537.36"
38.91.101.117 - - [14/Mar/2025:10:14:55 +0000] "POST /store/wp-cron.php?doing_wp_cron=1741947295.1137731075286865234375 HTTP/1.1" 200 0 "-" "WordPress/6.7.2; https://valuecartpk.shop/store"
2a06:98c0:3600::103 - - [14/Mar/2025:10:15:40 +0000] "GET /wordpress/wp-admin/setup-config.php HTTP/1.1" 404 1251 "-" "Mozilla/5.0 (Windows NT 10.0; Win64; x64) AppleWebKit/537.36 (KHTML, like Gecko) Chrome/133.0.0.0 Safari/537.36"
38.91.101.117 - - [14/Mar/2025:10:25:45 +0000] "POST /store/wp-cron.php?doing_wp_cron=1741947945.1185119152069091796875 HTTP/1.1" 200 0 "-" "WordPress/6.7.2; https://valuecartpk.shop/store"
38.91.101.117 - - [14/Mar/2025:10:33:54 +0000] "POST /store/wp-cron.php?doing_wp_cron=1741948434.0333690643310546875000 HTTP/1.1" 200 0 "-" "WordPress/6.7.2; https://valuecartpk.shop/store"
38.91.101.117 - - [14/Mar/2025:10:37:57 +0000] "POST /store/wp-cron.php?doing_wp_cron=1741948676.0414500236511230468750 HTTP/1.1" 200 0 "-" "WordPress/6.7.2; https://valuecartpk.shop/store"
20.171.207.177 - - [14/Mar/2025:10:39:29 +0000] "GET /store/shop/?filter_brand=joseph-joseph%2Cklober&filter_color=beige%2Cblack%2Cblue&filter_size=l&per_page=24 HTTP/2" 200 25894 "-" "Mozilla/5.0 AppleWebKit/537.36 (KHTML, like Gecko; compatible; GPTBot/1.2; +https://openai.com/gptbot)"
38.91.101.117 - - [14/Mar/2025:09:44:55 +0000] "POST /store/wp-cron.php?doing_wp_cron=1741945495.6651470661163330078125 HTTP/1.1" 200 0 "-" "WordPress/6.7.2; https://valuecartpk.shop/store"
38.91.101.117 - - [14/Mar/2025:09:48:11 +0000] "POST /store/wp-cron.php?doing_wp_cron=1741945690.3078429698944091796875 HTTP/1.1" 200 0 "-" "WordPress/6.7.2; https://valuecartpk.shop/store"
38.91.101.117 - - [14/Mar/2025:09:54:53 +0000] "POST /store/wp-cron.php?doing_wp_cron=1741946093.2242200374603271484375 HTTP/1.1" 200 0 "-" "WordPress/6.7.2; https://valuecartpk.shop/store"
38.91.101.117 - - [14/Mar/2025:09:56:02 +0000] "POST /store/wp-cron.php?doing_wp_cron=1741946162.7000939846038818359375 HTTP/1.1" 200 0 "-" "WordPress/6.7.2; https://valuecartpk.shop/store"
2a06:98c0:3600::103 - - [14/Mar/2025:09:57:32 +0000] "GET /wp-admin/setup-config.php HTTP/1.1" 404 1251 "-" "Mozilla/5.0 (Windows NT 10.0; Win64; x64) AppleWebKit/537.36 (KHTML, like Gecko) Chrome/133.0.0.0 Safari/537.36"
38.91.101.117 - - [14/Mar/2025:09:59:55 +0000] "POST /store/wp-cron.php?doing_wp_cron=1741946395.2489080429077148437500 HTTP/1.1" 200 0 "-" "WordPress/6.7.2; https://valuecartpk.shop/store"
2a06:98c0:3600::103 - - [14/Mar/2025:10:19:30 +0000] "GET /wp-admin/setup-config.php HTTP/1.1" 404 1251 "-" "Mozilla/5.0 (Windows NT 10.0; Win64; x64) AppleWebKit/537.36 (KHTML, like Gecko) Chrome/133.0.0.0 Safari/537.36"
38.91.101.117 - - [14/Mar/2025:10:21:09 +0000] "POST /store/wp-cron.php?doing_wp_cron=1741947669.5453960895538330078125 HTTP/1.1" 200 0 "-" "WordPress/6.7.2; https://valuecartpk.shop/store"
38.91.101.117 - - [14/Mar/2025:10:21:58 +0000] "POST /store/wp-cron.php?doing_wp_cron=1741947718.2091970443725585937500 HTTP/1.1" 200 0 "-" "WordPress/6.7.2; https://valuecartpk.shop/store"
38.91.101.117 - - [14/Mar/2025:10:26:53 +0000] "POST /store/wp-cron.php?doing_wp_cron=1741948013.4496850967407226562500 HTTP/1.1" 200 0 "-" "WordPress/6.7.2; https://valuecartpk.shop/store"
20.171.207.177 - - [14/Mar/2025:10:38:46 +0000] "GET /store/shop/?filter_brand=joseph-joseph%2Cklober&filter_color=beige%2Cblack%2Cblue&filter_size=l&per_page=9 HTTP/2" 200 25903 "-" "Mozilla/5.0 AppleWebKit/537.36 (KHTML, like Gecko; compatible; GPTBot/1.2; +https://openai.com/gptbot)"
38.91.101.117 - - [14/Mar/2025:10:39:11 +0000] "POST /store/wp-cron.php?doing_wp_cron=1741948751.2739899158477783203125 HTTP/1.1" 200 0 "-" "WordPress/6.7.2; https://valuecartpk.shop/store"
20.171.207.177 - - [14/Mar/2025:10:39:08 +0000] "GET /store/shop/?filter_brand=joseph-joseph%2Cklober&filter_color=beige%2Cblack%2Cblue&filter_size=l&per_page=12 HTTP/2" 200 25897 "-" "Mozilla/5.0 AppleWebKit/537.36 (KHTML, like Gecko; compatible; GPTBot/1.2; +https://openai.com/gptbot)"
2a06:98c0:3600::103 - - [14/Mar/2025:09:48:37 +0000] "GET /wp-admin/setup-config.php HTTP/1.1" 404 1251 "-" "Mozilla/5.0 (Windows NT 10.0; Win64; x64) AppleWebKit/537.36 (KHTML, like Gecko) Chrome/133.0.0.0 Safari/537.36"
38.91.101.117 - - [14/Mar/2025:09:49:57 +0000] "POST /store/wp-cron.php?doing_wp_cron=1741945797.0924410820007324218750 HTTP/1.1" 200 0 "-" "WordPress/6.7.2; https://valuecartpk.shop/store"
2a06:98c0:3600::103 - - [14/Mar/2025:09:51:55 +0000] "GET /wordpress/wp-admin/setup-config.php HTTP/1.1" 404 1251 "-" "Mozilla/5.0 (Windows NT 10.0; Win64; x64) AppleWebKit/537.36 (KHTML, like Gecko) Chrome/133.0.0.0 Safari/537.36"
38.91.101.117 - - [14/Mar/2025:09:53:59 +0000] "POST /store/wp-cron.php?doing_wp_cron=1741946039.1780099868774414062500 HTTP/1.1" 200 0 "-" "WordPress/6.7.2; https://valuecartpk.shop/store"
38.91.101.117 - - [14/Mar/2025:10:11:05 +0000] "POST /store/wp-cron.php?doing_wp_cron=1741947065.2228779792785644531250 HTTP/1.1" 200 0 "-" "WordPress/6.7.2; https://valuecartpk.shop/store"
38.91.101.117 - - [14/Mar/2025:10:28:53 +0000] "POST /store/wp-cron.php?doing_wp_cron=1741948133.3708369731903076171875 HTTP/1.1" 200 0 "-" "WordPress/6.7.2; https://valuecartpk.shop/store"
38.91.101.117 - - [14/Mar/2025:10:01:56 +0000] "POST /store/wp-cron.php?doing_wp_cron=1741946516.2467749118804931640625 HTTP/1.1" 200 0 "-" "WordPress/6.7.2; https://valuecartpk.shop/store"
38.91.101.117 - - [14/Mar/2025:10:29:54 +0000] "POST /store/wp-cron.php?doing_wp_cron=1741948193.7186830043792724609375 HTTP/1.1" 200 0 "-" "WordPress/6.7.2; https://valuecartpk.shop/store"
2a06:98c0:3600::103 - - [14/Mar/2025:10:36:04 +0000] "GET /wp-admin/setup-config.php HTTP/1.1" 404 1251 "-" "Mozilla/5.0 (Windows NT 10.0; Win64; x64) AppleWebKit/537.36 (KHTML, like Gecko) Chrome/133.0.0.0 Safari/537.36"
38.91.101.117 - - [14/Mar/2025:10:36:55 +0000] "POST /store/wp-cron.php?doing_wp_cron=1741948615.6617090702056884765625 HTTP/1.1" 200 0 "-" "WordPress/6.7.2; https://valuecartpk.shop/store"
2a06:98c0:3600::103 - - [14/Mar/2025:10:39:08 +0000] "GET /wordpress/wp-admin/setup-config.php HTTP/1.1" 404 1251 "-" "Mozilla/5.0 (Windows NT 10.0; Win64; x64) AppleWebKit/537.36 (KHTML, like Gecko) Chrome/133.0.0.0 Safari/537.36"
38.91.101.117 - - [14/Mar/2025:10:39:55 +0000] "POST /store/wp-cron.php?doing_wp_cron=1741948794.5737240314483642578125 HTTP/1.1" 200 0 "-" "WordPress/6.7.2; https://valuecartpk.shop/store"
20.171.207.177 - - [14/Mar/2025:10:40:35 +0000] "GET /store/shop/?filter_brand=eva-solo%2Cjoseph-joseph%2Cklober&filter_color=beige%2Cblack%2Cblue%2Cyellow&per_page=18&per_row=4&shop_view=grid&stock_status=instock%2Consale HTTP/2" 200 23712 "-" "Mozilla/5.0 AppleWebKit/537.36 (KHTML, like Gecko; compatible; GPTBot/1.2; +https://openai.com/gptbot)"
217.182.175.125 - - [14/Mar/2025:10:41:12 +0000] "GET /store/product-category/accessories/?filter_brand=eva-solo&filter_color=beige,black,blue,brown,yellow&stock_status=instock,onsale HTTP/1.1" 200 25794 "-" "Mozilla/5.0 (compatible; MJ12bot/v1.4.8; http://mj12bot.com/)"
20.171.207.177 - - [14/Mar/2025:10:40:21 +0000] "GET /store/shop/?filter_brand=eva-solo%2Cmagisso%2Cvitra&filter_color=black%2Cblue%2Cbrown&filter_size=m%2Cs&per_page=12&stock_status=instock HTTP/2" 200 26503 "-" "Mozilla/5.0 AppleWebKit/537.36 (KHTML, like Gecko; compatible; GPTBot/1.2; +https://openai.com/gptbot)"
20.171.207.177 - - [14/Mar/2025:10:40:58 +0000] "GET /store/shop/?filter_brand=eva-solo%2Cklober&filter_color=beige%2Cblack%2Cblue%2Cbrown%2Cyellow&filter_size=m&per_page=18&stock_status=instock HTTP/2" 200 26011 "-" "Mozilla/5.0 AppleWebKit/537.36 (KHTML, like Gecko; compatible; GPTBot/1.2; +https://openai.com/gptbot)"
217.182.175.125 - - [14/Mar/2025:10:41:19 +0000] "GET /store/shop/?filter_brand=klober,vitra&filter_color=yellow&filter_size=l,m&stock_status=onsale HTTP/1.1" 200 23522 "-" "Mozilla/5.0 (compatible; MJ12bot/v1.4.8; http://mj12bot.com/)"
217.182.175.125 - - [14/Mar/2025:10:41:26 +0000] "GET /store/shop/?filter_color=beige,black,blue&filter_brand=eva-solo,joseph-joseph&filter_size=m&per_page=12 HTTP/1.1" 200 25894 "-" "Mozilla/5.0 (compatible; MJ12bot/v1.4.8; http://mj12bot.com/)"
217.182.175.125 - - [14/Mar/2025:10:41:31 +0000] "GET /store/shop/?filter_color=beige,black,blue,brown&filter_size=l,m&filter_brand=eva-solo,magisso&stock_status=instock HTTP/1.1" 200 26497 "-" "Mozilla/5.0 (compatible; MJ12bot/v1.4.8; http://mj12bot.com/)"
217.182.175.125 - - [14/Mar/2025:10:41:37 +0000] "GET /store/shop/?filter_color=beige,black,blue,brown&filter_size=l,m&filter_brand=eva-solo,magisso&stock_status=instock,onsale HTTP/1.1" 200 23729 "-" "Mozilla/5.0 (compatible; MJ12bot/v1.4.8; http://mj12bot.com/)"
217.182.175.125 - - [14/Mar/2025:10:41:42 +0000] "GET /store/shop/?filter_color=beige,black,blue,brown&filter_size=l,m&stock_status=onsale&filter_brand=magisso HTTP/1.1" 200 23697 "-" "Mozilla/5.0 (compatible; MJ12bot/v1.4.8; http://mj12bot.com/)"
217.182.175.125 - - [14/Mar/2025:10:41:48 +0000] "GET /store/shop/?filter_color=beige,black,blue,brown&filter_size=l,m,s&filter_brand=eva-solo,klober,vitra&stock_status=instock,onsale HTTP/1.1" 200 23805 "-" "Mozilla/5.0 (compatible; MJ12bot/v1.4.8; http://mj12bot.com/)"
38.91.101.117 - - [14/Mar/2025:10:44:24 +0000] "POST /store/wp-cron.php?doing_wp_cron=1741949063.9237658977508544921875 HTTP/1.1" 200 0 "-" "WordPress/6.7.2; https://valuecartpk.shop/store"
217.182.175.125 - - [14/Mar/2025:10:46:19 +0000] "GET /store/shop/?filter_color=beige,black,blue,brown&filter_size=l,m,s&filter_brand=eva-solo,klober,vitra&stock_status=onsale HTTP/1.1" 200 23769 "-" "Mozilla/5.0 (compatible; MJ12bot/v1.4.8; http://mj12bot.com/)"
217.182.175.125 - - [14/Mar/2025:10:46:24 +0000] "GET /store/shop/?filter_color=beige,black,blue,brown&filter_size=l,m,s&filter_brand=eva-solo,magisso HTTP/1.1" 200 26449 "-" "Mozilla/5.0 (compatible; MJ12bot/v1.4.8; http://mj12bot.com/)"
217.182.175.125 - - [14/Mar/2025:10:46:29 +0000] "GET /store/shop/?filter_color=beige,black,blue,brown&filter_size=l,m,s&filter_brand=eva-solo,magisso&stock_status=instock HTTP/1.1" 200 26516 "-" "Mozilla/5.0 (compatible; MJ12bot/v1.4.8; http://mj12bot.com/)"
217.182.175.125 - - [14/Mar/2025:10:46:37 +0000] "GET /store/shop/?filter_color=beige,black,blue,brown&filter_size=l,m,s&filter_brand=eva-solo,magisso&stock_status=instock,onsale HTTP/1.1" 500 264 "-" "Mozilla/5.0 (compatible; MJ12bot/v1.4.8; http://mj12bot.com/)"
217.182.175.125 - - [14/Mar/2025:10:46:39 +0000] "GET /store/shop/?filter_color=beige,black,blue,brown&filter_size=l,m,s&filter_brand=eva-solo,magisso&stock_status=onsale HTTP/1.1" 200 23753 "-" "Mozilla/5.0 (compatible; MJ12bot/v1.4.8; http://mj12bot.com/)"
217.182.175.125 - - [14/Mar/2025:10:46:44 +0000] "GET /store/shop/?filter_color=beige,black,blue,brown&filter_size=l,m,s&filter_brand=eva-solo,vitra HTTP/1.1" 500 264 "-" "Mozilla/5.0 (compatible; MJ12bot/v1.4.8; http://mj12bot.com/)"
217.182.175.125 - - [14/Mar/2025:10:46:48 +0000] "GET /store/shop/?filter_color=beige,black,blue,brown&filter_size=l,m,s&filter_brand=eva-solo,vitra&stock_status=instock HTTP/1.1" 200 26427 "-" "Mozilla/5.0 (compatible; MJ12bot/v1.4.8; http://mj12bot.com/)"
217.182.175.125 - - [14/Mar/2025:10:46:52 +0000] "GET /store/shop/?filter_color=beige,black,blue,brown&filter_size=l,m,s&filter_brand=joseph-joseph,klober,vitra&per_page=12 HTTP/1.1" 500 264 "-" "Mozilla/5.0 (compatible; MJ12bot/v1.4.8; http://mj12bot.com/)"
217.182.175.125 - - [14/Mar/2025:10:46:55 +0000] "GET /store/shop/?filter_color=beige,black,blue,brown&filter_size=l,m,s&filter_brand=joseph-joseph,klober,vitra&per_page=18 HTTP/1.1" 200 26502 "-" "Mozilla/5.0 (compatible; MJ12bot/v1.4.8; http://mj12bot.com/)"
20.171.207.177 - - [14/Mar/2025:10:41:19 +0000] "GET /store/shop/?filter_brand=eva-solo%2Cjoseph-joseph%2Cmagisso&filter_color=black%2Cyellow&filter_size=s&per_row=3&shop_view=grid HTTP/2" 200 25970 "-" "Mozilla/5.0 AppleWebKit/537.36 (KHTML, like Gecko; compatible; GPTBot/1.2; +https://openai.com/gptbot)"
20.171.207.177 - - [14/Mar/2025:10:41:28 +0000] "GET /store/shop/?filter_brand=klober%2Cvitra&filter_color=beige%2Cblack%2Cbrown%2Cyellow&filter_size=l%2Cm&per_row=4&shop_view=grid HTTP/2" 200 26493 "-" "Mozilla/5.0 AppleWebKit/537.36 (KHTML, like Gecko; compatible; GPTBot/1.2; +https://openai.com/gptbot)"
20.171.207.177 - - [14/Mar/2025:10:41:39 +0000] "GET /store/shop/?filter_brand=joseph-joseph%2Cmagisso%2Cvitra&filter_color=black%2Cblue&filter_size=m&per_row=2&shop_view=grid HTTP/2" 200 25918 "-" "Mozilla/5.0 AppleWebKit/537.36 (KHTML, like Gecko; compatible; GPTBot/1.2; +https://openai.com/gptbot)"
20.171.207.177 - - [14/Mar/2025:10:41:49 +0000] "GET /store/shop/?filter_brand=joseph-joseph%2Cvitra&filter_color=blue%2Cyellow&filter_size=m&per_page=24&stock_status=instock%2Consale HTTP/2" 500 1035 "-" "Mozilla/5.0 AppleWebKit/537.36 (KHTML, like Gecko; compatible; GPTBot/1.2; +https://openai.com/gptbot)"
20.171.207.177 - - [14/Mar/2025:10:41:58 +0000] "GET /store/shop/?filter_brand=eva-solo%2Cjoseph-joseph%2Cklober%2Cvitra&filter_color=beige%2Cblack&filter_size=m%2Cs&per_page=12&stock_status=instock HTTP/2" 500 1035 "-" "Mozilla/5.0 AppleWebKit/537.36 (KHTML, like Gecko; compatible; GPTBot/1.2; +https://openai.com/gptbot)"
20.171.207.177 - - [14/Mar/2025:10:42:24 +0000] "GET /store/shop/?filter_brand=joseph-joseph%2Cklober&filter_color=black%2Cblue%2Cyellow&filter_size=m&per_row=3&shop_view=grid HTTP/2" 200 25918 "-" "Mozilla/5.0 AppleWebKit/537.36 (KHTML, like Gecko; compatible; GPTBot/1.2; +https://openai.com/gptbot)"
20.171.207.177 - - [14/Mar/2025:10:43:26 +0000] "GET /store/shop/?filter_brand=joseph-joseph%2Cvitra&filter_color=black%2Cyellow&per_row=2&shop_view=grid&stock_status=instock%2Consale HTTP/2" 200 23534 "-" "Mozilla/5.0 AppleWebKit/537.36 (KHTML, like Gecko; compatible; GPTBot/1.2; +https://openai.com/gptbot)"
20.171.207.177 - - [14/Mar/2025:10:44:21 +0000] "GET /store/shop/?filter_brand=eva-solo%2Cjoseph-joseph%2Cklober&filter_color=beige%2Cblack%2Cblue%2Cyellow&per_page=18&per_row=4&shop_view=grid&stock_status=onsale HTTP/2" 200 23716 "-" "Mozilla/5.0 AppleWebKit/537.36 (KHTML, like Gecko; compatible; GPTBot/1.2; +https://openai.com/gptbot)"
20.171.207.177 - - [14/Mar/2025:10:45:10 +0000] "GET /store/shop/?filter_brand=joseph-joseph%2Cmagisso%2Cvitra&filter_color=black%2Cbrown&filter_size=l%2Cm&per_row=2&shop_view=grid HTTP/2" 200 26442 "-" "Mozilla/5.0 AppleWebKit/537.36 (KHTML, like Gecko; compatible; GPTBot/1.2; +https://openai.com/gptbot)"
20.171.207.177 - - [14/Mar/2025:10:45:53 +0000] "GET /store/shop/?filter_brand=eva-solo%2Cklober&filter_color=beige%2Cblack%2Cblue%2Cbrown%2Cyellow&filter_size=m&per_page=18&stock_status=instock%2Consale HTTP/2" 200 23771 "-" "Mozilla/5.0 AppleWebKit/537.36 (KHTML, like Gecko; compatible; GPTBot/1.2; +https://openai.com/gptbot)"
65.108.64.210 - - [14/Mar/2025:10:46:24 +0000] "GET /store/shop/?filter_color=beige,black,blue,brown&filter_size=s&stock_status=instock&filter_brand=joseph-joseph,klober HTTP/1.1" 200 25983 "-" "Mozilla/5.0 (compatible; MJ12bot/v1.4.8; http://mj12bot.com/)"
20.171.207.177 - - [14/Mar/2025:10:46:35 +0000] "GET /store/shop/?filter_brand=eva-solo%2Cklober&filter_color=beige%2Cblack%2Cblue%2Cbrown%2Cyellow&filter_size=m&per_page=9&stock_status=instock HTTP/2" 200 26040 "-" "Mozilla/5.0 AppleWebKit/537.36 (KHTML, like Gecko; compatible; GPTBot/1.2; +https://openai.com/gptbot)"
2a06:98c0:3600::103 - - [14/Mar/2025:10:47:11 +0000] "GET /wp-admin/setup-config.php HTTP/1.1" 404 1251 "-" "Mozilla/5.0 (Windows NT 10.0; Win64; x64) AppleWebKit/537.36 (KHTML, like Gecko) Chrome/133.0.0.0 Safari/537.36"
217.182.175.125 - - [14/Mar/2025:10:47:01 +0000] "GET /store/shop/?filter_color=beige,black,blue,brown&filter_size=l,m,s&filter_brand=joseph-joseph,klober,vitra&per_page=24 HTTP/1.1" 200 26522 "-" "Mozilla/5.0 (compatible; MJ12bot/v1.4.8; http://mj12bot.com/)"
217.182.175.125 - - [14/Mar/2025:10:47:07 +0000] "GET /store/shop/?filter_color=beige,black,blue,brown&filter_size=l,m,s&filter_brand=joseph-joseph,klober,vitra&per_page=9 HTTP/1.1" 200 26479 "-" "Mozilla/5.0 (compatible; MJ12bot/v1.4.8; http://mj12bot.com/)"
217.182.175.125 - - [14/Mar/2025:10:47:13 +0000] "GET /store/shop/?filter_color=beige,black,blue,brown&filter_size=l,m,s&filter_brand=joseph-joseph,klober,vitra&shop_view=grid&per_row=2 HTTP/1.1" 200 26528 "-" "Mozilla/5.0 (compatible; MJ12bot/v1.4.8; http://mj12bot.com/)"
217.182.175.125 - - [14/Mar/2025:10:47:20 +0000] "GET /store/shop/?filter_color=beige,black,blue,brown&filter_size=l,m,s&filter_brand=joseph-joseph,klober,vitra&shop_view=grid&per_row=3 HTTP/1.1" 500 262 "-" "Mozilla/5.0 (compatible; MJ12bot/v1.4.8; http://mj12bot.com/)"
217.182.175.125 - - [14/Mar/2025:10:47:23 +0000] "GET /store/shop/?filter_color=beige,black,blue,brown&filter_size=l,m,s&filter_brand=joseph-joseph,klober,vitra&shop_view=grid&per_row=4 HTTP/1.1" 200 26536 "-" "Mozilla/5.0 (compatible; MJ12bot/v1.4.8; http://mj12bot.com/)"
65.108.64.210 - - [14/Mar/2025:10:47:26 +0000] "GET /store/shop/?filter_color=beige,black,blue,brown&filter_size=s&stock_status=instock,onsale&filter_brand=joseph-joseph HTTP/1.1" 200 23627 "-" "Mozilla/5.0 (compatible; MJ12bot/v1.4.8; http://mj12bot.com/)"
217.182.175.125 - - [14/Mar/2025:10:47:32 +0000] "GET /store/shop/?filter_color=beige,black,blue,brown&filter_size=l,m,s&filter_brand=joseph-joseph,klober,vitra&stock_status=instock HTTP/1.1" 200 26560 "-" "Mozilla/5.0 (compatible; MJ12bot/v1.4.8; http://mj12bot.com/)"
217.182.175.125 - - [14/Mar/2025:10:47:39 +0000] "GET /store/shop/?filter_color=beige,black,blue,brown&filter_size=l,m,s&filter_brand=joseph-joseph,klober,vitra&stock_status=instock,onsale HTTP/1.1" 200 23782 "-" "Mozilla/5.0 (compatible; MJ12bot/v1.4.8; http://mj12bot.com/)"
217.182.175.125 - - [14/Mar/2025:10:47:44 +0000] "GET /store/shop/?filter_color=beige,black,blue,brown&filter_size=l,m,s&filter_brand=joseph-joseph,klober,vitra&stock_status=onsale HTTP/1.1" 200 23729 "-" "Mozilla/5.0 (compatible; MJ12bot/v1.4.8; http://mj12bot.com/)"
217.182.175.125 - - [14/Mar/2025:10:47:52 +0000] "GET /store/shop/?filter_color=beige,black,blue,brown&filter_size=l,m,s&filter_brand=joseph-joseph,magisso HTTP/1.1" 500 264 "-" "Mozilla/5.0 (compatible; MJ12bot/v1.4.8; http://mj12bot.com/)"
217.182.175.125 - - [14/Mar/2025:10:47:55 +0000] "GET /store/shop/?filter_color=beige,black,blue,brown&filter_size=l,m,s&filter_brand=joseph-joseph,magisso&stock_status=instock HTTP/1.1" 200 26496 "-" "Mozilla/5.0 (compatible; MJ12bot/v1.4.8; http://mj12bot.com/)"
217.182.175.125 - - [14/Mar/2025:10:48:01 +0000] "GET /store/shop/?filter_color=beige,black,blue,brown&filter_size=l,m,s&filter_brand=joseph-joseph,magisso&stock_status=instock,onsale HTTP/1.1" 200 23762 "-" "Mozilla/5.0 (compatible; MJ12bot/v1.4.8; http://mj12bot.com/)"
217.182.175.125 - - [14/Mar/2025:10:48:07 +0000] "GET /store/shop/?filter_color=beige,black,blue,brown&filter_size=l,m,s&filter_brand=joseph-joseph,magisso&stock_status=onsale HTTP/1.1" 200 23728 "-" "Mozilla/5.0 (compatible; MJ12bot/v1.4.8; http://mj12bot.com/)"
217.182.175.125 - - [14/Mar/2025:10:48:11 +0000] "GET /store/shop/?filter_color=beige,black,blue,brown&filter_size=l,m,s&filter_brand=joseph-joseph,vitra HTTP/1.1" 500 264 "-" "Mozilla/5.0 (compatible; MJ12bot/v1.4.8; http://mj12bot.com/)"
217.182.175.125 - - [14/Mar/2025:10:48:13 +0000] "GET /store/shop/?filter_color=beige,black,blue,brown&filter_size=l,m,s&filter_brand=joseph-joseph,vitra&stock_status=instock HTTP/1.1" 500 264 "-" "Mozilla/5.0 (compatible; MJ12bot/v1.4.8; http://mj12bot.com/)"
20.171.207.177 - - [14/Mar/2025:10:47:12 +0000] "GET /store/shop/?filter_brand=joseph-joseph&filter_color=black%2Cblue&filter_size=l%2Cm%2Cs&per_page=18&stock_status=instock%2Consale HTTP/2" 200 23652 "-" "Mozilla/5.0 AppleWebKit/537.36 (KHTML, like Gecko; compatible; GPTBot/1.2; +https://openai.com/gptbot)"
65.108.64.210 - - [14/Mar/2025:10:47:14 +0000] "GET /store/shop/?filter_color=beige,black,blue,brown&filter_size=s&stock_status=instock,onsale&filter_brand=eva-solo,magisso,vitra HTTP/1.1" 200 23723 "-" "Mozilla/5.0 (compatible; MJ12bot/v1.4.8; http://mj12bot.com/)"
65.108.64.210 - - [14/Mar/2025:10:47:40 +0000] "GET /store/shop/?filter_color=beige,black,blue,brown&filter_size=s&stock_status=instock,onsale&filter_brand=joseph-joseph,magisso,vitra HTTP/1.1" 200 23705 "-" "Mozilla/5.0 (compatible; MJ12bot/v1.4.8; http://mj12bot.com/)"
20.171.207.177 - - [14/Mar/2025:10:47:46 +0000] "GET /store/shop/?filter_brand=eva-solo%2Cjoseph-joseph%2Cvitra&filter_color=black%2Cblue%2Cbrown%2Cyellow&filter_size=s&per_page=9&stock_status=onsale HTTP/2" 200 23675 "-" "Mozilla/5.0 AppleWebKit/537.36 (KHTML, like Gecko; compatible; GPTBot/1.2; +https://openai.com/gptbot)"
65.108.64.210 - - [14/Mar/2025:10:47:59 +0000] "GET /store/shop/?filter_color=beige,black,blue,brown&filter_size=s&stock_status=instock,onsale&filter_brand=magisso HTTP/1.1" 200 23682 "-" "Mozilla/5.0 (compatible; MJ12bot/v1.4.8; http://mj12bot.com/)"
65.108.64.210 - - [14/Mar/2025:10:48:12 +0000] "GET /store/shop/?filter_color=beige,black,blue,brown&filter_size=s&stock_status=onsale&filter_brand=eva-solo,joseph-joseph,magisso HTTP/1.1" 200 23738 "-" "Mozilla/5.0 (compatible; MJ12bot/v1.4.8; http://mj12bot.com/)"
20.171.207.177 - - [14/Mar/2025:10:48:17 +0000] "GET /store/shop/?filter_brand=joseph-joseph%2Cmagisso%2Cvitra&filter_color=black%2Cblue&filter_size=m&per_page=18&per_row=2&shop_view=grid HTTP/2" 200 25951 "-" "Mozilla/5.0 AppleWebKit/537.36 (KHTML, like Gecko; compatible; GPTBot/1.2; +https://openai.com/gptbot)"
65.108.64.210 - - [14/Mar/2025:10:48:23 +0000] "GET /store/shop/?filter_color=beige,black,blue,brown&filter_size=s&stock_status=onsale&filter_brand=eva-solo,klober HTTP/1.1" 200 23722 "-" "Mozilla/5.0 (compatible; MJ12bot/v1.4.8; http://mj12bot.com/)"
20.171.207.177 - - [14/Mar/2025:10:48:43 +0000] "GET /store/shop/?filter_brand=joseph-joseph%2Cklober%2Cvitra&filter_color=beige%2Cblue%2Cyellow&per_page=9&per_row=4&shop_view=grid HTTP/2" 200 26440 "-" "Mozilla/5.0 AppleWebKit/537.36 (KHTML, like Gecko; compatible; GPTBot/1.2; +https://openai.com/gptbot)"
20.171.207.177 - - [14/Mar/2025:10:49:08 +0000] "GET /store/shop/?filter_brand=joseph-joseph%2Cmagisso&filter_color=beige%2Cblack&filter_size=l%2Cm%2Cs&per_page=18&stock_status=instock HTTP/2" 200 26472 "-" "Mozilla/5.0 AppleWebKit/537.36 (KHTML, like Gecko; compatible; GPTBot/1.2; +https://openai.com/gptbot)"
20.171.207.177 - - [14/Mar/2025:10:49:31 +0000] "GET /store/shop/?filter_brand=joseph-joseph%2Cklober&filter_color=blue%2Cbrown&filter_size=l%2Cm&per_page=9&stock_status=instock HTTP/2" 200 26266 "-" "Mozilla/5.0 AppleWebKit/537.36 (KHTML, like Gecko; compatible; GPTBot/1.2; +https://openai.com/gptbot)"
65.108.64.210 - - [14/Mar/2025:10:49:34 +0000] "GET /store/shop/?filter_color=beige,black,blue,brown&stock_status=instock&filter_brand=joseph-joseph HTTP/1.1" 200 25749 "-" "Mozilla/5.0 (compatible; MJ12bot/v1.4.8; http://mj12bot.com/)"
65.108.64.210 - - [14/Mar/2025:10:49:40 +0000] "GET /store/shop/?filter_color=beige,black,blue,brown&stock_status=instock&filter_brand=joseph-joseph,klober HTTP/1.1" 200 26414 "-" "Mozilla/5.0 (compatible; MJ12bot/v1.4.8; http://mj12bot.com/)"
20.171.207.177 - - [14/Mar/2025:10:49:51 +0000] "GET /store/shop/?filter_brand=joseph-joseph%2Cmagisso&filter_color=brown%2Cyellow&filter_size=l%2Cs&per_page=24&stock_status=onsale HTTP/2" 200 23669 "-" "Mozilla/5.0 AppleWebKit/537.36 (KHTML, like Gecko; compatible; GPTBot/1.2; +https://openai.com/gptbot)"
65.108.64.210 - - [14/Mar/2025:10:45:00 +0000] "GET /store/shop/?filter_color=beige,black,blue,brown&filter_size=s&filter_brand=vitra&shop_view=grid&per_row=4 HTTP/1.1" 200 25848 "-" "Mozilla/5.0 (compatible; MJ12bot/v1.4.8; http://mj12bot.com/)"
65.108.64.210 - - [14/Mar/2025:10:46:44 +0000] "GET /store/shop/?filter_color=beige,black,blue,brown&filter_size=s&stock_status=instock&filter_brand=magisso HTTP/1.1" 200 23646 "-" "Mozilla/5.0 (compatible; MJ12bot/v1.4.8; http://mj12bot.com/)"
65.108.64.210 - - [14/Mar/2025:10:46:49 +0000] "GET /store/shop/?filter_color=beige,black,blue,brown&filter_size=s&stock_status=instock,onsale&filter_brand=eva-solo HTTP/1.1" 200 23591 "-" "Mozilla/5.0 (compatible; MJ12bot/v1.4.8; http://mj12bot.com/)"
65.108.64.210 - - [14/Mar/2025:10:48:04 +0000] "GET /store/shop/?filter_color=beige,black,blue,brown&filter_size=s&stock_status=onsale&filter_brand=eva-solo HTTP/1.1" 200 23610 "-" "Mozilla/5.0 (compatible; MJ12bot/v1.4.8; http://mj12bot.com/)"
65.108.64.210 - - [14/Mar/2025:10:48:41 +0000] "GET /store/shop/?filter_color=beige,black,blue,brown&filter_size=s&stock_status=onsale&filter_brand=joseph-joseph,magisso,vitra HTTP/1.1" 200 23760 "-" "Mozilla/5.0 (compatible; MJ12bot/v1.4.8; http://mj12bot.com/)"
65.108.64.210 - - [14/Mar/2025:10:48:55 +0000] "GET /store/shop/?filter_color=beige,black,blue,brown&filter_size=s&stock_status=onsale&filter_brand=magisso HTTP/1.1" 200 23661 "-" "Mozilla/5.0 (compatible; MJ12bot/v1.4.8; http://mj12bot.com/)"
65.108.64.210 - - [14/Mar/2025:10:49:57 +0000] "GET /store/shop/?filter_color=beige,black,blue,brown&stock_status=instock&filter_size=l,m HTTP/1.1" 200 26335 "-" "Mozilla/5.0 (compatible; MJ12bot/v1.4.8; http://mj12bot.com/)"
65.108.64.210 - - [14/Mar/2025:10:50:18 +0000] "GET /store/shop/?filter_color=beige,black,blue,brown&stock_status=instock&filter_size=m HTTP/1.1" 200 25812 "-" "Mozilla/5.0 (compatible; MJ12bot/v1.4.8; http://mj12bot.com/)"
65.108.64.210 - - [14/Mar/2025:10:50:38 +0000] "GET /store/shop/?filter_color=beige,black,blue,brown&stock_status=instock,onsale&filter_brand=eva-solo,joseph-joseph,klober,vitra HTTP/1.1" 200 23695 "-" "Mozilla/5.0 (compatible; MJ12bot/v1.4.8; http://mj12bot.com/)"
65.108.64.210 - - [14/Mar/2025:10:51:17 +0000] "GET /store/shop/?filter_color=beige,black,blue,brown&stock_status=instock,onsale&filter_size=l HTTP/1.1" 200 23550 "-" "Mozilla/5.0 (compatible; MJ12bot/v1.4.8; http://mj12bot.com/)"
65.108.64.210 - - [14/Mar/2025:10:51:28 +0000] "GET /store/shop/?filter_color=beige,black,blue,brown&stock_status=instock,onsale&filter_size=l,m,s HTTP/1.1" 200 23576 "-" "Mozilla/5.0 (compatible; MJ12bot/v1.4.8; http://mj12bot.com/)"
65.108.64.210 - - [14/Mar/2025:10:52:00 +0000] "GET /store/shop/?filter_color=beige,black,blue,brown&stock_status=instock,onsale&filter_size=s HTTP/1.1" 200 23556 "-" "Mozilla/5.0 (compatible; MJ12bot/v1.4.8; http://mj12bot.com/)"
217.182.175.125 - - [14/Mar/2025:10:52:22 +0000] "GET /store/shop/?filter_color=beige,black,blue,brown&filter_size=l,m,s&filter_brand=magisso,vitra&stock_status=onsale HTTP/1.1" 200 23755 "-" "Mozilla/5.0 (compatible; MJ12bot/v1.4.8; http://mj12bot.com/)"
217.182.175.125 - - [14/Mar/2025:10:52:26 +0000] "GET /store/shop/?filter_color=beige,black,blue,brown&filter_size=l,m,s&stock_status=instock&filter_brand=eva-solo HTTP/1.1" 200 26009 "-" "Mozilla/5.0 (compatible; MJ12bot/v1.4.8; http://mj12bot.com/)"
217.182.175.125 - - [14/Mar/2025:10:52:30 +0000] "GET /store/shop/?filter_color=beige,black,blue,brown&filter_size=l,m,s&stock_status=instock&filter_brand=eva-solo,joseph-joseph,klober,vitra HTTP/1.1" 200 26573 "-" "Mozilla/5.0 (compatible; MJ12bot/v1.4.8; http://mj12bot.com/)"
217.182.175.125 - - [14/Mar/2025:10:52:36 +0000] "GET /store/shop/?filter_color=beige,black,blue,brown&filter_size=l,m,s&stock_status=instock&filter_brand=eva-solo,joseph-joseph,magisso HTTP/1.1" 200 26557 "-" "Mozilla/5.0 (compatible; MJ12bot/v1.4.8; http://mj12bot.com/)"
20.171.207.177 - - [14/Mar/2025:10:50:10 +0000] "GET /store/shop/?filter_brand=eva-solo%2Cmagisso%2Cvitra&filter_color=yellow&filter_size=m%2Cs&per_page=18&stock_status=instock HTTP/2" 200 25865 "-" "Mozilla/5.0 AppleWebKit/537.36 (KHTML, like Gecko; compatible; GPTBot/1.2; +https://openai.com/gptbot)"
20.171.207.177 - - [14/Mar/2025:10:50:27 +0000] "GET /store/shop/?filter_brand=joseph-joseph%2Cmagisso%2Cvitra&filter_color=black%2Cbrown&filter_size=l%2Cm&per_row=2&shop_view=grid&stock_status=instock HTTP/2" 200 26527 "-" "Mozilla/5.0 AppleWebKit/537.36 (KHTML, like Gecko; compatible; GPTBot/1.2; +https://openai.com/gptbot)"
20.171.207.177 - - [14/Mar/2025:10:50:41 +0000] "GET /store/shop/?filter_brand=joseph-joseph%2Cmagisso%2Cvitra&filter_color=black%2Cbrown&filter_size=l%2Cm&per_row=2&shop_view=grid&stock_status=onsale HTTP/2" 200 23771 "-" "Mozilla/5.0 AppleWebKit/537.36 (KHTML, like Gecko; compatible; GPTBot/1.2; +https://openai.com/gptbot)"
65.108.64.210 - - [14/Mar/2025:10:50:49 +0000] "GET /store/shop/?filter_color=beige,black,blue,brown&stock_status=instock,onsale&filter_brand=eva-solo,vitra HTTP/1.1" 200 23578 "-" "Mozilla/5.0 (compatible; MJ12bot/v1.4.8; http://mj12bot.com/)"
20.171.207.177 - - [14/Mar/2025:10:50:53 +0000] "GET /store/shop/?filter_brand=eva-solo%2Cklober&filter_color=beige%2Cblack%2Cblue%2Cbrown%2Cyellow&filter_size=m&per_page=9&stock_status=instock%2Consale HTTP/2" 200 23782 "-" "Mozilla/5.0 AppleWebKit/537.36 (KHTML, like Gecko; compatible; GPTBot/1.2; +https://openai.com/gptbot)"
65.108.64.210 - - [14/Mar/2025:10:51:03 +0000] "GET /store/shop/?filter_color=beige,black,blue,brown&stock_status=instock,onsale&filter_brand=joseph-joseph,vitra HTTP/1.1" 200 23632 "-" "Mozilla/5.0 (compatible; MJ12bot/v1.4.8; http://mj12bot.com/)"
20.171.207.177 - - [14/Mar/2025:10:51:05 +0000] "GET /store/shop/?filter_brand=joseph-joseph%2Cklober%2Cvitra&filter_size=l%2Cm&per_row=4&shop_view=grid&stock_status=instock%2Consale HTTP/2" 200 23509 "-" "Mozilla/5.0 AppleWebKit/537.36 (KHTML, like Gecko; compatible; GPTBot/1.2; +https://openai.com/gptbot)"
20.171.207.177 - - [14/Mar/2025:10:51:15 +0000] "GET /store/shop/?filter_brand=joseph-joseph%2Cmagisso%2Cvitra&filter_color=black%2Cblue&filter_size=m&per_page=18&per_row=2&shop_view=grid&stock_status=onsale HTTP/2" 200 23686 "-" "Mozilla/5.0 AppleWebKit/537.36 (KHTML, like Gecko; compatible; GPTBot/1.2; +https://openai.com/gptbot)"
20.171.207.177 - - [14/Mar/2025:10:51:24 +0000] "GET /store/shop/?filter_brand=joseph-joseph%2Cmagisso%2Cvitra&filter_color=black%2Cblue&filter_size=m&per_page=18&per_row=4&shop_view=grid HTTP/2" 500 1035 "-" "Mozilla/5.0 AppleWebKit/537.36 (KHTML, like Gecko; compatible; GPTBot/1.2; +https://openai.com/gptbot)"
20.171.207.177 - - [14/Mar/2025:10:51:32 +0000] "GET /store/shop/?filter_brand=joseph-joseph%2Cklober%2Cvitra&filter_color=beige%2Cblue%2Cyellow&per_page=9&per_row=4&shop_view=grid&stock_status=onsale HTTP/2" 200 23693 "-" "Mozilla/5.0 AppleWebKit/537.36 (KHTML, like Gecko; compatible; GPTBot/1.2; +https://openai.com/gptbot)"
20.171.207.177 - - [14/Mar/2025:10:51:57 +0000] "GET /store/shop/?filter_brand=joseph-joseph%2Cmagisso%2Cvitra&filter_color=black%2Cblue&filter_size=m&per_page=18&per_row=3&shop_view=grid HTTP/2" 200 25972 "-" "Mozilla/5.0 AppleWebKit/537.36 (KHTML, like Gecko; compatible; GPTBot/1.2; +https://openai.com/gptbot)"
20.171.207.177 - - [14/Mar/2025:10:52:19 +0000] "GET /store/shop/?filter_brand=joseph-joseph%2Cmagisso&filter_color=brown%2Cyellow&filter_size=l%2Cs&per_page=24&stock_status=instock%2Consale HTTP/2" 200 23628 "-" "Mozilla/5.0 AppleWebKit/537.36 (KHTML, like Gecko; compatible; GPTBot/1.2; +https://openai.com/gptbot)"
65.108.64.210 - - [14/Mar/2025:10:52:28 +0000] "GET /store/shop/?filter_color=beige,black,blue,brown&stock_status=onsale&filter_brand=joseph-joseph,vitra HTTP/1.1" 200 23578 "-" "Mozilla/5.0 (compatible; MJ12bot/v1.4.8; http://mj12bot.com/)"
217.182.175.125 - - [14/Mar/2025:10:52:40 +0000] "GET /store/shop/?filter_color=beige,black,blue,brown&filter_size=l,m,s&stock_status=instock&filter_brand=eva-solo,klober HTTP/1.1" 500 264 "-" "Mozilla/5.0 (compatible; MJ12bot/v1.4.8; http://mj12bot.com/)"
217.182.175.125 - - [14/Mar/2025:10:52:44 +0000] "GET /store/shop/?filter_color=beige,black,blue,brown&filter_size=l,m,s&stock_status=instock&filter_brand=eva-solo,magisso,vitra HTTP/1.1" 200 26530 "-" "Mozilla/5.0 (compatible; MJ12bot/v1.4.8; http://mj12bot.com/)"
217.182.175.125 - - [14/Mar/2025:10:52:51 +0000] "GET /store/shop/?filter_color=beige,black,blue,brown&filter_size=l,m,s&stock_status=instock&filter_brand=joseph-joseph,klober HTTP/1.1" 200 26525 "-" "Mozilla/5.0 (compatible; MJ12bot/v1.4.8; http://mj12bot.com/)"
217.182.175.125 - - [14/Mar/2025:10:52:57 +0000] "GET /store/shop/?filter_color=beige,black,blue,brown&filter_size=l,m,s&stock_status=instock&filter_brand=joseph-joseph,magisso,vitra HTTP/1.1" 200 26556 "-" "Mozilla/5.0 (compatible; MJ12bot/v1.4.8; http://mj12bot.com/)"
217.182.175.125 - - [14/Mar/2025:10:53:06 +0000] "GET /store/shop/?filter_color=beige,black,blue,brown&filter_size=l,m,s&stock_status=instock&filter_brand=klober,vitra HTTP/1.1" 200 26504 "-" "Mozilla/5.0 (compatible; MJ12bot/v1.4.8; http://mj12bot.com/)"
217.182.175.125 - - [14/Mar/2025:10:53:15 +0000] "GET /store/shop/?filter_color=beige,black,blue,brown&filter_size=l,m,s&stock_status=instock&filter_brand=magisso HTTP/1.1" 200 23720 "-" "Mozilla/5.0 (compatible; MJ12bot/v1.4.8; http://mj12bot.com/)"
217.182.175.125 - - [14/Mar/2025:10:53:27 +0000] "GET /store/shop/?filter_color=beige,black,blue,brown&filter_size=l,m,s&stock_status=instock,onsale&filter_brand=eva-solo HTTP/1.1" 200 23694 "-" "Mozilla/5.0 (compatible; MJ12bot/v1.4.8; http://mj12bot.com/)"
217.182.175.125 - - [14/Mar/2025:10:53:34 +0000] "GET /store/shop/?filter_color=beige,black,blue,brown&filter_size=l,m,s&stock_status=instock,onsale&filter_brand=eva-solo,joseph-joseph,klober,vitra HTTP/1.1" 200 23792 "-" "Mozilla/5.0 (compatible; MJ12bot/v1.4.8; http://mj12bot.com/)"
217.182.175.125 - - [14/Mar/2025:10:53:42 +0000] "GET /store/shop/?filter_color=beige,black,blue,brown&filter_size=l,m,s&stock_status=instock,onsale&filter_brand=eva-solo,joseph-joseph,magisso HTTP/1.1" 200 23769 "-" "Mozilla/5.0 (compatible; MJ12bot/v1.4.8; http://mj12bot.com/)"
217.182.175.125 - - [14/Mar/2025:10:53:49 +0000] "GET /store/shop/?filter_color=beige,black,blue,brown&filter_size=l,m,s&stock_status=instock,onsale&filter_brand=eva-solo,magisso,vitra HTTP/1.1" 200 23780 "-" "Mozilla/5.0 (compatible; MJ12bot/v1.4.8; http://mj12bot.com/)"
217.182.175.125 - - [14/Mar/2025:10:53:53 +0000] "GET /store/shop/?filter_color=beige,black,blue,brown&filter_size=l,m,s&stock_status=instock,onsale&filter_brand=joseph-joseph,klober HTTP/1.1" 200 23760 "-" "Mozilla/5.0 (compatible; MJ12bot/v1.4.8; http://mj12bot.com/)"
217.182.175.125 - - [14/Mar/2025:10:53:59 +0000] "GET /store/shop/?filter_color=beige,black,blue,brown&filter_size=l,m,s&stock_status=instock,onsale&filter_brand=joseph-joseph,magisso,vitra HTTP/1.1" 200 23793 "-" "Mozilla/5.0 (compatible; MJ12bot/v1.4.8; http://mj12bot.com/)"
217.182.175.125 - - [14/Mar/2025:10:54:07 +0000] "GET /store/shop/?filter_color=beige,black,blue,brown&filter_size=l,m,s&stock_status=instock,onsale&filter_brand=klober,vitra HTTP/1.1" 200 23712 "-" "Mozilla/5.0 (compatible; MJ12bot/v1.4.8; http://mj12bot.com/)"
217.182.175.125 - - [14/Mar/2025:10:54:14 +0000] "GET /store/shop/?filter_color=beige,black,blue,brown&filter_size=l,m,s&stock_status=instock,onsale&filter_brand=magisso HTTP/1.1" 200 23730 "-" "Mozilla/5.0 (compatible; MJ12bot/v1.4.8; http://mj12bot.com/)"
217.182.175.125 - - [14/Mar/2025:10:54:19 +0000] "GET /store/shop/?filter_color=beige,black,blue,brown&filter_size=l,m,s&stock_status=onsale&filter_brand=eva-solo HTTP/1.1" 200 23690 "-" "Mozilla/5.0 (compatible; MJ12bot/v1.4.8; http://mj12bot.com/)"
20.171.207.177 - - [14/Mar/2025:10:52:39 +0000] "GET /store/shop/?filter_brand=joseph-joseph%2Cklober&filter_color=blue%2Cbrown&filter_size=l%2Cm&per_page=9 HTTP/2" 200 26232 "-" "Mozilla/5.0 AppleWebKit/537.36 (KHTML, like Gecko; compatible; GPTBot/1.2; +https://openai.com/gptbot)"
65.108.64.210 - - [14/Mar/2025:10:52:47 +0000] "GET /store/shop/?filter_color=beige,black,blue,brown&stock_status=onsale&filter_size=l,m HTTP/1.1" 200 23570 "-" "Mozilla/5.0 (compatible; MJ12bot/v1.4.8; http://mj12bot.com/)"
20.171.207.177 - - [14/Mar/2025:10:52:59 +0000] "GET /store/shop/?filter_brand=joseph-joseph%2Cmagisso%2Cvitra&filter_color=black%2Cbrown&filter_size=l%2Cm&per_row=4&shop_view=grid&stock_status=instock HTTP/2" 200 26529 "-" "Mozilla/5.0 AppleWebKit/537.36 (KHTML, like Gecko; compatible; GPTBot/1.2; +https://openai.com/gptbot)"
20.171.207.177 - - [14/Mar/2025:10:53:16 +0000] "GET /store/shop/?filter_brand=joseph-joseph%2Cmagisso%2Cvitra&filter_color=black%2Cbrown&filter_size=l%2Cm&per_row=3&shop_view=grid&stock_status=instock HTTP/2" 200 26540 "-" "Mozilla/5.0 AppleWebKit/537.36 (KHTML, like Gecko; compatible; GPTBot/1.2; +https://openai.com/gptbot)"
20.171.207.177 - - [14/Mar/2025:10:53:31 +0000] "GET /store/shop/?filter_brand=joseph-joseph%2Cmagisso%2Cvitra&filter_color=black%2Cblue&filter_size=m&per_page=18&per_row=2&shop_view=grid&stock_status=instock HTTP/2" 200 26011 "-" "Mozilla/5.0 AppleWebKit/537.36 (KHTML, like Gecko; compatible; GPTBot/1.2; +https://openai.com/gptbot)"
20.171.207.177 - - [14/Mar/2025:10:53:44 +0000] "GET /store/shop/?filter_brand=joseph-joseph%2Cmagisso%2Cvitra&filter_color=black%2Cbrown&filter_size=l%2Cm&per_page=24&per_row=2&shop_view=grid&stock_status=instock HTTP/2" 200 26521 "-" "Mozilla/5.0 AppleWebKit/537.36 (KHTML, like Gecko; compatible; GPTBot/1.2; +https://openai.com/gptbot)"
38.91.101.117 - - [14/Mar/2025:10:53:54 +0000] "POST /store/wp-cron.php?doing_wp_cron=1741949634.2503919601440429687500 HTTP/1.1" 200 0 "-" "WordPress/6.7.2; https://valuecartpk.shop/store"
65.108.64.210 - - [14/Mar/2025:10:53:52 +0000] "GET /store/shop/?filter_color=beige,black,blue,brown,yellow&filter_brand=eva-solo,klober,vitra&filter_size=l HTTP/1.1" 200 25963 "-" "Mozilla/5.0 (compatible; MJ12bot/v1.4.8; http://mj12bot.com/)"
20.171.207.177 - - [14/Mar/2025:10:53:56 +0000] "GET /store/shop/?filter_brand=joseph-joseph%2Cmagisso%2Cvitra&filter_color=black%2Cbrown&filter_size=l%2Cm&per_page=18&per_row=2&shop_view=grid&stock_status=instock HTTP/2" 200 26523 "-" "Mozilla/5.0 AppleWebKit/537.36 (KHTML, like Gecko; compatible; GPTBot/1.2; +https://openai.com/gptbot)"
20.171.207.177 - - [14/Mar/2025:10:54:07 +0000] "GET /store/shop/?filter_brand=joseph-joseph%2Cmagisso%2Cvitra&filter_color=black%2Cblue&filter_size=m&per_page=18&per_row=2&shop_view=grid&stock_status=instock%2Consale HTTP/2" 200 23749 "-" "Mozilla/5.0 AppleWebKit/537.36 (KHTML, like Gecko; compatible; GPTBot/1.2; +https://openai.com/gptbot)"
65.108.64.210 - - [14/Mar/2025:10:54:07 +0000] "GET /store/shop/?filter_color=beige,black,blue,brown,yellow&filter_brand=eva-solo,klober,vitra&filter_size=l,m,s HTTP/1.1" 200 26516 "-" "Mozilla/5.0 (compatible; MJ12bot/v1.4.8; http://mj12bot.com/)"
20.171.207.177 - - [14/Mar/2025:10:54:17 +0000] "GET /store/shop/?filter_brand=eva-solo%2Cklober&filter_color=beige%2Cblack%2Cblue%2Cbrown%2Cyellow&filter_size=m&per_page=9&stock_status=onsale HTTP/2" 500 1035 "-" "Mozilla/5.0 AppleWebKit/537.36 (KHTML, like Gecko; compatible; GPTBot/1.2; +https://openai.com/gptbot)"
20.171.207.177 - - [14/Mar/2025:10:54:26 +0000] "GET /store/shop/?filter_brand=joseph-joseph%2Cmagisso%2Cvitra&filter_color=black%2Cblue&filter_size=m&per_page=18&per_row=3&shop_view=grid&stock_status=onsale HTTP/2" 200 23683 "-" "Mozilla/5.0 AppleWebKit/537.36 (KHTML, like Gecko; compatible; GPTBot/1.2; +https://openai.com/gptbot)"
217.182.175.125 - - [14/Mar/2025:10:54:23 +0000] "GET /store/shop/?filter_color=beige,black,blue,brown&filter_size=l,m,s&stock_status=onsale&filter_brand=eva-solo,joseph-joseph,klober,vitra HTTP/1.1" 200 23794 "-" "Mozilla/5.0 (compatible; MJ12bot/v1.4.8; http://mj12bot.com/)"
65.108.64.210 - - [14/Mar/2025:10:54:29 +0000] "GET /store/shop/?filter_color=beige,black,blue,brown,yellow&filter_brand=eva-solo,klober,vitra&filter_size=m,s HTTP/1.1" 200 26470 "-" "Mozilla/5.0 (compatible; MJ12bot/v1.4.8; http://mj12bot.com/)"
217.182.175.125 - - [14/Mar/2025:10:54:28 +0000] "GET /store/shop/?filter_color=beige,black,blue,brown&filter_size=l,m,s&stock_status=onsale&filter_brand=eva-solo,joseph-joseph,magisso HTTP/1.1" 200 23765 "-" "Mozilla/5.0 (compatible; MJ12bot/v1.4.8; http://mj12bot.com/)"
