193.70.81.126 - - [14/Mar/2025:13:52:20 +0000] "GET /store/shop/?filter_color=beige,black,blue,brown,yellow&filter_size=l,m,s&filter_brand=eva-solo,joseph-joseph,klober,vitra HTTP/1.1" 500 262 "-" "Mozilla/5.0 (compatible; MJ12bot/v1.4.8; http://mj12bot.com/)"
193.70.81.126 - - [14/Mar/2025:13:52:22 +0000] "GET /store/shop/?filter_color=beige,black,blue,brown,yellow&filter_size=l,m,s&filter_brand=eva-solo,klober HTTP/1.1" 200 26591 "-" "Mozilla/5.0 (compatible; MJ12bot/v1.4.8; http://mj12bot.com/)"
193.70.81.126 - - [14/Mar/2025:13:52:26 +0000] "GET /store/shop/?filter_color=beige,black,blue,brown,yellow&filter_size=l,m,s&filter_brand=eva-solo,klober,vitra&per_page=12 HTTP/1.1" 200 26645 "-" "Mozilla/5.0 (compatible; MJ12bot/v1.4.8; http://mj12bot.com/)"
193.70.81.126 - - [14/Mar/2025:13:52:32 +0000] "GET /store/shop/?filter_color=beige,black,blue,brown,yellow&filter_size=l,m,s&filter_brand=eva-solo,klober,vitra&per_page=18 HTTP/1.1" 200 26639 "-" "Mozilla/5.0 (compatible; MJ12bot/v1.4.8; http://mj12bot.com/)"
193.70.81.126 - - [14/Mar/2025:13:52:36 +0000] "GET /store/shop/?filter_color=beige,black,blue,brown,yellow&filter_size=l,m,s&filter_brand=eva-solo,klober,vitra&per_page=24 HTTP/1.1" 500 264 "-" "Mozilla/5.0 (compatible; MJ12bot/v1.4.8; http://mj12bot.com/)"
193.70.81.126 - - [14/Mar/2025:13:52:38 +0000] "GET /store/shop/?filter_color=beige,black,blue,brown,yellow&filter_size=l,m,s&filter_brand=eva-solo,klober,vitra&per_page=9 HTTP/1.1" 200 26669 "-" "Mozilla/5.0 (compatible; MJ12bot/v1.4.8; http://mj12bot.com/)"
193.70.81.126 - - [14/Mar/2025:13:52:44 +0000] "GET /store/shop/?filter_color=beige,black,blue,brown,yellow&filter_size=l,m,s&filter_brand=eva-solo,klober,vitra&shop_view=grid&per_row=2 HTTP/1.1" 200 26676 "-" "Mozilla/5.0 (compatible; MJ12bot/v1.4.8; http://mj12bot.com/)"
193.70.81.126 - - [14/Mar/2025:13:52:50 +0000] "GET /store/shop/?filter_color=beige,black,blue,brown,yellow&filter_size=l,m,s&filter_brand=eva-solo,klober,vitra&shop_view=grid&per_row=3 HTTP/1.1" 200 26685 "-" "Mozilla/5.0 (compatible; MJ12bot/v1.4.8; http://mj12bot.com/)"
38.91.101.117 - - [14/Mar/2025:13:52:55 +0000] "POST /store/wp-cron.php?doing_wp_cron=1741960375.6214408874511718750000 HTTP/1.1" 200 0 "-" "WordPress/6.7.2; https://valuecartpk.shop/store"
193.70.81.126 - - [14/Mar/2025:13:52:54 +0000] "GET /store/shop/?filter_color=beige,black,blue,brown,yellow&filter_size=l,m,s&filter_brand=eva-solo,klober,vitra&stock_status=instock HTTP/1.1" 200 26694 "-" "Mozilla/5.0 (compatible; MJ12bot/v1.4.8; http://mj12bot.com/)"
193.70.81.126 - - [14/Mar/2025:13:52:58 +0000] "GET /store/shop/?filter_color=beige,black,blue,brown,yellow&filter_size=l,m,s&filter_brand=eva-solo,klober,vitra&stock_status=instock,onsale HTTP/1.1" 200 24048 "-" "Mozilla/5.0 (compatible; MJ12bot/v1.4.8; http://mj12bot.com/)"
193.70.81.126 - - [14/Mar/2025:13:53:01 +0000] "GET /store/shop/?filter_color=beige,black,blue,brown,yellow&filter_size=l,m,s&filter_brand=eva-solo,magisso HTTP/1.1" 200 26604 "-" "Mozilla/5.0 (compatible; MJ12bot/v1.4.8; http://mj12bot.com/)"
193.70.81.126 - - [14/Mar/2025:13:53:05 +0000] "GET /store/shop/?filter_color=beige,black,blue,brown,yellow&filter_size=l,m,s&filter_brand=eva-solo,magisso&stock_status=instock HTTP/1.1" 200 26653 "-" "Mozilla/5.0 (compatible; MJ12bot/v1.4.8; http://mj12bot.com/)"
193.70.81.126 - - [14/Mar/2025:13:53:10 +0000] "GET /store/shop/?filter_color=beige,black,blue,brown,yellow&filter_size=l,m,s&filter_brand=eva-solo,magisso&stock_status=instock,onsale HTTP/1.1" 200 23966 "-" "Mozilla/5.0 (compatible; MJ12bot/v1.4.8; http://mj12bot.com/)"
193.70.81.126 - - [14/Mar/2025:13:53:14 +0000] "GET /store/shop/?filter_color=beige,black,blue,brown,yellow&filter_size=l,m,s&filter_brand=eva-solo,magisso&stock_status=onsale HTTP/1.1" 200 23965 "-" "Mozilla/5.0 (compatible; MJ12bot/v1.4.8; http://mj12bot.com/)"
193.70.81.126 - - [14/Mar/2025:13:53:19 +0000] "GET /store/shop/?filter_color=beige,black,blue,brown,yellow&filter_size=l,m,s&filter_brand=eva-solo,vitra HTTP/1.1" 200 26524 "-" "Mozilla/5.0 (compatible; MJ12bot/v1.4.8; http://mj12bot.com/)"
193.70.81.126 - - [14/Mar/2025:13:53:24 +0000] "GET /store/shop/?filter_color=beige,black,blue,brown,yellow&filter_size=l,m,s&filter_brand=joseph-joseph,klober HTTP/1.1" 200 26606 "-" "Mozilla/5.0 (compatible; MJ12bot/v1.4.8; http://mj12bot.com/)"
193.70.81.126 - - [14/Mar/2025:13:53:28 +0000] "GET /store/shop/?filter_color=beige,black,blue,brown,yellow&filter_size=l,m,s&filter_brand=joseph-joseph,klober,vitra&per_page=12 HTTP/1.1" 500 264 "-" "Mozilla/5.0 (compatible; MJ12bot/v1.4.8; http://mj12bot.com/)"
193.70.81.126 - - [14/Mar/2025:13:53:30 +0000] "GET /store/shop/?filter_color=beige,black,blue,brown,yellow&filter_size=l,m,s&filter_brand=joseph-joseph,klober,vitra&per_page=18 HTTP/1.1" 200 26663 "-" "Mozilla/5.0 (compatible; MJ12bot/v1.4.8; http://mj12bot.com/)"
193.70.81.126 - - [14/Mar/2025:13:53:38 +0000] "GET /store/shop/?filter_color=beige,black,blue,brown,yellow&filter_size=l,m,s&filter_brand=joseph-joseph,klober,vitra&per_page=24 HTTP/1.1" 200 26660 "-" "Mozilla/5.0 (compatible; MJ12bot/v1.4.8; http://mj12bot.com/)"
193.70.81.126 - - [14/Mar/2025:13:53:42 +0000] "GET /store/shop/?filter_color=beige,black,blue,brown,yellow&filter_size=l,m,s&filter_brand=joseph-joseph,klober,vitra&per_page=9 HTTP/1.1" 200 26681 "-" "Mozilla/5.0 (compatible; MJ12bot/v1.4.8; http://mj12bot.com/)"
193.70.81.126 - - [14/Mar/2025:13:53:48 +0000] "GET /store/shop/?filter_color=beige,black,blue,brown,yellow&filter_size=l,m,s&filter_brand=joseph-joseph,klober,vitra&shop_view=grid&per_row=2 HTTP/1.1" 200 26677 "-" "Mozilla/5.0 (compatible; MJ12bot/v1.4.8; http://mj12bot.com/)"
193.70.81.126 - - [14/Mar/2025:13:53:53 +0000] "GET /store/shop/?filter_color=beige,black,blue,brown,yellow&filter_size=l,m,s&filter_brand=joseph-joseph,klober,vitra&shop_view=grid&per_row=3 HTTP/1.1" 200 26673 "-" "Mozilla/5.0 (compatible; MJ12bot/v1.4.8; http://mj12bot.com/)"
193.70.81.126 - - [14/Mar/2025:13:53:57 +0000] "GET /store/shop/?filter_color=beige,black,blue,brown,yellow&filter_size=l,m,s&filter_brand=joseph-joseph,klober,vitra&shop_view=grid&per_row=4 HTTP/1.1" 200 26671 "-" "Mozilla/5.0 (compatible; MJ12bot/v1.4.8; http://mj12bot.com/)"
51.222.253.3 - - [14/Mar/2025:13:54:01 +0000] "GET /?SA HTTP/2" 200 642 "-" "Mozilla/5.0 (compatible; AhrefsBot/7.0; +http://ahrefs.com/robot/)"
193.70.81.126 - - [14/Mar/2025:13:54:02 +0000] "GET /store/shop/?filter_color=beige,black,blue,brown,yellow&filter_size=l,m,s&filter_brand=joseph-joseph,klober,vitra&stock_status=instock HTTP/1.1" 200 26683 "-" "Mozilla/5.0 (compatible; MJ12bot/v1.4.8; http://mj12bot.com/)"
193.70.81.126 - - [14/Mar/2025:13:54:06 +0000] "GET /store/shop/?filter_color=beige,black,blue,brown,yellow&filter_size=l,m,s&filter_brand=joseph-joseph,klober,vitra&stock_status=instock,onsale HTTP/1.1" 500 264 "-" "Mozilla/5.0 (compatible; MJ12bot/v1.4.8; http://mj12bot.com/)"
193.70.81.126 - - [14/Mar/2025:13:54:08 +0000] "GET /store/shop/?filter_color=beige,black,blue,brown,yellow&filter_size=l,m,s&filter_brand=joseph-joseph,klober,vitra&stock_status=onsale HTTP/1.1" 200 24052 "-" "Mozilla/5.0 (compatible; MJ12bot/v1.4.8; http://mj12bot.com/)"
193.70.81.126 - - [14/Mar/2025:13:54:13 +0000] "GET /store/shop/?filter_color=beige,black,blue,brown,yellow&filter_size=l,m,s&filter_brand=joseph-joseph,magisso HTTP/1.1" 200 26592 "-" "Mozilla/5.0 (compatible; MJ12bot/v1.4.8; http://mj12bot.com/)"
193.70.81.126 - - [14/Mar/2025:13:54:18 +0000] "GET /store/shop/?filter_color=beige,black,blue,brown,yellow&filter_size=l,m,s&filter_brand=joseph-joseph,magisso&stock_status=instock HTTP/1.1" 200 26657 "-" "Mozilla/5.0 (compatible; MJ12bot/v1.4.8; http://mj12bot.com/)"
193.70.81.126 - - [14/Mar/2025:13:54:22 +0000] "GET /store/shop/?filter_color=beige,black,blue,brown,yellow&filter_size=l,m,s&filter_brand=joseph-joseph,magisso&stock_status=instock,onsale HTTP/1.1" 200 23941 "-" "Mozilla/5.0 (compatible; MJ12bot/v1.4.8; http://mj12bot.com/)"
193.70.81.126 - - [14/Mar/2025:13:54:26 +0000] "GET /store/shop/?filter_color=beige,black,blue,brown,yellow&filter_size=l,m,s&filter_brand=joseph-joseph,magisso&stock_status=onsale HTTP/1.1" 500 264 "-" "Mozilla/5.0 (compatible; MJ12bot/v1.4.8; http://mj12bot.com/)"
193.70.81.126 - - [14/Mar/2025:13:54:28 +0000] "GET /store/shop/?filter_color=beige,black,blue,brown,yellow&filter_size=l,m,s&filter_brand=joseph-joseph,vitra HTTP/1.1" 200 26568 "-" "Mozilla/5.0 (compatible; MJ12bot/v1.4.8; http://mj12bot.com/)"
193.70.81.126 - - [14/Mar/2025:13:54:34 +0000] "GET /store/shop/?filter_color=beige,black,blue,brown,yellow&filter_size=l,m,s&filter_brand=klober&stock_status=instock HTTP/1.1" 200 23923 "-" "Mozilla/5.0 (compatible; MJ12bot/v1.4.8; http://mj12bot.com/)"
193.70.81.126 - - [14/Mar/2025:13:54:39 +0000] "GET /store/shop/?filter_color=beige,black,blue,brown,yellow&filter_size=l,m,s&filter_brand=klober&stock_status=instock,onsale HTTP/1.1" 200 23972 "-" "Mozilla/5.0 (compatible; MJ12bot/v1.4.8; http://mj12bot.com/)"
193.70.81.126 - - [14/Mar/2025:13:54:42 +0000] "GET /store/shop/?filter_color=beige,black,blue,brown,yellow&filter_size=l,m,s&filter_brand=klober&stock_status=onsale HTTP/1.1" 200 23907 "-" "Mozilla/5.0 (compatible; MJ12bot/v1.4.8; http://mj12bot.com/)"
193.70.81.126 - - [14/Mar/2025:13:54:46 +0000] "GET /store/shop/?filter_color=beige,black,blue,brown,yellow&filter_size=l,m,s&filter_brand=klober,vitra HTTP/1.1" 200 26604 "-" "Mozilla/5.0 (compatible; MJ12bot/v1.4.8; http://mj12bot.com/)"
193.70.81.126 - - [14/Mar/2025:13:54:51 +0000] "GET /store/shop/?filter_color=beige,black,blue,brown,yellow&filter_size=l,m,s&filter_brand=magisso,vitra HTTP/1.1" 200 26553 "-" "Mozilla/5.0 (compatible; MJ12bot/v1.4.8; http://mj12bot.com/)"
193.70.81.126 - - [14/Mar/2025:13:54:55 +0000] "GET /store/shop/?filter_color=beige,black,blue,brown,yellow&filter_size=l,m,s&filter_brand=magisso,vitra&stock_status=instock HTTP/1.1" 200 26631 "-" "Mozilla/5.0 (compatible; MJ12bot/v1.4.8; http://mj12bot.com/)"
193.70.81.126 - - [14/Mar/2025:13:54:59 +0000] "GET /store/shop/?filter_color=beige,black,blue,brown,yellow&filter_size=l,m,s&filter_brand=magisso,vitra&stock_status=instock,onsale HTTP/1.1" 500 264 "-" "Mozilla/5.0 (compatible; MJ12bot/v1.4.8; http://mj12bot.com/)"
193.70.81.126 - - [14/Mar/2025:13:55:01 +0000] "GET /store/shop/?filter_color=beige,black,blue,brown,yellow&filter_size=l,m,s&filter_brand=magisso,vitra&stock_status=onsale HTTP/1.1" 200 23955 "-" "Mozilla/5.0 (compatible; MJ12bot/v1.4.8; http://mj12bot.com/)"
193.70.81.126 - - [14/Mar/2025:13:55:06 +0000] "GET /store/shop/?filter_color=beige,black,blue,brown,yellow&filter_size=l,m,s&filter_brand=vitra&per_page=12 HTTP/1.1" 200 26034 "-" "Mozilla/5.0 (compatible; MJ12bot/v1.4.8; http://mj12bot.com/)"
193.70.81.126 - - [14/Mar/2025:13:55:11 +0000] "GET /store/shop/?filter_color=beige,black,blue,brown,yellow&filter_size=l,m,s&filter_brand=vitra&per_page=18 HTTP/1.1" 200 26027 "-" "Mozilla/5.0 (compatible; MJ12bot/v1.4.8; http://mj12bot.com/)"
193.70.81.126 - - [14/Mar/2025:13:55:18 +0000] "GET /store/shop/?filter_color=beige,black,blue,brown,yellow&filter_size=l,m,s&filter_brand=vitra&per_page=24 HTTP/1.1" 200 26030 "-" "Mozilla/5.0 (compatible; MJ12bot/v1.4.8; http://mj12bot.com/)"
193.70.81.126 - - [14/Mar/2025:13:55:22 +0000] "GET /store/shop/?filter_color=beige,black,blue,brown,yellow&filter_size=l,m,s&filter_brand=vitra&per_page=9 HTTP/1.1" 500 264 "-" "Mozilla/5.0 (compatible; MJ12bot/v1.4.8; http://mj12bot.com/)"
193.70.81.126 - - [14/Mar/2025:13:55:24 +0000] "GET /store/shop/?filter_color=beige,black,blue,brown,yellow&filter_size=l,m,s&filter_brand=vitra&shop_view=grid&per_row=2 HTTP/1.1" 200 26047 "-" "Mozilla/5.0 (compatible; MJ12bot/v1.4.8; http://mj12bot.com/)"
193.70.81.126 - - [14/Mar/2025:13:55:32 +0000] "GET /store/shop/?filter_color=beige,black,blue,brown,yellow&filter_size=l,m,s&filter_brand=vitra&shop_view=grid&per_row=3 HTTP/1.1" 200 26055 "-" "Mozilla/5.0 (compatible; MJ12bot/v1.4.8; http://mj12bot.com/)"
193.70.81.126 - - [14/Mar/2025:13:55:37 +0000] "GET /store/shop/?filter_color=beige,black,blue,brown,yellow&filter_size=l,m,s&filter_brand=vitra&shop_view=grid&per_row=4 HTTP/1.1" 200 26053 "-" "Mozilla/5.0 (compatible; MJ12bot/v1.4.8; http://mj12bot.com/)"
193.70.81.126 - - [14/Mar/2025:13:55:44 +0000] "GET /store/shop/?filter_color=beige,black,blue,brown,yellow&filter_size=l,m,s&filter_brand=vitra&stock_status=instock HTTP/1.1" 200 26044 "-" "Mozilla/5.0 (compatible; MJ12bot/v1.4.8; http://mj12bot.com/)"
193.70.81.126 - - [14/Mar/2025:13:55:50 +0000] "GET /store/shop/?filter_color=beige,black,blue,brown,yellow&filter_size=l,m,s&filter_brand=vitra&stock_status=instock,onsale HTTP/1.1" 200 23915 "-" "Mozilla/5.0 (compatible; MJ12bot/v1.4.8; http://mj12bot.com/)"
193.70.81.126 - - [14/Mar/2025:13:55:54 +0000] "GET /store/shop/?filter_color=beige,black,blue,brown,yellow&filter_size=l,m,s&filter_brand=vitra&stock_status=onsale HTTP/1.1" 500 264 "-" "Mozilla/5.0 (compatible; MJ12bot/v1.4.8; http://mj12bot.com/)"
193.70.81.126 - - [14/Mar/2025:13:55:56 +0000] "GET /store/shop/?filter_color=beige,black,blue,brown,yellow&filter_size=l,m,s&stock_status=instock&filter_brand=eva-solo HTTP/1.1" 200 26202 "-" "Mozilla/5.0 (compatible; MJ12bot/v1.4.8; http://mj12bot.com/)"
193.70.81.126 - - [14/Mar/2025:13:56:02 +0000] "GET /store/shop/?filter_color=beige,black,blue,brown,yellow&filter_size=l,m,s&stock_status=instock&filter_brand=eva-solo,joseph-joseph,klober,vitra HTTP/1.1" 200 26695 "-" "Mozilla/5.0 (compatible; MJ12bot/v1.4.8; http://mj12bot.com/)"
193.70.81.126 - - [14/Mar/2025:13:56:09 +0000] "GET /store/shop/?filter_color=beige,black,blue,brown,yellow&filter_size=l,m,s&stock_status=instock&filter_brand=eva-solo,joseph-joseph,magisso HTTP/1.1" 200 26702 "-" "Mozilla/5.0 (compatible; MJ12bot/v1.4.8; http://mj12bot.com/)"
193.70.81.126 - - [14/Mar/2025:13:56:15 +0000] "GET /store/shop/?filter_color=beige,black,blue,brown,yellow&filter_size=l,m,s&stock_status=instock&filter_brand=eva-solo,klober HTTP/1.1" 200 26637 "-" "Mozilla/5.0 (compatible; MJ12bot/v1.4.8; http://mj12bot.com/)"
193.70.81.126 - - [14/Mar/2025:13:56:22 +0000] "GET /store/shop/?filter_color=beige,black,blue,brown,yellow&filter_size=l,m,s&stock_status=instock&filter_brand=eva-solo,magisso,vitra HTTP/1.1" 200 26700 "-" "Mozilla/5.0 (compatible; MJ12bot/v1.4.8; http://mj12bot.com/)"
193.70.81.126 - - [14/Mar/2025:13:56:27 +0000] "GET /store/shop/?filter_color=beige,black,blue,brown,yellow&filter_size=l,m,s&stock_status=instock&filter_brand=eva-solo,vitra HTTP/1.1" 200 26607 "-" "Mozilla/5.0 (compatible; MJ12bot/v1.4.8; http://mj12bot.com/)"
193.70.81.126 - - [14/Mar/2025:13:56:31 +0000] "GET /store/shop/?filter_color=beige,black,blue,brown,yellow&filter_size=l,m,s&stock_status=instock&filter_brand=joseph-joseph HTTP/1.1" 200 25980 "-" "Mozilla/5.0 (compatible; MJ12bot/v1.4.8; http://mj12bot.com/)"
193.70.81.126 - - [14/Mar/2025:13:56:36 +0000] "GET /store/shop/?filter_color=beige,black,blue,brown,yellow&filter_size=l,m,s&stock_status=instock&filter_brand=joseph-joseph,klober HTTP/1.1" 500 264 "-" "Mozilla/5.0 (compatible; MJ12bot/v1.4.8; http://mj12bot.com/)"
193.70.81.126 - - [14/Mar/2025:13:56:38 +0000] "GET /store/shop/?filter_color=beige,black,blue,brown,yellow&filter_size=l,m,s&stock_status=instock&filter_brand=joseph-joseph,magisso,vitra HTTP/1.1" 200 26691 "-" "Mozilla/5.0 (compatible; MJ12bot/v1.4.8; http://mj12bot.com/)"
193.70.81.126 - - [14/Mar/2025:13:56:42 +0000] "GET /store/shop/?filter_color=beige,black,blue,brown,yellow&filter_size=l,m,s&stock_status=instock&filter_brand=joseph-joseph,vitra HTTP/1.1" 200 26598 "-" "Mozilla/5.0 (compatible; MJ12bot/v1.4.8; http://mj12bot.com/)"
193.70.81.126 - - [14/Mar/2025:13:56:46 +0000] "GET /store/shop/?filter_color=beige,black,blue,brown,yellow&filter_size=l,m,s&stock_status=instock&filter_brand=klober,vitra HTTP/1.1" 200 26651 "-" "Mozilla/5.0 (compatible; MJ12bot/v1.4.8; http://mj12bot.com/)"
193.70.81.126 - - [14/Mar/2025:13:56:51 +0000] "GET /store/shop/?filter_color=beige,black,blue,brown,yellow&filter_size=l,m,s&stock_status=instock&filter_brand=magisso HTTP/1.1" 200 23933 "-" "Mozilla/5.0 (compatible; MJ12bot/v1.4.8; http://mj12bot.com/)"
193.70.81.126 - - [14/Mar/2025:13:56:57 +0000] "GET /store/shop/?filter_color=beige,black,blue,brown,yellow&filter_size=l,m,s&stock_status=instock,onsale&filter_brand=eva-solo HTTP/1.1" 200 23896 "-" "Mozilla/5.0 (compatible; MJ12bot/v1.4.8; http://mj12bot.com/)"
193.70.81.126 - - [14/Mar/2025:13:57:01 +0000] "GET /store/shop/?filter_color=beige,black,blue,brown,yellow&filter_size=l,m,s&stock_status=instock,onsale&filter_brand=eva-solo,joseph-joseph,magisso HTTP/1.1" 200 24081 "-" "Mozilla/5.0 (compatible; MJ12bot/v1.4.8; http://mj12bot.com/)"
193.70.81.126 - - [14/Mar/2025:13:57:08 +0000] "GET /store/shop/?filter_color=beige,black,blue,brown,yellow&filter_size=l,m,s&stock_status=instock,onsale&filter_brand=eva-solo,magisso,vitra HTTP/1.1" 200 24062 "-" "Mozilla/5.0 (compatible; MJ12bot/v1.4.8; http://mj12bot.com/)"
193.70.81.126 - - [14/Mar/2025:13:57:12 +0000] "GET /store/shop/?filter_color=beige,black,blue,brown,yellow&filter_size=l,m,s&stock_status=instock,onsale&filter_brand=joseph-joseph HTTP/1.1" 200 23896 "-" "Mozilla/5.0 (compatible; MJ12bot/v1.4.8; http://mj12bot.com/)"
193.70.81.126 - - [14/Mar/2025:13:57:19 +0000] "GET /store/shop/?filter_color=beige,black,blue,brown,yellow&filter_size=l,m,s&stock_status=instock,onsale&filter_brand=joseph-joseph,magisso,vitra HTTP/1.1" 200 24040 "-" "Mozilla/5.0 (compatible; MJ12bot/v1.4.8; http://mj12bot.com/)"
193.70.81.126 - - [14/Mar/2025:13:57:23 +0000] "GET /store/shop/?filter_color=beige,black,blue,brown,yellow&filter_size=l,m,s&stock_status=instock,onsale&filter_brand=magisso HTTP/1.1" 200 23933 "-" "Mozilla/5.0 (compatible; MJ12bot/v1.4.8; http://mj12bot.com/)"
193.70.81.126 - - [14/Mar/2025:13:57:28 +0000] "GET /store/shop/?filter_color=beige,black,blue,brown,yellow&filter_size=l,m,s&stock_status=instock,onsale&filter_brand=vitra HTTP/1.1" 200 23924 "-" "Mozilla/5.0 (compatible; MJ12bot/v1.4.8; http://mj12bot.com/)"
20.171.207.177 - - [14/Mar/2025:13:52:38 +0000] "GET /store/shop/?filter_brand=eva-solo%2Cmagisso%2Cvitra&filter_color=beige%2Cblue%2Cbrown%2Cyellow&per_row=4&shop_view=grid&stock_status=onsale HTTP/2" 200 23888 "-" "Mozilla/5.0 AppleWebKit/537.36 (KHTML, like Gecko; compatible; GPTBot/1.2; +https://openai.com/gptbot)"
20.171.207.177 - - [14/Mar/2025:13:52:48 +0000] "GET /store/shop/?filter_brand=eva-solo%2Cmagisso%2Cvitra&filter_color=brown&filter_size=l%2Cm%2Cs&per_page=24&stock_status=instock%2Consale HTTP/2" 200 23828 "-" "Mozilla/5.0 AppleWebKit/537.36 (KHTML, like Gecko; compatible; GPTBot/1.2; +https://openai.com/gptbot)"
20.171.207.177 - - [14/Mar/2025:13:52:57 +0000] "GET /store/shop/?filter_brand=joseph-joseph%2Cklober%2Cvitra&filter_color=beige%2Cblue%2Cyellow&filter_size=m&per_page=9&stock_status=onsale HTTP/2" 500 1035 "-" "Mozilla/5.0 AppleWebKit/537.36 (KHTML, like Gecko; compatible; GPTBot/1.2; +https://openai.com/gptbot)"
20.171.207.177 - - [14/Mar/2025:13:53:05 +0000] "GET /store/shop/?filter_brand=joseph-joseph%2Cklober%2Cvitra&filter_color=black%2Cblue%2Cyellow&filter_size=m%2Cs&per_page=9&per_row=4&shop_view=grid&stock_status=instock%2Consale HTTP/2" 500 1035 "-" "Mozilla/5.0 AppleWebKit/537.36 (KHTML, like Gecko; compatible; GPTBot/1.2; +https://openai.com/gptbot)"
20.171.207.177 - - [14/Mar/2025:13:53:29 +0000] "GET /store/shop/?filter_brand=eva-solo%2Cmagisso%2Cvitra&filter_color=yellow&filter_size=m%2Cs&per_page=24&stock_status=instock HTTP/2" 200 25991 "-" "Mozilla/5.0 AppleWebKit/537.36 (KHTML, like Gecko; compatible; GPTBot/1.2; +https://openai.com/gptbot)"
20.171.207.177 - - [14/Mar/2025:13:54:29 +0000] "GET /store/shop/?filter_brand=joseph-joseph%2Cklober%2Cvitra&filter_color=black%2Cbrown&filter_size=l%2Cm%2Cs&per_page=9&stock_status=onsale HTTP/2" 200 23944 "-" "Mozilla/5.0 AppleWebKit/537.36 (KHTML, like Gecko; compatible; GPTBot/1.2; +https://openai.com/gptbot)"
20.171.207.177 - - [14/Mar/2025:13:55:23 +0000] "GET /store/shop/?filter_brand=joseph-joseph%2Cklober&filter_color=beige%2Cbrown%2Cyellow&per_row=4&shop_view=grid&stock_status=onsale HTTP/2" 200 23839 "-" "Mozilla/5.0 AppleWebKit/537.36 (KHTML, like Gecko; compatible; GPTBot/1.2; +https://openai.com/gptbot)"
2a06:98c0:3600::103 - - [14/Mar/2025:13:55:57 +0000] "GET /wp-admin/setup-config.php HTTP/1.1" 404 1251 "-" "Mozilla/5.0 (Windows NT 10.0; Win64; x64) AppleWebKit/537.36 (KHTML, like Gecko) Chrome/133.0.0.0 Safari/537.36"
20.171.207.177 - - [14/Mar/2025:13:56:15 +0000] "GET /store/shop/?filter_brand=eva-solo%2Cjoseph-joseph%2Cmagisso%2Cvitra&filter_color=brown%2Cyellow&filter_size=l%2Cs&per_page=9&stock_status=onsale HTTP/2" 200 23864 "-" "Mozilla/5.0 AppleWebKit/537.36 (KHTML, like Gecko; compatible; GPTBot/1.2; +https://openai.com/gptbot)"
38.91.101.117 - - [14/Mar/2025:13:56:53 +0000] "POST /store/wp-cron.php?doing_wp_cron=1741960613.0457060337066650390625 HTTP/1.1" 200 0 "-" "WordPress/6.7.2; https://valuecartpk.shop/store"
20.171.207.177 - - [14/Mar/2025:13:57:02 +0000] "GET /store/shop/?filter_brand=joseph-joseph%2Cmagisso&filter_color=beige%2Cblack%2Cyellow&filter_size=l%2Cm&per_page=9&stock_status=instock HTTP/2" 200 26613 "-" "Mozilla/5.0 AppleWebKit/537.36 (KHTML, like Gecko; compatible; GPTBot/1.2; +https://openai.com/gptbot)"
20.171.207.177 - - [14/Mar/2025:13:57:42 +0000] "GET /store/shop/?filter_brand=eva-solo%2Cjoseph-joseph&filter_color=beige%2Cblue%2Cbrown%2Cyellow&filter_size=l&per_page=12&stock_status=onsale HTTP/2" 200 23859 "-" "Mozilla/5.0 AppleWebKit/537.36 (KHTML, like Gecko; compatible; GPTBot/1.2; +https://openai.com/gptbot)"
38.91.101.117 - - [14/Mar/2025:13:57:55 +0000] "POST /store/wp-cron.php?doing_wp_cron=1741960675.0762600898742675781250 HTTP/1.1" 200 0 "-" "WordPress/6.7.2; https://valuecartpk.shop/store"
193.70.81.126 - - [14/Mar/2025:13:57:31 +0000] "GET /store/shop/?filter_color=beige,black,blue,brown,yellow&filter_size=l,m,s&stock_status=onsale&filter_brand=eva-solo HTTP/1.1" 500 262 "-" "Mozilla/5.0 (compatible; MJ12bot/v1.4.8; http://mj12bot.com/)"
193.70.81.126 - - [14/Mar/2025:13:57:34 +0000] "GET /store/shop/?filter_color=beige,black,blue,brown,yellow&filter_size=l,m,s&stock_status=onsale&filter_brand=eva-solo,joseph-joseph,magisso HTTP/1.1" 200 24049 "-" "Mozilla/5.0 (compatible; MJ12bot/v1.4.8; http://mj12bot.com/)"
193.70.81.126 - - [14/Mar/2025:13:57:39 +0000] "GET /store/shop/?filter_color=beige,black,blue,brown,yellow&filter_size=l,m,s&stock_status=onsale&filter_brand=eva-solo,magisso,vitra HTTP/1.1" 200 24033 "-" "Mozilla/5.0 (compatible; MJ12bot/v1.4.8; http://mj12bot.com/)"
193.70.81.126 - - [14/Mar/2025:13:57:43 +0000] "GET /store/shop/?filter_color=beige,black,blue,brown,yellow&filter_size=l,m,s&stock_status=onsale&filter_brand=joseph-joseph HTTP/1.1" 200 23870 "-" "Mozilla/5.0 (compatible; MJ12bot/v1.4.8; http://mj12bot.com/)"
193.70.81.126 - - [14/Mar/2025:13:57:49 +0000] "GET /store/shop/?filter_color=beige,black,blue,brown,yellow&filter_size=l,m,s&stock_status=onsale&filter_brand=joseph-joseph,magisso,vitra HTTP/1.1" 200 24060 "-" "Mozilla/5.0 (compatible; MJ12bot/v1.4.8; http://mj12bot.com/)"
193.70.81.126 - - [14/Mar/2025:13:57:53 +0000] "GET /store/shop/?filter_color=beige,black,blue,brown,yellow&filter_size=l,m,s&stock_status=onsale&filter_brand=magisso HTTP/1.1" 200 23904 "-" "Mozilla/5.0 (compatible; MJ12bot/v1.4.8; http://mj12bot.com/)"
193.70.81.126 - - [14/Mar/2025:13:57:57 +0000] "GET /store/shop/?filter_color=beige,black,blue,brown,yellow&filter_size=l,m,s&stock_status=onsale&filter_brand=vitra HTTP/1.1" 200 23880 "-" "Mozilla/5.0 (compatible; MJ12bot/v1.4.8; http://mj12bot.com/)"
193.70.81.126 - - [14/Mar/2025:13:58:01 +0000] "GET /store/shop/?filter_color=beige,black,blue,brown,yellow&filter_size=l,s&filter_brand=eva-solo HTTP/1.1" 200 26151 "-" "Mozilla/5.0 (compatible; MJ12bot/v1.4.8; http://mj12bot.com/)"
193.70.81.126 - - [14/Mar/2025:13:58:05 +0000] "GET /store/shop/?filter_color=beige,black,blue,brown,yellow&filter_size=l,s&filter_brand=eva-solo,joseph-joseph,klober,vitra HTTP/1.1" 200 26674 "-" "Mozilla/5.0 (compatible; MJ12bot/v1.4.8; http://mj12bot.com/)"
193.70.81.126 - - [14/Mar/2025:13:58:09 +0000] "GET /store/shop/?filter_color=beige,black,blue,brown,yellow&filter_size=l,s&filter_brand=eva-solo,joseph-joseph,vitra HTTP/1.1" 200 26566 "-" "Mozilla/5.0 (compatible; MJ12bot/v1.4.8; http://mj12bot.com/)"
193.70.81.126 - - [14/Mar/2025:13:58:15 +0000] "GET /store/shop/?filter_color=beige,black,blue,brown,yellow&filter_size=l,s&filter_brand=eva-solo,klober HTTP/1.1" 500 262 "-" "Mozilla/5.0 (compatible; MJ12bot/v1.4.8; http://mj12bot.com/)"
193.70.81.126 - - [14/Mar/2025:13:58:17 +0000] "GET /store/shop/?filter_color=beige,black,blue,brown,yellow&filter_size=l,s&filter_brand=eva-solo,klober,vitra&per_page=12 HTTP/1.1" 200 26655 "-" "Mozilla/5.0 (compatible; MJ12bot/v1.4.8; http://mj12bot.com/)"
193.70.81.126 - - [14/Mar/2025:13:58:24 +0000] "GET /store/shop/?filter_color=beige,black,blue,brown,yellow&filter_size=l,s&filter_brand=eva-solo,klober,vitra&per_page=18 HTTP/1.1" 200 26656 "-" "Mozilla/5.0 (compatible; MJ12bot/v1.4.8; http://mj12bot.com/)"
193.70.81.126 - - [14/Mar/2025:13:58:29 +0000] "GET /store/shop/?filter_color=beige,black,blue,brown,yellow&filter_size=l,s&filter_brand=eva-solo,klober,vitra&per_page=24 HTTP/1.1" 200 26670 "-" "Mozilla/5.0 (compatible; MJ12bot/v1.4.8; http://mj12bot.com/)"
193.70.81.126 - - [14/Mar/2025:13:58:34 +0000] "GET /store/shop/?filter_color=beige,black,blue,brown,yellow&filter_size=l,s&filter_brand=eva-solo,klober,vitra&per_page=9 HTTP/1.1" 200 26669 "-" "Mozilla/5.0 (compatible; MJ12bot/v1.4.8; http://mj12bot.com/)"
193.70.81.126 - - [14/Mar/2025:13:58:39 +0000] "GET /store/shop/?filter_color=beige,black,blue,brown,yellow&filter_size=l,s&filter_brand=eva-solo,klober,vitra&shop_view=grid&per_row=2 HTTP/1.1" 200 26675 "-" "Mozilla/5.0 (compatible; MJ12bot/v1.4.8; http://mj12bot.com/)"
193.70.81.126 - - [14/Mar/2025:13:58:43 +0000] "GET /store/shop/?filter_color=beige,black,blue,brown,yellow&filter_size=l,s&filter_brand=eva-solo,klober,vitra&shop_view=grid&per_row=3 HTTP/1.1" 500 264 "-" "Mozilla/5.0 (compatible; MJ12bot/v1.4.8; http://mj12bot.com/)"
193.70.81.126 - - [14/Mar/2025:13:58:45 +0000] "GET /store/shop/?filter_color=beige,black,blue,brown,yellow&filter_size=l,s&filter_brand=eva-solo,klober,vitra&shop_view=grid&per_row=4 HTTP/1.1" 200 26678 "-" "Mozilla/5.0 (compatible; MJ12bot/v1.4.8; http://mj12bot.com/)"
193.70.81.126 - - [14/Mar/2025:13:58:51 +0000] "GET /store/shop/?filter_color=beige,black,blue,brown,yellow&filter_size=l,s&filter_brand=eva-solo,klober,vitra&stock_status=instock HTTP/1.1" 200 26679 "-" "Mozilla/5.0 (compatible; MJ12bot/v1.4.8; http://mj12bot.com/)"
193.70.81.126 - - [14/Mar/2025:13:58:57 +0000] "GET /store/shop/?filter_color=beige,black,blue,brown,yellow&filter_size=l,s&filter_brand=eva-solo,klober,vitra&stock_status=instock,onsale HTTP/1.1" 200 23919 "-" "Mozilla/5.0 (compatible; MJ12bot/v1.4.8; http://mj12bot.com/)"
193.70.81.126 - - [14/Mar/2025:13:59:01 +0000] "GET /store/shop/?filter_color=beige,black,blue,brown,yellow&filter_size=l,s&filter_brand=eva-solo,klober,vitra&stock_status=onsale HTTP/1.1" 200 23938 "-" "Mozilla/5.0 (compatible; MJ12bot/v1.4.8; http://mj12bot.com/)"
193.70.81.126 - - [14/Mar/2025:13:59:05 +0000] "GET /store/shop/?filter_color=beige,black,blue,brown,yellow&filter_size=l,s&filter_brand=eva-solo,magisso HTTP/1.1" 200 26574 "-" "Mozilla/5.0 (compatible; MJ12bot/v1.4.8; http://mj12bot.com/)"
193.70.81.126 - - [14/Mar/2025:13:59:08 +0000] "GET /store/shop/?filter_color=beige,black,blue,brown,yellow&filter_size=l,s&filter_brand=eva-solo,magisso&stock_status=instock,onsale HTTP/1.1" 500 264 "-" "Mozilla/5.0 (compatible; MJ12bot/v1.4.8; http://mj12bot.com/)"
2a06:98c0:3600::103 - - [14/Mar/2025:13:59:10 +0000] "GET /wordpress/wp-admin/setup-config.php HTTP/1.1" 404 1251 "-" "Mozilla/5.0 (Windows NT 10.0; Win64; x64) AppleWebKit/537.36 (KHTML, like Gecko) Chrome/133.0.0.0 Safari/537.36"
193.70.81.126 - - [14/Mar/2025:13:59:11 +0000] "GET /store/shop/?filter_color=beige,black,blue,brown,yellow&filter_size=l,s&filter_brand=eva-solo,vitra&per_page=12 HTTP/1.1" 200 26548 "-" "Mozilla/5.0 (compatible; MJ12bot/v1.4.8; http://mj12bot.com/)"
193.70.81.126 - - [14/Mar/2025:13:59:16 +0000] "GET /store/shop/?filter_color=beige,black,blue,brown,yellow&filter_size=l,s&filter_brand=eva-solo,vitra&per_page=18 HTTP/1.1" 200 26545 "-" "Mozilla/5.0 (compatible; MJ12bot/v1.4.8; http://mj12bot.com/)"
193.70.81.126 - - [14/Mar/2025:13:59:24 +0000] "GET /store/shop/?filter_color=beige,black,blue,brown,yellow&filter_size=l,s&filter_brand=eva-solo,vitra&per_page=24 HTTP/1.1" 200 26542 "-" "Mozilla/5.0 (compatible; MJ12bot/v1.4.8; http://mj12bot.com/)"
193.70.81.126 - - [14/Mar/2025:13:59:33 +0000] "GET /store/shop/?filter_color=beige,black,blue,brown,yellow&filter_size=l,s&filter_brand=eva-solo,vitra&per_page=9 HTTP/1.1" 200 26523 "-" "Mozilla/5.0 (compatible; MJ12bot/v1.4.8; http://mj12bot.com/)"
193.70.81.126 - - [14/Mar/2025:13:59:38 +0000] "GET /store/shop/?filter_color=beige,black,blue,brown,yellow&filter_size=l,s&filter_brand=eva-solo,vitra&shop_view=grid&per_row=2 HTTP/1.1" 200 26564 "-" "Mozilla/5.0 (compatible; MJ12bot/v1.4.8; http://mj12bot.com/)"
193.70.81.126 - - [14/Mar/2025:13:59:42 +0000] "GET /store/shop/?filter_color=beige,black,blue,brown,yellow&filter_size=l,s&filter_brand=eva-solo,vitra&shop_view=grid&per_row=3 HTTP/1.1" 200 26573 "-" "Mozilla/5.0 (compatible; MJ12bot/v1.4.8; http://mj12bot.com/)"
193.70.81.126 - - [14/Mar/2025:13:59:46 +0000] "GET /store/shop/?filter_color=beige,black,blue,brown,yellow&filter_size=l,s&filter_brand=eva-solo,vitra&shop_view=grid&per_row=4 HTTP/1.1" 500 262 "-" "Mozilla/5.0 (compatible; MJ12bot/v1.4.8; http://mj12bot.com/)"
193.70.81.126 - - [14/Mar/2025:13:59:49 +0000] "GET /store/shop/?filter_color=beige,black,blue,brown,yellow&filter_size=l,s&filter_brand=eva-solo,vitra&stock_status=instock HTTP/1.1" 200 26597 "-" "Mozilla/5.0 (compatible; MJ12bot/v1.4.8; http://mj12bot.com/)"
193.70.81.126 - - [14/Mar/2025:13:59:55 +0000] "GET /store/shop/?filter_color=beige,black,blue,brown,yellow&filter_size=l,s&filter_brand=eva-solo,vitra&stock_status=onsale HTTP/1.1" 500 264 "-" "Mozilla/5.0 (compatible; MJ12bot/v1.4.8; http://mj12bot.com/)"
193.70.81.126 - - [14/Mar/2025:13:59:57 +0000] "GET /store/shop/?filter_color=beige,black,blue,brown,yellow&filter_size=l,s&filter_brand=joseph-joseph HTTP/1.1" 200 25908 "-" "Mozilla/5.0 (compatible; MJ12bot/v1.4.8; http://mj12bot.com/)"
193.70.81.126 - - [14/Mar/2025:14:00:05 +0000] "GET /store/shop/?filter_color=beige,black,blue,brown,yellow&filter_size=l,s&filter_brand=joseph-joseph,klober HTTP/1.1" 200 26598 "-" "Mozilla/5.0 (compatible; MJ12bot/v1.4.8; http://mj12bot.com/)"
193.70.81.126 - - [14/Mar/2025:14:00:10 +0000] "GET /store/shop/?filter_color=beige,black,blue,brown,yellow&filter_size=l,s&filter_brand=joseph-joseph,klober,vitra&per_page=12 HTTP/1.1" 200 26669 "-" "Mozilla/5.0 (compatible; MJ12bot/v1.4.8; http://mj12bot.com/)"
193.70.81.126 - - [14/Mar/2025:14:00:15 +0000] "GET /store/shop/?filter_color=beige,black,blue,brown,yellow&filter_size=l,s&filter_brand=joseph-joseph,klober,vitra&per_page=18 HTTP/1.1" 500 262 "-" "Mozilla/5.0 (compatible; MJ12bot/v1.4.8; http://mj12bot.com/)"
193.70.81.126 - - [14/Mar/2025:14:00:18 +0000] "GET /store/shop/?filter_color=beige,black,blue,brown,yellow&filter_size=l,s&filter_brand=joseph-joseph,klober,vitra&per_page=24 HTTP/1.1" 200 26667 "-" "Mozilla/5.0 (compatible; MJ12bot/v1.4.8; http://mj12bot.com/)"
193.70.81.126 - - [14/Mar/2025:14:00:25 +0000] "GET /store/shop/?filter_color=beige,black,blue,brown,yellow&filter_size=l,s&filter_brand=joseph-joseph,klober,vitra&per_page=9 HTTP/1.1" 200 26666 "-" "Mozilla/5.0 (compatible; MJ12bot/v1.4.8; http://mj12bot.com/)"
193.70.81.126 - - [14/Mar/2025:14:00:31 +0000] "GET /store/shop/?filter_color=beige,black,blue,brown,yellow&filter_size=l,s&filter_brand=joseph-joseph,klober,vitra&shop_view=grid&per_row=2 HTTP/1.1" 200 26651 "-" "Mozilla/5.0 (compatible; MJ12bot/v1.4.8; http://mj12bot.com/)"
193.70.81.126 - - [14/Mar/2025:14:00:38 +0000] "GET /store/shop/?filter_color=beige,black,blue,brown,yellow&filter_size=l,s&filter_brand=joseph-joseph,klober,vitra&shop_view=grid&per_row=3 HTTP/1.1" 200 26657 "-" "Mozilla/5.0 (compatible; MJ12bot/v1.4.8; http://mj12bot.com/)"
193.70.81.126 - - [14/Mar/2025:14:00:45 +0000] "GET /store/shop/?filter_color=beige,black,blue,brown,yellow&filter_size=l,s&filter_brand=joseph-joseph,klober,vitra&shop_view=grid&per_row=4 HTTP/1.1" 500 262 "-" "Mozilla/5.0 (compatible; MJ12bot/v1.4.8; http://mj12bot.com/)"
193.70.81.126 - - [14/Mar/2025:14:00:47 +0000] "GET /store/shop/?filter_color=beige,black,blue,brown,yellow&filter_size=l,s&filter_brand=joseph-joseph,klober,vitra&stock_status=instock HTTP/1.1" 200 26692 "-" "Mozilla/5.0 (compatible; MJ12bot/v1.4.8; http://mj12bot.com/)"
193.70.81.126 - - [14/Mar/2025:14:00:54 +0000] "GET /store/shop/?filter_color=beige,black,blue,brown,yellow&filter_size=l,s&filter_brand=joseph-joseph,klober,vitra&stock_status=instock,onsale HTTP/1.1" 200 23999 "-" "Mozilla/5.0 (compatible; MJ12bot/v1.4.8; http://mj12bot.com/)"
193.70.81.126 - - [14/Mar/2025:14:00:59 +0000] "GET /store/shop/?filter_color=beige,black,blue,brown,yellow&filter_size=l,s&filter_brand=joseph-joseph,klober,vitra&stock_status=onsale HTTP/1.1" 200 24002 "-" "Mozilla/5.0 (compatible; MJ12bot/v1.4.8; http://mj12bot.com/)"
103.179.241.131 - - [14/Mar/2025:13:09:53 +0000] "POST /store/checkout/?wc-ajax=update_order_review&wcf_checkout_id=15649 HTTP/2" 200 1328 "https://valuecartpk.shop/store/checkout/" "Mozilla/5.0 (Linux; Android 10; K) AppleWebKit/537.36 (KHTML, like Gecko) Chrome/134.0.0.0 Mobile Safari/537.36"
38.91.101.117 - - [14/Mar/2025:13:12:55 +0000] "POST /store/wp-cron.php?doing_wp_cron=1741957975.3456161022186279296875 HTTP/1.1" 200 0 "-" "WordPress/6.7.2; https://valuecartpk.shop/store"
38.91.101.117 - - [14/Mar/2025:13:18:01 +0000] "POST /store/wp-cron.php?doing_wp_cron=1741958281.7630939483642578125000 HTTP/1.1" 200 0 "-" "WordPress/6.7.2; https://valuecartpk.shop/store"
38.91.101.117 - - [14/Mar/2025:13:24:58 +0000] "POST /store/wp-cron.php?doing_wp_cron=1741958698.3088309764862060546875 HTTP/1.1" 200 0 "-" "WordPress/6.7.2; https://valuecartpk.shop/store"
38.91.101.117 - - [14/Mar/2025:13:25:59 +0000] "POST /store/wp-cron.php?doing_wp_cron=1741958759.2138259410858154296875 HTTP/1.1" 200 0 "-" "WordPress/6.7.2; https://valuecartpk.shop/store"
2a06:98c0:3600::103 - - [14/Mar/2025:13:26:39 +0000] "GET /wordpress/wp-admin/setup-config.php HTTP/1.1" 404 1251 "-" "Mozilla/5.0 (Windows NT 10.0; Win64; x64) AppleWebKit/537.36 (KHTML, like Gecko) Chrome/133.0.0.0 Safari/537.36"
38.91.101.117 - - [14/Mar/2025:13:34:03 +0000] "POST /store/wp-cron.php?doing_wp_cron=1741959242.8865880966186523437500 HTTP/1.1" 200 0 "-" "WordPress/6.7.2; https://valuecartpk.shop/store"
38.91.101.117 - - [14/Mar/2025:13:36:58 +0000] "POST /store/wp-cron.php?doing_wp_cron=1741959418.7186679840087890625000 HTTP/1.1" 200 0 "-" "WordPress/6.7.2; https://valuecartpk.shop/store"
38.91.101.117 - - [14/Mar/2025:13:43:06 +0000] "POST /store/wp-cron.php?doing_wp_cron=1741959786.3327159881591796875000 HTTP/1.1" 200 0 "-" "WordPress/6.7.2; https://valuecartpk.shop/store"
2a06:98c0:3600::103 - - [14/Mar/2025:13:44:31 +0000] "GET /wp-admin/setup-config.php HTTP/1.1" 404 1251 "-" "Mozilla/5.0 (Windows NT 10.0; Win64; x64) AppleWebKit/537.36 (KHTML, like Gecko) Chrome/133.0.0.0 Safari/537.36"
38.91.101.117 - - [14/Mar/2025:13:55:58 +0000] "POST /store/wp-cron.php?doing_wp_cron=1741960558.6691250801086425781250 HTTP/1.1" 200 0 "-" "WordPress/6.7.2; https://valuecartpk.shop/store"
103.166.150.82 - - [14/Mar/2025:14:00:40 +0000] "GET /store/product/eames-plastic-side-chair/ HTTP/1.1" 200 36135 "https://valuecartpk.shop/store/" "Mozilla/5.0 (Linux; Android 10; K) AppleWebKit/537.36 (KHTML, like Gecko) Chrome/133.0.0.0 Mobile Safari/537.36"
103.166.150.82 - - [14/Mar/2025:14:01:30 +0000] "POST /store/?wc-ajax=remove_from_cart HTTP/1.1" 200 414 "https://valuecartpk.shop/store/product/eames-plastic-side-chair/" "Mozilla/5.0 (Linux; Android 10; K) AppleWebKit/537.36 (KHTML, like Gecko) Chrome/133.0.0.0 Mobile Safari/537.36"
103.166.150.82 - - [14/Mar/2025:14:02:05 +0000] "POST /store/?wc-ajax=get_refreshed_fragments HTTP/1.1" 500 1035 "https://valuecartpk.shop/store/" "Mozilla/5.0 (Linux; Android 10; K) AppleWebKit/537.36 (KHTML, like Gecko) Chrome/133.0.0.0 Mobile Safari/537.36"
103.166.150.82 - - [14/Mar/2025:14:02:07 +0000] "GET /store/product/eames-plastic-side-chair/ HTTP/1.1" 200 0 "https://valuecartpk.shop/store/" "Mozilla/5.0 (Linux; Android 10; K) AppleWebKit/537.36 (KHTML, like Gecko) Chrome/133.0.0.0 Mobile Safari/537.36"
103.166.150.82 - - [14/Mar/2025:14:02:09 +0000] "GET /store/product/henectus-tincidunt/ HTTP/1.1" 200 0 "https://valuecartpk.shop/store/" "Mozilla/5.0 (Linux; Android 10; K) AppleWebKit/537.36 (KHTML, like Gecko) Chrome/133.0.0.0 Mobile Safari/537.36"
103.166.150.82 - - [14/Mar/2025:14:02:13 +0000] "GET /store/product/henectus-tincidunt/ HTTP/1.1" 200 0 "https://valuecartpk.shop/store/" "Mozilla/5.0 (Linux; Android 10; K) AppleWebKit/537.36 (KHTML, like Gecko) Chrome/133.0.0.0 Mobile Safari/537.36"
103.166.150.82 - - [14/Mar/2025:14:02:13 +0000] "GET /store/product/henectus-tincidunt/ HTTP/1.1" 200 35676 "https://valuecartpk.shop/store/" "Mozilla/5.0 (Linux; Android 10; K) AppleWebKit/537.36 (KHTML, like Gecko) Chrome/133.0.0.0 Mobile Safari/537.36"
103.166.150.82 - - [14/Mar/2025:14:02:24 +0000] "GET /store/wp-content/plugins/elementor/assets/css/widget-text-editor.min.css?ver=3.27.6 HTTP/1.1" 200 197 "https://valuecartpk.shop/store/product/henectus-tincidunt/" "Mozilla/5.0 (Linux; Android 10; K) AppleWebKit/537.36 (KHTML, like Gecko) Chrome/133.0.0.0 Mobile Safari/537.36"
103.166.150.82 - - [14/Mar/2025:14:02:24 +0000] "GET /store/wp-content/uploads/elementor/css/post-411.css?ver=1741919331 HTTP/1.1" 200 252 "https://valuecartpk.shop/store/product/henectus-tincidunt/" "Mozilla/5.0 (Linux; Android 10; K) AppleWebKit/537.36 (KHTML, like Gecko) Chrome/133.0.0.0 Mobile Safari/537.36"
103.166.150.82 - - [14/Mar/2025:14:02:24 +0000] "GET /store/wp-content/uploads/2021/08/lamp-extra.jpg HTTP/1.1" 200 21526 "https://valuecartpk.shop/store/product/henectus-tincidunt/" "Mozilla/5.0 (Linux; Android 10; K) AppleWebKit/537.36 (KHTML, like Gecko) Chrome/133.0.0.0 Mobile Safari/537.36"
103.166.150.82 - - [14/Mar/2025:14:02:24 +0000] "GET /store/wp-content/themes/css/parts/woo-single-prod-opt-base.min.css?ver=7.5.2 HTTP/1.1" 200 359 "https://valuecartpk.shop/store/product/henectus-tincidunt/" "Mozilla/5.0 (Linux; Android 10; K) AppleWebKit/537.36 (KHTML, like Gecko) Chrome/133.0.0.0 Mobile Safari/537.36"
103.166.150.82 - - [14/Mar/2025:14:02:24 +0000] "GET /store/wp-content/themes/css/parts/el-video.min.css?ver=7.5.2 HTTP/1.1" 200 608 "https://valuecartpk.shop/store/product/henectus-tincidunt/" "Mozilla/5.0 (Linux; Android 10; K) AppleWebKit/537.36 (KHTML, like Gecko) Chrome/133.0.0.0 Mobile Safari/537.36"
103.166.150.82 - - [14/Mar/2025:14:02:24 +0000] "GET /store/wp-content/uploads/elementor/css/post-420.css?ver=1741960937 HTTP/1.1" 200 1321 "https://valuecartpk.shop/store/product/henectus-tincidunt/" "Mozilla/5.0 (Linux; Android 10; K) AppleWebKit/537.36 (KHTML, like Gecko) Chrome/133.0.0.0 Mobile Safari/537.36"
103.166.150.82 - - [14/Mar/2025:14:02:25 +0000] "GET /store/wp-content/uploads/2021/08/lamp-gall-2-sm-154x300.jpg HTTP/1.1" 200 7521 "https://valuecartpk.shop/store/product/henectus-tincidunt/" "Mozilla/5.0 (Linux; Android 10; K) AppleWebKit/537.36 (KHTML, like Gecko) Chrome/133.0.0.0 Mobile Safari/537.36"
103.166.150.82 - - [14/Mar/2025:14:02:25 +0000] "GET /store/wp-content/uploads/2021/08/lamp-gall-1-sm-1-154x300.jpg HTTP/1.1" 200 6378 "https://valuecartpk.shop/store/product/henectus-tincidunt/" "Mozilla/5.0 (Linux; Android 10; K) AppleWebKit/537.36 (KHTML, like Gecko) Chrome/133.0.0.0 Mobile Safari/537.36"
103.166.150.82 - - [14/Mar/2025:14:02:25 +0000] "GET /store/wp-content/uploads/2021/08/lamp-gall-3-sm-154x300.jpg HTTP/1.1" 200 7313 "https://valuecartpk.shop/store/product/henectus-tincidunt/" "Mozilla/5.0 (Linux; Android 10; K) AppleWebKit/537.36 (KHTML, like Gecko) Chrome/133.0.0.0 Mobile Safari/537.36"
103.166.150.82 - - [14/Mar/2025:14:02:25 +0000] "GET /store/wp-content/uploads/2021/08/lamp-gall-5-sm-154x300.jpg HTTP/1.1" 200 7450 "https://valuecartpk.shop/store/product/henectus-tincidunt/" "Mozilla/5.0 (Linux; Android 10; K) AppleWebKit/537.36 (KHTML, like Gecko) Chrome/133.0.0.0 Mobile Safari/537.36"
103.166.150.82 - - [14/Mar/2025:14:02:25 +0000] "GET /store/wp-content/plugins/elementor/assets/css/widget-spacer.min.css?ver=3.27.6 HTTP/1.1" 200 315 "https://valuecartpk.shop/store/product/henectus-tincidunt/" "Mozilla/5.0 (Linux; Android 10; K) AppleWebKit/537.36 (KHTML, like Gecko) Chrome/133.0.0.0 Mobile Safari/537.36"
103.166.150.82 - - [14/Mar/2025:14:02:25 +0000] "GET /store/wp-content/themes/js/scripts/elements/videoElement.min.js?ver=7.5.2 HTTP/1.1" 200 356 "https://valuecartpk.shop/store/product/henectus-tincidunt/" "Mozilla/5.0 (Linux; Android 10; K) AppleWebKit/537.36 (KHTML, like Gecko) Chrome/133.0.0.0 Mobile Safari/537.36"
20.171.207.177 - - [14/Mar/2025:13:58:18 +0000] "GET /store/shop/?filter_brand=vitra&filter_color=beige%2Cblack%2Cbrown%2Cyellow&filter_size=l%2Cm&per_page=9&stock_status=instock HTTP/2" 200 26019 "-" "Mozilla/5.0 AppleWebKit/537.36 (KHTML, like Gecko; compatible; GPTBot/1.2; +https://openai.com/gptbot)"
20.171.207.177 - - [14/Mar/2025:13:58:51 +0000] "GET /store/shop/?filter_brand=eva-solo%2Cmagisso%2Cvitra&filter_color=beige%2Cblue%2Cbrown%2Cyellow&per_row=4&shop_view=grid&stock_status=instock%2Consale HTTP/2" 200 23936 "-" "Mozilla/5.0 AppleWebKit/537.36 (KHTML, like Gecko; compatible; GPTBot/1.2; +https://openai.com/gptbot)"
20.171.207.177 - - [14/Mar/2025:13:59:22 +0000] "GET /store/shop/?filter_brand=eva-solo%2Cjoseph-joseph%2Cmagisso&filter_color=brown%2Cyellow&filter_size=l&per_page=18&stock_status=instock HTTP/2" 200 26010 "-" "Mozilla/5.0 AppleWebKit/537.36 (KHTML, like Gecko; compatible; GPTBot/1.2; +https://openai.com/gptbot)"
20.171.207.177 - - [14/Mar/2025:13:59:49 +0000] "GET /store/shop/?filter_brand=joseph-joseph%2Cvitra&filter_color=beige%2Cblue&per_row=3&shop_view=grid&stock_status=instock%2Consale HTTP/2" 200 23762 "-" "Mozilla/5.0 AppleWebKit/537.36 (KHTML, like Gecko; compatible; GPTBot/1.2; +https://openai.com/gptbot)"
20.171.207.177 - - [14/Mar/2025:14:00:13 +0000] "GET /store/shop/?filter_brand=eva-solo%2Cjoseph-joseph%2Cmagisso&filter_color=beige%2Cblack%2Cblue&filter_size=s&per_page=9&stock_status=onsale HTTP/2" 200 23917 "-" "Mozilla/5.0 AppleWebKit/537.36 (KHTML, like Gecko; compatible; GPTBot/1.2; +https://openai.com/gptbot)"
20.171.207.177 - - [14/Mar/2025:14:00:36 +0000] "GET /store/shop/?filter_color=beige%2Cblack%2Cblue%2Cbrown%2Cyellow&filter_size=s&per_row=3&shop_view=grid&stock_status=instock%2Consale HTTP/2" 200 23796 "-" "Mozilla/5.0 AppleWebKit/537.36 (KHTML, like Gecko; compatible; GPTBot/1.2; +https://openai.com/gptbot)"
20.171.207.177 - - [14/Mar/2025:14:00:56 +0000] "GET /store/shop/?filter_brand=joseph-joseph%2Cklober%2Cvitra&filter_color=beige%2Cbrown%2Cyellow&filter_size=l%2Cs&per_page=24&stock_status=onsale HTTP/2" 200 23929 "-" "Mozilla/5.0 AppleWebKit/537.36 (KHTML, like Gecko; compatible; GPTBot/1.2; +https://openai.com/gptbot)"
20.171.207.177 - - [14/Mar/2025:14:01:14 +0000] "GET /store/shop/?filter_brand=eva-solo%2Cjoseph-joseph&filter_color=beige%2Cblue%2Cbrown&filter_size=l%2Cm%2Cs&per_page=24&stock_status=instock HTTP/2" 200 26605 "-" "Mozilla/5.0 AppleWebKit/537.36 (KHTML, like Gecko; compatible; GPTBot/1.2; +https://openai.com/gptbot)"
20.171.207.177 - - [14/Mar/2025:14:01:31 +0000] "GET /store/shop/?filter_brand=eva-solo%2Cjoseph-joseph%2Cklober%2Cvitra&filter_color=yellow&filter_size=m%2Cs&per_page=24&stock_status=instock HTTP/2" 200 26042 "-" "Mozilla/5.0 AppleWebKit/537.36 (KHTML, like Gecko; compatible; GPTBot/1.2; +https://openai.com/gptbot)"
20.171.207.177 - - [14/Mar/2025:14:01:45 +0000] "GET /store/shop/?filter_brand=joseph-joseph%2Cmagisso&filter_color=beige%2Cblack%2Cyellow&filter_size=l%2Cm&per_page=9&stock_status=instock%2Consale HTTP/2" 200 23903 "-" "Mozilla/5.0 AppleWebKit/537.36 (KHTML, like Gecko; compatible; GPTBot/1.2; +https://openai.com/gptbot)"
20.171.207.177 - - [14/Mar/2025:14:01:57 +0000] "GET /store/shop/?filter_brand=joseph-joseph%2Cmagisso&filter_color=beige%2Cblack%2Cyellow&filter_size=l%2Cm&per_page=24&stock_status=instock HTTP/2" 200 26619 "-" "Mozilla/5.0 AppleWebKit/537.36 (KHTML, like Gecko; compatible; GPTBot/1.2; +https://openai.com/gptbot)"
20.171.207.177 - - [14/Mar/2025:14:02:09 +0000] "GET /store/shop/?filter_brand=joseph-joseph%2Cvitra&filter_color=black%2Cblue%2Cbrown%2Cyellow&filter_size=l%2Cs&per_row=3&shop_view=grid HTTP/2" 200 26562 "-" "Mozilla/5.0 AppleWebKit/537.36 (KHTML, like Gecko; compatible; GPTBot/1.2; +https://openai.com/gptbot)"
193.70.81.126 - - [14/Mar/2025:14:01:05 +0000] "GET /store/shop/?filter_color=beige,black,blue,brown,yellow&filter_size=l,s&filter_brand=joseph-joseph,magisso HTTP/1.1" 200 26597 "-" "Mozilla/5.0 (compatible; MJ12bot/v1.4.8; http://mj12bot.com/)"
193.70.81.126 - - [14/Mar/2025:14:01:10 +0000] "GET /store/shop/?filter_color=beige,black,blue,brown,yellow&filter_size=l,s&filter_brand=joseph-joseph,magisso&stock_status=instock,onsale HTTP/1.1" 200 23917 "-" "Mozilla/5.0 (compatible; MJ12bot/v1.4.8; http://mj12bot.com/)"
193.70.81.126 - - [14/Mar/2025:14:01:14 +0000] "GET /store/shop/?filter_color=beige,black,blue,brown,yellow&filter_size=l,s&filter_brand=joseph-joseph,vitra&per_page=12 HTTP/1.1" 200 26560 "-" "Mozilla/5.0 (compatible; MJ12bot/v1.4.8; http://mj12bot.com/)"
193.70.81.126 - - [14/Mar/2025:14:01:23 +0000] "GET /store/shop/?filter_color=beige,black,blue,brown,yellow&filter_size=l,s&filter_brand=joseph-joseph,vitra&per_page=18 HTTP/1.1" 200 26560 "-" "Mozilla/5.0 (compatible; MJ12bot/v1.4.8; http://mj12bot.com/)"
193.70.81.126 - - [14/Mar/2025:14:01:30 +0000] "GET /store/shop/?filter_color=beige,black,blue,brown,yellow&filter_size=l,s&filter_brand=joseph-joseph,vitra&per_page=24 HTTP/1.1" 500 262 "-" "Mozilla/5.0 (compatible; MJ12bot/v1.4.8; http://mj12bot.com/)"
193.70.81.126 - - [14/Mar/2025:14:01:32 +0000] "GET /store/shop/?filter_color=beige,black,blue,brown,yellow&filter_size=l,s&filter_brand=joseph-joseph,vitra&per_page=9 HTTP/1.1" 200 26572 "-" "Mozilla/5.0 (compatible; MJ12bot/v1.4.8; http://mj12bot.com/)"
193.70.81.126 - - [14/Mar/2025:14:01:39 +0000] "GET /store/shop/?filter_color=beige,black,blue,brown,yellow&filter_size=l,s&filter_brand=joseph-joseph,vitra&shop_view=grid&per_row=2 HTTP/1.1" 200 26630 "-" "Mozilla/5.0 (compatible; MJ12bot/v1.4.8; http://mj12bot.com/)"
193.70.81.126 - - [14/Mar/2025:14:01:43 +0000] "GET /store/shop/?filter_color=beige,black,blue,brown,yellow&filter_size=l,s&filter_brand=joseph-joseph,vitra&shop_view=grid&per_row=3 HTTP/1.1" 200 26631 "-" "Mozilla/5.0 (compatible; MJ12bot/v1.4.8; http://mj12bot.com/)"
193.70.81.126 - - [14/Mar/2025:14:01:51 +0000] "GET /store/shop/?filter_color=beige,black,blue,brown,yellow&filter_size=l,s&filter_brand=joseph-joseph,vitra&shop_view=grid&per_row=4 HTTP/1.1" 200 26633 "-" "Mozilla/5.0 (compatible; MJ12bot/v1.4.8; http://mj12bot.com/)"
38.91.101.117 - - [14/Mar/2025:14:01:59 +0000] "POST /store/wp-cron.php?doing_wp_cron=1741960919.3987519741058349609375 HTTP/1.1" 200 0 "-" "WordPress/6.7.2; https://valuecartpk.shop/store"
38.91.101.117 - - [14/Mar/2025:14:02:01 +0000] "POST /store/wp-cron.php?doing_wp_cron=1741960921.1685309410095214843750 HTTP/1.1" 200 0 "-" "WordPress/6.7.2; https://valuecartpk.shop/store"
193.70.81.126 - - [14/Mar/2025:14:01:56 +0000] "GET /store/shop/?filter_color=beige,black,blue,brown,yellow&filter_size=l,s&filter_brand=joseph-joseph,vitra&stock_status=instock HTTP/1.1" 200 26587 "-" "Mozilla/5.0 (compatible; MJ12bot/v1.4.8; http://mj12bot.com/)"
193.70.81.126 - - [14/Mar/2025:14:02:05 +0000] "GET /store/shop/?filter_color=beige,black,blue,brown,yellow&filter_size=l,s&filter_brand=joseph-joseph,vitra&stock_status=onsale HTTP/1.1" 200 23906 "-" "Mozilla/5.0 (compatible; MJ12bot/v1.4.8; http://mj12bot.com/)"
193.70.81.126 - - [14/Mar/2025:14:02:10 +0000] "GET /store/shop/?filter_color=beige,black,blue,brown,yellow&filter_size=l,s&filter_brand=klober&stock_status=instock HTTP/1.1" 200 23928 "-" "Mozilla/5.0 (compatible; MJ12bot/v1.4.8; http://mj12bot.com/)"
193.70.81.126 - - [14/Mar/2025:14:02:22 +0000] "GET /store/shop/?filter_color=beige,black,blue,brown,yellow&filter_size=l,s&filter_brand=klober&stock_status=instock,onsale HTTP/1.1" 200 23885 "-" "Mozilla/5.0 (compatible; MJ12bot/v1.4.8; http://mj12bot.com/)"
193.70.81.126 - - [14/Mar/2025:14:02:28 +0000] "GET /store/shop/?filter_color=beige,black,blue,brown,yellow&filter_size=l,s&filter_brand=klober&stock_status=onsale HTTP/1.1" 500 262 "-" "Mozilla/5.0 (compatible; MJ12bot/v1.4.8; http://mj12bot.com/)"
103.166.150.82 - - [14/Mar/2025:14:02:25 +0000] "GET /store/wp-content/themes/js/scripts/global/photoswipeImages.min.js?ver=7.5.2 HTTP/1.1" 200 308 "https://valuecartpk.shop/store/product/henectus-tincidunt/" "Mozilla/5.0 (Linux; Android 10; K) AppleWebKit/537.36 (KHTML, like Gecko) Chrome/133.0.0.0 Mobile Safari/537.36"
