103.166.150.82 - - [14/Mar/2025:15:37:06 +0000] "POST /store/wp-admin/admin-ajax.php HTTP/1.1" 200 71 "https://valuecartpk.shop/store/wp-admin/post.php?post=15691&action=elementor" "Mozilla/5.0 (Windows NT 10.0; Win64; x64) AppleWebKit/537.36 (KHTML, like Gecko) Chrome/134.0.0.0 Safari/537.36"
103.166.150.82 - - [14/Mar/2025:15:37:21 +0000] "POST /store/wp-admin/admin-ajax.php HTTP/1.1" 200 71 "https://valuecartpk.shop/store/wp-admin/post.php?post=15691&action=elementor" "Mozilla/5.0 (Windows NT 10.0; Win64; x64) AppleWebKit/537.36 (KHTML, like Gecko) Chrome/134.0.0.0 Safari/537.36"
103.166.150.82 - - [14/Mar/2025:15:37:29 +0000] "POST /store/wp-admin/admin-ajax.php HTTP/1.1" 200 51 "https://valuecartpk.shop/store/wp-admin/nav-menus.php" "Mozilla/5.0 (Windows NT 10.0; Win64; x64) AppleWebKit/537.36 (KHTML, like Gecko) Chrome/134.0.0.0 Safari/537.36"
94.23.209.55 - - [14/Mar/2025:15:37:37 +0000] "GET /robots.txt HTTP/1.1" 404 1251 "-" "Mozilla/5.0 (compatible; MJ12bot/v1.4.8; http://mj12bot.com/)"
103.166.150.82 - - [14/Mar/2025:15:37:37 +0000] "POST /store/wp-admin/admin-ajax.php HTTP/1.1" 200 71 "https://valuecartpk.shop/store/wp-admin/post.php?post=15691&action=elementor" "Mozilla/5.0 (Windows NT 10.0; Win64; x64) AppleWebKit/537.36 (KHTML, like Gecko) Chrome/134.0.0.0 Safari/537.36"
94.23.209.55 - - [14/Mar/2025:15:37:39 +0000] "GET /store/shop/?filter_brand=klober,vitra&filter_color=black,yellow&filter_size=l,m,s&stock_status=instock,onsale HTTP/1.1" 200 23565 "-" "Mozilla/5.0 (compatible; MJ12bot/v1.4.8; http://mj12bot.com/)"
103.166.150.82 - - [14/Mar/2025:15:37:39 +0000] "POST /store/wp-admin/admin-ajax.php HTTP/1.1" 200 51 "https://valuecartpk.shop/store/wp-admin/plugins.php?plugin_status=all&paged=1&s" "Mozilla/5.0 (Windows NT 10.0; Win64; x64) AppleWebKit/537.36 (KHTML, like Gecko) Chrome/134.0.0.0 Safari/537.36"
94.23.209.55 - - [14/Mar/2025:15:37:48 +0000] "GET /store/shop/?filter_brand=klober,vitra&filter_color=brown,yellow&filter_size=l,s&stock_status=instock HTTP/1.1" 200 25627 "-" "Mozilla/5.0 (compatible; MJ12bot/v1.4.8; http://mj12bot.com/)"
103.166.150.82 - - [14/Mar/2025:15:37:52 +0000] "POST /store/wp-admin/admin-ajax.php HTTP/1.1" 500 0 "https://valuecartpk.shop/store/wp-admin/post.php?post=15691&action=elementor" "Mozilla/5.0 (Windows NT 10.0; Win64; x64) AppleWebKit/537.36 (KHTML, like Gecko) Chrome/134.0.0.0 Safari/537.36"
94.23.209.55 - - [14/Mar/2025:15:37:53 +0000] "GET /store/shop/?filter_brand=klober,vitra&filter_color=brown,yellow&filter_size=l,s&stock_status=instock,onsale HTTP/1.1" 200 23428 "-" "Mozilla/5.0 (compatible; MJ12bot/v1.4.8; http://mj12bot.com/)"
94.23.209.55 - - [14/Mar/2025:15:38:02 +0000] "GET /store/shop/?filter_brand=klober,vitra&filter_color=brown,yellow&filter_size=l,s&stock_status=onsale HTTP/1.1" 200 23424 "-" "Mozilla/5.0 (compatible; MJ12bot/v1.4.8; http://mj12bot.com/)"
94.23.209.55 - - [14/Mar/2025:15:38:09 +0000] "GET /store/shop/?filter_brand=klober,vitra&filter_color=brown,yellow&filter_size=m HTTP/1.1" 500 262 "-" "Mozilla/5.0 (compatible; MJ12bot/v1.4.8; http://mj12bot.com/)"
103.166.150.82 - - [14/Mar/2025:15:38:06 +0000] "POST /store/wp-admin/admin-ajax.php HTTP/1.1" 200 71 "https://valuecartpk.shop/store/wp-admin/post.php?post=15691&action=elementor" "Mozilla/5.0 (Windows NT 10.0; Win64; x64) AppleWebKit/537.36 (KHTML, like Gecko) Chrome/134.0.0.0 Safari/537.36"
94.23.209.55 - - [14/Mar/2025:15:38:12 +0000] "GET /store/shop/?filter_brand=klober,vitra&filter_color=brown,yellow&filter_size=m&stock_status=instock HTTP/1.1" 200 25389 "-" "Mozilla/5.0 (compatible; MJ12bot/v1.4.8; http://mj12bot.com/)"
94.23.209.55 - - [14/Mar/2025:15:38:20 +0000] "GET /store/shop/?filter_brand=klober,vitra&filter_color=brown,yellow&filter_size=m&stock_status=instock,onsale HTTP/1.1" 200 23432 "-" "Mozilla/5.0 (compatible; MJ12bot/v1.4.8; http://mj12bot.com/)"
103.166.150.82 - - [14/Mar/2025:15:38:22 +0000] "POST /store/wp-admin/admin-ajax.php HTTP/1.1" 200 71 "https://valuecartpk.shop/store/wp-admin/post.php?post=15691&action=elementor" "Mozilla/5.0 (Windows NT 10.0; Win64; x64) AppleWebKit/537.36 (KHTML, like Gecko) Chrome/134.0.0.0 Safari/537.36"
20.171.207.177 - - [14/Mar/2025:15:37:01 +0000] "GET /store/shop/?filter_brand=joseph-joseph%2Cmagisso&filter_color=beige%2Cblue%2Cbrown%2Cyellow&per_page=9&per_row=4&shop_view=grid&stock_status=onsale HTTP/2" 200 23535 "-" "Mozilla/5.0 AppleWebKit/537.36 (KHTML, like Gecko; compatible; GPTBot/1.2; +https://openai.com/gptbot)"
20.171.207.177 - - [14/Mar/2025:15:37:16 +0000] "GET /store/shop/?filter_brand=eva-solo%2Cjoseph-joseph%2Cklober&filter_color=black%2Cbrown%2Cyellow&filter_size=l%2Cs&per_page=9&stock_status=instock HTTP/2" 200 26172 "-" "Mozilla/5.0 AppleWebKit/537.36 (KHTML, like Gecko; compatible; GPTBot/1.2; +https://openai.com/gptbot)"
20.171.207.177 - - [14/Mar/2025:15:37:30 +0000] "GET /store/shop/?filter_brand=joseph-joseph%2Cmagisso&filter_color=beige%2Cblue%2Cbrown%2Cyellow&per_page=24&per_row=4&shop_view=grid HTTP/2" 200 26108 "-" "Mozilla/5.0 AppleWebKit/537.36 (KHTML, like Gecko; compatible; GPTBot/1.2; +https://openai.com/gptbot)"
20.171.207.177 - - [14/Mar/2025:15:37:42 +0000] "GET /store/shop/?filter_brand=eva-solo%2Cvitra&filter_color=beige%2Cblue%2Cbrown%2Cyellow&filter_size=m%2Cs&per_page=12&per_row=4&shop_view=grid&stock_status=instock%2Consale HTTP/2" 200 23567 "-" "Mozilla/5.0 AppleWebKit/537.36 (KHTML, like Gecko; compatible; GPTBot/1.2; +https://openai.com/gptbot)"
20.171.207.177 - - [14/Mar/2025:15:37:53 +0000] "GET /store/shop/?filter_brand=eva-solo%2Cjoseph-joseph%2Cklober&filter_color=black%2Cbrown%2Cyellow&filter_size=l%2Cs&per_page=18&stock_status=instock HTTP/2" 200 26196 "-" "Mozilla/5.0 AppleWebKit/537.36 (KHTML, like Gecko; compatible; GPTBot/1.2; +https://openai.com/gptbot)"
20.171.207.177 - - [14/Mar/2025:15:38:03 +0000] "GET /store/shop/?filter_brand=eva-solo%2Cjoseph-joseph%2Cmagisso&filter_color=black%2Cblue&filter_size=l%2Cs&per_page=9&stock_status=onsale HTTP/2" 200 23579 "-" "Mozilla/5.0 AppleWebKit/537.36 (KHTML, like Gecko; compatible; GPTBot/1.2; +https://openai.com/gptbot)"
20.171.207.177 - - [14/Mar/2025:15:38:12 +0000] "GET /store/shop/?filter_color=beige%2Cblack%2Cblue%2Cyellow&filter_size=m%2Cs&per_row=2&shop_view=grid&stock_status=instock%2Consale HTTP/2" 200 23463 "-" "Mozilla/5.0 AppleWebKit/537.36 (KHTML, like Gecko; compatible; GPTBot/1.2; +https://openai.com/gptbot)"
20.171.207.177 - - [14/Mar/2025:15:38:20 +0000] "GET /store/shop/?filter_brand=joseph-joseph&filter_color=beige%2Cblack%2Cbrown%2Cyellow&filter_size=m%2Cs&per_page=18&stock_status=onsale HTTP/2" 200 23550 "-" "Mozilla/5.0 AppleWebKit/537.36 (KHTML, like Gecko; compatible; GPTBot/1.2; +https://openai.com/gptbot)"
20.171.207.177 - - [14/Mar/2025:15:38:28 +0000] "GET /store/shop/?filter_brand=joseph-joseph%2Cmagisso&filter_color=black%2Cbrown%2Cyellow&filter_size=m%2Cs&per_page=18&stock_status=onsale HTTP/2" 200 23583 "-" "Mozilla/5.0 AppleWebKit/537.36 (KHTML, like Gecko; compatible; GPTBot/1.2; +https://openai.com/gptbot)"
20.171.207.177 - - [14/Mar/2025:15:38:35 +0000] "GET /store/shop/?filter_brand=eva-solo%2Cjoseph-joseph&filter_color=black%2Cbrown&filter_size=l%2Cm%2Cs&per_page=24&stock_status=instock%2Consale HTTP/2" 200 23491 "-" "Mozilla/5.0 AppleWebKit/537.36 (KHTML, like Gecko; compatible; GPTBot/1.2; +https://openai.com/gptbot)"
20.171.207.177 - - [14/Mar/2025:15:38:41 +0000] "GET /store/shop/?filter_brand=eva-solo%2Cjoseph-joseph%2Cmagisso&filter_color=beige%2Cblack%2Cblue%2Cbrown&filter_size=l&per_row=4&shop_view=grid HTTP/2" 200 25616 "-" "Mozilla/5.0 AppleWebKit/537.36 (KHTML, like Gecko; compatible; GPTBot/1.2; +https://openai.com/gptbot)"
20.171.207.177 - - [14/Mar/2025:15:38:48 +0000] "GET /store/shop/?filter_brand=joseph-joseph%2Cmagisso&filter_color=beige%2Cblue%2Cbrown%2Cyellow&per_page=9&per_row=4&shop_view=grid&stock_status=instock%2Consale HTTP/2" 200 23571 "-" "Mozilla/5.0 AppleWebKit/537.36 (KHTML, like Gecko; compatible; GPTBot/1.2; +https://openai.com/gptbot)"
94.23.209.55 - - [14/Mar/2025:15:38:28 +0000] "GET /store/shop/?filter_brand=klober,vitra&filter_color=brown,yellow&filter_size=m&stock_status=onsale HTTP/1.1" 200 23427 "-" "Mozilla/5.0 (compatible; MJ12bot/v1.4.8; http://mj12bot.com/)"
94.23.209.55 - - [14/Mar/2025:15:38:35 +0000] "GET /store/shop/?filter_brand=klober,vitra&filter_color=brown,yellow&filter_size=m,s&per_page=12 HTTP/1.1" 200 25598 "-" "Mozilla/5.0 (compatible; MJ12bot/v1.4.8; http://mj12bot.com/)"
103.166.150.82 - - [14/Mar/2025:15:38:37 +0000] "POST /store/wp-admin/admin-ajax.php HTTP/1.1" 200 71 "https://valuecartpk.shop/store/wp-admin/post.php?post=15691&action=elementor" "Mozilla/5.0 (Windows NT 10.0; Win64; x64) AppleWebKit/537.36 (KHTML, like Gecko) Chrome/134.0.0.0 Safari/537.36"
94.23.209.55 - - [14/Mar/2025:15:38:43 +0000] "GET /store/shop/?filter_brand=klober,vitra&filter_color=brown,yellow&filter_size=m,s&per_page=18 HTTP/1.1" 200 25593 "-" "Mozilla/5.0 (compatible; MJ12bot/v1.4.8; http://mj12bot.com/)"
94.23.209.55 - - [14/Mar/2025:15:38:49 +0000] "GET /store/shop/?filter_brand=klober,vitra&filter_color=brown,yellow&filter_size=m,s&per_page=24 HTTP/1.1" 200 25591 "-" "Mozilla/5.0 (compatible; MJ12bot/v1.4.8; http://mj12bot.com/)"
103.166.150.82 - - [14/Mar/2025:15:38:52 +0000] "POST /store/wp-admin/admin-ajax.php HTTP/1.1" 200 71 "https://valuecartpk.shop/store/wp-admin/post.php?post=15691&action=elementor" "Mozilla/5.0 (Windows NT 10.0; Win64; x64) AppleWebKit/537.36 (KHTML, like Gecko) Chrome/134.0.0.0 Safari/537.36"
94.23.209.55 - - [14/Mar/2025:15:38:56 +0000] "GET /store/shop/?filter_brand=klober,vitra&filter_color=brown,yellow&filter_size=m,s&per_page=9 HTTP/1.1" 200 25592 "-" "Mozilla/5.0 (compatible; MJ12bot/v1.4.8; http://mj12bot.com/)"
94.23.209.55 - - [14/Mar/2025:15:39:04 +0000] "GET /store/shop/?filter_brand=klober,vitra&filter_color=brown,yellow&filter_size=m,s&shop_view=grid&per_row=2 HTTP/1.1" 200 25568 "-" "Mozilla/5.0 (compatible; MJ12bot/v1.4.8; http://mj12bot.com/)"
103.166.150.82 - - [14/Mar/2025:15:39:07 +0000] "POST /store/wp-admin/admin-ajax.php HTTP/1.1" 200 71 "https://valuecartpk.shop/store/wp-admin/post.php?post=15691&action=elementor" "Mozilla/5.0 (Windows NT 10.0; Win64; x64) AppleWebKit/537.36 (KHTML, like Gecko) Chrome/134.0.0.0 Safari/537.36"
94.23.209.55 - - [14/Mar/2025:15:39:09 +0000] "GET /store/shop/?filter_brand=klober,vitra&filter_color=brown,yellow&filter_size=m,s&shop_view=grid&per_row=3 HTTP/1.1" 200 25575 "-" "Mozilla/5.0 (compatible; MJ12bot/v1.4.8; http://mj12bot.com/)"
94.23.209.55 - - [14/Mar/2025:15:39:17 +0000] "GET /store/shop/?filter_brand=klober,vitra&filter_color=brown,yellow&filter_size=m,s&stock_status=instock HTTP/1.1" 200 25625 "-" "Mozilla/5.0 (compatible; MJ12bot/v1.4.8; http://mj12bot.com/)"
103.166.150.82 - - [14/Mar/2025:15:39:22 +0000] "POST /store/wp-admin/admin-ajax.php HTTP/1.1" 200 71 "https://valuecartpk.shop/store/wp-admin/post.php?post=15691&action=elementor" "Mozilla/5.0 (Windows NT 10.0; Win64; x64) AppleWebKit/537.36 (KHTML, like Gecko) Chrome/134.0.0.0 Safari/537.36"
94.23.209.55 - - [14/Mar/2025:15:39:25 +0000] "GET /store/shop/?filter_brand=klober,vitra&filter_color=brown,yellow&filter_size=m,s&stock_status=onsale HTTP/1.1" 200 23428 "-" "Mozilla/5.0 (compatible; MJ12bot/v1.4.8; http://mj12bot.com/)"
103.166.150.82 - - [14/Mar/2025:15:39:30 +0000] "POST /store/wp-admin/admin-ajax.php HTTP/1.1" 200 51 "https://valuecartpk.shop/store/wp-admin/nav-menus.php" "Mozilla/5.0 (Windows NT 10.0; Win64; x64) AppleWebKit/537.36 (KHTML, like Gecko) Chrome/134.0.0.0 Safari/537.36"
94.23.209.55 - - [14/Mar/2025:15:39:33 +0000] "GET /store/shop/?filter_brand=klober,vitra&filter_color=brown,yellow&filter_size=s HTTP/1.1" 200 25346 "-" "Mozilla/5.0 (compatible; MJ12bot/v1.4.8; http://mj12bot.com/)"
103.166.150.82 - - [14/Mar/2025:15:39:37 +0000] "POST /store/wp-admin/admin-ajax.php HTTP/1.1" 200 71 "https://valuecartpk.shop/store/wp-admin/post.php?post=15691&action=elementor" "Mozilla/5.0 (Windows NT 10.0; Win64; x64) AppleWebKit/537.36 (KHTML, like Gecko) Chrome/134.0.0.0 Safari/537.36"
103.166.150.82 - - [14/Mar/2025:15:39:40 +0000] "POST /store/wp-admin/admin-ajax.php HTTP/1.1" 200 51 "https://valuecartpk.shop/store/wp-admin/plugins.php?plugin_status=all&paged=1&s" "Mozilla/5.0 (Windows NT 10.0; Win64; x64) AppleWebKit/537.36 (KHTML, like Gecko) Chrome/134.0.0.0 Safari/537.36"
94.23.209.55 - - [14/Mar/2025:15:39:38 +0000] "GET /store/shop/?filter_brand=klober,vitra&filter_color=brown,yellow&filter_size=s&stock_status=instock HTTP/1.1" 200 25394 "-" "Mozilla/5.0 (compatible; MJ12bot/v1.4.8; http://mj12bot.com/)"
94.23.209.55 - - [14/Mar/2025:15:39:47 +0000] "GET /store/shop/?filter_brand=klober,vitra&filter_color=brown,yellow&filter_size=s&stock_status=instock,onsale HTTP/1.1" 200 23431 "-" "Mozilla/5.0 (compatible; MJ12bot/v1.4.8; http://mj12bot.com/)"
103.166.150.82 - - [14/Mar/2025:15:39:52 +0000] "POST /store/wp-admin/admin-ajax.php HTTP/1.1" 200 71 "https://valuecartpk.shop/store/wp-admin/post.php?post=15691&action=elementor" "Mozilla/5.0 (Windows NT 10.0; Win64; x64) AppleWebKit/537.36 (KHTML, like Gecko) Chrome/134.0.0.0 Safari/537.36"
94.23.209.55 - - [14/Mar/2025:15:39:53 +0000] "GET /store/shop/?filter_brand=klober,vitra&filter_color=brown,yellow&filter_size=s&stock_status=onsale HTTP/1.1" 200 23418 "-" "Mozilla/5.0 (compatible; MJ12bot/v1.4.8; http://mj12bot.com/)"
103.166.150.82 - - [14/Mar/2025:15:40:00 +0000] "GET /store/wp-json/elementor/v1/checklist/user-progress HTTP/1.1" 200 183 "https://valuecartpk.shop/store/wp-admin/post.php?post=15691&action=elementor" "Mozilla/5.0 (Windows NT 10.0; Win64; x64) AppleWebKit/537.36 (KHTML, like Gecko) Chrome/134.0.0.0 Safari/537.36"
94.23.209.55 - - [14/Mar/2025:15:40:00 +0000] "GET /store/shop/?filter_brand=klober,vitra&filter_color=brown,yellow&stock_status=instock,onsale&filter_size=l,m,s HTTP/1.1" 200 23449 "-" "Mozilla/5.0 (compatible; MJ12bot/v1.4.8; http://mj12bot.com/)"
103.166.150.82 - - [14/Mar/2025:15:40:00 +0000] "POST /store/wp-admin/admin-ajax.php HTTP/1.1" 200 553 "https://valuecartpk.shop/store/wp-admin/post.php?post=15691&action=elementor" "Mozilla/5.0 (Windows NT 10.0; Win64; x64) AppleWebKit/537.36 (KHTML, like Gecko) Chrome/134.0.0.0 Safari/537.36"
103.166.150.82 - - [14/Mar/2025:15:40:06 +0000] "POST /store/wp-admin/admin-ajax.php HTTP/1.1" 200 71 "https://valuecartpk.shop/store/wp-admin/post.php?post=15691&action=elementor" "Mozilla/5.0 (Windows NT 10.0; Win64; x64) AppleWebKit/537.36 (KHTML, like Gecko) Chrome/134.0.0.0 Safari/537.36"
103.166.150.82 - - [14/Mar/2025:15:40:08 +0000] "GET /store/wp-json/elementor/v1/checklist/user-progress HTTP/1.1" 200 183 "https://valuecartpk.shop/store/wp-admin/post.php?post=15691&action=elementor" "Mozilla/5.0 (Windows NT 10.0; Win64; x64) AppleWebKit/537.36 (KHTML, like Gecko) Chrome/134.0.0.0 Safari/537.36"
103.166.150.82 - - [14/Mar/2025:15:40:08 +0000] "POST /store/wp-admin/admin-ajax.php HTTP/1.1" 200 580 "https://valuecartpk.shop/store/wp-admin/post.php?post=15691&action=elementor" "Mozilla/5.0 (Windows NT 10.0; Win64; x64) AppleWebKit/537.36 (KHTML, like Gecko) Chrome/134.0.0.0 Safari/537.36"
94.23.209.55 - - [14/Mar/2025:15:40:11 +0000] "GET /store/shop/?filter_brand=klober,vitra&filter_color=brown,yellow&stock_status=onsale&filter_size=l,m,s HTTP/1.1" 200 26297 "-" "Mozilla/5.0 (compatible; MJ12bot/v1.4.8; http://mj12bot.com/)"
103.166.150.82 - - [14/Mar/2025:15:40:19 +0000] "GET /store/elementor-hf/header/?elementor-preview=15691&ver=1741965773 HTTP/1.1" 500 1035 "https://valuecartpk.shop/store/wp-admin/post.php?post=15691&action=elementor" "Mozilla/5.0 (Windows NT 10.0; Win64; x64) AppleWebKit/537.36 (KHTML, like Gecko) Chrome/134.0.0.0 Safari/537.36"
103.166.150.82 - - [14/Mar/2025:15:40:19 +0000] "GET /store/wp-json/elementor/v1/checklist/user-progress HTTP/1.1" 200 183 "https://valuecartpk.shop/store/wp-admin/post.php?post=15691&action=elementor" "Mozilla/5.0 (Windows NT 10.0; Win64; x64) AppleWebKit/537.36 (KHTML, like Gecko) Chrome/134.0.0.0 Safari/537.36"
103.166.150.82 - - [14/Mar/2025:15:40:22 +0000] "POST /store/wp-admin/admin-ajax.php HTTP/1.1" 200 71 "https://valuecartpk.shop/store/wp-admin/post.php?post=15691&action=elementor" "Mozilla/5.0 (Windows NT 10.0; Win64; x64) AppleWebKit/537.36 (KHTML, like Gecko) Chrome/134.0.0.0 Safari/537.36"
103.166.150.82 - - [14/Mar/2025:15:40:21 +0000] "GET /store/elementor-hf/header/?elementor-preview=15691&ver=1741965773&preview-debug HTTP/1.1" 200 47673 "https://valuecartpk.shop/store/wp-admin/post.php?post=15691&action=elementor" "Mozilla/5.0 (Windows NT 10.0; Win64; x64) AppleWebKit/537.36 (KHTML, like Gecko) Chrome/134.0.0.0 Safari/537.36"
94.23.209.55 - - [14/Mar/2025:15:40:20 +0000] "GET /store/shop/?filter_brand=klober,vitra&filter_color=brown,yellow&stock_status=onsale&filter_size=l,s HTTP/1.1" 200 26234 "-" "Mozilla/5.0 (compatible; MJ12bot/v1.4.8; http://mj12bot.com/)"
103.166.150.82 - - [14/Mar/2025:15:40:21 +0000] "POST /store/wp-admin/admin-ajax.php HTTP/1.1" 200 563 "https://valuecartpk.shop/store/wp-admin/post.php?post=15691&action=elementor" "Mozilla/5.0 (Windows NT 10.0; Win64; x64) AppleWebKit/537.36 (KHTML, like Gecko) Chrome/134.0.0.0 Safari/537.36"
94.23.209.55 - - [14/Mar/2025:15:40:34 +0000] "GET /store/shop/?filter_brand=klober,vitra&filter_color=yellow&filter_size=l,m&per_page=12 HTTP/1.1" 200 28151 "-" "Mozilla/5.0 (compatible; MJ12bot/v1.4.8; http://mj12bot.com/)"
103.166.150.82 - - [14/Mar/2025:15:40:37 +0000] "POST /store/wp-admin/admin-ajax.php HTTP/1.1" 200 71 "https://valuecartpk.shop/store/wp-admin/post.php?post=15691&action=elementor" "Mozilla/5.0 (Windows NT 10.0; Win64; x64) AppleWebKit/537.36 (KHTML, like Gecko) Chrome/134.0.0.0 Safari/537.36"
103.166.150.82 - - [14/Mar/2025:15:40:41 +0000] "GET /store/wp-json/elementor/v1/checklist/user-progress HTTP/1.1" 200 183 "https://valuecartpk.shop/store/wp-admin/post.php?post=15691&action=elementor" "Mozilla/5.0 (Windows NT 10.0; Win64; x64) AppleWebKit/537.36 (KHTML, like Gecko) Chrome/134.0.0.0 Safari/537.36"
103.166.150.82 - - [14/Mar/2025:15:40:36 +0000] "GET /store/wp-admin/post-new.php?post_type=elementor-hf&wp-post-new-reload=true HTTP/1.1" 200 73800 "https://valuecartpk.shop/store/wp-admin/admin.php?page=hfe" "Mozilla/5.0 (Windows NT 10.0; Win64; x64) AppleWebKit/537.36 (KHTML, like Gecko) Chrome/134.0.0.0 Safari/537.36"
94.23.209.55 - - [14/Mar/2025:15:40:44 +0000] "GET /store/shop/?filter_brand=klober,vitra&filter_color=yellow&filter_size=l,m&per_page=18 HTTP/1.1" 200 28154 "-" "Mozilla/5.0 (compatible; MJ12bot/v1.4.8; http://mj12bot.com/)"
103.166.150.82 - - [14/Mar/2025:15:40:41 +0000] "GET /store/product/decoration-wooden-present/ HTTP/1.1" 200 42989 "https://valuecartpk.shop/store/shop/" "Mozilla/5.0 (Windows NT 10.0; Win64; x64) AppleWebKit/537.36 (KHTML, like Gecko) Chrome/134.0.0.0 Safari/537.36"
103.166.150.82 - - [14/Mar/2025:15:40:59 +0000] "GET /store/wp-content/uploads/elementor/css/post-334.css?ver=1741966853 HTTP/1.1" 200 211 "https://valuecartpk.shop/store/product/decoration-wooden-present/" "Mozilla/5.0 (Windows NT 10.0; Win64; x64) AppleWebKit/537.36 (KHTML, like Gecko) Chrome/134.0.0.0 Safari/537.36"
103.166.150.82 - - [14/Mar/2025:15:40:59 +0000] "GET /store/wp-content/plugins/elementor-pro/assets/css/modules/notes/frontend.min.css?ver=3.24.0 HTTP/1.1" 200 526 "https://valuecartpk.shop/store/product/decoration-wooden-present/" "Mozilla/5.0 (Windows NT 10.0; Win64; x64) AppleWebKit/537.36 (KHTML, like Gecko) Chrome/134.0.0.0 Safari/537.36"
38.91.101.117 - - [14/Mar/2025:15:36:55 +0000] "POST /store/wp-cron.php?doing_wp_cron=1741966614.9819169044494628906250 HTTP/1.1" 200 0 "-" "WordPress/6.7.2; https://valuecartpk.shop/store"
103.166.150.82 - - [14/Mar/2025:15:40:48 +0000] "GET /store/shop/ HTTP/2" 200 30139 "https://valuecartpk.shop/store/checkout/" "Mozilla/5.0 (Linux; Android 10; K) AppleWebKit/537.36 (KHTML, like Gecko) Chrome/133.0.0.0 Mobile Safari/537.36"
103.166.150.82 - - [14/Mar/2025:15:41:05 +0000] "GET /store/wp-content/plugins/header-footer-elementor/inc/widgets-css/frontend.css?ver=2.2.1 HTTP/2" 200 8079 "https://valuecartpk.shop/store/shop/" "Mozilla/5.0 (Linux; Android 10; K) AppleWebKit/537.36 (KHTML, like Gecko) Chrome/133.0.0.0 Mobile Safari/537.36"
103.166.150.82 - - [14/Mar/2025:15:41:06 +0000] "GET /store/wp-content/plugins/header-footer-elementor/assets/css/header-footer-elementor.css?ver=2.2.1 HTTP/2" 200 259 "https://valuecartpk.shop/store/shop/" "Mozilla/5.0 (Linux; Android 10; K) AppleWebKit/537.36 (KHTML, like Gecko) Chrome/133.0.0.0 Mobile Safari/537.36"
103.166.150.82 - - [14/Mar/2025:15:41:06 +0000] "GET /store/wp-content/plugins/elementor/assets/css/widget-social-icons.min.css?ver=3.24.0 HTTP/2" 200 1069 "https://valuecartpk.shop/store/shop/" "Mozilla/5.0 (Linux; Android 10; K) AppleWebKit/537.36 (KHTML, like Gecko) Chrome/133.0.0.0 Mobile Safari/537.36"
103.166.150.82 - - [14/Mar/2025:15:41:06 +0000] "GET /store/wp-content/plugins/elementor/assets/lib/eicons/css/elementor-icons.min.css?ver=5.34.0 HTTP/2" 200 3790 "https://valuecartpk.shop/store/shop/" "Mozilla/5.0 (Linux; Android 10; K) AppleWebKit/537.36 (KHTML, like Gecko) Chrome/133.0.0.0 Mobile Safari/537.36"
103.166.150.82 - - [14/Mar/2025:15:41:06 +0000] "GET /store/wp-content/plugins/elementor/assets/css/widget-icon-list.min.css?ver=3.24.3 HTTP/2" 200 957 "https://valuecartpk.shop/store/shop/" "Mozilla/5.0 (Linux; Android 10; K) AppleWebKit/537.36 (KHTML, like Gecko) Chrome/133.0.0.0 Mobile Safari/537.36"
103.166.150.82 - - [14/Mar/2025:15:41:06 +0000] "GET /store/wp-content/plugins/elementor/assets/lib/font-awesome/css/brands.css?ver=5.15.3 HTTP/2" 200 296 "https://valuecartpk.shop/store/shop/" "Mozilla/5.0 (Linux; Android 10; K) AppleWebKit/537.36 (KHTML, like Gecko) Chrome/133.0.0.0 Mobile Safari/537.36"
103.166.150.82 - - [14/Mar/2025:15:41:06 +0000] "GET /store/wp-content/plugins/elementor/assets/lib/font-awesome/css/fontawesome.css?ver=5.15.3 HTTP/2" 200 12526 "https://valuecartpk.shop/store/shop/" "Mozilla/5.0 (Linux; Android 10; K) AppleWebKit/537.36 (KHTML, like Gecko) Chrome/133.0.0.0 Mobile Safari/537.36"
103.166.150.82 - - [14/Mar/2025:15:41:06 +0000] "GET /store/wp-content/uploads/elementor/css/custom-pro-frontend.min.css?ver=1741965282 HTTP/2" 200 1207 "https://valuecartpk.shop/store/shop/" "Mozilla/5.0 (Linux; Android 10; K) AppleWebKit/537.36 (KHTML, like Gecko) Chrome/133.0.0.0 Mobile Safari/537.36"
103.166.150.82 - - [14/Mar/2025:15:41:06 +0000] "GET /store/wp-content/uploads/elementor/css/post-15691.css?ver=1741966849 HTTP/2" 200 960 "https://valuecartpk.shop/store/shop/" "Mozilla/5.0 (Linux; Android 10; K) AppleWebKit/537.36 (KHTML, like Gecko) Chrome/133.0.0.0 Mobile Safari/537.36"
103.166.150.82 - - [14/Mar/2025:15:41:06 +0000] "GET /store/wp-content/plugins/elementor-pro/assets/css/widget-nav-menu.min.css?ver=3.26.0 HTTP/2" 200 3144 "https://valuecartpk.shop/store/shop/" "Mozilla/5.0 (Linux; Android 10; K) AppleWebKit/537.36 (KHTML, like Gecko) Chrome/133.0.0.0 Mobile Safari/537.36"
103.166.150.82 - - [14/Mar/2025:15:41:06 +0000] "GET /store/wp-content/uploads/elementor/css/custom-frontend.min.css?ver=1741965257 HTTP/2" 200 6416 "https://valuecartpk.shop/store/shop/" "Mozilla/5.0 (Linux; Android 10; K) AppleWebKit/537.36 (KHTML, like Gecko) Chrome/133.0.0.0 Mobile Safari/537.36"
103.166.150.82 - - [14/Mar/2025:15:41:06 +0000] "GET /store/wp-content/plugins/elementor-pro/assets/css/widget-mega-menu.min.css?ver=3.26.2 HTTP/2" 200 2678 "https://valuecartpk.shop/store/shop/" "Mozilla/5.0 (Linux; Android 10; K) AppleWebKit/537.36 (KHTML, like Gecko) Chrome/133.0.0.0 Mobile Safari/537.36"
103.166.150.82 - - [14/Mar/2025:15:41:06 +0000] "GET /store/wp-content/plugins/elementor-pro/assets/css/widget-blockquote.min.css?ver=3.25.0 HTTP/2" 200 955 "https://valuecartpk.shop/store/shop/" "Mozilla/5.0 (Linux; Android 10; K) AppleWebKit/537.36 (KHTML, like Gecko) Chrome/133.0.0.0 Mobile Safari/537.36"
103.166.150.82 - - [14/Mar/2025:15:41:06 +0000] "GET /store/wp-content/uploads/elementor/css/post-6.css?ver=1741965282 HTTP/2" 200 371 "https://valuecartpk.shop/store/shop/" "Mozilla/5.0 (Linux; Android 10; K) AppleWebKit/537.36 (KHTML, like Gecko) Chrome/133.0.0.0 Mobile Safari/537.36"
103.166.150.82 - - [14/Mar/2025:15:41:06 +0000] "GET /store/wp-content/plugins/elementor/assets/lib/font-awesome/css/solid.css?ver=5.15.3 HTTP/2" 200 296 "https://valuecartpk.shop/store/shop/" "Mozilla/5.0 (Linux; Android 10; K) AppleWebKit/537.36 (KHTML, like Gecko) Chrome/133.0.0.0 Mobile Safari/537.36"
103.166.150.82 - - [14/Mar/2025:15:41:06 +0000] "GET /store/wp-content/themes/css/parts/int-elementor-pro.min.css?ver=7.5.2 HTTP/2" 200 1239 "https://valuecartpk.shop/store/shop/" "Mozilla/5.0 (Linux; Android 10; K) AppleWebKit/537.36 (KHTML, like Gecko) Chrome/133.0.0.0 Mobile Safari/537.36"
103.166.150.82 - - [14/Mar/2025:15:41:06 +0000] "GET /store/wp-content/uploads/elementor/css/post-724.css?ver=1741965290 HTTP/2" 200 314 "https://valuecartpk.shop/store/shop/" "Mozilla/5.0 (Linux; Android 10; K) AppleWebKit/537.36 (KHTML, like Gecko) Chrome/133.0.0.0 Mobile Safari/537.36"
103.166.150.82 - - [14/Mar/2025:15:41:06 +0000] "GET /store/wp-content/plugins/elementor/assets/lib/animations/styles/fadeInRight.min.css?ver=3.27.6 HTTP/2" 200 139 "https://valuecartpk.shop/store/shop/" "Mozilla/5.0 (Linux; Android 10; K) AppleWebKit/537.36 (KHTML, like Gecko) Chrome/133.0.0.0 Mobile Safari/537.36"
103.166.150.82 - - [14/Mar/2025:15:41:07 +0000] "GET /store/wp-content/plugins/elementor-pro/assets/css/widget-woocommerce.min.css?ver=3.24.0 HTTP/2" 200 12978 "https://valuecartpk.shop/store/shop/" "Mozilla/5.0 (Linux; Android 10; K) AppleWebKit/537.36 (KHTML, like Gecko) Chrome/133.0.0.0 Mobile Safari/537.36"
103.166.150.82 - - [14/Mar/2025:15:41:07 +0000] "GET /store/wp-content/plugins/elementor-pro/assets/js/webpack-pro.runtime.min.js?ver=3.24.0 HTTP/2" 200 2604 "https://valuecartpk.shop/store/shop/" "Mozilla/5.0 (Linux; Android 10; K) AppleWebKit/537.36 (KHTML, like Gecko) Chrome/133.0.0.0 Mobile Safari/537.36"
103.166.150.82 - - [14/Mar/2025:15:41:07 +0000] "GET /store/wp-content/plugins/elementor-pro/assets/js/frontend.min.js?ver=3.24.0 HTTP/2" 200 6466 "https://valuecartpk.shop/store/shop/" "Mozilla/5.0 (Linux; Android 10; K) AppleWebKit/537.36 (KHTML, like Gecko) Chrome/133.0.0.0 Mobile Safari/537.36"
103.166.150.82 - - [14/Mar/2025:15:41:07 +0000] "GET /store/wp-content/plugins/elementor-pro/assets/js/elements-handlers.min.js?ver=3.24.0 HTTP/2" 200 9711 "https://valuecartpk.shop/store/shop/" "Mozilla/5.0 (Linux; Android 10; K) AppleWebKit/537.36 (KHTML, like Gecko) Chrome/133.0.0.0 Mobile Safari/537.36"
103.166.150.82 - - [14/Mar/2025:15:41:07 +0000] "GET /store/wp-content/plugins/header-footer-elementor/inc/js/frontend.js?ver=2.2.1 HTTP/2" 200 3925 "https://valuecartpk.shop/store/shop/" "Mozilla/5.0 (Linux; Android 10; K) AppleWebKit/537.36 (KHTML, like Gecko) Chrome/133.0.0.0 Mobile Safari/537.36"
103.166.150.82 - - [14/Mar/2025:15:41:07 +0000] "GET /store/wp-content/plugins/elementor/assets/lib/font-awesome/webfonts/fa-solid-900.woff2 HTTP/2" 200 78196 "https://valuecartpk.shop/store/wp-content/plugins/elementor/assets/lib/font-awesome/css/solid.css?ver=5.15.3" "Mozilla/5.0 (Linux; Android 10; K) AppleWebKit/537.36 (KHTML, like Gecko) Chrome/133.0.0.0 Mobile Safari/537.36"
38.91.101.117 - - [14/Mar/2025:15:00:55 +0000] "POST /store/wp-cron.php?doing_wp_cron=1741964455.3835980892181396484375 HTTP/1.1" 200 0 "-" "WordPress/6.7.2; https://valuecartpk.shop/store"
103.166.150.82 - - [14/Mar/2025:15:01:12 +0000] "POST /store/wp-admin/admin-ajax.php HTTP/2" 200 51 "https://valuecartpk.shop/store/wp-admin/edit.php?post_type=woodmart_slide" "Mozilla/5.0 (Windows NT 10.0; Win64; x64) AppleWebKit/537.36 (KHTML, like Gecko) Chrome/134.0.0.0 Safari/537.36"
103.166.150.82 - - [14/Mar/2025:15:01:22 +0000] "POST /store/wp-admin/admin-ajax.php HTTP/2" 200 51 "https://valuecartpk.shop/store/wp-admin/edit.php?post_type=woodmart_slide" "Mozilla/5.0 (Windows NT 10.0; Win64; x64) AppleWebKit/537.36 (KHTML, like Gecko) Chrome/134.0.0.0 Safari/537.36"
103.166.150.82 - - [14/Mar/2025:15:01:21 +0000] "GET /store/wp-admin/admin.php?page=xts_header_builder HTTP/2" 200 59205 "https://valuecartpk.shop/store/wp-admin/edit.php?post_type=woodmart_slide" "Mozilla/5.0 (Windows NT 10.0; Win64; x64) AppleWebKit/537.36 (KHTML, like Gecko) Chrome/134.0.0.0 Safari/537.36"
103.166.150.82 - - [14/Mar/2025:15:01:28 +0000] "POST /store/wp-admin/admin-ajax.php HTTP/2" 200 51 "https://valuecartpk.shop/store/wp-admin/plugin-install.php?s=header&tab=search&type=term" "Mozilla/5.0 (Windows NT 10.0; Win64; x64) AppleWebKit/537.36 (KHTML, like Gecko) Chrome/134.0.0.0 Safari/537.36"
38.91.101.117 - - [14/Mar/2025:15:05:53 +0000] "GET /store/?post_type=elementor-hf&p=15691 HTTP/1.1" 500 905 "-" "WordPress/6.7.2; https://valuecartpk.shop/store"
38.91.101.117 - - [14/Mar/2025:15:06:00 +0000] "POST /store/wp-cron.php?doing_wp_cron=1741964759.9923079013824462890625 HTTP/1.1" 200 0 "-" "WordPress/6.7.2; https://valuecartpk.shop/store"
45.148.10.80 - - [14/Mar/2025:15:16:44 +0000] "GET /.git/config HTTP/1.1" 403 1242 "-" "Mozilla/5.0 (CentOS; Linux x86_64) AppleWebKit/537.36 (KHTML, like Gecko) Chrome/121.0.0.0 Safari/537.36"
38.91.101.117 - - [14/Mar/2025:15:17:09 +0000] "POST /store/wp-cron.php?doing_wp_cron=1741965428.6163089275360107421875 HTTP/1.1" 200 0 "-" "WordPress/6.7.2; https://valuecartpk.shop/store"
38.91.101.117 - - [14/Mar/2025:15:17:09 +0000] "POST /store/wp-cron.php?doing_wp_cron=1741965427.9656178951263427734375 HTTP/1.1" 200 0 "-" "WordPress/6.7.2; https://valuecartpk.shop/store"
38.91.101.117 - - [14/Mar/2025:15:18:53 +0000] "POST /store/wp-cron.php?doing_wp_cron=1741965533.0098769664764404296875 HTTP/1.1" 200 0 "-" "WordPress/6.7.2; https://valuecartpk.shop/store"
2a06:98c0:3600::103 - - [14/Mar/2025:15:23:42 +0000] "GET /wp-admin/setup-config.php HTTP/1.1" 404 1251 "-" "Mozilla/5.0 (Windows NT 10.0; Win64; x64) AppleWebKit/537.36 (KHTML, like Gecko) Chrome/133.0.0.0 Safari/537.36"
38.91.101.117 - - [14/Mar/2025:15:30:59 +0000] "POST /store/wp-cron.php?doing_wp_cron=1741966259.2652420997619628906250 HTTP/1.1" 200 0 "-" "WordPress/6.7.2; https://valuecartpk.shop/store"
38.91.101.117 - - [14/Mar/2025:15:31:15 +0000] "POST /store/wp-cron.php?doing_wp_cron=1741966274.8693039417266845703125 HTTP/1.1" 200 0 "-" "WordPress/6.7.2; https://valuecartpk.shop/store"
3.12.107.192 - - [14/Mar/2025:15:40:41 +0000] "GET /wp/xmlrpc.php?path=%2Fhome%2Fmultihiv%2Fpublic_html%2Fwp%2F.tmb HTTP/2" 200 692 "-" "Mozilla/5.0 AppleWebKit/537.36 (KHTML, like Gecko; compatible; ClaudeBot/1.0; +claudebot@anthropic.com)"
3.12.107.192 - - [14/Mar/2025:15:40:41 +0000] "GET /wp/xmlrpc.php?path=%2Fhome%2Fmultihiv%2Fpublic_html%2Fwp HTTP/2" 200 1597 "-" "Mozilla/5.0 AppleWebKit/537.36 (KHTML, like Gecko; compatible; ClaudeBot/1.0; +claudebot@anthropic.com)"
94.23.209.55 - - [14/Mar/2025:15:40:58 +0000] "GET /store/shop/?filter_brand=klober,vitra&filter_color=yellow&filter_size=l,m&per_page=24 HTTP/1.1" 200 28149 "-" "Mozilla/5.0 (compatible; MJ12bot/v1.4.8; http://mj12bot.com/)"
38.91.101.117 - - [14/Mar/2025:15:41:06 +0000] "GET /store/?post_type=elementor-hf&p=15705 HTTP/1.1" 404 23479 "-" "WordPress/6.7.2; https://valuecartpk.shop/store"
38.91.101.117 - - [14/Mar/2025:14:59:55 +0000] "POST /store/wp-cron.php?doing_wp_cron=1741964394.2940769195556640625000 HTTP/1.1" 200 0 "-" "WordPress/6.7.2; https://valuecartpk.shop/store"
38.91.101.117 - - [14/Mar/2025:15:03:57 +0000] "POST /store/wp-cron.php?doing_wp_cron=1741964636.4593729972839355468750 HTTP/1.1" 200 0 "-" "WordPress/6.7.2; https://valuecartpk.shop/store"
103.166.150.82 - - [14/Mar/2025:15:05:23 +0000] "GET /store/wp-content/plugins/header-footer-elementor/assets/images/settings/build_banner.png HTTP/2" 200 15795 "https://valuecartpk.shop/store/wp-admin/admin.php?page=hfe" "Mozilla/5.0 (Windows NT 10.0; Win64; x64) AppleWebKit/537.36 (KHTML, like Gecko) Chrome/134.0.0.0 Safari/537.36"
103.166.150.82 - - [14/Mar/2025:15:05:25 +0000] "GET /store/wp-admin/post-new.php?post_type=elementor-hf HTTP/2" 200 72843 "https://valuecartpk.shop/store/wp-admin/admin.php?page=hfe" "Mozilla/5.0 (Windows NT 10.0; Win64; x64) AppleWebKit/537.36 (KHTML, like Gecko) Chrome/134.0.0.0 Safari/537.36"
38.91.101.117 - - [14/Mar/2025:15:06:30 +0000] "GET /store/?post_type=elementor-hf&p=15693 HTTP/1.1" 404 21229 "-" "WordPress/6.7.2; https://valuecartpk.shop/store"
38.91.101.117 - - [14/Mar/2025:15:12:11 +0000] "POST /store/wp-cron.php?doing_wp_cron=1741965131.5894310474395751953125 HTTP/1.1" 200 0 "-" "WordPress/6.7.2; https://valuecartpk.shop/store"
38.91.101.117 - - [14/Mar/2025:15:23:55 +0000] "POST /store/wp-cron.php?doing_wp_cron=1741965834.2227909564971923828125 HTTP/1.1" 200 0 "-" "WordPress/6.7.2; https://valuecartpk.shop/store"
38.91.101.117 - - [14/Mar/2025:15:27:12 +0000] "POST /store/wp-admin/admin-ajax.php?action=wp_cartflows_sync_library&nonce=9ef6b7495b HTTP/1.1" 200 0 "-" "WordPress/6.7.2; https://valuecartpk.shop/store"
38.91.101.117 - - [14/Mar/2025:15:28:17 +0000] "POST /store/wp-cron.php?doing_wp_cron=1741966097.6087479591369628906250 HTTP/1.1" 200 0 "-" "WordPress/6.7.2; https://valuecartpk.shop/store"
2a06:98c0:3600::103 - - [14/Mar/2025:15:31:42 +0000] "GET /wp-admin/setup-config.php HTTP/1.1" 404 1251 "-" "Mozilla/5.0 (Windows NT 10.0; Win64; x64) AppleWebKit/537.36 (KHTML, like Gecko) Chrome/133.0.0.0 Safari/537.36"
18.216.115.2 - - [14/Mar/2025:15:33:14 +0000] "GET /wp/xmlrpc.php?path=%2Fhome HTTP/2" 200 819 "-" "Mozilla/5.0 AppleWebKit/537.36 (KHTML, like Gecko; compatible; ClaudeBot/1.0; +claudebot@anthropic.com)"
18.216.115.2 - - [14/Mar/2025:15:33:14 +0000] "GET /wp/category/uncategorized HTTP/2" 301 0 "-" "Mozilla/5.0 AppleWebKit/537.36 (KHTML, like Gecko; compatible; ClaudeBot/1.0; +claudebot@anthropic.com)"
18.216.115.2 - - [14/Mar/2025:15:33:15 +0000] "GET /wp/category/uncategorized/ HTTP/2" 200 10398 "https://multihiv.com/wp/category/uncategorized" "Mozilla/5.0 AppleWebKit/537.36 (KHTML, like Gecko; compatible; ClaudeBot/1.0; +claudebot@anthropic.com)"
38.91.101.117 - - [14/Mar/2025:15:34:54 +0000] "POST /store/wp-cron.php?doing_wp_cron=1741966494.4132449626922607421875 HTTP/1.1" 200 0 "-" "WordPress/6.7.2; https://valuecartpk.shop/store"
38.91.101.117 - - [14/Mar/2025:15:35:55 +0000] "POST /store/wp-cron.php?doing_wp_cron=1741966554.9360411167144775390625 HTTP/1.1" 200 0 "-" "WordPress/6.7.2; https://valuecartpk.shop/store"
18.220.92.235 - - [14/Mar/2025:15:38:50 +0000] "GET /wp/wp-includes/css/dist/block-library/common.min.css HTTP/2" 200 975 "-" "Mozilla/5.0 AppleWebKit/537.36 (KHTML, like Gecko; compatible; ClaudeBot/1.0; +claudebot@anthropic.com)"
18.220.92.235 - - [14/Mar/2025:15:38:50 +0000] "GET /wp/xmlrpc.php?path=%2Fhome%2Fmultihiv%2Fpublic_html HTTP/2" 200 1009 "-" "Mozilla/5.0 AppleWebKit/537.36 (KHTML, like Gecko; compatible; ClaudeBot/1.0; +claudebot@anthropic.com)"
20.171.207.177 - - [14/Mar/2025:15:41:11 +0000] "GET /store/shop/?filter_brand=magisso%2Cvitra&filter_color=black%2Cblue%2Cbrown%2Cyellow&filter_size=l%2Cs&per_page=18&stock_status=instock HTTP/2" 200 28881 "-" "Mozilla/5.0 AppleWebKit/537.36 (KHTML, like Gecko; compatible; GPTBot/1.2; +https://openai.com/gptbot)"
20.171.207.177 - - [14/Mar/2025:15:38:55 +0000] "GET /store/shop/?filter_brand=eva-solo%2Cvitra&filter_color=black%2Cblue%2Cbrown&filter_size=l&per_page=24&stock_status=instock HTTP/2" 200 25505 "-" "Mozilla/5.0 AppleWebKit/537.36 (KHTML, like Gecko; compatible; GPTBot/1.2; +https://openai.com/gptbot)"
20.171.207.177 - - [14/Mar/2025:15:39:02 +0000] "GET /store/shop/?filter_brand=joseph-joseph%2Cmagisso&filter_color=beige%2Cblue%2Cbrown%2Cyellow&per_page=24&per_row=4&shop_view=grid&stock_status=onsale HTTP/2" 200 23505 "-" "Mozilla/5.0 AppleWebKit/537.36 (KHTML, like Gecko; compatible; GPTBot/1.2; +https://openai.com/gptbot)"
20.171.207.177 - - [14/Mar/2025:15:39:08 +0000] "GET /store/shop/?filter_brand=eva-solo%2Cjoseph-joseph%2Cklober&filter_color=black%2Cbrown%2Cyellow&filter_size=l%2Cs&per_page=18 HTTP/2" 200 26157 "-" "Mozilla/5.0 AppleWebKit/537.36 (KHTML, like Gecko; compatible; GPTBot/1.2; +https://openai.com/gptbot)"
20.171.207.177 - - [14/Mar/2025:15:39:15 +0000] "GET /store/shop/?filter_brand=eva-solo%2Cmagisso%2Cvitra&filter_color=beige%2Cblack%2Cbrown%2Cyellow&per_row=3&shop_view=grid&stock_status=instock HTTP/2" 200 26131 "-" "Mozilla/5.0 AppleWebKit/537.36 (KHTML, like Gecko; compatible; GPTBot/1.2; +https://openai.com/gptbot)"
20.171.207.177 - - [14/Mar/2025:15:39:23 +0000] "GET /store/shop/?filter_brand=eva-solo%2Cjoseph-joseph%2Cklober&filter_color=black%2Cblue%2Cyellow&per_row=3&shop_view=grid&stock_status=instock HTTP/2" 200 26160 "-" "Mozilla/5.0 AppleWebKit/537.36 (KHTML, like Gecko; compatible; GPTBot/1.2; +https://openai.com/gptbot)"
20.171.207.177 - - [14/Mar/2025:15:39:29 +0000] "GET /store/shop/?filter_brand=joseph-joseph&filter_color=beige%2Cblack%2Cbrown%2Cyellow&filter_size=m%2Cs&per_page=18&stock_status=instock%2Consale HTTP/2" 500 1034 "-" "Mozilla/5.0 AppleWebKit/537.36 (KHTML, like Gecko; compatible; GPTBot/1.2; +https://openai.com/gptbot)"
20.171.207.177 - - [14/Mar/2025:15:39:37 +0000] "GET /store/shop/?filter_brand=joseph-joseph%2Cmagisso&filter_color=black%2Cbrown%2Cyellow&filter_size=m%2Cs&per_page=18&stock_status=instock%2Consale HTTP/2" 200 23551 "-" "Mozilla/5.0 AppleWebKit/537.36 (KHTML, like Gecko; compatible; GPTBot/1.2; +https://openai.com/gptbot)"
20.171.207.177 - - [14/Mar/2025:15:39:58 +0000] "GET /store/shop/?filter_brand=eva-solo%2Cjoseph-joseph%2Cvitra&filter_color=beige%2Cblack&filter_size=l%2Cm&per_page=24&stock_status=instock HTTP/2" 200 26096 "-" "Mozilla/5.0 AppleWebKit/537.36 (KHTML, like Gecko; compatible; GPTBot/1.2; +https://openai.com/gptbot)"
20.171.207.177 - - [14/Mar/2025:15:40:18 +0000] "GET /store/shop/?filter_brand=eva-solo%2Cjoseph-joseph%2Cmagisso&filter_color=beige%2Cblack%2Cblue%2Cbrown&filter_size=l&per_row=4&shop_view=grid&stock_status=instock HTTP/2" 200 28397 "-" "Mozilla/5.0 AppleWebKit/537.36 (KHTML, like Gecko; compatible; GPTBot/1.2; +https://openai.com/gptbot)"
20.171.207.177 - - [14/Mar/2025:15:40:36 +0000] "GET /store/shop/?filter_brand=eva-solo%2Cklober%2Cvitra&filter_color=blue%2Cyellow&filter_size=l&per_page=18&stock_status=instock%2Consale HTTP/2" 200 26339 "-" "Mozilla/5.0 AppleWebKit/537.36 (KHTML, like Gecko; compatible; GPTBot/1.2; +https://openai.com/gptbot)"
20.171.207.177 - - [14/Mar/2025:15:40:53 +0000] "GET /store/shop/?filter_brand=eva-solo%2Cjoseph-joseph&filter_color=beige%2Cbrown&filter_size=m%2Cs&per_page=18&stock_status=instock HTTP/2" 200 28616 "-" "Mozilla/5.0 AppleWebKit/537.36 (KHTML, like Gecko; compatible; GPTBot/1.2; +https://openai.com/gptbot)"
2a06:98c0:3600::103 - - [14/Mar/2025:15:42:09 +0000] "GET /wordpress/wp-admin/setup-config.php HTTP/1.1" 404 1251 "-" "Mozilla/5.0 (Windows NT 10.0; Win64; x64) AppleWebKit/537.36 (KHTML, like Gecko) Chrome/133.0.0.0 Safari/537.36"
94.23.209.55 - - [14/Mar/2025:15:42:00 +0000] "GET /store/shop/?filter_brand=klober,vitra&filter_size=l,m&filter_color=blue,brown,yellow&shop_view=grid&per_row=2 HTTP/1.1" 200 28598 "-" "Mozilla/5.0 (compatible; MJ12bot/v1.4.8; http://mj12bot.com/)"
103.166.150.82 - - [14/Mar/2025:15:40:59 +0000] "GET /store/wp-content/uploads/elementor/css/post-15691.css?ver=1741966849 HTTP/1.1" 200 960 "https://valuecartpk.shop/store/product/decoration-wooden-present/" "Mozilla/5.0 (Windows NT 10.0; Win64; x64) AppleWebKit/537.36 (KHTML, like Gecko) Chrome/134.0.0.0 Safari/537.36"
103.166.150.82 - - [14/Mar/2025:15:41:00 +0000] "GET /store/wp-content/uploads/elementor/css/post-228.css?ver=1741966856 HTTP/1.1" 200 354 "https://valuecartpk.shop/store/product/decoration-wooden-present/" "Mozilla/5.0 (Windows NT 10.0; Win64; x64) AppleWebKit/537.36 (KHTML, like Gecko) Chrome/134.0.0.0 Safari/537.36"
103.166.150.82 - - [14/Mar/2025:15:41:00 +0000] "GET /store/wp-content/uploads/elementor/css/post-726.css?ver=1741966857 HTTP/1.1" 200 216 "https://valuecartpk.shop/store/product/decoration-wooden-present/" "Mozilla/5.0 (Windows NT 10.0; Win64; x64) AppleWebKit/537.36 (KHTML, like Gecko) Chrome/134.0.0.0 Safari/537.36"
103.166.150.82 - - [14/Mar/2025:15:41:00 +0000] "GET /store/wp-content/uploads/elementor/css/post-724.css?ver=1741965290 HTTP/1.1" 200 314 "https://valuecartpk.shop/store/product/decoration-wooden-present/" "Mozilla/5.0 (Windows NT 10.0; Win64; x64) AppleWebKit/537.36 (KHTML, like Gecko) Chrome/134.0.0.0 Safari/537.36"
103.166.150.82 - - [14/Mar/2025:15:40:54 +0000] "GET /store/wp-admin/post-new.php?post_type=elementor-hf&wp-post-new-reload=true HTTP/1.1" 200 73826 "https://valuecartpk.shop/store/wp-admin/post-new.php?post_type=elementor-hf&wp-post-new-reload=true" "Mozilla/5.0 (Windows NT 10.0; Win64; x64) AppleWebKit/537.36 (KHTML, like Gecko) Chrome/134.0.0.0 Safari/537.36"
103.166.150.82 - - [14/Mar/2025:15:41:12 +0000] "GET /store/wp-admin/post-new.php?post_type=elementor-hf HTTP/1.1" 500 0 "https://valuecartpk.shop/store/wp-admin/post-new.php?post_type=elementor-hf" "Mozilla/5.0 (Windows NT 10.0; Win64; x64) AppleWebKit/537.36 (KHTML, like Gecko) Chrome/134.0.0.0 Safari/537.36"
103.166.150.82 - - [14/Mar/2025:15:41:13 +0000] "GET /store/wp-admin/post-new.php?post_type=elementor-hf HTTP/1.1" 200 73830 "https://valuecartpk.shop/store/wp-admin/post-new.php?post_type=elementor-hf" "Mozilla/5.0 (Windows NT 10.0; Win64; x64) AppleWebKit/537.36 (KHTML, like Gecko) Chrome/134.0.0.0 Safari/537.36"
103.166.150.82 - - [14/Mar/2025:15:41:31 +0000] "POST /store/wp-admin/admin-ajax.php HTTP/1.1" 200 51 "https://valuecartpk.shop/store/wp-admin/nav-menus.php" "Mozilla/5.0 (Windows NT 10.0; Win64; x64) AppleWebKit/537.36 (KHTML, like Gecko) Chrome/134.0.0.0 Safari/537.36"
20.171.207.177 - - [14/Mar/2025:15:42:03 +0000] "GET /store/shop/?filter_brand=eva-solo%2Cjoseph-joseph%2Cklober&filter_color=black%2Cblue%2Cyellow&per_row=3&shop_view=grid&stock_status=instock%2Consale HTTP/2" 200 26354 "-" "Mozilla/5.0 AppleWebKit/537.36 (KHTML, like Gecko; compatible; GPTBot/1.2; +https://openai.com/gptbot)"
20.171.207.177 - - [14/Mar/2025:15:42:13 +0000] "GET /store/shop/?filter_brand=eva-solo%2Cjoseph-joseph%2Cklober&filter_color=black%2Cblue%2Cyellow&per_page=9&per_row=3&shop_view=grid&stock_status=instock HTTP/2" 200 28819 "-" "Mozilla/5.0 AppleWebKit/537.36 (KHTML, like Gecko; compatible; GPTBot/1.2; +https://openai.com/gptbot)"
94.23.209.55 - - [14/Mar/2025:15:42:29 +0000] "GET /store/shop/?filter_brand=klober,vitra&filter_size=l,m&filter_color=blue,brown,yellow&stock_status=instock HTTP/1.1" 200 28637 "-" "Mozilla/5.0 (compatible; MJ12bot/v1.4.8; http://mj12bot.com/)"
20.171.207.177 - - [14/Mar/2025:15:42:42 +0000] "GET /store/wp-content/plugins/header-footer-elementor/inc/js/frontend.js?ver=2.2.1 HTTP/2" 200 3925 "-" "Mozilla/5.0 AppleWebKit/537.36 (KHTML, like Gecko; compatible; GPTBot/1.2; +https://openai.com/gptbot)"
20.171.207.177 - - [14/Mar/2025:15:42:50 +0000] "GET /store/shop/?filter_brand=eva-solo%2Cklober%2Cvitra&filter_color=blue%2Cyellow&stock_status=instock%2Consale HTTP/2" 200 26291 "-" "Mozilla/5.0 AppleWebKit/537.36 (KHTML, like Gecko; compatible; GPTBot/1.2; +https://openai.com/gptbot)"
38.91.101.117 - - [14/Mar/2025:15:42:54 +0000] "POST /store/wp-cron.php?doing_wp_cron=1741966974.0431408882141113281250 HTTP/1.1" 200 0 "-" "WordPress/6.7.2; https://valuecartpk.shop/store"
103.166.150.82 - - [14/Mar/2025:15:42:47 +0000] "POST /store/wp-admin/admin-ajax.php HTTP/1.1" 200 51 "https://valuecartpk.shop/store/wp-admin/post-new.php?post_type=elementor-hf" "Mozilla/5.0 (Windows NT 10.0; Win64; x64) AppleWebKit/537.36 (KHTML, like Gecko) Chrome/134.0.0.0 Safari/537.36"
103.166.150.82 - - [14/Mar/2025:15:42:48 +0000] "POST /store/wp-admin/admin-ajax.php HTTP/1.1" 200 51 "https://valuecartpk.shop/store/wp-admin/plugins.php?plugin_status=all&paged=1&s" "Mozilla/5.0 (Windows NT 10.0; Win64; x64) AppleWebKit/537.36 (KHTML, like Gecko) Chrome/134.0.0.0 Safari/537.36"
103.166.150.82 - - [14/Mar/2025:15:42:52 +0000] "GET /store/wp-admin/edit.php?post_type=elementor-hf HTTP/1.1" 200 33145 "https://valuecartpk.shop/store/wp-admin/post-new.php?post_type=elementor-hf" "Mozilla/5.0 (Windows NT 10.0; Win64; x64) AppleWebKit/537.36 (KHTML, like Gecko) Chrome/134.0.0.0 Safari/537.36"
103.166.150.82 - - [14/Mar/2025:15:43:02 +0000] "POST /store/wp-admin/admin-ajax.php HTTP/1.1" 200 51 "https://valuecartpk.shop/store/wp-admin/edit.php?post_type=elementor-hf" "Mozilla/5.0 (Windows NT 10.0; Win64; x64) AppleWebKit/537.36 (KHTML, like Gecko) Chrome/134.0.0.0 Safari/537.36"
94.23.209.55 - - [14/Mar/2025:15:43:07 +0000] "GET /store/shop/?filter_brand=klober,vitra&filter_size=l,m,s&filter_color=blue,brown,yellow&per_page=18 HTTP/1.1" 200 28636 "-" "Mozilla/5.0 (compatible; MJ12bot/v1.4.8; http://mj12bot.com/)"
103.166.150.82 - - [14/Mar/2025:15:43:09 +0000] "GET /store/wp-admin/post.php?post=15691&action=elementor HTTP/1.1" 200 274280 "https://valuecartpk.shop/store/wp-admin/edit.php?post_type=elementor-hf" "Mozilla/5.0 (Windows NT 10.0; Win64; x64) AppleWebKit/537.36 (KHTML, like Gecko) Chrome/134.0.0.0 Safari/537.36"
103.166.150.82 - - [14/Mar/2025:15:43:15 +0000] "GET /store/wp-json/elementor/v1/site-navigation/recent-posts?posts_per_page=6&_locale=user HTTP/1.1" 200 366 "https://valuecartpk.shop/store/wp-admin/post.php?post=15691&action=elementor" "Mozilla/5.0 (Windows NT 10.0; Win64; x64) AppleWebKit/537.36 (KHTML, like Gecko) Chrome/134.0.0.0 Safari/537.36"
103.166.150.82 - - [14/Mar/2025:15:43:15 +0000] "GET /store/wp-json/elementor/v1/kit-elements-defaults HTTP/1.1" 200 6 "https://valuecartpk.shop/store/wp-admin/post.php?post=15691&action=elementor" "Mozilla/5.0 (Windows NT 10.0; Win64; x64) AppleWebKit/537.36 (KHTML, like Gecko) Chrome/134.0.0.0 Safari/537.36"
103.166.150.82 - - [14/Mar/2025:15:43:15 +0000] "POST /store/wp-admin/admin-ajax.php HTTP/1.1" 200 71 "https://valuecartpk.shop/store/wp-admin/post.php?post=15691&action=elementor" "Mozilla/5.0 (Windows NT 10.0; Win64; x64) AppleWebKit/537.36 (KHTML, like Gecko) Chrome/134.0.0.0 Safari/537.36"
20.171.207.177 - - [14/Mar/2025:15:43:15 +0000] "GET /store/shop/?filter_brand=eva-solo%2Cjoseph-joseph%2Cklober&filter_color=black%2Cblue%2Cyellow&per_page=18&per_row=3&shop_view=grid&stock_status=instock HTTP/2" 200 28797 "-" "Mozilla/5.0 AppleWebKit/537.36 (KHTML, like Gecko; compatible; GPTBot/1.2; +https://openai.com/gptbot)"
103.166.150.82 - - [14/Mar/2025:15:43:15 +0000] "GET /store/wp-json/elementor/v1/checklist/user-progress HTTP/1.1" 200 183 "https://valuecartpk.shop/store/wp-admin/post.php?post=15691&action=elementor" "Mozilla/5.0 (Windows NT 10.0; Win64; x64) AppleWebKit/537.36 (KHTML, like Gecko) Chrome/134.0.0.0 Safari/537.36"
103.166.150.82 - - [14/Mar/2025:15:43:15 +0000] "GET /store/wp-json/elementor/v1/global-widget/templates HTTP/1.1" 200 6 "https://valuecartpk.shop/store/wp-admin/post.php?post=15691&action=elementor" "Mozilla/5.0 (Windows NT 10.0; Win64; x64) AppleWebKit/537.36 (KHTML, like Gecko) Chrome/134.0.0.0 Safari/537.36"
103.166.150.82 - - [14/Mar/2025:15:43:31 +0000] "GET /store/product/decoration-wooden-present/ HTTP/1.1" 200 43816 "https://valuecartpk.shop/store/shop/" "Mozilla/5.0 (Windows NT 10.0; Win64; x64) AppleWebKit/537.36 (KHTML, like Gecko) Chrome/134.0.0.0 Safari/537.36"
103.166.150.82 - - [14/Mar/2025:15:43:39 +0000] "GET /store/wp-json/elementor/v1/globals HTTP/1.1" 200 272 "https://valuecartpk.shop/store/wp-admin/post.php?post=15691&action=elementor" "Mozilla/5.0 (Windows NT 10.0; Win64; x64) AppleWebKit/537.36 (KHTML, like Gecko) Chrome/134.0.0.0 Safari/537.36"
20.171.207.177 - - [14/Mar/2025:15:43:37 +0000] "GET /store/shop/?filter_brand=eva-solo%2Cjoseph-joseph%2Cmagisso&filter_color=beige%2Cblue%2Cyellow&filter_size=l%2Cm&per_page=9&stock_status=instock HTTP/2" 200 28855 "-" "Mozilla/5.0 AppleWebKit/537.36 (KHTML, like Gecko; compatible; GPTBot/1.2; +https://openai.com/gptbot)"
103.166.150.82 - - [14/Mar/2025:15:43:23 +0000] "POST /store/wp-admin/admin-ajax.php HTTP/1.1" 200 778466 "https://valuecartpk.shop/store/wp-admin/post.php?post=15691&action=elementor" "Mozilla/5.0 (Windows NT 10.0; Win64; x64) AppleWebKit/537.36 (KHTML, like Gecko) Chrome/134.0.0.0 Safari/537.36"
103.166.150.82 - - [14/Mar/2025:15:43:46 +0000] "POST /store/wp-admin/admin-ajax.php HTTP/1.1" 200 51 "https://valuecartpk.shop/store/wp-admin/nav-menus.php" "Mozilla/5.0 (Windows NT 10.0; Win64; x64) AppleWebKit/537.36 (KHTML, like Gecko) Chrome/134.0.0.0 Safari/537.36"
103.166.150.82 - - [14/Mar/2025:15:43:55 +0000] "GET /store/wp-admin/admin.php?page=qcfw-checkout HTTP/1.1" 200 0 "https://valuecartpk.shop/store/wp-admin/nav-menus.php" "Mozilla/5.0 (Windows NT 10.0; Win64; x64) AppleWebKit/537.36 (KHTML, like Gecko) Chrome/134.0.0.0 Safari/537.36"
103.166.150.82 - - [14/Mar/2025:15:43:52 +0000] "GET /store/wp-json/elementor/v1/checklist/user-progress HTTP/1.1" 200 183 "https://valuecartpk.shop/store/wp-admin/post.php?post=15691&action=elementor" "Mozilla/5.0 (Windows NT 10.0; Win64; x64) AppleWebKit/537.36 (KHTML, like Gecko) Chrome/134.0.0.0 Safari/537.36"
103.166.150.82 - - [14/Mar/2025:15:43:56 +0000] "POST /store/wp-admin/admin-ajax.php HTTP/1.1" 200 253 "https://valuecartpk.shop/store/wp-admin/post.php?post=15691&action=elementor" "Mozilla/5.0 (Windows NT 10.0; Win64; x64) AppleWebKit/537.36 (KHTML, like Gecko) Chrome/134.0.0.0 Safari/537.36"
103.166.150.82 - - [14/Mar/2025:15:43:59 +0000] "GET /store/wp-admin/admin.php?page=qcfw-checkout HTTP/1.1" 200 70625 "https://valuecartpk.shop/store/wp-admin/nav-menus.php" "Mozilla/5.0 (Windows NT 10.0; Win64; x64) AppleWebKit/537.36 (KHTML, like Gecko) Chrome/134.0.0.0 Safari/537.36"
