20.171.207.177 - - [14/Mar/2025:15:24:41 +0000] "GET /store/shop/?filter_brand=joseph-joseph%2Cklober&filter_color=beige%2Cblue%2Cbrown%2Cyellow&filter_size=m%2Cs&per_page=12&stock_status=instock HTTP/2" 200 26189 "-" "Mozilla/5.0 AppleWebKit/537.36 (KHTML, like Gecko; compatible; GPTBot/1.2; +https://openai.com/gptbot)"
20.171.207.177 - - [14/Mar/2025:15:24:53 +0000] "GET /store/shop/?filter_brand=eva-solo%2Cjoseph-joseph%2Cklober&filter_color=black%2Cbrown%2Cyellow&filter_size=s&per_page=9&stock_status=instock HTTP/2" 200 25571 "-" "Mozilla/5.0 AppleWebKit/537.36 (KHTML, like Gecko; compatible; GPTBot/1.2; +https://openai.com/gptbot)"
20.171.207.177 - - [14/Mar/2025:15:25:05 +0000] "GET /store/shop/?filter_brand=eva-solo%2Cjoseph-joseph%2Cklober&filter_color=beige%2Cblue%2Cbrown%2Cyellow&filter_size=l&per_row=4&shop_view=grid HTTP/2" 200 25627 "-" "Mozilla/5.0 AppleWebKit/537.36 (KHTML, like Gecko; compatible; GPTBot/1.2; +https://openai.com/gptbot)"
20.171.207.177 - - [14/Mar/2025:15:25:15 +0000] "GET /store/shop/?filter_brand=eva-solo%2Cjoseph-joseph%2Cklober&filter_color=beige%2Cblue%2Cbrown&filter_size=l%2Cm&per_page=12&stock_status=instock HTTP/2" 200 26188 "-" "Mozilla/5.0 AppleWebKit/537.36 (KHTML, like Gecko; compatible; GPTBot/1.2; +https://openai.com/gptbot)"
20.171.207.177 - - [14/Mar/2025:15:25:25 +0000] "GET /store/wp-content/plugins/elementor-pro/assets/js/elements-handlers.min.js?ver=3.24.0 HTTP/2" 200 9711 "-" "Mozilla/5.0 AppleWebKit/537.36 (KHTML, like Gecko; compatible; GPTBot/1.2; +https://openai.com/gptbot)"
20.171.207.177 - - [14/Mar/2025:15:25:34 +0000] "GET /store/shop/?filter_brand=eva-solo%2Cklober&filter_color=beige%2Cblack%2Cblue%2Cbrown%2Cyellow&filter_size=m&per_page=12&stock_status=instock HTTP/2" 200 25624 "-" "Mozilla/5.0 AppleWebKit/537.36 (KHTML, like Gecko; compatible; GPTBot/1.2; +https://openai.com/gptbot)"
20.171.207.177 - - [14/Mar/2025:15:25:42 +0000] "GET /store/shop/?filter_brand=joseph-joseph%2Cvitra&filter_color=blue%2Cbrown%2Cyellow&filter_size=l%2Cm&per_page=9&stock_status=instock HTTP/2" 200 25915 "-" "Mozilla/5.0 AppleWebKit/537.36 (KHTML, like Gecko; compatible; GPTBot/1.2; +https://openai.com/gptbot)"
20.171.207.177 - - [14/Mar/2025:15:25:51 +0000] "GET /store/shop/?filter_brand=joseph-joseph%2Cvitra&filter_color=beige%2Cblue%2Cbrown%2Cyellow&filter_size=m%2Cs&per_page=24&per_row=3&shop_view=grid&stock_status=instock%2Consale HTTP/2" 200 23568 "-" "Mozilla/5.0 AppleWebKit/537.36 (KHTML, like Gecko; compatible; GPTBot/1.2; +https://openai.com/gptbot)"
20.171.207.177 - - [14/Mar/2025:15:26:02 +0000] "GET /store/shop/?filter_brand=joseph-joseph%2Cvitra&filter_color=beige%2Cblue%2Cbrown%2Cyellow&filter_size=m%2Cs&per_page=24&per_row=2&shop_view=grid&stock_status=instock HTTP/2" 200 26181 "-" "Mozilla/5.0 AppleWebKit/537.36 (KHTML, like Gecko; compatible; GPTBot/1.2; +https://openai.com/gptbot)"
103.166.150.82 - - [14/Mar/2025:15:26:05 +0000] "GET /store/product-category/clocks/ HTTP/1.1" 200 32866 "https://valuecartpk.shop/store/elementor-hf/header/?elementor-preview=15691&ver=1741965773" "Mozilla/5.0 (Windows NT 10.0; Win64; x64) AppleWebKit/537.36 (KHTML, like Gecko) Chrome/134.0.0.0 Safari/537.36"
103.166.150.82 - - [14/Mar/2025:15:26:06 +0000] "GET /store/product-category/accessories/ HTTP/1.1" 200 33538 "https://valuecartpk.shop/store/elementor-hf/header/?elementor-preview=15691&ver=1741965773" "Mozilla/5.0 (Windows NT 10.0; Win64; x64) AppleWebKit/537.36 (KHTML, like Gecko) Chrome/134.0.0.0 Safari/537.36"
103.166.150.82 - - [14/Mar/2025:15:26:06 +0000] "GET /store/product-category/furniture/ HTTP/1.1" 200 34713 "https://valuecartpk.shop/store/elementor-hf/header/?elementor-preview=15691&ver=1741965773" "Mozilla/5.0 (Windows NT 10.0; Win64; x64) AppleWebKit/537.36 (KHTML, like Gecko) Chrome/134.0.0.0 Safari/537.36"
103.166.150.82 - - [14/Mar/2025:15:26:19 +0000] "POST /store/wp-admin/admin-ajax.php HTTP/1.1" 200 71 "https://valuecartpk.shop/store/wp-admin/post.php?post=15691&action=elementor" "Mozilla/5.0 (Windows NT 10.0; Win64; x64) AppleWebKit/537.36 (KHTML, like Gecko) Chrome/134.0.0.0 Safari/537.36"
103.166.150.82 - - [14/Mar/2025:15:26:18 +0000] "GET /store/product-category/lighting/ HTTP/1.1" 200 32878 "https://valuecartpk.shop/store/elementor-hf/header/?elementor-preview=15691&ver=1741965773" "Mozilla/5.0 (Windows NT 10.0; Win64; x64) AppleWebKit/537.36 (KHTML, like Gecko) Chrome/134.0.0.0 Safari/537.36"
103.166.150.82 - - [14/Mar/2025:15:26:34 +0000] "POST /store/wp-admin/admin-ajax.php HTTP/1.1" 200 71 "https://valuecartpk.shop/store/wp-admin/post.php?post=15691&action=elementor" "Mozilla/5.0 (Windows NT 10.0; Win64; x64) AppleWebKit/537.36 (KHTML, like Gecko) Chrome/134.0.0.0 Safari/537.36"
103.166.150.82 - - [14/Mar/2025:15:26:34 +0000] "POST /store/wp-admin/admin-ajax.php HTTP/1.1" 200 51 "https://valuecartpk.shop/store/wp-admin/plugins.php?plugin_status=all&paged=1&s" "Mozilla/5.0 (Windows NT 10.0; Win64; x64) AppleWebKit/537.36 (KHTML, like Gecko) Chrome/134.0.0.0 Safari/537.36"
103.166.150.82 - - [14/Mar/2025:15:26:45 +0000] "GET /store/wp-admin/admin.php?page=cartflows&path=store-checkout&action=wcf-edit-flow&flow_id=15648 HTTP/1.1" 500 0 "https://valuecartpk.shop/store/wp-admin/admin.php?page=cartflows&path=store-checkout-library" "Mozilla/5.0 (Windows NT 10.0; Win64; x64) AppleWebKit/537.36 (KHTML, like Gecko) Chrome/134.0.0.0 Safari/537.36"
103.166.150.82 - - [14/Mar/2025:15:26:40 +0000] "GET /store/wp-json/elementor/v1/checklist/user-progress HTTP/1.1" 200 183 "https://valuecartpk.shop/store/wp-admin/post.php?post=15649&action=elementor" "Mozilla/5.0 (Windows NT 10.0; Win64; x64) AppleWebKit/537.36 (KHTML, like Gecko) Chrome/134.0.0.0 Safari/537.36"
103.166.150.82 - - [14/Mar/2025:15:26:40 +0000] "POST /store/wp-admin/admin-ajax.php HTTP/1.1" 200 0 "https://valuecartpk.shop/store/wp-admin/post.php?post=15649&action=elementor" "Mozilla/5.0 (Windows NT 10.0; Win64; x64) AppleWebKit/537.36 (KHTML, like Gecko) Chrome/134.0.0.0 Safari/537.36"
103.166.150.82 - - [14/Mar/2025:15:26:55 +0000] "GET /store/wp-json/elementor/v1/checklist/user-progress HTTP/1.1" 200 183 "https://valuecartpk.shop/store/wp-admin/post.php?post=15691&action=elementor" "Mozilla/5.0 (Windows NT 10.0; Win64; x64) AppleWebKit/537.36 (KHTML, like Gecko) Chrome/134.0.0.0 Safari/537.36"
103.166.150.82 - - [14/Mar/2025:15:26:55 +0000] "POST /store/wp-admin/admin-ajax.php HTTP/1.1" 200 587 "https://valuecartpk.shop/store/wp-admin/post.php?post=15691&action=elementor" "Mozilla/5.0 (Windows NT 10.0; Win64; x64) AppleWebKit/537.36 (KHTML, like Gecko) Chrome/134.0.0.0 Safari/537.36"
38.91.101.117 - - [14/Mar/2025:15:27:14 +0000] "POST /store/wp-cron.php?doing_wp_cron=1741966032.8650379180908203125000 HTTP/1.1" 200 0 "-" "WordPress/6.7.2; https://valuecartpk.shop/store"
20.171.207.177 - - [14/Mar/2025:15:26:11 +0000] "GET /store/shop/?filter_brand=vitra&filter_color=beige%2Cblack%2Cblue%2Cbrown%2Cyellow&filter_size=l%2Cs&per_page=12&stock_status=instock HTTP/2" 200 25513 "-" "Mozilla/5.0 AppleWebKit/537.36 (KHTML, like Gecko; compatible; GPTBot/1.2; +https://openai.com/gptbot)"
20.171.207.177 - - [14/Mar/2025:15:26:24 +0000] "GET /store/shop/?filter_brand=eva-solo%2Cvitra&filter_color=beige%2Cblue%2Cbrown%2Cyellow&filter_size=m%2Cs&per_page=18&stock_status=instock HTTP/2" 200 26146 "-" "Mozilla/5.0 AppleWebKit/537.36 (KHTML, like Gecko; compatible; GPTBot/1.2; +https://openai.com/gptbot)"
20.171.207.177 - - [14/Mar/2025:15:26:37 +0000] "GET /store/shop/?filter_brand=magisso%2Cvitra&filter_color=blue%2Cbrown%2Cyellow&filter_size=l&per_page=24&stock_status=instock%2Consale HTTP/2" 200 23553 "-" "Mozilla/5.0 AppleWebKit/537.36 (KHTML, like Gecko; compatible; GPTBot/1.2; +https://openai.com/gptbot)"
20.171.207.177 - - [14/Mar/2025:15:26:49 +0000] "GET /store/shop/?filter_brand=joseph-joseph%2Cklober&filter_color=beige%2Cblue%2Cbrown%2Cyellow&filter_size=m%2Cs&per_page=12&stock_status=instock%2Consale HTTP/2" 200 23599 "-" "Mozilla/5.0 AppleWebKit/537.36 (KHTML, like Gecko; compatible; GPTBot/1.2; +https://openai.com/gptbot)"
38.91.101.117 - - [14/Mar/2025:15:27:00 +0000] "POST /store/wp-cron.php?doing_wp_cron=1741966020.6790060997009277343750 HTTP/1.1" 200 0 "-" "WordPress/6.7.2; https://valuecartpk.shop/store"
20.171.207.177 - - [14/Mar/2025:15:26:59 +0000] "GET /store/shop/?filter_brand=eva-solo%2Cjoseph-joseph%2Cklober&filter_color=black%2Cbrown%2Cyellow&filter_size=s&per_page=9&stock_status=instock%2Consale HTTP/2" 200 23598 "-" "Mozilla/5.0 AppleWebKit/537.36 (KHTML, like Gecko; compatible; GPTBot/1.2; +https://openai.com/gptbot)"
20.171.207.177 - - [14/Mar/2025:15:27:09 +0000] "GET /store/shop/?filter_brand=magisso%2Cvitra&filter_color=blue%2Cbrown%2Cyellow&filter_size=l&per_page=24 HTTP/2" 200 25483 "-" "Mozilla/5.0 AppleWebKit/537.36 (KHTML, like Gecko; compatible; GPTBot/1.2; +https://openai.com/gptbot)"
20.171.207.177 - - [14/Mar/2025:15:27:23 +0000] "GET /store/shop/?filter_brand=magisso%2Cvitra&filter_color=blue%2Cbrown%2Cyellow&filter_size=l&per_page=24&per_row=4&shop_view=grid&stock_status=instock HTTP/2" 200 25579 "-" "Mozilla/5.0 AppleWebKit/537.36 (KHTML, like Gecko; compatible; GPTBot/1.2; +https://openai.com/gptbot)"
20.171.207.177 - - [14/Mar/2025:15:27:38 +0000] "GET /store/shop/?filter_brand=eva-solo%2Cklober&filter_color=beige%2Cblack%2Cblue%2Cbrown%2Cyellow&filter_size=m&per_page=12&stock_status=instock%2Consale HTTP/2" 200 23613 "-" "Mozilla/5.0 AppleWebKit/537.36 (KHTML, like Gecko; compatible; GPTBot/1.2; +https://openai.com/gptbot)"
20.171.207.177 - - [14/Mar/2025:15:27:51 +0000] "GET /store/shop/?filter_brand=magisso%2Cvitra&filter_color=blue%2Cbrown%2Cyellow&filter_size=l&per_page=24&per_row=2&shop_view=grid&stock_status=instock HTTP/2" 200 25572 "-" "Mozilla/5.0 AppleWebKit/537.36 (KHTML, like Gecko; compatible; GPTBot/1.2; +https://openai.com/gptbot)"
20.171.207.177 - - [14/Mar/2025:15:28:04 +0000] "GET /store/shop/?filter_brand=joseph-joseph%2Cvitra&filter_color=beige%2Cblue%2Cbrown%2Cyellow&filter_size=m%2Cs&per_page=24&per_row=3&shop_view=grid&stock_status=onsale HTTP/2" 200 23583 "-" "Mozilla/5.0 AppleWebKit/537.36 (KHTML, like Gecko; compatible; GPTBot/1.2; +https://openai.com/gptbot)"
20.171.207.177 - - [14/Mar/2025:15:28:15 +0000] "GET /store/shop/?filter_brand=joseph-joseph%2Cvitra&filter_color=beige%2Cblue%2Cbrown%2Cyellow&filter_size=m%2Cs&per_page=12&per_row=2&shop_view=grid&stock_status=instock HTTP/2" 200 26180 "-" "Mozilla/5.0 AppleWebKit/537.36 (KHTML, like Gecko; compatible; GPTBot/1.2; +https://openai.com/gptbot)"
20.171.207.177 - - [14/Mar/2025:15:28:24 +0000] "GET /store/shop/?filter_brand=magisso%2Cvitra&filter_color=blue%2Cbrown%2Cyellow&filter_size=l&per_page=24&per_row=3&shop_view=grid&stock_status=instock HTTP/2" 200 25585 "-" "Mozilla/5.0 AppleWebKit/537.36 (KHTML, like Gecko; compatible; GPTBot/1.2; +https://openai.com/gptbot)"
103.166.150.82 - - [14/Mar/2025:15:27:06 +0000] "GET /store/wp-json/elementor/v1/checklist/user-progress HTTP/1.1" 200 183 "https://valuecartpk.shop/store/wp-admin/post.php?post=15691&action=elementor" "Mozilla/5.0 (Windows NT 10.0; Win64; x64) AppleWebKit/537.36 (KHTML, like Gecko) Chrome/134.0.0.0 Safari/537.36"
103.166.150.82 - - [14/Mar/2025:15:27:03 +0000] "GET /store/wp-admin/admin.php?page=cartflows&path=store-checkout&action=wcf-edit-flow&flow_id=15648 HTTP/1.1" 200 86625 "https://valuecartpk.shop/store/wp-admin/admin.php?page=cartflows&path=store-checkout-library" "Mozilla/5.0 (Windows NT 10.0; Win64; x64) AppleWebKit/537.36 (KHTML, like Gecko) Chrome/134.0.0.0 Safari/537.36"
103.166.150.82 - - [14/Mar/2025:15:27:07 +0000] "POST /store/wp-admin/admin-ajax.php HTTP/1.1" 200 391 "https://valuecartpk.shop/store/wp-admin/post.php?post=15691&action=elementor" "Mozilla/5.0 (Windows NT 10.0; Win64; x64) AppleWebKit/537.36 (KHTML, like Gecko) Chrome/134.0.0.0 Safari/537.36"
103.166.150.82 - - [14/Mar/2025:15:27:17 +0000] "GET /store/wp-json/cartflows/v1/admin/flow-data/15648?_locale=user HTTP/1.1" 200 1699 "https://valuecartpk.shop/store/wp-admin/admin.php?page=cartflows&path=store-checkout&action=wcf-edit-flow&flow_id=15648" "Mozilla/5.0 (Windows NT 10.0; Win64; x64) AppleWebKit/537.36 (KHTML, like Gecko) Chrome/134.0.0.0 Safari/537.36"
103.166.150.82 - - [14/Mar/2025:15:27:23 +0000] "GET /store/wp-json/cartflows/v1/admin/flow-data/15648?_locale=user HTTP/1.1" 200 1699 "https://valuecartpk.shop/store/wp-admin/admin.php?page=cartflows&path=store-checkout&action=wcf-edit-flow&flow_id=15648" "Mozilla/5.0 (Windows NT 10.0; Win64; x64) AppleWebKit/537.36 (KHTML, like Gecko) Chrome/134.0.0.0 Safari/537.36"
103.166.150.82 - - [14/Mar/2025:15:28:18 +0000] "POST /store/wp-admin/admin-ajax.php HTTP/1.1" 200 51 "https://valuecartpk.shop/store/wp-admin/admin.php?page=cartflows&path=store-checkout&action=wcf-edit-flow&flow_id=15648" "Mozilla/5.0 (Windows NT 10.0; Win64; x64) AppleWebKit/537.36 (KHTML, like Gecko) Chrome/134.0.0.0 Safari/537.36"
103.166.150.82 - - [14/Mar/2025:15:28:34 +0000] "POST /store/wp-admin/admin-ajax.php HTTP/1.1" 200 51 "https://valuecartpk.shop/store/wp-admin/plugins.php?plugin_status=all&paged=1&s" "Mozilla/5.0 (Windows NT 10.0; Win64; x64) AppleWebKit/537.36 (KHTML, like Gecko) Chrome/134.0.0.0 Safari/537.36"
103.166.150.82 - - [14/Mar/2025:15:28:35 +0000] "POST /store/wp-admin/admin-ajax.php HTTP/1.1" 200 71 "https://valuecartpk.shop/store/wp-admin/post.php?post=15691&action=elementor" "Mozilla/5.0 (Windows NT 10.0; Win64; x64) AppleWebKit/537.36 (KHTML, like Gecko) Chrome/134.0.0.0 Safari/537.36"
103.166.150.82 - - [14/Mar/2025:15:29:14 +0000] "GET /store/wp-admin/nav-menus.php HTTP/1.1" 200 70845 "https://valuecartpk.shop/store/wp-admin/admin.php?page=cartflows&path=store-checkout&action=wcf-edit-flow&flow_id=15648" "Mozilla/5.0 (Windows NT 10.0; Win64; x64) AppleWebKit/537.36 (KHTML, like Gecko) Chrome/134.0.0.0 Safari/537.36"
103.166.150.82 - - [14/Mar/2025:15:29:18 +0000] "POST /store/wp-admin/admin-ajax.php HTTP/1.1" 200 0 "https://valuecartpk.shop/store/wp-admin/admin.php?page=cartflows&path=store-checkout&action=wcf-edit-flow&flow_id=15648" "Mozilla/5.0 (Windows NT 10.0; Win64; x64) AppleWebKit/537.36 (KHTML, like Gecko) Chrome/134.0.0.0 Safari/537.36"
103.166.150.82 - - [14/Mar/2025:15:29:23 +0000] "GET /store/wp-admin/js/nav-menu.min.js?ver=6.7.2 HTTP/1.1" 200 7831 "https://valuecartpk.shop/store/wp-admin/nav-menus.php" "Mozilla/5.0 (Windows NT 10.0; Win64; x64) AppleWebKit/537.36 (KHTML, like Gecko) Chrome/134.0.0.0 Safari/537.36"
103.166.150.82 - - [14/Mar/2025:15:29:23 +0000] "GET /store/wp-admin/load-styles.php?c=1&dir=ltr&load%5Bchunk_0%5D=media-views&ver=6.7.2 HTTP/1.1" 200 9159 "https://valuecartpk.shop/store/wp-admin/nav-menus.php" "Mozilla/5.0 (Windows NT 10.0; Win64; x64) AppleWebKit/537.36 (KHTML, like Gecko) Chrome/134.0.0.0 Safari/537.36"
20.171.207.177 - - [14/Mar/2025:15:28:33 +0000] "GET /store/shop/?filter_brand=eva-solo%2Cvitra&filter_color=beige%2Cblue%2Cbrown%2Cyellow&filter_size=m%2Cs&per_page=18&per_row=3&shop_view=grid&stock_status=instock HTTP/2" 200 26176 "-" "Mozilla/5.0 AppleWebKit/537.36 (KHTML, like Gecko; compatible; GPTBot/1.2; +https://openai.com/gptbot)"
20.171.207.177 - - [14/Mar/2025:15:28:41 +0000] "GET /store/shop/?filter_brand=eva-solo%2Cjoseph-joseph%2Cklober&filter_color=black%2Cbrown%2Cyellow&filter_size=s&per_page=12&stock_status=instock HTTP/2" 200 25595 "-" "Mozilla/5.0 AppleWebKit/537.36 (KHTML, like Gecko; compatible; GPTBot/1.2; +https://openai.com/gptbot)"
20.171.207.177 - - [14/Mar/2025:15:28:48 +0000] "GET /store/shop/?filter_brand=magisso%2Cvitra&filter_color=blue%2Cbrown%2Cyellow&filter_size=l&per_page=18&stock_status=instock HTTP/2" 200 25532 "-" "Mozilla/5.0 AppleWebKit/537.36 (KHTML, like Gecko; compatible; GPTBot/1.2; +https://openai.com/gptbot)"
20.171.207.177 - - [14/Mar/2025:15:28:55 +0000] "GET /store/shop/?filter_brand=magisso%2Cvitra&filter_color=blue%2Cbrown%2Cyellow&filter_size=l&per_page=9&stock_status=instock HTTP/2" 500 1035 "-" "Mozilla/5.0 AppleWebKit/537.36 (KHTML, like Gecko; compatible; GPTBot/1.2; +https://openai.com/gptbot)"
20.171.207.177 - - [14/Mar/2025:15:29:00 +0000] "GET /store/shop/?filter_brand=magisso%2Cvitra&filter_color=blue%2Cbrown%2Cyellow&filter_size=l&per_page=12 HTTP/2" 200 25483 "-" "Mozilla/5.0 AppleWebKit/537.36 (KHTML, like Gecko; compatible; GPTBot/1.2; +https://openai.com/gptbot)"
20.171.207.177 - - [14/Mar/2025:15:29:17 +0000] "GET /store/shop/?filter_brand=magisso%2Cvitra&filter_color=blue%2Cbrown%2Cyellow&filter_size=l&per_page=12&per_row=4&shop_view=grid&stock_status=instock HTTP/2" 200 25584 "-" "Mozilla/5.0 AppleWebKit/537.36 (KHTML, like Gecko; compatible; GPTBot/1.2; +https://openai.com/gptbot)"
20.171.207.177 - - [14/Mar/2025:15:29:33 +0000] "GET /store/shop/?filter_brand=magisso%2Cvitra&filter_color=blue%2Cbrown%2Cyellow&filter_size=l&per_page=9&per_row=4&shop_view=grid&stock_status=instock HTTP/2" 200 25557 "-" "Mozilla/5.0 AppleWebKit/537.36 (KHTML, like Gecko; compatible; GPTBot/1.2; +https://openai.com/gptbot)"
3.134.253.166 - - [14/Mar/2025:15:29:46 +0000] "GET /wp/xmlrpc.php?path=%2F HTTP/2" 200 1116 "-" "Mozilla/5.0 AppleWebKit/537.36 (KHTML, like Gecko; compatible; ClaudeBot/1.0; +claudebot@anthropic.com)"
3.134.253.166 - - [14/Mar/2025:15:29:46 +0000] "GET /wp/sample-page/feed HTTP/2" 301 0 "-" "Mozilla/5.0 AppleWebKit/537.36 (KHTML, like Gecko; compatible; ClaudeBot/1.0; +claudebot@anthropic.com)"
3.134.253.166 - - [14/Mar/2025:15:29:47 +0000] "GET /wp/sample-page/feed/ HTTP/2" 200 384 "https://multihiv.com/wp/sample-page/feed" "Mozilla/5.0 AppleWebKit/537.36 (KHTML, like Gecko; compatible; ClaudeBot/1.0; +claudebot@anthropic.com)"
20.171.207.177 - - [14/Mar/2025:15:29:47 +0000] "GET /store/shop/?filter_brand=magisso%2Cvitra&filter_color=blue%2Cbrown%2Cyellow&filter_size=l&per_page=12&per_row=2&shop_view=grid&stock_status=instock HTTP/2" 200 25574 "-" "Mozilla/5.0 AppleWebKit/537.36 (KHTML, like Gecko; compatible; GPTBot/1.2; +https://openai.com/gptbot)"
20.171.207.177 - - [14/Mar/2025:15:29:59 +0000] "GET /store/shop/?filter_brand=magisso%2Cvitra&filter_color=blue%2Cbrown%2Cyellow&filter_size=l&per_page=18&per_row=4&shop_view=grid&stock_status=instock HTTP/2" 200 25584 "-" "Mozilla/5.0 AppleWebKit/537.36 (KHTML, like Gecko; compatible; GPTBot/1.2; +https://openai.com/gptbot)"
20.171.207.177 - - [14/Mar/2025:15:30:11 +0000] "GET /store/shop/?filter_brand=eva-solo%2Cjoseph-joseph%2Cklober&filter_color=black%2Cbrown%2Cyellow&filter_size=s&per_page=9&stock_status=onsale HTTP/2" 200 23581 "-" "Mozilla/5.0 AppleWebKit/537.36 (KHTML, like Gecko; compatible; GPTBot/1.2; +https://openai.com/gptbot)"
38.91.101.117 - - [14/Mar/2025:15:07:54 +0000] "POST /store/wp-cron.php?doing_wp_cron=1741964874.5714039802551269531250 HTTP/1.1" 200 0 "-" "WordPress/6.7.2; https://valuecartpk.shop/store"
103.166.150.82 - - [14/Mar/2025:15:12:02 +0000] "GET /robots.txt HTTP/2" 404 1251 "-" "Mozilla/5.0 (Windows NT 10.0; Win64; x64) AppleWebKit/537.36 (KHTML, like Gecko) Chrome/134.0.0.0 Safari/537.36"
38.91.101.117 - - [14/Mar/2025:15:14:02 +0000] "POST /store/wp-cron.php?doing_wp_cron=1741965242.4777040481567382812500 HTTP/1.1" 200 0 "-" "WordPress/6.7.2; https://valuecartpk.shop/store"
3.21.122.130 - - [14/Mar/2025:15:23:43 +0000] "GET /robots.txt HTTP/2" 404 1251 "-" "Mozilla/5.0 AppleWebKit/537.36 (KHTML, like Gecko; compatible; ClaudeBot/1.0; +claudebot@anthropic.com)"
3.21.122.130 - - [14/Mar/2025:15:23:43 +0000] "GET /wp/?p=2 HTTP/2" 301 0 "-" "Mozilla/5.0 AppleWebKit/537.36 (KHTML, like Gecko; compatible; ClaudeBot/1.0; +claudebot@anthropic.com)"
3.21.122.130 - - [14/Mar/2025:15:23:43 +0000] "GET /wp/?p=1 HTTP/2" 301 0 "-" "Mozilla/5.0 AppleWebKit/537.36 (KHTML, like Gecko; compatible; ClaudeBot/1.0; +claudebot@anthropic.com)"
3.21.122.130 - - [14/Mar/2025:15:23:49 +0000] "GET /wp/sample-page/ HTTP/2" 200 10615 "https://multihiv.com/wp/?p=2" "Mozilla/5.0 AppleWebKit/537.36 (KHTML, like Gecko; compatible; ClaudeBot/1.0; +claudebot@anthropic.com)"
3.21.122.130 - - [14/Mar/2025:15:23:49 +0000] "GET /wp/2025/02/27/hello-world/ HTTP/2" 200 13172 "https://multihiv.com/wp/?p=1" "Mozilla/5.0 AppleWebKit/537.36 (KHTML, like Gecko; compatible; ClaudeBot/1.0; +claudebot@anthropic.com)"
38.91.101.117 - - [14/Mar/2025:15:23:54 +0000] "POST /store/wp-cron.php?doing_wp_cron=1741965834.3270230293273925781250 HTTP/1.1" 200 0 "-" "WordPress/6.7.2; https://valuecartpk.shop/store"
38.91.101.117 - - [14/Mar/2025:15:25:53 +0000] "POST /store/wp-cron.php?doing_wp_cron=1741965953.4207830429077148437500 HTTP/1.1" 200 0 "-" "WordPress/6.7.2; https://valuecartpk.shop/store"
38.91.101.117 - - [14/Mar/2025:15:29:03 +0000] "POST /store/wp-cron.php?doing_wp_cron=1741966143.1021280288696289062500 HTTP/1.1" 200 0 "-" "WordPress/6.7.2; https://valuecartpk.shop/store"
103.166.150.82 - - [14/Mar/2025:15:31:23 +0000] "GET /store/wp-json/elementor/v1/checklist/user-progress HTTP/1.1" 200 183 "https://valuecartpk.shop/store/wp-admin/post.php?post=15691&action=elementor" "Mozilla/5.0 (Windows NT 10.0; Win64; x64) AppleWebKit/537.36 (KHTML, like Gecko) Chrome/134.0.0.0 Safari/537.36"
103.166.150.82 - - [14/Mar/2025:15:31:23 +0000] "POST /store/wp-admin/admin-ajax.php HTTP/1.1" 200 71 "https://valuecartpk.shop/store/wp-admin/post.php?post=15691&action=elementor" "Mozilla/5.0 (Windows NT 10.0; Win64; x64) AppleWebKit/537.36 (KHTML, like Gecko) Chrome/134.0.0.0 Safari/537.36"
103.166.150.82 - - [14/Mar/2025:15:31:26 +0000] "POST /store/wp-admin/admin-ajax.php HTTP/1.1" 200 51 "https://valuecartpk.shop/store/wp-admin/nav-menus.php" "Mozilla/5.0 (Windows NT 10.0; Win64; x64) AppleWebKit/537.36 (KHTML, like Gecko) Chrome/134.0.0.0 Safari/537.36"
103.166.150.82 - - [14/Mar/2025:15:31:27 +0000] "POST /store/wp-admin/admin-ajax.php HTTP/1.1" 200 971 "https://valuecartpk.shop/store/wp-admin/post.php?post=15691&action=elementor" "Mozilla/5.0 (Windows NT 10.0; Win64; x64) AppleWebKit/537.36 (KHTML, like Gecko) Chrome/134.0.0.0 Safari/537.36"
103.166.150.82 - - [14/Mar/2025:15:31:37 +0000] "POST /store/wp-admin/admin-ajax.php HTTP/1.1" 200 51 "https://valuecartpk.shop/store/wp-admin/plugins.php?plugin_status=all&paged=1&s" "Mozilla/5.0 (Windows NT 10.0; Win64; x64) AppleWebKit/537.36 (KHTML, like Gecko) Chrome/134.0.0.0 Safari/537.36"
103.166.150.82 - - [14/Mar/2025:15:31:36 +0000] "POST /store/wp-admin/admin-ajax.php HTTP/1.1" 200 71 "https://valuecartpk.shop/store/wp-admin/post.php?post=15691&action=elementor" "Mozilla/5.0 (Windows NT 10.0; Win64; x64) AppleWebKit/537.36 (KHTML, like Gecko) Chrome/134.0.0.0 Safari/537.36"
20.171.207.177 - - [14/Mar/2025:15:30:21 +0000] "GET /store/shop/?filter_brand=magisso%2Cvitra&filter_color=blue%2Cbrown%2Cyellow&filter_size=l&per_page=18&per_row=3&shop_view=grid&stock_status=instock HTTP/2" 200 25584 "-" "Mozilla/5.0 AppleWebKit/537.36 (KHTML, like Gecko; compatible; GPTBot/1.2; +https://openai.com/gptbot)"
20.171.207.177 - - [14/Mar/2025:15:30:30 +0000] "GET /store/shop/?filter_brand=eva-solo%2Cjoseph-joseph%2Cklober&filter_color=black%2Cbrown%2Cyellow&filter_size=s&per_page=12&stock_status=instock%2Consale HTTP/2" 200 23584 "-" "Mozilla/5.0 AppleWebKit/537.36 (KHTML, like Gecko; compatible; GPTBot/1.2; +https://openai.com/gptbot)"
20.171.207.177 - - [14/Mar/2025:15:30:38 +0000] "GET /store/shop/?filter_brand=eva-solo%2Cvitra&filter_color=beige%2Cblue%2Cbrown%2Cyellow&filter_size=m%2Cs&per_page=12&per_row=3&shop_view=grid&stock_status=instock HTTP/2" 200 26173 "-" "Mozilla/5.0 AppleWebKit/537.36 (KHTML, like Gecko; compatible; GPTBot/1.2; +https://openai.com/gptbot)"
20.171.207.177 - - [14/Mar/2025:15:30:47 +0000] "GET /store/shop/?filter_brand=magisso%2Cvitra&filter_color=blue%2Cbrown%2Cyellow&filter_size=l&per_page=18&stock_status=instock%2Consale HTTP/2" 200 23554 "-" "Mozilla/5.0 AppleWebKit/537.36 (KHTML, like Gecko; compatible; GPTBot/1.2; +https://openai.com/gptbot)"
20.171.207.177 - - [14/Mar/2025:15:30:56 +0000] "GET /store/shop/?filter_brand=magisso%2Cvitra&filter_color=blue%2Cbrown%2Cyellow&filter_size=l&per_page=9&per_row=3&shop_view=grid&stock_status=instock HTTP/2" 200 25564 "-" "Mozilla/5.0 AppleWebKit/537.36 (KHTML, like Gecko; compatible; GPTBot/1.2; +https://openai.com/gptbot)"
20.171.207.177 - - [14/Mar/2025:15:31:05 +0000] "GET /store/shop/?filter_brand=magisso%2Cvitra&filter_color=blue%2Cbrown%2Cyellow&filter_size=l&per_page=12&per_row=3&shop_view=grid&stock_status=instock HTTP/2" 500 1034 "-" "Mozilla/5.0 AppleWebKit/537.36 (KHTML, like Gecko; compatible; GPTBot/1.2; +https://openai.com/gptbot)"
20.171.207.177 - - [14/Mar/2025:15:31:12 +0000] "GET /store/shop/?filter_brand=eva-solo%2Cjoseph-joseph%2Cklober&filter_color=black%2Cbrown%2Cyellow&filter_size=s&per_page=18&stock_status=instock HTTP/2" 200 25598 "-" "Mozilla/5.0 AppleWebKit/537.36 (KHTML, like Gecko; compatible; GPTBot/1.2; +https://openai.com/gptbot)"
20.171.207.177 - - [14/Mar/2025:15:31:35 +0000] "GET /store/shop/?filter_brand=eva-solo%2Cjoseph-joseph%2Cmagisso%2Cvitra&filter_color=beige%2Cblack%2Cbrown&filter_size=l&per_row=2&shop_view=grid HTTP/2" 200 25558 "-" "Mozilla/5.0 AppleWebKit/537.36 (KHTML, like Gecko; compatible; GPTBot/1.2; +https://openai.com/gptbot)"
20.171.207.177 - - [14/Mar/2025:15:31:55 +0000] "GET /store/shop/?filter_brand=klober%2Cvitra&filter_color=beige%2Cblack%2Cblue%2Cyellow&filter_size=l%2Cm&per_page=9&stock_status=instock HTTP/2" 200 26173 "-" "Mozilla/5.0 AppleWebKit/537.36 (KHTML, like Gecko; compatible; GPTBot/1.2; +https://openai.com/gptbot)"
2a06:98c0:3600::103 - - [14/Mar/2025:15:32:06 +0000] "GET /wordpress/wp-admin/setup-config.php HTTP/1.1" 404 1251 "-" "Mozilla/5.0 (Windows NT 10.0; Win64; x64) AppleWebKit/537.36 (KHTML, like Gecko) Chrome/133.0.0.0 Safari/537.36"
20.171.207.177 - - [14/Mar/2025:15:32:12 +0000] "GET /store/shop/?filter_brand=eva-solo%2Cjoseph-joseph%2Cklober&filter_color=black%2Cbrown%2Cyellow&filter_size=l%2Cs&per_page=12&stock_status=instock HTTP/2" 200 26187 "-" "Mozilla/5.0 AppleWebKit/537.36 (KHTML, like Gecko; compatible; GPTBot/1.2; +https://openai.com/gptbot)"
20.171.207.177 - - [14/Mar/2025:15:32:28 +0000] "GET /store/shop/?filter_brand=joseph-joseph%2Cmagisso&filter_color=beige%2Cblue%2Cbrown%2Cyellow&per_page=9&per_row=4&shop_view=grid HTTP/2" 200 26130 "-" "Mozilla/5.0 AppleWebKit/537.36 (KHTML, like Gecko; compatible; GPTBot/1.2; +https://openai.com/gptbot)"
103.166.150.82 - - [14/Mar/2025:15:31:54 +0000] "GET /store/wp-content/plugins/elementor/assets/lib/font-awesome/webfonts/fa-regular-400.woff2 HTTP/1.1" 200 13276 "https://valuecartpk.shop/store/wp-content/plugins/elementor/assets/lib/font-awesome/css/regular.min.css?ver=5.15.3" "Mozilla/5.0 (Windows NT 10.0; Win64; x64) AppleWebKit/537.36 (KHTML, like Gecko) Chrome/134.0.0.0 Safari/537.36"
103.166.150.82 - - [14/Mar/2025:15:31:44 +0000] "GET /store/shop/ HTTP/1.1" 200 36263 "https://valuecartpk.shop/store/elementor-hf/header/?elementor-preview=15691&ver=1741965773" "Mozilla/5.0 (Windows NT 10.0; Win64; x64) AppleWebKit/537.36 (KHTML, like Gecko) Chrome/134.0.0.0 Safari/537.36"
103.166.150.82 - - [14/Mar/2025:15:31:44 +0000] "GET /store/ HTTP/1.1" 200 37505 "https://valuecartpk.shop/store/elementor-hf/header/?elementor-preview=15691&ver=1741965773" "Mozilla/5.0 (Windows NT 10.0; Win64; x64) AppleWebKit/537.36 (KHTML, like Gecko) Chrome/134.0.0.0 Safari/537.36"
103.166.150.82 - - [14/Mar/2025:15:31:45 +0000] "GET /store/contact-us/ HTTP/1.1" 200 33058 "https://valuecartpk.shop/store/elementor-hf/header/?elementor-preview=15691&ver=1741965773" "Mozilla/5.0 (Windows NT 10.0; Win64; x64) AppleWebKit/537.36 (KHTML, like Gecko) Chrome/134.0.0.0 Safari/537.36"
103.166.150.82 - - [14/Mar/2025:15:31:51 +0000] "POST /store/wp-admin/admin-ajax.php HTTP/1.1" 200 71 "https://valuecartpk.shop/store/wp-admin/post.php?post=15691&action=elementor" "Mozilla/5.0 (Windows NT 10.0; Win64; x64) AppleWebKit/537.36 (KHTML, like Gecko) Chrome/134.0.0.0 Safari/537.36"
103.166.150.82 - - [14/Mar/2025:15:32:06 +0000] "POST /store/wp-admin/admin-ajax.php HTTP/1.1" 200 71 "https://valuecartpk.shop/store/wp-admin/post.php?post=15691&action=elementor" "Mozilla/5.0 (Windows NT 10.0; Win64; x64) AppleWebKit/537.36 (KHTML, like Gecko) Chrome/134.0.0.0 Safari/537.36"
103.166.150.82 - - [14/Mar/2025:15:32:22 +0000] "POST /store/wp-admin/admin-ajax.php HTTP/1.1" 200 71 "https://valuecartpk.shop/store/wp-admin/post.php?post=15691&action=elementor" "Mozilla/5.0 (Windows NT 10.0; Win64; x64) AppleWebKit/537.36 (KHTML, like Gecko) Chrome/134.0.0.0 Safari/537.36"
103.166.150.82 - - [14/Mar/2025:15:32:26 +0000] "POST /store/wp-admin/admin-ajax.php HTTP/1.1" 200 87 "https://valuecartpk.shop/store/wp-admin/post.php?post=15691&action=elementor" "Mozilla/5.0 (Windows NT 10.0; Win64; x64) AppleWebKit/537.36 (KHTML, like Gecko) Chrome/134.0.0.0 Safari/537.36"
103.166.150.82 - - [14/Mar/2025:15:32:32 +0000] "GET /store/wp-content/plugins/elementor-pro/assets/js/product-add-to-cart.51a22e1fbd8f914ab3d5.bundle.min.js HTTP/1.1" 200 1152 "https://valuecartpk.shop/store/elementor-hf/header/?elementor-preview=15691&ver=1741965773" "Mozilla/5.0 (Windows NT 10.0; Win64; x64) AppleWebKit/537.36 (KHTML, like Gecko) Chrome/134.0.0.0 Safari/537.36"
103.166.150.82 - - [14/Mar/2025:15:32:36 +0000] "POST /store/wp-admin/admin-ajax.php HTTP/1.1" 200 71 "https://valuecartpk.shop/store/wp-admin/post.php?post=15691&action=elementor" "Mozilla/5.0 (Windows NT 10.0; Win64; x64) AppleWebKit/537.36 (KHTML, like Gecko) Chrome/134.0.0.0 Safari/537.36"
103.166.150.82 - - [14/Mar/2025:15:32:51 +0000] "POST /store/wp-admin/admin-ajax.php HTTP/1.1" 200 71 "https://valuecartpk.shop/store/wp-admin/post.php?post=15691&action=elementor" "Mozilla/5.0 (Windows NT 10.0; Win64; x64) AppleWebKit/537.36 (KHTML, like Gecko) Chrome/134.0.0.0 Safari/537.36"
103.166.150.82 - - [14/Mar/2025:15:33:07 +0000] "POST /store/wp-admin/admin-ajax.php HTTP/1.1" 200 71 "https://valuecartpk.shop/store/wp-admin/post.php?post=15691&action=elementor" "Mozilla/5.0 (Windows NT 10.0; Win64; x64) AppleWebKit/537.36 (KHTML, like Gecko) Chrome/134.0.0.0 Safari/537.36"
103.166.150.82 - - [14/Mar/2025:15:33:06 +0000] "POST /store/wp-admin/admin-ajax.php HTTP/1.1" 200 1603 "https://valuecartpk.shop/store/wp-admin/post.php?post=15691&action=elementor" "Mozilla/5.0 (Windows NT 10.0; Win64; x64) AppleWebKit/537.36 (KHTML, like Gecko) Chrome/134.0.0.0 Safari/537.36"
103.166.150.82 - - [14/Mar/2025:15:33:12 +0000] "GET /store/wp-content/plugins/elementor-pro/assets/js/woocommerce-menu-cart.eb61fe086245485310a4.bundle.min.js HTTP/1.1" 200 1464 "https://valuecartpk.shop/store/elementor-hf/header/?elementor-preview=15691&ver=1741965773" "Mozilla/5.0 (Windows NT 10.0; Win64; x64) AppleWebKit/537.36 (KHTML, like Gecko) Chrome/134.0.0.0 Safari/537.36"
103.166.150.82 - - [14/Mar/2025:15:33:21 +0000] "POST /store/wp-admin/admin-ajax.php HTTP/1.1" 200 71 "https://valuecartpk.shop/store/wp-admin/post.php?post=15691&action=elementor" "Mozilla/5.0 (Windows NT 10.0; Win64; x64) AppleWebKit/537.36 (KHTML, like Gecko) Chrome/134.0.0.0 Safari/537.36"
103.166.150.82 - - [14/Mar/2025:15:33:27 +0000] "POST /store/wp-admin/admin-ajax.php HTTP/1.1" 200 51 "https://valuecartpk.shop/store/wp-admin/nav-menus.php" "Mozilla/5.0 (Windows NT 10.0; Win64; x64) AppleWebKit/537.36 (KHTML, like Gecko) Chrome/134.0.0.0 Safari/537.36"
103.166.150.82 - - [14/Mar/2025:15:33:36 +0000] "POST /store/wp-admin/admin-ajax.php HTTP/1.1" 200 71 "https://valuecartpk.shop/store/wp-admin/post.php?post=15691&action=elementor" "Mozilla/5.0 (Windows NT 10.0; Win64; x64) AppleWebKit/537.36 (KHTML, like Gecko) Chrome/134.0.0.0 Safari/537.36"
103.166.150.82 - - [14/Mar/2025:15:33:37 +0000] "POST /store/wp-admin/admin-ajax.php HTTP/1.1" 200 51 "https://valuecartpk.shop/store/wp-admin/plugins.php?plugin_status=all&paged=1&s" "Mozilla/5.0 (Windows NT 10.0; Win64; x64) AppleWebKit/537.36 (KHTML, like Gecko) Chrome/134.0.0.0 Safari/537.36"
103.166.150.82 - - [14/Mar/2025:15:33:51 +0000] "POST /store/wp-admin/admin-ajax.php HTTP/1.1" 200 71 "https://valuecartpk.shop/store/wp-admin/post.php?post=15691&action=elementor" "Mozilla/5.0 (Windows NT 10.0; Win64; x64) AppleWebKit/537.36 (KHTML, like Gecko) Chrome/134.0.0.0 Safari/537.36"
103.166.150.82 - - [14/Mar/2025:15:34:06 +0000] "POST /store/wp-admin/admin-ajax.php HTTP/1.1" 200 71 "https://valuecartpk.shop/store/wp-admin/post.php?post=15691&action=elementor" "Mozilla/5.0 (Windows NT 10.0; Win64; x64) AppleWebKit/537.36 (KHTML, like Gecko) Chrome/134.0.0.0 Safari/537.36"
103.166.150.82 - - [14/Mar/2025:15:34:21 +0000] "POST /store/wp-admin/admin-ajax.php HTTP/1.1" 200 71 "https://valuecartpk.shop/store/wp-admin/post.php?post=15691&action=elementor" "Mozilla/5.0 (Windows NT 10.0; Win64; x64) AppleWebKit/537.36 (KHTML, like Gecko) Chrome/134.0.0.0 Safari/537.36"
103.166.150.82 - - [14/Mar/2025:15:34:36 +0000] "POST /store/wp-admin/admin-ajax.php HTTP/1.1" 200 71 "https://valuecartpk.shop/store/wp-admin/post.php?post=15691&action=elementor" "Mozilla/5.0 (Windows NT 10.0; Win64; x64) AppleWebKit/537.36 (KHTML, like Gecko) Chrome/134.0.0.0 Safari/537.36"
103.166.150.82 - - [14/Mar/2025:15:34:37 +0000] "GET /store/wp-json/elementor/v1/checklist/user-progress HTTP/1.1" 200 183 "https://valuecartpk.shop/store/wp-admin/post.php?post=15691&action=elementor" "Mozilla/5.0 (Windows NT 10.0; Win64; x64) AppleWebKit/537.36 (KHTML, like Gecko) Chrome/134.0.0.0 Safari/537.36"
103.166.150.82 - - [14/Mar/2025:15:34:37 +0000] "POST /store/wp-admin/admin-ajax.php HTTP/1.1" 200 587 "https://valuecartpk.shop/store/wp-admin/post.php?post=15691&action=elementor" "Mozilla/5.0 (Windows NT 10.0; Win64; x64) AppleWebKit/537.36 (KHTML, like Gecko) Chrome/134.0.0.0 Safari/537.36"
103.166.150.82 - - [14/Mar/2025:15:34:44 +0000] "POST /store/wp-admin/admin-ajax.php HTTP/1.1" 200 670 "https://valuecartpk.shop/store/wp-admin/post.php?post=15691&action=elementor" "Mozilla/5.0 (Windows NT 10.0; Win64; x64) AppleWebKit/537.36 (KHTML, like Gecko) Chrome/134.0.0.0 Safari/537.36"
103.166.150.82 - - [14/Mar/2025:15:34:44 +0000] "GET /store/wp-json/elementor/v1/checklist/user-progress HTTP/1.1" 200 183 "https://valuecartpk.shop/store/wp-admin/post.php?post=15691&action=elementor" "Mozilla/5.0 (Windows NT 10.0; Win64; x64) AppleWebKit/537.36 (KHTML, like Gecko) Chrome/134.0.0.0 Safari/537.36"
38.91.101.117 - - [14/Mar/2025:14:58:53 +0000] "POST /store/wp-cron.php?doing_wp_cron=1741964333.8008270263671875000000 HTTP/1.1" 200 0 "-" "WordPress/6.7.2; https://valuecartpk.shop/store"
103.166.150.82 - - [14/Mar/2025:14:59:37 +0000] "POST /store/wp-admin/admin-ajax.php HTTP/2" 200 51 "https://valuecartpk.shop/store/wp-admin/admin.php?page=xts_header_builder" "Mozilla/5.0 (Windows NT 10.0; Win64; x64) AppleWebKit/537.36 (KHTML, like Gecko) Chrome/134.0.0.0 Safari/537.36"
103.166.150.82 - - [14/Mar/2025:14:59:46 +0000] "POST /store/wp-admin/admin-ajax.php HTTP/2" 200 51 "https://valuecartpk.shop/store/wp-admin/admin.php?page=qcfw-checkout" "Mozilla/5.0 (Windows NT 10.0; Win64; x64) AppleWebKit/537.36 (KHTML, like Gecko) Chrome/134.0.0.0 Safari/537.36"
103.166.150.82 - - [14/Mar/2025:14:59:37 +0000] "GET /store/wp-admin/edit.php?post_type=woodmart_slide HTTP/2" 200 34536 "https://valuecartpk.shop/store/wp-admin/admin.php?page=xts_header_builder" "Mozilla/5.0 (Windows NT 10.0; Win64; x64) AppleWebKit/537.36 (KHTML, like Gecko) Chrome/134.0.0.0 Safari/537.36"
103.166.150.82 - - [14/Mar/2025:14:59:54 +0000] "GET /store/wp-content/uploads/2021/09/1300-by-600px-1-150x150.png HTTP/2" 200 11661 "https://valuecartpk.shop/store/wp-admin/edit.php?post_type=woodmart_slide" "Mozilla/5.0 (Windows NT 10.0; Win64; x64) AppleWebKit/537.36 (KHTML, like Gecko) Chrome/134.0.0.0 Safari/537.36"
103.166.150.82 - - [14/Mar/2025:14:59:53 +0000] "POST /store/wp-admin/admin-ajax.php HTTP/2" 200 51 "https://valuecartpk.shop/store/wp-admin/edit.php?post_type=woodmart_slide" "Mozilla/5.0 (Windows NT 10.0; Win64; x64) AppleWebKit/537.36 (KHTML, like Gecko) Chrome/134.0.0.0 Safari/537.36"
103.166.150.82 - - [14/Mar/2025:14:59:51 +0000] "GET /store/wp-admin/plugins.php HTTP/2" 200 95359 "https://valuecartpk.shop/store/wp-admin/admin.php?page=qcfw-checkout" "Mozilla/5.0 (Windows NT 10.0; Win64; x64) AppleWebKit/537.36 (KHTML, like Gecko) Chrome/134.0.0.0 Safari/537.36"
103.166.150.82 - - [14/Mar/2025:15:00:01 +0000] "GET /store/wp-content/plugins/cartflows/libraries/bsf-analytics/modules/deactivation-survey/assets/css/feedback.min.css?ver=1.1.11 HTTP/2" 200 1028 "https://valuecartpk.shop/store/wp-admin/plugins.php" "Mozilla/5.0 (Windows NT 10.0; Win64; x64) AppleWebKit/537.36 (KHTML, like Gecko) Chrome/134.0.0.0 Safari/537.36"
103.166.150.82 - - [14/Mar/2025:15:00:01 +0000] "GET /store/wp-content/plugins/cartflows/libraries/bsf-analytics/modules/deactivation-survey/assets/js/feedback.min.js?ver=1.1.11 HTTP/2" 200 966 "https://valuecartpk.shop/store/wp-admin/plugins.php" "Mozilla/5.0 (Windows NT 10.0; Win64; x64) AppleWebKit/537.36 (KHTML, like Gecko) Chrome/134.0.0.0 Safari/537.36"
2a06:98c0:3600::103 - - [14/Mar/2025:15:02:22 +0000] "GET /wp-admin/setup-config.php HTTP/1.1" 404 1251 "-" "Mozilla/5.0 (Windows NT 10.0; Win64; x64) AppleWebKit/537.36 (KHTML, like Gecko) Chrome/133.0.0.0 Safari/537.36"
2a06:98c0:3600::103 - - [14/Mar/2025:15:09:58 +0000] "GET /wp-admin/setup-config.php HTTP/1.1" 404 1251 "-" "Mozilla/5.0 (Windows NT 10.0; Win64; x64) AppleWebKit/537.36 (KHTML, like Gecko) Chrome/133.0.0.0 Safari/537.36"
38.91.101.117 - - [14/Mar/2025:15:19:56 +0000] "POST /store/wp-cron.php?doing_wp_cron=1741965596.4688270092010498046875 HTTP/1.1" 200 0 "-" "WordPress/6.7.2; https://valuecartpk.shop/store"
38.91.101.117 - - [14/Mar/2025:15:20:53 +0000] "POST /store/wp-cron.php?doing_wp_cron=1741965653.7950398921966552734375 HTTP/1.1" 200 0 "-" "WordPress/6.7.2; https://valuecartpk.shop/store"
3.129.71.97 - - [14/Mar/2025:15:26:53 +0000] "GET /wp/author/admin HTTP/2" 301 0 "-" "Mozilla/5.0 AppleWebKit/537.36 (KHTML, like Gecko; compatible; ClaudeBot/1.0; +claudebot@anthropic.com)"
3.129.71.97 - - [14/Mar/2025:15:26:55 +0000] "GET /wp/author/admin/ HTTP/2" 200 10375 "https://multihiv.com/wp/author/admin" "Mozilla/5.0 AppleWebKit/537.36 (KHTML, like Gecko; compatible; ClaudeBot/1.0; +claudebot@anthropic.com)"
20.171.207.177 - - [14/Mar/2025:15:32:42 +0000] "GET /store/shop/?filter_brand=eva-solo%2Cklober&filter_color=beige%2Cyellow&filter_size=l%2Cm%2Cs&per_page=18&stock_status=instock%2Consale HTTP/2" 500 1035 "-" "Mozilla/5.0 AppleWebKit/537.36 (KHTML, like Gecko; compatible; GPTBot/1.2; +https://openai.com/gptbot)"
20.171.207.177 - - [14/Mar/2025:15:32:55 +0000] "GET /store/shop/?filter_brand=eva-solo%2Cjoseph-joseph%2Cklober&filter_color=black%2Cbrown%2Cyellow&filter_size=s&per_page=12&stock_status=onsale HTTP/2" 200 23584 "-" "Mozilla/5.0 AppleWebKit/537.36 (KHTML, like Gecko; compatible; GPTBot/1.2; +https://openai.com/gptbot)"
20.171.207.177 - - [14/Mar/2025:15:33:35 +0000] "GET /store/shop/?filter_brand=eva-solo%2Cvitra&filter_color=beige%2Cblue%2Cbrown%2Cyellow&filter_size=m%2Cs&per_page=12&per_row=4&shop_view=grid&stock_status=instock HTTP/2" 200 26173 "-" "Mozilla/5.0 AppleWebKit/537.36 (KHTML, like Gecko; compatible; GPTBot/1.2; +https://openai.com/gptbot)"
20.171.207.177 - - [14/Mar/2025:15:34:10 +0000] "GET /store/shop/?filter_brand=eva-solo%2Cvitra&filter_color=beige%2Cblue%2Cbrown%2Cyellow&filter_size=m%2Cs&per_page=12&per_row=3&shop_view=grid&stock_status=instock%2Consale HTTP/2" 200 23567 "-" "Mozilla/5.0 AppleWebKit/537.36 (KHTML, like Gecko; compatible; GPTBot/1.2; +https://openai.com/gptbot)"
20.171.207.177 - - [14/Mar/2025:15:34:43 +0000] "GET /store/shop/?filter_brand=joseph-joseph%2Cmagisso%2Cvitra&filter_color=beige%2Cblack%2Cbrown&filter_size=l%2Cs&per_page=18&stock_status=onsale HTTP/2" 200 23574 "-" "Mozilla/5.0 AppleWebKit/537.36 (KHTML, like Gecko; compatible; GPTBot/1.2; +https://openai.com/gptbot)"
3.15.158.138 - - [14/Mar/2025:15:35:14 +0000] "GET /wp/xmlrpc.php?path=%2Fhome%2Fmultihiv HTTP/2" 200 1616 "-" "Mozilla/5.0 AppleWebKit/537.36 (KHTML, like Gecko; compatible; ClaudeBot/1.0; +claudebot@anthropic.com)"
3.15.158.138 - - [14/Mar/2025:15:35:15 +0000] "GET /wp/2025/02/27/hello-world/feed HTTP/2" 301 0 "-" "Mozilla/5.0 AppleWebKit/537.36 (KHTML, like Gecko; compatible; ClaudeBot/1.0; +claudebot@anthropic.com)"
3.15.158.138 - - [14/Mar/2025:15:35:16 +0000] "GET /wp/2025/02/27/hello-world/feed/ HTTP/2" 200 697 "https://multihiv.com/wp/2025/02/27/hello-world/feed" "Mozilla/5.0 AppleWebKit/537.36 (KHTML, like Gecko; compatible; ClaudeBot/1.0; +claudebot@anthropic.com)"
20.171.207.177 - - [14/Mar/2025:15:35:13 +0000] "GET /store/shop/?filter_brand=eva-solo%2Cjoseph-joseph%2Cklober&filter_color=black%2Cbrown%2Cyellow&filter_size=s&per_page=18&stock_status=instock%2Consale HTTP/2" 200 23582 "-" "Mozilla/5.0 AppleWebKit/537.36 (KHTML, like Gecko; compatible; GPTBot/1.2; +https://openai.com/gptbot)"
20.171.207.177 - - [14/Mar/2025:15:35:40 +0000] "GET /store/shop/?filter_brand=eva-solo%2Cjoseph-joseph%2Cmagisso%2Cvitra&filter_color=beige%2Cblack%2Cbrown&filter_size=l&per_row=4&shop_view=grid HTTP/2" 200 25564 "-" "Mozilla/5.0 AppleWebKit/537.36 (KHTML, like Gecko; compatible; GPTBot/1.2; +https://openai.com/gptbot)"
20.171.207.177 - - [14/Mar/2025:15:36:04 +0000] "GET /store/shop/?filter_brand=eva-solo%2Cklober%2Cvitra&filter_color=brown%2Cyellow&filter_size=l%2Cm&per_page=24&stock_status=onsale HTTP/2" 200 23475 "-" "Mozilla/5.0 AppleWebKit/537.36 (KHTML, like Gecko; compatible; GPTBot/1.2; +https://openai.com/gptbot)"
20.171.207.177 - - [14/Mar/2025:15:36:24 +0000] "GET /store/shop/?filter_brand=klober%2Cvitra&filter_color=beige%2Cblack%2Cblue%2Cbrown%2Cyellow&filter_size=l%2Cm&stock_status=instock HTTP/2" 200 26184 "-" "Mozilla/5.0 AppleWebKit/537.36 (KHTML, like Gecko; compatible; GPTBot/1.2; +https://openai.com/gptbot)"
20.171.207.177 - - [14/Mar/2025:15:36:44 +0000] "GET /store/shop/?filter_brand=klober%2Cvitra&filter_color=beige%2Cblack%2Cblue%2Cyellow&filter_size=l%2Cm&per_page=9 HTTP/2" 200 26158 "-" "Mozilla/5.0 AppleWebKit/537.36 (KHTML, like Gecko; compatible; GPTBot/1.2; +https://openai.com/gptbot)"
103.166.150.82 - - [14/Mar/2025:15:07:55 +0000] "GET /store/wp-content/uploads/elementor/css/custom-widget-contact-buttons-base.min.css?ver=1741964604 HTTP/1.1" 200 2585 "https://valuecartpk.shop/store/elementor-hf/header/?elementor-preview=15691&ver=1741964820" "Mozilla/5.0 (Windows NT 10.0; Win64; x64) AppleWebKit/537.36 (KHTML, like Gecko) Chrome/134.0.0.0 Safari/537.36"
103.166.150.82 - - [14/Mar/2025:15:07:56 +0000] "GET /store/wp-content/uploads/elementor/css/custom-widget-floating-bars-base.min.css?ver=1741964603 HTTP/1.1" 200 1296 "https://valuecartpk.shop/store/elementor-hf/header/?elementor-preview=15691&ver=1741964820" "Mozilla/5.0 (Windows NT 10.0; Win64; x64) AppleWebKit/537.36 (KHTML, like Gecko) Chrome/134.0.0.0 Safari/537.36"
103.166.150.82 - - [14/Mar/2025:15:07:57 +0000] "GET /store/wp-content/plugins/header-footer-elementor/inc/js/frontend.js?ver=2.2.1 HTTP/1.1" 200 3925 "https://valuecartpk.shop/store/elementor-hf/header/?elementor-preview=15691&ver=1741964820" "Mozilla/5.0 (Windows NT 10.0; Win64; x64) AppleWebKit/537.36 (KHTML, like Gecko) Chrome/134.0.0.0 Safari/537.36"
103.166.150.82 - - [14/Mar/2025:15:07:55 +0000] "POST /store/wp-admin/admin-ajax.php HTTP/1.1" 200 71 "https://valuecartpk.shop/store/wp-admin/post.php?post=15649&action=elementor" "Mozilla/5.0 (Windows NT 10.0; Win64; x64) AppleWebKit/537.36 (KHTML, like Gecko) Chrome/134.0.0.0 Safari/537.36"
103.166.150.82 - - [14/Mar/2025:15:08:05 +0000] "GET /store/wp-json/elementor/v1/globals HTTP/1.1" 200 272 "https://valuecartpk.shop/store/wp-admin/post.php?post=15691&action=elementor" "Mozilla/5.0 (Windows NT 10.0; Win64; x64) AppleWebKit/537.36 (KHTML, like Gecko) Chrome/134.0.0.0 Safari/537.36"
103.166.150.82 - - [14/Mar/2025:15:08:15 +0000] "GET /store/wp-content/plugins/elementor/assets/images/information.svg HTTP/1.1" 200 2528 "https://valuecartpk.shop/store/wp-admin/post.php?post=15691&action=elementor" "Mozilla/5.0 (Windows NT 10.0; Win64; x64) AppleWebKit/537.36 (KHTML, like Gecko) Chrome/134.0.0.0 Safari/537.36"
103.166.150.82 - - [14/Mar/2025:15:08:15 +0000] "GET /store/wp-json/elementor/v1/checklist/user-progress HTTP/1.1" 200 183 "https://valuecartpk.shop/store/wp-admin/post.php?post=15691&action=elementor" "Mozilla/5.0 (Windows NT 10.0; Win64; x64) AppleWebKit/537.36 (KHTML, like Gecko) Chrome/134.0.0.0 Safari/537.36"
38.91.101.117 - - [14/Mar/2025:15:12:06 +0000] "POST /store/wp-cron.php?doing_wp_cron=1741965125.7948310375213623046875 HTTP/1.1" 200 0 "-" "WordPress/6.7.2; https://valuecartpk.shop/store"
38.91.101.117 - - [14/Mar/2025:15:21:53 +0000] "POST /store/wp-cron.php?doing_wp_cron=1741965713.8036160469055175781250 HTTP/1.1" 200 0 "-" "WordPress/6.7.2; https://valuecartpk.shop/store"
38.91.101.117 - - [14/Mar/2025:15:23:48 +0000] "POST /wp/wp-cron.php?doing_wp_cron=1741965828.2170751094818115234375 HTTP/1.1" 200 0 "-" "WordPress/6.7.2; https://multihiv.com/wp"
38.91.101.117 - - [14/Mar/2025:15:24:53 +0000] "POST /store/wp-cron.php?doing_wp_cron=1741965893.8035719394683837890625 HTTP/1.1" 200 0 "-" "WordPress/6.7.2; https://valuecartpk.shop/store"
2a06:98c0:3600::103 - - [14/Mar/2025:15:26:09 +0000] "GET /wordpress/wp-admin/setup-config.php HTTP/1.1" 404 1251 "-" "Mozilla/5.0 (Windows NT 10.0; Win64; x64) AppleWebKit/537.36 (KHTML, like Gecko) Chrome/133.0.0.0 Safari/537.36"
38.91.101.117 - - [14/Mar/2025:15:30:02 +0000] "POST /store/wp-cron.php?doing_wp_cron=1741966202.4273889064788818359375 HTTP/1.1" 200 0 "-" "WordPress/6.7.2; https://valuecartpk.shop/store"
38.91.101.117 - - [14/Mar/2025:15:33:54 +0000] "POST /store/wp-cron.php?doing_wp_cron=1741966434.4802579879760742187500 HTTP/1.1" 200 0 "-" "WordPress/6.7.2; https://valuecartpk.shop/store"
18.119.121.4 - - [14/Mar/2025:15:37:14 +0000] "GET /wp/wp-includes/js/comment-reply.min.js HTTP/2" 200 1247 "-" "Mozilla/5.0 AppleWebKit/537.36 (KHTML, like Gecko; compatible; ClaudeBot/1.0; +claudebot@anthropic.com)"
103.166.150.82 - - [14/Mar/2025:15:34:51 +0000] "POST /store/wp-admin/admin-ajax.php HTTP/1.1" 200 71 "https://valuecartpk.shop/store/wp-admin/post.php?post=15691&action=elementor" "Mozilla/5.0 (Windows NT 10.0; Win64; x64) AppleWebKit/537.36 (KHTML, like Gecko) Chrome/134.0.0.0 Safari/537.36"
103.166.150.82 - - [14/Mar/2025:15:35:06 +0000] "POST /store/wp-admin/admin-ajax.php HTTP/1.1" 200 71 "https://valuecartpk.shop/store/wp-admin/post.php?post=15691&action=elementor" "Mozilla/5.0 (Windows NT 10.0; Win64; x64) AppleWebKit/537.36 (KHTML, like Gecko) Chrome/134.0.0.0 Safari/537.36"
103.166.150.82 - - [14/Mar/2025:15:35:17 +0000] "POST /store/wp-admin/admin-ajax.php HTTP/1.1" 200 368 "https://valuecartpk.shop/store/wp-admin/post.php?post=15691&action=elementor" "Mozilla/5.0 (Windows NT 10.0; Win64; x64) AppleWebKit/537.36 (KHTML, like Gecko) Chrome/134.0.0.0 Safari/537.36"
103.166.150.82 - - [14/Mar/2025:15:35:21 +0000] "POST /store/wp-admin/admin-ajax.php HTTP/1.1" 200 71 "https://valuecartpk.shop/store/wp-admin/post.php?post=15691&action=elementor" "Mozilla/5.0 (Windows NT 10.0; Win64; x64) AppleWebKit/537.36 (KHTML, like Gecko) Chrome/134.0.0.0 Safari/537.36"
103.166.150.82 - - [14/Mar/2025:15:35:28 +0000] "POST /store/wp-admin/admin-ajax.php HTTP/1.1" 500 0 "https://valuecartpk.shop/store/wp-admin/nav-menus.php" "Mozilla/5.0 (Windows NT 10.0; Win64; x64) AppleWebKit/537.36 (KHTML, like Gecko) Chrome/134.0.0.0 Safari/537.36"
103.166.150.82 - - [14/Mar/2025:15:35:36 +0000] "POST /store/wp-admin/admin-ajax.php HTTP/1.1" 200 71 "https://valuecartpk.shop/store/wp-admin/post.php?post=15691&action=elementor" "Mozilla/5.0 (Windows NT 10.0; Win64; x64) AppleWebKit/537.36 (KHTML, like Gecko) Chrome/134.0.0.0 Safari/537.36"
103.166.150.82 - - [14/Mar/2025:15:35:38 +0000] "POST /store/wp-admin/admin-ajax.php HTTP/1.1" 200 51 "https://valuecartpk.shop/store/wp-admin/plugins.php?plugin_status=all&paged=1&s" "Mozilla/5.0 (Windows NT 10.0; Win64; x64) AppleWebKit/537.36 (KHTML, like Gecko) Chrome/134.0.0.0 Safari/537.36"
103.166.150.82 - - [14/Mar/2025:15:35:51 +0000] "POST /store/wp-admin/admin-ajax.php HTTP/1.1" 200 71 "https://valuecartpk.shop/store/wp-admin/post.php?post=15691&action=elementor" "Mozilla/5.0 (Windows NT 10.0; Win64; x64) AppleWebKit/537.36 (KHTML, like Gecko) Chrome/134.0.0.0 Safari/537.36"
103.166.150.82 - - [14/Mar/2025:15:36:07 +0000] "POST /store/wp-admin/admin-ajax.php HTTP/1.1" 200 71 "https://valuecartpk.shop/store/wp-admin/post.php?post=15691&action=elementor" "Mozilla/5.0 (Windows NT 10.0; Win64; x64) AppleWebKit/537.36 (KHTML, like Gecko) Chrome/134.0.0.0 Safari/537.36"
103.166.150.82 - - [14/Mar/2025:15:36:22 +0000] "POST /store/wp-admin/admin-ajax.php HTTP/1.1" 200 71 "https://valuecartpk.shop/store/wp-admin/post.php?post=15691&action=elementor" "Mozilla/5.0 (Windows NT 10.0; Win64; x64) AppleWebKit/537.36 (KHTML, like Gecko) Chrome/134.0.0.0 Safari/537.36"
103.166.150.82 - - [14/Mar/2025:15:36:37 +0000] "POST /store/wp-admin/admin-ajax.php HTTP/1.1" 200 71 "https://valuecartpk.shop/store/wp-admin/post.php?post=15691&action=elementor" "Mozilla/5.0 (Windows NT 10.0; Win64; x64) AppleWebKit/537.36 (KHTML, like Gecko) Chrome/134.0.0.0 Safari/537.36"
103.166.150.82 - - [14/Mar/2025:15:36:51 +0000] "POST /store/wp-admin/admin-ajax.php HTTP/1.1" 200 71 "https://valuecartpk.shop/store/wp-admin/post.php?post=15691&action=elementor" "Mozilla/5.0 (Windows NT 10.0; Win64; x64) AppleWebKit/537.36 (KHTML, like Gecko) Chrome/134.0.0.0 Safari/537.36"
