20.171.207.177 - - [14/Mar/2025:09:15:42 +0000] "GET /store/shop/?filter_brand=joseph-joseph&filter_color=black%2Cblue%2Cbrown&filter_size=l%2Cm&per_page=24 HTTP/2" 200 25822 "-" "Mozilla/5.0 AppleWebKit/537.36 (KHTML, like Gecko; compatible; GPTBot/1.2; +https://openai.com/gptbot)"
20.171.207.177 - - [14/Mar/2025:09:12:20 +0000] "GET /store/shop/?filter_brand=eva-solo%2Cjoseph-joseph%2Cvitra&filter_color=black%2Cbrown%2Cyellow&filter_size=s&per_page=18&stock_status=instock HTTP/2" 200 25942 "-" "Mozilla/5.0 AppleWebKit/537.36 (KHTML, like Gecko; compatible; GPTBot/1.2; +https://openai.com/gptbot)"
20.171.207.177 - - [14/Mar/2025:09:12:37 +0000] "GET /store/shop/?filter_brand=joseph-joseph&filter_color=black%2Cblue%2Cbrown&filter_size=l%2Cm&per_page=12 HTTP/2" 200 25829 "-" "Mozilla/5.0 AppleWebKit/537.36 (KHTML, like Gecko; compatible; GPTBot/1.2; +https://openai.com/gptbot)"
20.171.207.177 - - [14/Mar/2025:09:12:52 +0000] "GET /store/shop/?filter_brand=joseph-joseph&filter_color=black%2Cblue%2Cbrown&filter_size=l%2Cm&per_page=24&stock_status=instock HTTP/2" 200 25821 "-" "Mozilla/5.0 AppleWebKit/537.36 (KHTML, like Gecko; compatible; GPTBot/1.2; +https://openai.com/gptbot)"
20.171.207.177 - - [14/Mar/2025:09:13:06 +0000] "GET /store/shop/?filter_brand=vitra&filter_color=blue%2Cyellow&filter_size=l%2Cm&per_page=18 HTTP/2" 200 25830 "-" "Mozilla/5.0 AppleWebKit/537.36 (KHTML, like Gecko; compatible; GPTBot/1.2; +https://openai.com/gptbot)"
20.171.207.177 - - [14/Mar/2025:09:13:19 +0000] "GET /store/shop/?filter_brand=joseph-joseph%2Cmagisso%2Cvitra&filter_color=beige%2Cblack%2Cblue&filter_size=s&per_row=3&shop_view=grid&stock_status=onsale HTTP/2" 200 23747 "-" "Mozilla/5.0 AppleWebKit/537.36 (KHTML, like Gecko; compatible; GPTBot/1.2; +https://openai.com/gptbot)"
20.171.207.177 - - [14/Mar/2025:09:13:31 +0000] "GET /store/shop/?filter_brand=joseph-joseph%2Cmagisso%2Cvitra&filter_color=beige%2Cblack%2Cblue&filter_size=s&per_row=3&shop_view=grid&stock_status=instock HTTP/2" 200 26018 "-" "Mozilla/5.0 AppleWebKit/537.36 (KHTML, like Gecko; compatible; GPTBot/1.2; +https://openai.com/gptbot)"
20.171.207.177 - - [14/Mar/2025:09:13:42 +0000] "GET /store/shop/?filter_brand=joseph-joseph%2Cmagisso%2Cvitra&filter_color=beige%2Cbrown%2Cyellow&per_page=12&per_row=3&shop_view=grid&stock_status=onsale HTTP/2" 200 23697 "-" "Mozilla/5.0 AppleWebKit/537.36 (KHTML, like Gecko; compatible; GPTBot/1.2; +https://openai.com/gptbot)"
20.171.207.177 - - [14/Mar/2025:09:13:51 +0000] "GET /store/shop/?filter_brand=eva-solo%2Cjoseph-joseph%2Cmagisso&filter_color=black%2Cblue&filter_size=l%2Cs&per_page=12&stock_status=onsale HTTP/2" 500 1034 "-" "Mozilla/5.0 AppleWebKit/537.36 (KHTML, like Gecko; compatible; GPTBot/1.2; +https://openai.com/gptbot)"
20.171.207.177 - - [14/Mar/2025:09:13:59 +0000] "GET /store/shop/?filter_brand=eva-solo%2Cvitra&filter_color=beige%2Cblue%2Cbrown&per_row=4&shop_view=grid HTTP/2" 200 26354 "-" "Mozilla/5.0 AppleWebKit/537.36 (KHTML, like Gecko; compatible; GPTBot/1.2; +https://openai.com/gptbot)"
20.171.207.177 - - [14/Mar/2025:09:14:24 +0000] "GET /store/shop/?filter_brand=eva-solo%2Cjoseph-joseph&filter_color=beige%2Cblue%2Cbrown%2Cyellow&filter_size=l&per_page=9&stock_status=instock%2Consale HTTP/2" 200 23731 "-" "Mozilla/5.0 AppleWebKit/537.36 (KHTML, like Gecko; compatible; GPTBot/1.2; +https://openai.com/gptbot)"
20.171.207.177 - - [14/Mar/2025:09:14:47 +0000] "GET /store/shop/?filter_brand=eva-solo%2Cjoseph-joseph%2Cvitra&filter_color=black%2Cbrown%2Cyellow&filter_size=s&per_page=18&stock_status=instock%2Consale HTTP/2" 200 23691 "-" "Mozilla/5.0 AppleWebKit/537.36 (KHTML, like Gecko; compatible; GPTBot/1.2; +https://openai.com/gptbot)"
38.91.101.117 - - [14/Mar/2025:09:16:00 +0000] "POST /store/wp-cron.php?doing_wp_cron=1741943760.1167290210723876953125 HTTP/1.1" 200 0 "-" "WordPress/6.7.2; https://valuecartpk.shop/store"
20.171.207.177 - - [14/Mar/2025:09:17:27 +0000] "GET /store/shop/?filter_brand=eva-solo%2Cjoseph-joseph&filter_color=beige%2Cblue%2Cbrown%2Cyellow&filter_size=l&per_page=12&stock_status=instock%2Consale HTTP/2" 200 23690 "-" "Mozilla/5.0 AppleWebKit/537.36 (KHTML, like Gecko; compatible; GPTBot/1.2; +https://openai.com/gptbot)"
20.171.207.177 - - [14/Mar/2025:09:18:18 +0000] "GET /store/shop/?filter_brand=joseph-joseph&filter_color=black%2Cblue%2Cbrown&filter_size=l%2Cm&per_page=12&per_row=3&shop_view=grid HTTP/2" 200 25819 "-" "Mozilla/5.0 AppleWebKit/537.36 (KHTML, like Gecko; compatible; GPTBot/1.2; +https://openai.com/gptbot)"
20.171.207.177 - - [14/Mar/2025:09:18:31 +0000] "GET /store/shop/?filter_brand=vitra&filter_color=blue%2Cyellow&filter_size=l%2Cm&per_page=9&stock_status=onsale HTTP/2" 200 23572 "-" "Mozilla/5.0 AppleWebKit/537.36 (KHTML, like Gecko; compatible; GPTBot/1.2; +https://openai.com/gptbot)"
20.171.207.177 - - [14/Mar/2025:09:18:44 +0000] "GET /store/shop/?filter_brand=joseph-joseph&filter_color=black%2Cblue%2Cbrown&filter_size=l%2Cm&per_page=24&per_row=3&shop_view=grid HTTP/2" 200 25814 "-" "Mozilla/5.0 AppleWebKit/537.36 (KHTML, like Gecko; compatible; GPTBot/1.2; +https://openai.com/gptbot)"
20.171.207.177 - - [14/Mar/2025:09:18:55 +0000] "GET /store/shop/?filter_brand=joseph-joseph&filter_color=black%2Cblue%2Cbrown&filter_size=l%2Cm&per_page=18&per_row=3&shop_view=grid HTTP/2" 200 25817 "-" "Mozilla/5.0 AppleWebKit/537.36 (KHTML, like Gecko; compatible; GPTBot/1.2; +https://openai.com/gptbot)"
20.171.207.177 - - [14/Mar/2025:09:19:05 +0000] "GET /store/shop/?filter_brand=vitra&filter_color=blue%2Cyellow&filter_size=l%2Cm&per_page=12&stock_status=onsale HTTP/2" 200 23566 "-" "Mozilla/5.0 AppleWebKit/537.36 (KHTML, like Gecko; compatible; GPTBot/1.2; +https://openai.com/gptbot)"
20.171.207.177 - - [14/Mar/2025:09:19:14 +0000] "GET /store/shop/?filter_brand=eva-solo%2Cvitra&filter_color=beige%2Cblue%2Cbrown&per_page=9&per_row=3&shop_view=grid HTTP/2" 200 26335 "-" "Mozilla/5.0 AppleWebKit/537.36 (KHTML, like Gecko; compatible; GPTBot/1.2; +https://openai.com/gptbot)"
20.171.207.177 - - [14/Mar/2025:09:19:23 +0000] "GET /store/shop/?filter_brand=joseph-joseph&filter_color=black%2Cblue%2Cbrown&filter_size=l%2Cm&per_page=9&per_row=3&shop_view=grid HTTP/2" 200 25819 "-" "Mozilla/5.0 AppleWebKit/537.36 (KHTML, like Gecko; compatible; GPTBot/1.2; +https://openai.com/gptbot)"
20.171.207.177 - - [14/Mar/2025:09:19:31 +0000] "GET /store/shop/?filter_brand=eva-solo%2Cvitra&filter_color=beige%2Cblue%2Cbrown&per_page=9&per_row=2&shop_view=grid HTTP/2" 200 26336 "-" "Mozilla/5.0 AppleWebKit/537.36 (KHTML, like Gecko; compatible; GPTBot/1.2; +https://openai.com/gptbot)"
20.171.207.177 - - [14/Mar/2025:09:19:37 +0000] "GET /store/shop/?filter_brand=joseph-joseph&filter_color=black%2Cblue%2Cbrown&filter_size=l%2Cm&per_page=9&per_row=4&shop_view=grid HTTP/2" 200 25808 "-" "Mozilla/5.0 AppleWebKit/537.36 (KHTML, like Gecko; compatible; GPTBot/1.2; +https://openai.com/gptbot)"
20.171.207.177 - - [14/Mar/2025:09:19:44 +0000] "GET /store/shop/?filter_brand=joseph-joseph&filter_color=black%2Cblue%2Cbrown&filter_size=l%2Cm&per_page=18&per_row=2&shop_view=grid HTTP/2" 500 1035 "-" "Mozilla/5.0 AppleWebKit/537.36 (KHTML, like Gecko; compatible; GPTBot/1.2; +https://openai.com/gptbot)"
20.171.207.177 - - [14/Mar/2025:09:19:49 +0000] "GET /store/shop/?filter_brand=joseph-joseph%2Cmagisso%2Cvitra&filter_color=beige%2Cblack%2Cblue&filter_size=s&per_page=24&per_row=3&shop_view=grid&stock_status=instock HTTP/2" 200 26022 "-" "Mozilla/5.0 AppleWebKit/537.36 (KHTML, like Gecko; compatible; GPTBot/1.2; +https://openai.com/gptbot)"
20.171.207.177 - - [14/Mar/2025:09:20:05 +0000] "GET /store/shop/?filter_brand=joseph-joseph%2Cmagisso%2Cvitra&filter_color=beige%2Cblack%2Cblue&filter_size=s&per_page=12&per_row=3&shop_view=grid&stock_status=instock HTTP/2" 200 26034 "-" "Mozilla/5.0 AppleWebKit/537.36 (KHTML, like Gecko; compatible; GPTBot/1.2; +https://openai.com/gptbot)"
20.171.207.177 - - [14/Mar/2025:09:20:20 +0000] "GET /store/shop/?filter_brand=joseph-joseph%2Cmagisso%2Cvitra&filter_color=beige%2Cblack%2Cblue&filter_size=s&per_page=18&per_row=2&shop_view=grid&stock_status=instock HTTP/2" 200 26021 "-" "Mozilla/5.0 AppleWebKit/537.36 (KHTML, like Gecko; compatible; GPTBot/1.2; +https://openai.com/gptbot)"
20.171.207.177 - - [14/Mar/2025:09:15:57 +0000] "GET /store/shop/?filter_brand=joseph-joseph&filter_color=black%2Cblue%2Cbrown&filter_size=l%2Cm&per_page=18 HTTP/2" 200 25823 "-" "Mozilla/5.0 AppleWebKit/537.36 (KHTML, like Gecko; compatible; GPTBot/1.2; +https://openai.com/gptbot)"
20.171.207.177 - - [14/Mar/2025:09:18:02 +0000] "GET /store/shop/?filter_brand=joseph-joseph&filter_color=black%2Cblue%2Cbrown&filter_size=l%2Cm&per_page=18&per_row=4&shop_view=grid HTTP/2" 200 25816 "-" "Mozilla/5.0 AppleWebKit/537.36 (KHTML, like Gecko; compatible; GPTBot/1.2; +https://openai.com/gptbot)"
81.167.26.57 - - [14/Mar/2025:08:23:12 +0000] "GET /store/shop/?filter_color=beige,black,blue&filter_brand=eva-solo,joseph-joseph,magisso,vitra&filter_size=l&stock_status=instock HTTP/1.1" 200 25968 "-" "Mozilla/5.0 (compatible; MJ12bot/v1.4.8; http://mj12bot.com/)"
81.167.26.57 - - [14/Mar/2025:08:23:22 +0000] "GET /store/shop/?filter_color=beige,black,blue&filter_brand=eva-solo,joseph-joseph,magisso,vitra&filter_size=l&stock_status=instock,onsale HTTP/1.1" 200 23747 "-" "Mozilla/5.0 (compatible; MJ12bot/v1.4.8; http://mj12bot.com/)"
38.91.101.117 - - [14/Mar/2025:08:24:57 +0000] "POST /store/wp-cron.php?doing_wp_cron=1741940697.3509860038757324218750 HTTP/1.1" 200 0 "-" "WordPress/6.7.2; https://valuecartpk.shop/store"
38.91.101.117 - - [14/Mar/2025:08:32:57 +0000] "POST /store/wp-cron.php?doing_wp_cron=1741941177.6511030197143554687500 HTTP/1.1" 200 0 "-" "WordPress/6.7.2; https://valuecartpk.shop/store"
38.91.101.117 - - [14/Mar/2025:08:43:07 +0000] "POST /store/wp-cron.php?doing_wp_cron=1741941787.5156099796295166015625 HTTP/1.1" 200 0 "-" "WordPress/6.7.2; https://valuecartpk.shop/store"
38.91.101.117 - - [14/Mar/2025:08:59:54 +0000] "POST /store/wp-cron.php?doing_wp_cron=1741942794.7708098888397216796875 HTTP/1.1" 200 0 "-" "WordPress/6.7.2; https://valuecartpk.shop/store"
38.91.101.117 - - [14/Mar/2025:09:00:54 +0000] "POST /store/wp-cron.php?doing_wp_cron=1741942853.7018330097198486328125 HTTP/1.1" 200 0 "-" "WordPress/6.7.2; https://valuecartpk.shop/store"
38.91.101.117 - - [14/Mar/2025:09:06:53 +0000] "POST /store/wp-cron.php?doing_wp_cron=1741943213.5832750797271728515625 HTTP/1.1" 200 0 "-" "WordPress/6.7.2; https://valuecartpk.shop/store"
2a06:98c0:3600::103 - - [14/Mar/2025:09:12:59 +0000] "GET /wordpress/wp-admin/setup-config.php HTTP/1.1" 404 1251 "-" "Mozilla/5.0 (Windows NT 10.0; Win64; x64) AppleWebKit/537.36 (KHTML, like Gecko) Chrome/133.0.0.0 Safari/537.36"
20.171.207.177 - - [14/Mar/2025:09:16:22 +0000] "GET /store/shop/?filter_brand=joseph-joseph%2Cmagisso%2Cvitra&filter_color=beige%2Cblack%2Cblue&filter_size=s&per_row=2&shop_view=grid&stock_status=instock HTTP/2" 200 26013 "-" "Mozilla/5.0 AppleWebKit/537.36 (KHTML, like Gecko; compatible; GPTBot/1.2; +https://openai.com/gptbot)"
20.171.207.177 - - [14/Mar/2025:09:16:59 +0000] "GET /store/shop/?filter_brand=vitra&filter_color=blue%2Cyellow&filter_size=l%2Cm&per_page=24 HTTP/2" 500 1035 "-" "Mozilla/5.0 AppleWebKit/537.36 (KHTML, like Gecko; compatible; GPTBot/1.2; +https://openai.com/gptbot)"
38.91.101.117 - - [14/Mar/2025:07:27:56 +0000] "POST /store/wp-cron.php?doing_wp_cron=1741937276.1164870262145996093750 HTTP/1.1" 200 0 "-" "WordPress/6.7.2; https://valuecartpk.shop/store"
185.191.171.1 - - [14/Mar/2025:07:31:51 +0000] "GET /store/my-account/lost-password/ HTTP/1.1" 200 25709 "-" "Mozilla/5.0 (compatible; SemrushBot/7~bl; +http://www.semrush.com/bot.html)"
38.91.101.117 - - [14/Mar/2025:07:34:55 +0000] "POST /store/wp-cron.php?doing_wp_cron=1741937694.9488561153411865234375 HTTP/1.1" 200 0 "-" "WordPress/6.7.2; https://valuecartpk.shop/store"
2a06:98c0:3600::103 - - [14/Mar/2025:07:39:57 +0000] "GET /wp-admin/setup-config.php HTTP/1.1" 404 1251 "-" "Mozilla/5.0 (Windows NT 10.0; Win64; x64) AppleWebKit/537.36 (KHTML, like Gecko) Chrome/133.0.0.0 Safari/537.36"
2a06:98c0:3600::103 - - [14/Mar/2025:07:40:22 +0000] "GET /wordpress/wp-admin/setup-config.php HTTP/1.1" 404 1251 "-" "Mozilla/5.0 (Windows NT 10.0; Win64; x64) AppleWebKit/537.36 (KHTML, like Gecko) Chrome/133.0.0.0 Safari/537.36"
38.91.101.117 - - [14/Mar/2025:08:07:56 +0000] "POST /store/wp-cron.php?doing_wp_cron=1741939676.2121770381927490234375 HTTP/1.1" 200 0 "-" "WordPress/6.7.2; https://valuecartpk.shop/store"
38.91.101.117 - - [14/Mar/2025:08:14:57 +0000] "POST /store/wp-cron.php?doing_wp_cron=1741940094.5604209899902343750000 HTTP/1.1" 200 0 "-" "WordPress/6.7.2; https://valuecartpk.shop/store"
81.167.26.57 - - [14/Mar/2025:08:17:41 +0000] "GET /store/shop/?filter_color=beige,black,blue&filter_brand=eva-solo,joseph-joseph,magisso&filter_size=m&stock_status=onsale HTTP/1.1" 200 23764 "-" "Mozilla/5.0 (compatible; MJ12bot/v1.4.8; http://mj12bot.com/)"
81.167.26.57 - - [14/Mar/2025:08:18:01 +0000] "GET /store/shop/?filter_color=beige,black,blue&filter_brand=eva-solo,joseph-joseph,magisso&filter_size=m,s&per_page=12 HTTP/1.1" 200 26518 "-" "Mozilla/5.0 (compatible; MJ12bot/v1.4.8; http://mj12bot.com/)"
2a06:98c0:3600::103 - - [14/Mar/2025:08:18:59 +0000] "GET /wordpress/wp-admin/setup-config.php HTTP/1.1" 404 1251 "-" "Mozilla/5.0 (Windows NT 10.0; Win64; x64) AppleWebKit/537.36 (KHTML, like Gecko) Chrome/133.0.0.0 Safari/537.36"
38.91.101.117 - - [14/Mar/2025:08:18:59 +0000] "POST /store/wp-cron.php?doing_wp_cron=1741940338.6164801120758056640625 HTTP/1.1" 200 0 "-" "WordPress/6.7.2; https://valuecartpk.shop/store"
2a06:98c0:3600::103 - - [14/Mar/2025:08:50:38 +0000] "GET /wordpress/wp-admin/setup-config.php HTTP/1.1" 404 1251 "-" "Mozilla/5.0 (Windows NT 10.0; Win64; x64) AppleWebKit/537.36 (KHTML, like Gecko) Chrome/133.0.0.0 Safari/537.36"
38.91.101.117 - - [14/Mar/2025:08:56:04 +0000] "POST /store/wp-cron.php?doing_wp_cron=1741942563.7078969478607177734375 HTTP/1.1" 200 0 "-" "WordPress/6.7.2; https://valuecartpk.shop/store"
38.91.101.117 - - [14/Mar/2025:09:02:15 +0000] "POST /store/wp-cron.php?doing_wp_cron=1741942935.4181098937988281250000 HTTP/1.1" 200 0 "-" "WordPress/6.7.2; https://valuecartpk.shop/store"
38.91.101.117 - - [14/Mar/2025:09:03:57 +0000] "POST /store/wp-cron.php?doing_wp_cron=1741943037.6542289257049560546875 HTTP/1.1" 200 0 "-" "WordPress/6.7.2; https://valuecartpk.shop/store"
20.171.207.177 - - [14/Mar/2025:09:15:07 +0000] "GET /store/shop/?filter_brand=eva-solo%2Cjoseph-joseph&filter_color=beige%2Cblue%2Cbrown%2Cyellow&filter_size=l&per_page=12&stock_status=instock HTTP/2" 200 25956 "-" "Mozilla/5.0 AppleWebKit/537.36 (KHTML, like Gecko; compatible; GPTBot/1.2; +https://openai.com/gptbot)"
20.171.207.177 - - [14/Mar/2025:09:15:26 +0000] "GET /store/shop/?filter_brand=joseph-joseph&filter_color=black%2Cblue%2Cbrown&filter_size=l%2Cm&per_page=9 HTTP/2" 200 25792 "-" "Mozilla/5.0 AppleWebKit/537.36 (KHTML, like Gecko; compatible; GPTBot/1.2; +https://openai.com/gptbot)"
20.171.207.177 - - [14/Mar/2025:09:16:10 +0000] "GET /store/shop/?filter_brand=vitra&filter_color=blue%2Cyellow&filter_size=l%2Cm&per_page=9 HTTP/2" 200 25780 "-" "Mozilla/5.0 AppleWebKit/537.36 (KHTML, like Gecko; compatible; GPTBot/1.2; +https://openai.com/gptbot)"
65.108.227.178 - - [14/Mar/2025:08:34:58 +0000] "GET /store/shop/?filter_color=beige,black,blue&filter_brand=eva-solo,joseph-joseph,magisso&filter_size=l&stock_status=onsale HTTP/1.1" 200 23753 "-" "Mozilla/5.0 (compatible; MJ12bot/v1.4.8; http://mj12bot.com/)"
65.108.227.178 - - [14/Mar/2025:08:35:03 +0000] "GET /store/shop/?filter_color=beige,black,blue&filter_brand=eva-solo,joseph-joseph,magisso&filter_size=l,m&per_page=12 HTTP/1.1" 200 26504 "-" "Mozilla/5.0 (compatible; MJ12bot/v1.4.8; http://mj12bot.com/)"
65.108.227.178 - - [14/Mar/2025:08:35:08 +0000] "GET /store/shop/?filter_color=beige,black,blue&filter_brand=eva-solo,joseph-joseph,magisso&filter_size=l,m&per_page=18 HTTP/1.1" 200 26504 "-" "Mozilla/5.0 (compatible; MJ12bot/v1.4.8; http://mj12bot.com/)"
65.108.227.178 - - [14/Mar/2025:08:35:15 +0000] "GET /store/shop/?filter_color=beige,black,blue&filter_brand=eva-solo,joseph-joseph,magisso&filter_size=l,m&per_page=24 HTTP/1.1" 200 26503 "-" "Mozilla/5.0 (compatible; MJ12bot/v1.4.8; http://mj12bot.com/)"
38.91.101.117 - - [14/Mar/2025:08:38:12 +0000] "POST /store/wp-cron.php?doing_wp_cron=1741941492.3939421176910400390625 HTTP/1.1" 200 0 "-" "WordPress/6.7.2; https://valuecartpk.shop/store"
38.91.101.117 - - [14/Mar/2025:08:43:57 +0000] "POST /store/wp-cron.php?doing_wp_cron=1741941836.3617620468139648437500 HTTP/1.1" 200 0 "-" "WordPress/6.7.2; https://valuecartpk.shop/store"
38.91.101.117 - - [14/Mar/2025:08:58:04 +0000] "POST /store/wp-cron.php?doing_wp_cron=1741942684.4491679668426513671875 HTTP/1.1" 200 0 "-" "WordPress/6.7.2; https://valuecartpk.shop/store"
38.91.101.117 - - [14/Mar/2025:08:59:15 +0000] "POST /store/wp-cron.php?doing_wp_cron=1741942755.6757800579071044921875 HTTP/1.1" 200 0 "-" "WordPress/6.7.2; https://valuecartpk.shop/store"
2a06:98c0:3600::103 - - [14/Mar/2025:09:04:06 +0000] "GET /wordpress/wp-admin/setup-config.php HTTP/1.1" 404 1251 "-" "Mozilla/5.0 (Windows NT 10.0; Win64; x64) AppleWebKit/537.36 (KHTML, like Gecko) Chrome/133.0.0.0 Safari/537.36"
38.91.101.117 - - [14/Mar/2025:09:07:54 +0000] "POST /store/wp-cron.php?doing_wp_cron=1741943274.3005158901214599609375 HTTP/1.1" 200 0 "-" "WordPress/6.7.2; https://valuecartpk.shop/store"
38.91.101.117 - - [14/Mar/2025:09:12:54 +0000] "POST /store/wp-cron.php?doing_wp_cron=1741943574.2337989807128906250000 HTTP/1.1" 200 0 "-" "WordPress/6.7.2; https://valuecartpk.shop/store"
38.91.101.117 - - [14/Mar/2025:09:14:01 +0000] "POST /store/wp-cron.php?doing_wp_cron=1741943641.7093949317932128906250 HTTP/1.1" 200 0 "-" "WordPress/6.7.2; https://valuecartpk.shop/store"
20.171.207.177 - - [14/Mar/2025:09:16:51 +0000] "GET /store/shop/?filter_brand=eva-solo%2Cvitra&filter_color=beige%2Cblue%2Cbrown&per_row=3&shop_view=grid HTTP/2" 200 26357 "-" "Mozilla/5.0 AppleWebKit/537.36 (KHTML, like Gecko; compatible; GPTBot/1.2; +https://openai.com/gptbot)"
20.171.207.177 - - [14/Mar/2025:09:17:06 +0000] "GET /store/shop/?filter_brand=eva-solo%2Cvitra&filter_color=beige%2Cblue%2Cbrown&per_page=9&per_row=4&shop_view=grid HTTP/2" 200 26334 "-" "Mozilla/5.0 AppleWebKit/537.36 (KHTML, like Gecko; compatible; GPTBot/1.2; +https://openai.com/gptbot)"
81.167.26.57 - - [14/Mar/2025:08:17:18 +0000] "GET /store/shop/?filter_color=beige,black,blue&filter_brand=eva-solo,joseph-joseph,magisso&filter_size=m&stock_status=instock,onsale HTTP/1.1" 200 23707 "-" "Mozilla/5.0 (compatible; MJ12bot/v1.4.8; http://mj12bot.com/)"
38.91.101.117 - - [14/Mar/2025:08:21:56 +0000] "POST /store/wp-cron.php?doing_wp_cron=1741940515.5634429454803466796875 HTTP/1.1" 200 0 "-" "WordPress/6.7.2; https://valuecartpk.shop/store"
2a06:98c0:3600::103 - - [14/Mar/2025:08:30:48 +0000] "GET /wordpress/wp-admin/setup-config.php HTTP/1.1" 404 1251 "-" "Mozilla/5.0 (Windows NT 10.0; Win64; x64) AppleWebKit/537.36 (KHTML, like Gecko) Chrome/133.0.0.0 Safari/537.36"
2a06:98c0:3600::103 - - [14/Mar/2025:08:46:59 +0000] "GET /wordpress/wp-admin/setup-config.php HTTP/1.1" 404 1251 "-" "Mozilla/5.0 (Windows NT 10.0; Win64; x64) AppleWebKit/537.36 (KHTML, like Gecko) Chrome/133.0.0.0 Safari/537.36"
2a06:98c0:3600::103 - - [14/Mar/2025:08:47:11 +0000] "GET /wp-admin/setup-config.php HTTP/1.1" 404 1251 "-" "Mozilla/5.0 (Windows NT 10.0; Win64; x64) AppleWebKit/537.36 (KHTML, like Gecko) Chrome/133.0.0.0 Safari/537.36"
2a06:98c0:3600::103 - - [14/Mar/2025:09:08:57 +0000] "GET /wordpress/wp-admin/setup-config.php HTTP/1.1" 404 1251 "-" "Mozilla/5.0 (Windows NT 10.0; Win64; x64) AppleWebKit/537.36 (KHTML, like Gecko) Chrome/133.0.0.0 Safari/537.36"
20.171.207.177 - - [14/Mar/2025:09:16:33 +0000] "GET /store/shop/?filter_brand=joseph-joseph%2Cmagisso%2Cvitra&filter_color=beige%2Cblack%2Cblue&filter_size=s&per_row=4&shop_view=grid&stock_status=instock HTTP/2" 200 26014 "-" "Mozilla/5.0 AppleWebKit/537.36 (KHTML, like Gecko; compatible; GPTBot/1.2; +https://openai.com/gptbot)"
38.91.101.117 - - [14/Mar/2025:09:16:53 +0000] "POST /store/wp-cron.php?doing_wp_cron=1741943813.7807579040527343750000 HTTP/1.1" 200 0 "-" "WordPress/6.7.2; https://valuecartpk.shop/store"
38.91.101.117 - - [14/Mar/2025:09:18:04 +0000] "POST /store/wp-cron.php?doing_wp_cron=1741943884.8375549316406250000000 HTTP/1.1" 200 0 "-" "WordPress/6.7.2; https://valuecartpk.shop/store"
38.91.101.117 - - [14/Mar/2025:08:50:56 +0000] "POST /store/wp-cron.php?doing_wp_cron=1741942256.1559729576110839843750 HTTP/1.1" 200 0 "-" "WordPress/6.7.2; https://valuecartpk.shop/store"
2a06:98c0:3600::103 - - [14/Mar/2025:08:51:49 +0000] "GET /wp-admin/setup-config.php HTTP/1.1" 404 1251 "-" "Mozilla/5.0 (Windows NT 10.0; Win64; x64) AppleWebKit/537.36 (KHTML, like Gecko) Chrome/133.0.0.0 Safari/537.36"
38.91.101.117 - - [14/Mar/2025:08:57:03 +0000] "POST /store/wp-cron.php?doing_wp_cron=1741942622.9691910743713378906250 HTTP/1.1" 200 0 "-" "WordPress/6.7.2; https://valuecartpk.shop/store"
38.91.101.117 - - [14/Mar/2025:09:06:03 +0000] "POST /store/wp-cron.php?doing_wp_cron=1741943162.7850160598754882812500 HTTP/1.1" 200 0 "-" "WordPress/6.7.2; https://valuecartpk.shop/store"
2a06:98c0:3600::103 - - [14/Mar/2025:09:15:18 +0000] "GET /wp-admin/setup-config.php HTTP/1.1" 404 1251 "-" "Mozilla/5.0 (Windows NT 10.0; Win64; x64) AppleWebKit/537.36 (KHTML, like Gecko) Chrome/133.0.0.0 Safari/537.36"
20.171.207.177 - - [14/Mar/2025:09:16:42 +0000] "GET /store/shop/?filter_brand=vitra&filter_color=blue%2Cyellow&filter_size=l%2Cm&per_page=12 HTTP/2" 200 25823 "-" "Mozilla/5.0 AppleWebKit/537.36 (KHTML, like Gecko; compatible; GPTBot/1.2; +https://openai.com/gptbot)"
20.171.207.177 - - [14/Mar/2025:09:17:45 +0000] "GET /store/shop/?filter_brand=joseph-joseph&filter_color=black%2Cblue%2Cbrown&filter_size=l%2Cm&per_page=12&per_row=4&shop_view=grid HTTP/2" 200 25818 "-" "Mozilla/5.0 AppleWebKit/537.36 (KHTML, like Gecko; compatible; GPTBot/1.2; +https://openai.com/gptbot)"
38.91.101.117 - - [14/Mar/2025:08:53:00 +0000] "POST /store/wp-cron.php?doing_wp_cron=1741942380.0189740657806396484375 HTTP/1.1" 200 0 "-" "WordPress/6.7.2; https://valuecartpk.shop/store"
38.91.101.117 - - [14/Mar/2025:08:54:00 +0000] "POST /store/wp-cron.php?doing_wp_cron=1741942440.1050999164581298828125 HTTP/1.1" 200 0 "-" "WordPress/6.7.2; https://valuecartpk.shop/store"
38.91.101.117 - - [14/Mar/2025:08:55:10 +0000] "POST /store/wp-cron.php?doing_wp_cron=1741942510.1987800598144531250000 HTTP/1.1" 200 0 "-" "WordPress/6.7.2; https://valuecartpk.shop/store"
38.91.101.117 - - [14/Mar/2025:09:02:56 +0000] "POST /store/wp-cron.php?doing_wp_cron=1741942975.2855339050292968750000 HTTP/1.1" 200 0 "-" "WordPress/6.7.2; https://valuecartpk.shop/store"
20.171.207.177 - - [14/Mar/2025:09:20:33 +0000] "GET /store/shop/?filter_brand=joseph-joseph%2Cmagisso%2Cvitra&filter_color=beige%2Cblack%2Cblue&filter_size=s&per_page=18&per_row=3&shop_view=grid&stock_status=instock HTTP/2" 200 26030 "-" "Mozilla/5.0 AppleWebKit/537.36 (KHTML, like Gecko; compatible; GPTBot/1.2; +https://openai.com/gptbot)"
20.171.207.177 - - [14/Mar/2025:09:20:45 +0000] "GET /store/shop/?filter_brand=joseph-joseph%2Cmagisso%2Cvitra&filter_color=beige%2Cbrown%2Cyellow&per_page=12&per_row=3&shop_view=grid&stock_status=instock%2Consale HTTP/2" 500 905 "-" "Mozilla/5.0 AppleWebKit/537.36 (KHTML, like Gecko; compatible; GPTBot/1.2; +https://openai.com/gptbot)"
20.171.207.177 - - [14/Mar/2025:09:20:55 +0000] "GET /store/shop/?filter_brand=joseph-joseph%2Cmagisso%2Cvitra&filter_color=beige%2Cblack%2Cblue&filter_size=s&per_page=18&per_row=4&shop_view=grid&stock_status=instock HTTP/2" 200 26041 "-" "Mozilla/5.0 AppleWebKit/537.36 (KHTML, like Gecko; compatible; GPTBot/1.2; +https://openai.com/gptbot)"
85.208.96.209 - - [14/Mar/2025:09:21:16 +0000] "GET /wp/author/admin/ HTTP/1.1" 200 12039 "-" "Mozilla/5.0 (compatible; SemrushBot/7~bl; +http://www.semrush.com/bot.html)"
2a06:98c0:3600::103 - - [14/Mar/2025:09:23:23 +0000] "GET /wp-admin/setup-config.php HTTP/1.1" 404 1251 "-" "Mozilla/5.0 (Windows NT 10.0; Win64; x64) AppleWebKit/537.36 (KHTML, like Gecko) Chrome/133.0.0.0 Safari/537.36"
20.171.207.177 - - [14/Mar/2025:09:23:27 +0000] "GET /store/shop/?filter_brand=joseph-joseph%2Cmagisso%2Cvitra&filter_color=beige%2Cblack%2Cblue&filter_size=s&per_page=24&per_row=3&shop_view=grid&stock_status=instock%2Consale HTTP/2" 200 23744 "-" "Mozilla/5.0 AppleWebKit/537.36 (KHTML, like Gecko; compatible; GPTBot/1.2; +https://openai.com/gptbot)"
38.91.101.117 - - [14/Mar/2025:09:20:58 +0000] "POST /store/wp-cron.php?doing_wp_cron=1741944058.0784039497375488281250 HTTP/1.1" 200 0 "-" "WordPress/6.7.2; https://valuecartpk.shop/store"
20.171.207.177 - - [14/Mar/2025:09:22:47 +0000] "GET /store/shop/?filter_brand=joseph-joseph&filter_color=black%2Cblue%2Cbrown&filter_size=l%2Cm&per_page=18&stock_status=onsale HTTP/2" 200 23627 "-" "Mozilla/5.0 AppleWebKit/537.36 (KHTML, like Gecko; compatible; GPTBot/1.2; +https://openai.com/gptbot)"
38.91.101.117 - - [14/Mar/2025:09:23:11 +0000] "POST /store/wp-cron.php?doing_wp_cron=1741944191.0148088932037353515625 HTTP/1.1" 200 0 "-" "WordPress/6.7.2; https://valuecartpk.shop/store"
20.171.207.177 - - [14/Mar/2025:09:23:08 +0000] "GET /store/shop/?filter_brand=eva-solo%2Cvitra&filter_color=beige%2Cblue%2Cbrown&per_row=4&shop_view=grid&stock_status=instock%2Consale HTTP/2" 200 23621 "-" "Mozilla/5.0 AppleWebKit/537.36 (KHTML, like Gecko; compatible; GPTBot/1.2; +https://openai.com/gptbot)"
38.91.101.117 - - [14/Mar/2025:09:18:56 +0000] "POST /store/wp-cron.php?doing_wp_cron=1741943936.9188849925994873046875 HTTP/1.1" 200 0 "-" "WordPress/6.7.2; https://valuecartpk.shop/store"
51.222.253.8 - - [14/Mar/2025:09:21:14 +0000] "GET / HTTP/2" 200 635 "-" "Mozilla/5.0 (compatible; AhrefsBot/7.0; +http://ahrefs.com/robot/)"
20.171.207.177 - - [14/Mar/2025:09:21:28 +0000] "GET /store/shop/?filter_brand=joseph-joseph%2Cmagisso%2Cvitra&filter_color=beige%2Cblack%2Cblue&filter_size=s&per_page=9&per_row=4&shop_view=grid&stock_status=instock HTTP/2" 200 26022 "-" "Mozilla/5.0 AppleWebKit/537.36 (KHTML, like Gecko; compatible; GPTBot/1.2; +https://openai.com/gptbot)"
38.91.101.117 - - [14/Mar/2025:09:20:07 +0000] "POST /store/wp-cron.php?doing_wp_cron=1741944006.9822280406951904296875 HTTP/1.1" 200 0 "-" "WordPress/6.7.2; https://valuecartpk.shop/store"
85.208.96.197 - - [14/Mar/2025:09:21:15 +0000] "GET /robots.txt HTTP/1.1" 404 1251 "-" "Mozilla/5.0 (compatible; SemrushBot/7~bl; +http://www.semrush.com/bot.html)"
20.171.207.177 - - [14/Mar/2025:09:21:56 +0000] "GET /store/shop/?filter_brand=joseph-joseph%2Cmagisso%2Cvitra&filter_color=beige%2Cblack%2Cblue&filter_size=s&per_page=9&per_row=3&shop_view=grid&stock_status=instock HTTP/2" 200 26020 "-" "Mozilla/5.0 AppleWebKit/537.36 (KHTML, like Gecko; compatible; GPTBot/1.2; +https://openai.com/gptbot)"
51.222.253.11 - - [14/Mar/2025:09:21:13 +0000] "GET /robots.txt HTTP/2" 404 1251 "-" "Mozilla/5.0 (compatible; AhrefsBot/7.0; +http://ahrefs.com/robot/)"
38.91.101.117 - - [14/Mar/2025:09:22:00 +0000] "POST /store/wp-cron.php?doing_wp_cron=1741944120.5179619789123535156250 HTTP/1.1" 200 0 "-" "WordPress/6.7.2; https://valuecartpk.shop/store"
20.171.207.177 - - [14/Mar/2025:09:23:44 +0000] "GET /store/shop/?filter_brand=joseph-joseph%2Cmagisso%2Cvitra&filter_color=beige%2Cblack%2Cblue&filter_size=s&per_page=12&per_row=3&shop_view=grid&stock_status=instock%2Consale HTTP/2" 200 23744 "-" "Mozilla/5.0 AppleWebKit/537.36 (KHTML, like Gecko; compatible; GPTBot/1.2; +https://openai.com/gptbot)"
20.171.207.177 - - [14/Mar/2025:09:23:59 +0000] "GET /store/shop/?filter_brand=joseph-joseph%2Cmagisso%2Cvitra&filter_color=beige%2Cblack%2Cblue&filter_size=s&per_page=18&per_row=2&shop_view=grid&stock_status=instock%2Consale HTTP/2" 200 23744 "-" "Mozilla/5.0 AppleWebKit/537.36 (KHTML, like Gecko; compatible; GPTBot/1.2; +https://openai.com/gptbot)"
20.171.207.177 - - [14/Mar/2025:09:24:12 +0000] "GET /store/shop/?filter_brand=joseph-joseph%2Cmagisso%2Cvitra&filter_color=beige%2Cblack%2Cblue&filter_size=s&per_page=18&per_row=3&shop_view=grid&stock_status=instock%2Consale HTTP/2" 200 23744 "-" "Mozilla/5.0 AppleWebKit/537.36 (KHTML, like Gecko; compatible; GPTBot/1.2; +https://openai.com/gptbot)"
20.171.207.177 - - [14/Mar/2025:09:24:25 +0000] "GET /store/shop/?filter_brand=joseph-joseph&filter_color=black%2Cblue%2Cbrown&filter_size=l%2Cm&per_page=24&stock_status=onsale HTTP/2" 200 23627 "-" "Mozilla/5.0 AppleWebKit/537.36 (KHTML, like Gecko; compatible; GPTBot/1.2; +https://openai.com/gptbot)"
20.171.207.177 - - [14/Mar/2025:09:24:36 +0000] "GET /store/shop/?filter_brand=joseph-joseph%2Cmagisso%2Cvitra&filter_color=beige%2Cblack%2Cblue&filter_size=s&per_page=18&per_row=4&shop_view=grid&stock_status=instock%2Consale HTTP/2" 200 23743 "-" "Mozilla/5.0 AppleWebKit/537.36 (KHTML, like Gecko; compatible; GPTBot/1.2; +https://openai.com/gptbot)"
20.171.207.177 - - [14/Mar/2025:09:24:46 +0000] "GET /store/shop/?filter_brand=joseph-joseph%2Cmagisso%2Cvitra&filter_color=beige%2Cblack%2Cblue&filter_size=s&per_page=9&per_row=4&shop_view=grid&stock_status=instock%2Consale HTTP/2" 200 23728 "-" "Mozilla/5.0 AppleWebKit/537.36 (KHTML, like Gecko; compatible; GPTBot/1.2; +https://openai.com/gptbot)"
20.171.207.177 - - [14/Mar/2025:09:24:56 +0000] "GET /store/shop/?filter_brand=joseph-joseph%2Cmagisso%2Cvitra&filter_color=beige%2Cblack%2Cblue&filter_size=s&per_page=9&per_row=3&shop_view=grid&stock_status=instock%2Consale HTTP/2" 200 23727 "-" "Mozilla/5.0 AppleWebKit/537.36 (KHTML, like Gecko; compatible; GPTBot/1.2; +https://openai.com/gptbot)"
20.171.207.177 - - [14/Mar/2025:09:25:04 +0000] "GET /store/shop/?filter_brand=joseph-joseph%2Cklober&filter_color=beige%2Cbrown&filter_size=l%2Cm&per_page=24&stock_status=instock HTTP/2" 500 1034 "-" "Mozilla/5.0 AppleWebKit/537.36 (KHTML, like Gecko; compatible; GPTBot/1.2; +https://openai.com/gptbot)"
20.171.207.177 - - [14/Mar/2025:09:25:11 +0000] "GET /store/shop/?filter_brand=eva-solo%2Cvitra&filter_color=beige%2Cblue%2Cbrown&per_row=3&shop_view=grid&stock_status=instock HTTP/2" 200 26366 "-" "Mozilla/5.0 AppleWebKit/537.36 (KHTML, like Gecko; compatible; GPTBot/1.2; +https://openai.com/gptbot)"
20.171.207.177 - - [14/Mar/2025:09:25:33 +0000] "GET /store/shop/?filter_brand=eva-solo%2Cjoseph-joseph%2Cvitra&filter_color=black%2Cbrown%2Cyellow&filter_size=s&per_page=24&stock_status=instock HTTP/2" 200 25939 "-" "Mozilla/5.0 AppleWebKit/537.36 (KHTML, like Gecko; compatible; GPTBot/1.2; +https://openai.com/gptbot)"
20.171.207.177 - - [14/Mar/2025:09:25:53 +0000] "GET /store/shop/?filter_brand=eva-solo%2Cjoseph-joseph&filter_color=beige%2Cblue%2Cbrown%2Cyellow&filter_size=l&per_page=24&stock_status=instock HTTP/2" 200 25956 "-" "Mozilla/5.0 AppleWebKit/537.36 (KHTML, like Gecko; compatible; GPTBot/1.2; +https://openai.com/gptbot)"
20.171.207.177 - - [14/Mar/2025:09:26:10 +0000] "GET /store/shop/?filter_brand=joseph-joseph%2Cmagisso%2Cvitra&filter_color=blue%2Cyellow&filter_size=s&per_page=18&stock_status=onsale HTTP/2" 200 23658 "-" "Mozilla/5.0 AppleWebKit/537.36 (KHTML, like Gecko; compatible; GPTBot/1.2; +https://openai.com/gptbot)"
20.171.207.177 - - [14/Mar/2025:09:22:22 +0000] "GET /store/shop/?filter_brand=eva-solo%2Cvitra&filter_color=beige%2Cblue%2Cbrown&per_page=12&per_row=2&shop_view=grid HTTP/2" 200 26290 "-" "Mozilla/5.0 AppleWebKit/537.36 (KHTML, like Gecko; compatible; GPTBot/1.2; +https://openai.com/gptbot)"
20.171.207.177 - - [14/Mar/2025:09:26:26 +0000] "GET /store/shop/?filter_brand=eva-solo%2Cjoseph-joseph%2Cvitra&filter_color=blue%2Cyellow&filter_size=l%2Cs&per_page=9&stock_status=onsale HTTP/2" 200 23693 "-" "Mozilla/5.0 AppleWebKit/537.36 (KHTML, like Gecko; compatible; GPTBot/1.2; +https://openai.com/gptbot)"
20.171.207.177 - - [14/Mar/2025:09:26:39 +0000] "GET /store/shop/?filter_brand=joseph-joseph%2Cmagisso%2Cvitra&filter_color=beige%2Cblack%2Cblue&filter_size=s&per_page=18&per_row=3&shop_view=grid&stock_status=onsale HTTP/2" 200 23762 "-" "Mozilla/5.0 AppleWebKit/537.36 (KHTML, like Gecko; compatible; GPTBot/1.2; +https://openai.com/gptbot)"
38.91.101.117 - - [14/Mar/2025:09:26:54 +0000] "POST /store/wp-cron.php?doing_wp_cron=1741944414.5681629180908203125000 HTTP/1.1" 200 0 "-" "WordPress/6.7.2; https://valuecartpk.shop/store"
20.171.207.177 - - [14/Mar/2025:09:26:52 +0000] "GET /store/shop/?filter_brand=joseph-joseph%2Cmagisso%2Cvitra&filter_color=beige%2Cblack%2Cblue&filter_size=s&per_page=18&per_row=4&shop_view=grid&stock_status=onsale HTTP/2" 200 23762 "-" "Mozilla/5.0 AppleWebKit/537.36 (KHTML, like Gecko; compatible; GPTBot/1.2; +https://openai.com/gptbot)"
20.171.207.177 - - [14/Mar/2025:09:27:04 +0000] "GET /store/shop/?filter_brand=eva-solo%2Cjoseph-joseph%2Cklober&filter_color=brown%2Cyellow&filter_size=l%2Cm&per_page=12&stock_status=onsale HTTP/2" 200 23683 "-" "Mozilla/5.0 AppleWebKit/537.36 (KHTML, like Gecko; compatible; GPTBot/1.2; +https://openai.com/gptbot)"
20.171.207.177 - - [14/Mar/2025:09:27:14 +0000] "GET /store/shop/?filter_brand=eva-solo%2Cvitra&filter_color=beige%2Cblue%2Cyellow&filter_size=m&per_page=9&stock_status=instock HTTP/2" 200 25952 "-" "Mozilla/5.0 AppleWebKit/537.36 (KHTML, like Gecko; compatible; GPTBot/1.2; +https://openai.com/gptbot)"
20.171.207.177 - - [14/Mar/2025:09:27:24 +0000] "GET /store/shop/?filter_brand=eva-solo%2Cjoseph-joseph%2Cvitra&filter_color=beige%2Cblack%2Cbrown%2Cyellow&per_page=9&per_row=3&shop_view=grid HTTP/2" 200 26430 "-" "Mozilla/5.0 AppleWebKit/537.36 (KHTML, like Gecko; compatible; GPTBot/1.2; +https://openai.com/gptbot)"
20.171.207.177 - - [14/Mar/2025:09:27:33 +0000] "GET /store/shop/?filter_brand=eva-solo%2Cjoseph-joseph%2Cmagisso&filter_color=beige%2Cyellow&filter_size=m&per_page=24&stock_status=instock HTTP/2" 200 25968 "-" "Mozilla/5.0 AppleWebKit/537.36 (KHTML, like Gecko; compatible; GPTBot/1.2; +https://openai.com/gptbot)"
20.171.207.177 - - [14/Mar/2025:09:27:40 +0000] "GET /store/shop/?filter_brand=joseph-joseph%2Cmagisso%2Cvitra&filter_color=beige%2Cblack%2Cblue&filter_size=m%2Cs&per_row=4&shop_view=grid HTTP/2" 500 1035 "-" "Mozilla/5.0 AppleWebKit/537.36 (KHTML, like Gecko; compatible; GPTBot/1.2; +https://openai.com/gptbot)"
20.171.207.177 - - [14/Mar/2025:09:27:47 +0000] "GET /store/shop/?filter_brand=eva-solo%2Cjoseph-joseph%2Cvitra&filter_color=black%2Cbrown%2Cyellow&filter_size=s&per_page=24&stock_status=instock%2Consale HTTP/2" 200 23689 "-" "Mozilla/5.0 AppleWebKit/537.36 (KHTML, like Gecko; compatible; GPTBot/1.2; +https://openai.com/gptbot)"
20.171.207.177 - - [14/Mar/2025:09:28:07 +0000] "GET /store/shop/?filter_brand=eva-solo%2Cjoseph-joseph&filter_color=beige%2Cblue%2Cbrown%2Cyellow&filter_size=l&per_page=24&stock_status=instock%2Consale HTTP/2" 200 23689 "-" "Mozilla/5.0 AppleWebKit/537.36 (KHTML, like Gecko; compatible; GPTBot/1.2; +https://openai.com/gptbot)"
20.171.207.177 - - [14/Mar/2025:09:28:26 +0000] "GET /store/shop/?filter_brand=joseph-joseph%2Cmagisso%2Cvitra&filter_color=blue%2Cyellow&filter_size=s&per_page=18&stock_status=instock%2Consale HTTP/2" 200 23670 "-" "Mozilla/5.0 AppleWebKit/537.36 (KHTML, like Gecko; compatible; GPTBot/1.2; +https://openai.com/gptbot)"
20.171.207.177 - - [14/Mar/2025:09:28:43 +0000] "GET /store/shop/?filter_brand=eva-solo%2Cjoseph-joseph%2Cmagisso%2Cvitra&filter_color=blue%2Cyellow&filter_size=s&per_page=18&stock_status=onsale HTTP/2" 200 23732 "-" "Mozilla/5.0 AppleWebKit/537.36 (KHTML, like Gecko; compatible; GPTBot/1.2; +https://openai.com/gptbot)"
38.91.101.117 - - [14/Mar/2025:09:28:09 +0000] "POST /store/wp-cron.php?doing_wp_cron=1741944489.1791539192199707031250 HTTP/1.1" 200 0 "-" "WordPress/6.7.2; https://valuecartpk.shop/store"
38.91.101.117 - - [14/Mar/2025:09:31:11 +0000] "POST /store/wp-cron.php?doing_wp_cron=1741944670.9982519149780273437500 HTTP/1.1" 200 0 "-" "WordPress/6.7.2; https://valuecartpk.shop/store"
20.171.207.177 - - [14/Mar/2025:09:31:41 +0000] "GET /store/shop/?filter_brand=eva-solo%2Cjoseph-joseph%2Cvitra&filter_color=beige%2Cblack&filter_size=l%2Cm%2Cs&per_page=18&stock_status=instock HTTP/2" 200 26445 "-" "Mozilla/5.0 AppleWebKit/537.36 (KHTML, like Gecko; compatible; GPTBot/1.2; +https://openai.com/gptbot)"
38.91.101.117 - - [14/Mar/2025:09:31:58 +0000] "POST /store/wp-cron.php?doing_wp_cron=1741944718.4400858879089355468750 HTTP/1.1" 200 0 "-" "WordPress/6.7.2; https://valuecartpk.shop/store"
20.171.207.177 - - [14/Mar/2025:09:28:57 +0000] "GET /store/shop/?filter_brand=eva-solo%2Cjoseph-joseph%2Cvitra&filter_color=beige%2Cblack&filter_size=l%2Cm%2Cs&per_page=24&stock_status=instock HTTP/2" 200 26444 "-" "Mozilla/5.0 AppleWebKit/537.36 (KHTML, like Gecko; compatible; GPTBot/1.2; +https://openai.com/gptbot)"
20.171.207.177 - - [14/Mar/2025:09:29:11 +0000] "GET /store/shop/?filter_brand=eva-solo%2Cjoseph-joseph%2Cklober&filter_color=brown%2Cyellow&filter_size=l%2Cm&per_page=12&stock_status=instock%2Consale HTTP/2" 200 23667 "-" "Mozilla/5.0 AppleWebKit/537.36 (KHTML, like Gecko; compatible; GPTBot/1.2; +https://openai.com/gptbot)"
20.171.207.177 - - [14/Mar/2025:09:29:23 +0000] "GET /store/shop/?filter_brand=eva-solo%2Cvitra&filter_color=beige%2Cblue%2Cbrown%2Cyellow&filter_size=l%2Cs&per_page=24&stock_status=instock HTTP/2" 200 26457 "-" "Mozilla/5.0 AppleWebKit/537.36 (KHTML, like Gecko; compatible; GPTBot/1.2; +https://openai.com/gptbot)"
20.171.207.177 - - [14/Mar/2025:09:29:35 +0000] "GET /store/shop/?filter_brand=eva-solo%2Cvitra&filter_color=beige%2Cyellow&filter_size=m&stock_status=instock HTTP/2" 200 25799 "-" "Mozilla/5.0 AppleWebKit/537.36 (KHTML, like Gecko; compatible; GPTBot/1.2; +https://openai.com/gptbot)"
20.171.207.177 - - [14/Mar/2025:09:29:44 +0000] "GET /store/shop/?filter_brand=eva-solo%2Cjoseph-joseph%2Cmagisso&filter_color=beige%2Cyellow&filter_size=m&per_page=24&stock_status=instock%2Consale HTTP/2" 200 23709 "-" "Mozilla/5.0 AppleWebKit/537.36 (KHTML, like Gecko; compatible; GPTBot/1.2; +https://openai.com/gptbot)"
20.171.207.177 - - [14/Mar/2025:09:29:53 +0000] "GET /store/shop/?filter_brand=eva-solo%2Cjoseph-joseph%2Cvitra&filter_color=beige%2Cblack%2Cbrown%2Cyellow&per_page=9&per_row=3&shop_view=grid&stock_status=instock HTTP/2" 500 1035 "-" "Mozilla/5.0 AppleWebKit/537.36 (KHTML, like Gecko; compatible; GPTBot/1.2; +https://openai.com/gptbot)"
20.171.207.177 - - [14/Mar/2025:09:30:01 +0000] "GET /store/shop/?filter_brand=eva-solo%2Cvitra&filter_color=beige%2Cblue%2Cyellow&filter_size=m&per_page=24&stock_status=instock HTTP/2" 200 25943 "-" "Mozilla/5.0 AppleWebKit/537.36 (KHTML, like Gecko; compatible; GPTBot/1.2; +https://openai.com/gptbot)"
20.171.207.177 - - [14/Mar/2025:09:31:56 +0000] "GET /store/shop/?filter_brand=joseph-joseph%2Cvitra&filter_color=beige%2Cblack&filter_size=m%2Cs&per_page=12&stock_status=instock HTTP/2" 200 26421 "-" "Mozilla/5.0 AppleWebKit/537.36 (KHTML, like Gecko; compatible; GPTBot/1.2; +https://openai.com/gptbot)"
20.171.207.177 - - [14/Mar/2025:09:30:48 +0000] "GET /store/shop/?filter_brand=eva-solo%2Cjoseph-joseph&filter_color=blue%2Cbrown&filter_size=l%2Cm&per_page=12&stock_status=instock%2Consale HTTP/2" 200 23658 "-" "Mozilla/5.0 AppleWebKit/537.36 (KHTML, like Gecko; compatible; GPTBot/1.2; +https://openai.com/gptbot)"
2a06:98c0:3600::103 - - [14/Mar/2025:09:29:46 +0000] "GET /wordpress/wp-admin/setup-config.php HTTP/1.1" 404 1251 "-" "Mozilla/5.0 (Windows NT 10.0; Win64; x64) AppleWebKit/537.36 (KHTML, like Gecko) Chrome/133.0.0.0 Safari/537.36"
20.171.207.177 - - [14/Mar/2025:09:32:20 +0000] "GET /store/shop/?filter_brand=eva-solo%2Cvitra&filter_color=beige%2Cyellow&filter_size=m&per_page=24&stock_status=instock HTTP/2" 200 25818 "-" "Mozilla/5.0 AppleWebKit/537.36 (KHTML, like Gecko; compatible; GPTBot/1.2; +https://openai.com/gptbot)"
38.91.101.117 - - [14/Mar/2025:09:24:02 +0000] "POST /store/wp-cron.php?doing_wp_cron=1741944242.0698740482330322265625 HTTP/1.1" 200 0 "-" "WordPress/6.7.2; https://valuecartpk.shop/store"
2a06:98c0:3600::103 - - [14/Mar/2025:09:30:04 +0000] "GET /wp-admin/setup-config.php HTTP/1.1" 404 1251 "-" "Mozilla/5.0 (Windows NT 10.0; Win64; x64) AppleWebKit/537.36 (KHTML, like Gecko) Chrome/133.0.0.0 Safari/537.36"
20.171.207.177 - - [14/Mar/2025:09:31:26 +0000] "GET /store/shop/?filter_brand=eva-solo%2Cjoseph-joseph%2Cmagisso%2Cvitra&filter_color=blue%2Cyellow&filter_size=s&per_page=18&stock_status=instock%2Consale HTTP/2" 200 23731 "-" "Mozilla/5.0 AppleWebKit/537.36 (KHTML, like Gecko; compatible; GPTBot/1.2; +https://openai.com/gptbot)"
20.171.207.177 - - [14/Mar/2025:09:30:26 +0000] "GET /store/shop/?filter_brand=eva-solo%2Cvitra&filter_color=beige%2Cblue%2Cyellow&filter_size=m&per_page=12&stock_status=instock HTTP/2" 200 25942 "-" "Mozilla/5.0 AppleWebKit/537.36 (KHTML, like Gecko; compatible; GPTBot/1.2; +https://openai.com/gptbot)"
20.171.207.177 - - [14/Mar/2025:09:31:08 +0000] "GET /store/shop/?filter_brand=joseph-joseph%2Cmagisso%2Cvitra&filter_color=blue%2Cyellow&filter_size=s&per_page=18&stock_status=instock HTTP/2" 200 25970 "-" "Mozilla/5.0 AppleWebKit/537.36 (KHTML, like Gecko; compatible; GPTBot/1.2; +https://openai.com/gptbot)"
2a06:98c0:3600::103 - - [14/Mar/2025:09:24:37 +0000] "GET /wordpress/wp-admin/setup-config.php HTTP/1.1" 404 1251 "-" "Mozilla/5.0 (Windows NT 10.0; Win64; x64) AppleWebKit/537.36 (KHTML, like Gecko) Chrome/133.0.0.0 Safari/537.36"
38.91.101.117 - - [14/Mar/2025:09:28:59 +0000] "POST /store/wp-cron.php?doing_wp_cron=1741944539.8513801097869873046875 HTTP/1.1" 200 0 "-" "WordPress/6.7.2; https://valuecartpk.shop/store"
38.91.101.117 - - [14/Mar/2025:09:35:04 +0000] "POST /store/wp-cron.php?doing_wp_cron=1741944903.3553578853607177734375 HTTP/1.1" 200 0 "-" "WordPress/6.7.2; https://valuecartpk.shop/store"
20.171.207.177 - - [14/Mar/2025:09:35:00 +0000] "GET /store/shop/?filter_brand=joseph-joseph%2Cklober%2Cvitra&filter_color=blue%2Cyellow&filter_size=s&per_page=12&stock_status=instock%2Consale HTTP/2" 200 23668 "-" "Mozilla/5.0 AppleWebKit/537.36 (KHTML, like Gecko; compatible; GPTBot/1.2; +https://openai.com/gptbot)"
2a06:98c0:3600::103 - - [14/Mar/2025:09:33:53 +0000] "GET /wordpress/wp-admin/setup-config.php HTTP/1.1" 404 1251 "-" "Mozilla/5.0 (Windows NT 10.0; Win64; x64) AppleWebKit/537.36 (KHTML, like Gecko) Chrome/133.0.0.0 Safari/537.36"
38.91.101.117 - - [14/Mar/2025:09:33:16 +0000] "POST /store/wp-cron.php?doing_wp_cron=1741944796.1447789669036865234375 HTTP/1.1" 200 0 "-" "WordPress/6.7.2; https://valuecartpk.shop/store"
20.171.207.177 - - [14/Mar/2025:09:33:57 +0000] "GET /store/shop/?filter_brand=joseph-joseph%2Cmagisso%2Cvitra&filter_color=blue%2Cyellow&filter_size=s&per_page=18&per_row=4&shop_view=grid&stock_status=instock HTTP/2" 200 25974 "-" "Mozilla/5.0 AppleWebKit/537.36 (KHTML, like Gecko; compatible; GPTBot/1.2; +https://openai.com/gptbot)"
2a06:98c0:3600::103 - - [14/Mar/2025:09:34:26 +0000] "GET /wp-admin/setup-config.php HTTP/1.1" 404 1251 "-" "Mozilla/5.0 (Windows NT 10.0; Win64; x64) AppleWebKit/537.36 (KHTML, like Gecko) Chrome/133.0.0.0 Safari/537.36"
20.171.207.177 - - [14/Mar/2025:09:34:47 +0000] "GET /store/shop/?filter_brand=joseph-joseph%2Cvitra&filter_color=beige%2Cblack&filter_size=m%2Cs&per_page=12&per_row=2&shop_view=grid&stock_status=instock HTTP/2" 200 26430 "-" "Mozilla/5.0 AppleWebKit/537.36 (KHTML, like Gecko; compatible; GPTBot/1.2; +https://openai.com/gptbot)"
20.171.207.177 - - [14/Mar/2025:09:32:41 +0000] "GET /store/shop/?filter_brand=eva-solo%2Cvitra&filter_color=beige%2Cyellow&filter_size=m&per_page=12&stock_status=instock HTTP/2" 500 1034 "-" "Mozilla/5.0 AppleWebKit/537.36 (KHTML, like Gecko; compatible; GPTBot/1.2; +https://openai.com/gptbot)"
20.171.207.177 - - [14/Mar/2025:09:32:48 +0000] "GET /store/shop/?filter_brand=eva-solo%2Cvitra&filter_color=beige%2Cyellow&filter_size=m&per_page=18&stock_status=instock HTTP/2" 200 25821 "-" "Mozilla/5.0 AppleWebKit/537.36 (KHTML, like Gecko; compatible; GPTBot/1.2; +https://openai.com/gptbot)"
20.171.207.177 - - [14/Mar/2025:09:33:13 +0000] "GET /store/shop/?filter_brand=eva-solo%2Cvitra&filter_color=beige%2Cyellow&filter_size=m&per_row=2&shop_view=grid&stock_status=instock HTTP/2" 200 25857 "-" "Mozilla/5.0 AppleWebKit/537.36 (KHTML, like Gecko; compatible; GPTBot/1.2; +https://openai.com/gptbot)"
20.171.207.177 - - [14/Mar/2025:09:33:36 +0000] "GET /store/shop/?filter_brand=eva-solo%2Cklober%2Cvitra&filter_color=brown%2Cyellow&filter_size=l%2Cs&per_page=12&stock_status=instock HTTP/2" 200 26099 "-" "Mozilla/5.0 AppleWebKit/537.36 (KHTML, like Gecko; compatible; GPTBot/1.2; +https://openai.com/gptbot)"
38.91.101.117 - - [14/Mar/2025:09:33:59 +0000] "POST /store/wp-cron.php?doing_wp_cron=1741944838.9942910671234130859375 HTTP/1.1" 200 0 "-" "WordPress/6.7.2; https://valuecartpk.shop/store"
20.171.207.177 - - [14/Mar/2025:09:34:15 +0000] "GET /store/shop/?filter_brand=joseph-joseph%2Cmagisso%2Cvitra&filter_color=blue%2Cyellow&filter_size=s&per_page=9&stock_status=instock HTTP/2" 200 25962 "-" "Mozilla/5.0 AppleWebKit/537.36 (KHTML, like Gecko; compatible; GPTBot/1.2; +https://openai.com/gptbot)"
20.171.207.177 - - [14/Mar/2025:09:34:31 +0000] "GET /store/shop/?filter_brand=eva-solo%2Cmagisso%2Cvitra&filter_color=black%2Cyellow&filter_size=l%2Cs&per_page=24&stock_status=instock HTTP/2" 200 26466 "-" "Mozilla/5.0 AppleWebKit/537.36 (KHTML, like Gecko; compatible; GPTBot/1.2; +https://openai.com/gptbot)"
38.91.101.117 - - [14/Mar/2025:09:24:59 +0000] "POST /store/wp-cron.php?doing_wp_cron=1741944299.0991830825805664062500 HTTP/1.1" 200 0 "-" "WordPress/6.7.2; https://valuecartpk.shop/store"
38.91.101.117 - - [14/Mar/2025:09:25:35 +0000] "POST /store/wp-cron.php?doing_wp_cron=1741944335.7818739414215087890625 HTTP/1.1" 200 0 "-" "WordPress/6.7.2; https://valuecartpk.shop/store"
38.91.101.117 - - [14/Mar/2025:09:25:56 +0000] "POST /store/wp-cron.php?doing_wp_cron=1741944355.7425990104675292968750 HTTP/1.1" 200 0 "-" "WordPress/6.7.2; https://valuecartpk.shop/store"
38.91.101.117 - - [14/Mar/2025:09:30:04 +0000] "POST /store/wp-cron.php?doing_wp_cron=1741944603.8932950496673583984375 HTTP/1.1" 200 0 "-" "WordPress/6.7.2; https://valuecartpk.shop/store"
20.171.207.177 - - [14/Mar/2025:09:32:09 +0000] "GET /store/shop/?filter_brand=joseph-joseph%2Cklober%2Cvitra&filter_color=blue%2Cyellow&filter_size=s&per_page=12&stock_status=instock HTTP/2" 200 25954 "-" "Mozilla/5.0 AppleWebKit/537.36 (KHTML, like Gecko; compatible; GPTBot/1.2; +https://openai.com/gptbot)"
20.171.207.177 - - [14/Mar/2025:09:32:30 +0000] "GET /store/shop/?filter_brand=eva-solo%2Cvitra&filter_color=beige%2Cyellow&filter_size=m&per_page=9&stock_status=instock HTTP/2" 200 25813 "-" "Mozilla/5.0 AppleWebKit/537.36 (KHTML, like Gecko; compatible; GPTBot/1.2; +https://openai.com/gptbot)"
20.171.207.177 - - [14/Mar/2025:09:35:23 +0000] "GET /store/shop/?filter_brand=joseph-joseph%2Cvitra&filter_color=beige%2Cblack&filter_size=m%2Cs&per_page=12&per_row=4&shop_view=grid&stock_status=instock HTTP/2" 200 26438 "-" "Mozilla/5.0 AppleWebKit/537.36 (KHTML, like Gecko; compatible; GPTBot/1.2; +https://openai.com/gptbot)"
20.171.207.177 - - [14/Mar/2025:09:35:42 +0000] "GET /store/shop/?filter_brand=eva-solo%2Cvitra&filter_color=beige%2Cyellow&filter_size=m&per_page=18 HTTP/2" 200 25808 "-" "Mozilla/5.0 AppleWebKit/537.36 (KHTML, like Gecko; compatible; GPTBot/1.2; +https://openai.com/gptbot)"
38.91.101.117 - - [14/Mar/2025:09:38:00 +0000] "POST /store/wp-cron.php?doing_wp_cron=1741945080.0549759864807128906250 HTTP/1.1" 200 0 "-" "WordPress/6.7.2; https://valuecartpk.shop/store"
20.171.207.177 - - [14/Mar/2025:09:35:11 +0000] "GET /store/shop/?filter_brand=joseph-joseph%2Cvitra&filter_color=beige%2Cblack&filter_size=m%2Cs&per_page=12&per_row=3&shop_view=grid&stock_status=instock HTTP/2" 200 26435 "-" "Mozilla/5.0 AppleWebKit/537.36 (KHTML, like Gecko; compatible; GPTBot/1.2; +https://openai.com/gptbot)"
20.171.207.177 - - [14/Mar/2025:09:35:33 +0000] "GET /store/shop/?filter_brand=eva-solo%2Cvitra&filter_color=beige%2Cyellow&filter_size=m&per_page=12&stock_status=instock HTTP/2" 200 25818 "-" "Mozilla/5.0 AppleWebKit/537.36 (KHTML, like Gecko; compatible; GPTBot/1.2; +https://openai.com/gptbot)"
20.171.207.177 - - [14/Mar/2025:09:37:58 +0000] "GET /store/shop/?filter_brand=joseph-joseph%2Cvitra&filter_color=beige%2Cblack&filter_size=m%2Cs&per_page=24&per_row=4&shop_view=grid&stock_status=instock HTTP/2" 200 26434 "-" "Mozilla/5.0 AppleWebKit/537.36 (KHTML, like Gecko; compatible; GPTBot/1.2; +https://openai.com/gptbot)"
20.171.207.177 - - [14/Mar/2025:09:35:59 +0000] "GET /store/shop/?filter_brand=eva-solo%2Cvitra&filter_color=beige%2Cyellow&filter_size=m&per_page=24 HTTP/2" 200 25808 "-" "Mozilla/5.0 AppleWebKit/537.36 (KHTML, like Gecko; compatible; GPTBot/1.2; +https://openai.com/gptbot)"
20.171.207.177 - - [14/Mar/2025:09:37:00 +0000] "GET /store/shop/?filter_brand=joseph-joseph%2Cmagisso%2Cvitra&filter_color=blue%2Cyellow&filter_size=s&per_page=18&per_row=4&shop_view=grid&stock_status=instock%2Consale HTTP/2" 200 23746 "-" "Mozilla/5.0 AppleWebKit/537.36 (KHTML, like Gecko; compatible; GPTBot/1.2; +https://openai.com/gptbot)"
20.171.207.177 - - [14/Mar/2025:09:37:17 +0000] "GET /store/shop/?filter_brand=joseph-joseph%2Cvitra&filter_color=beige%2Cblack&filter_size=m%2Cs&per_page=18&per_row=2&shop_view=grid&stock_status=instock HTTP/2" 200 26429 "-" "Mozilla/5.0 AppleWebKit/537.36 (KHTML, like Gecko; compatible; GPTBot/1.2; +https://openai.com/gptbot)"
