103.166.150.82 - - [14/Mar/2025:11:25:04 +0000] "GET /store/wp-content/uploads/elementor/css/post-1451.css?ver=1741886268 HTTP/1.1" 200 983 "https://valuecartpk.shop/store/" "Mozilla/5.0 (Windows NT 10.0; Win64; x64) AppleWebKit/537.36 (KHTML, like Gecko) Chrome/134.0.0.0 Safari/537.36"
103.166.150.82 - - [14/Mar/2025:11:25:00 +0000] "GET /store/ HTTP/1.1" 200 37250 "https://valuecartpk.shop/store/product/decoration-wooden-present/" "Mozilla/5.0 (Windows NT 10.0; Win64; x64) AppleWebKit/537.36 (KHTML, like Gecko) Chrome/134.0.0.0 Safari/537.36"
103.166.150.82 - - [14/Mar/2025:11:24:37 +0000] "GET /store/wp-admin/post.php?post=15650&action=elementor HTTP/1.1" 200 233778 "https://valuecartpk.shop/store/wp-admin/admin.php?page=cartflows&path=store-checkout&action=wcf-edit-flow&flow_id=15648" "Mozilla/5.0 (Windows NT 10.0; Win64; x64) AppleWebKit/537.36 (KHTML, like Gecko) Chrome/134.0.0.0 Safari/537.36"
103.166.150.82 - - [14/Mar/2025:11:24:48 +0000] "GET /store/wp-admin/admin.php?page=xts_dashboard HTTP/1.1" 200 31092 "https://valuecartpk.shop/store/wp-admin/admin.php?page=cartflows&path=store-checkout&action=wcf-edit-flow&flow_id=15648" "Mozilla/5.0 (Windows NT 10.0; Win64; x64) AppleWebKit/537.36 (KHTML, like Gecko) Chrome/134.0.0.0 Safari/537.36"
103.166.150.82 - - [14/Mar/2025:11:25:03 +0000] "GET /store/step/store-checkout-04/?elementor-preview=15649&ver=1741951481 HTTP/1.1" 200 40130 "https://valuecartpk.shop/store/wp-admin/post.php?post=15649&action=elementor" "Mozilla/5.0 (Windows NT 10.0; Win64; x64) AppleWebKit/537.36 (KHTML, like Gecko) Chrome/134.0.0.0 Safari/537.36"
103.166.150.82 - - [14/Mar/2025:11:25:14 +0000] "GET /store/wp-content/uploads/2025/03/408-by-320-px-2.png HTTP/1.1" 200 109382 "https://valuecartpk.shop/store/" "Mozilla/5.0 (Windows NT 10.0; Win64; x64) AppleWebKit/537.36 (KHTML, like Gecko) Chrome/134.0.0.0 Safari/537.36"
103.166.150.82 - - [14/Mar/2025:11:25:04 +0000] "POST /store/wp-admin/admin-ajax.php HTTP/1.1" 200 71 "https://valuecartpk.shop/store/wp-admin/post.php?post=15649&action=elementor" "Mozilla/5.0 (Windows NT 10.0; Win64; x64) AppleWebKit/537.36 (KHTML, like Gecko) Chrome/134.0.0.0 Safari/537.36"
103.166.150.82 - - [14/Mar/2025:11:25:04 +0000] "GET /store/wp-json/elementor/v1/kit-elements-defaults HTTP/1.1" 200 6 "https://valuecartpk.shop/store/wp-admin/post.php?post=15649&action=elementor" "Mozilla/5.0 (Windows NT 10.0; Win64; x64) AppleWebKit/537.36 (KHTML, like Gecko) Chrome/134.0.0.0 Safari/537.36"
103.166.150.82 - - [14/Mar/2025:11:25:04 +0000] "GET /store/wp-json/elementor/v1/site-navigation/recent-posts?posts_per_page=6&_locale=user HTTP/1.1" 200 366 "https://valuecartpk.shop/store/wp-admin/post.php?post=15649&action=elementor" "Mozilla/5.0 (Windows NT 10.0; Win64; x64) AppleWebKit/537.36 (KHTML, like Gecko) Chrome/134.0.0.0 Safari/537.36"
103.166.150.82 - - [14/Mar/2025:11:25:04 +0000] "GET /store/wp-json/elementor/v1/checklist/user-progress HTTP/1.1" 200 183 "https://valuecartpk.shop/store/wp-admin/post.php?post=15649&action=elementor" "Mozilla/5.0 (Windows NT 10.0; Win64; x64) AppleWebKit/537.36 (KHTML, like Gecko) Chrome/134.0.0.0 Safari/537.36"
38.91.101.117 - - [14/Mar/2025:11:25:27 +0000] "POST /store/wp-cron.php?doing_wp_cron=1741951526.3252921104431152343750 HTTP/1.1" 200 0 "-" "WordPress/6.7.2; https://valuecartpk.shop/store"
103.166.150.82 - - [14/Mar/2025:11:25:04 +0000] "POST /store/wp-admin/admin-ajax.php HTTP/1.1" 200 51 "https://valuecartpk.shop/store/wp-admin/admin.php?page=cartflows&path=store-checkout&action=wcf-edit-flow&flow_id=15648" "Mozilla/5.0 (Windows NT 10.0; Win64; x64) AppleWebKit/537.36 (KHTML, like Gecko) Chrome/134.0.0.0 Safari/537.36"
103.166.150.82 - - [14/Mar/2025:11:25:07 +0000] "POST /store/wp-admin/admin-ajax.php HTTP/1.1" 200 71 "https://valuecartpk.shop/store/wp-admin/post.php?post=15650&action=elementor" "Mozilla/5.0 (Windows NT 10.0; Win64; x64) AppleWebKit/537.36 (KHTML, like Gecko) Chrome/134.0.0.0 Safari/537.36"
103.166.150.82 - - [14/Mar/2025:11:25:05 +0000] "GET /store/wp-content/uploads/2025/03/900-by-900px.png HTTP/1.1" 200 483462 "https://valuecartpk.shop/store/" "Mozilla/5.0 (Windows NT 10.0; Win64; x64) AppleWebKit/537.36 (KHTML, like Gecko) Chrome/134.0.0.0 Safari/537.36"
103.166.150.82 - - [14/Mar/2025:11:25:15 +0000] "GET /store/wp-content/uploads/2025/03/408-by-320-px-1.png HTTP/1.1" 200 221844 "https://valuecartpk.shop/store/" "Mozilla/5.0 (Windows NT 10.0; Win64; x64) AppleWebKit/537.36 (KHTML, like Gecko) Chrome/134.0.0.0 Safari/537.36"
103.166.150.82 - - [14/Mar/2025:11:25:15 +0000] "GET /store/wp-content/uploads/2025/03/408-by-320-px.png HTTP/1.1" 200 208139 "https://valuecartpk.shop/store/" "Mozilla/5.0 (Windows NT 10.0; Win64; x64) AppleWebKit/537.36 (KHTML, like Gecko) Chrome/134.0.0.0 Safari/537.36"
103.166.150.82 - - [14/Mar/2025:11:25:06 +0000] "GET /store/step/store-checkout-thank-you-04/?elementor-preview=15650&ver=1741951482 HTTP/1.1" 200 39865 "https://valuecartpk.shop/store/wp-admin/post.php?post=15650&action=elementor" "Mozilla/5.0 (Windows NT 10.0; Win64; x64) AppleWebKit/537.36 (KHTML, like Gecko) Chrome/134.0.0.0 Safari/537.36"
103.166.150.82 - - [14/Mar/2025:11:25:04 +0000] "POST /store/wp-admin/admin-ajax.php HTTP/1.1" 200 248429 "https://valuecartpk.shop/store/wp-admin/post.php?post=15649&action=elementor" "Mozilla/5.0 (Windows NT 10.0; Win64; x64) AppleWebKit/537.36 (KHTML, like Gecko) Chrome/134.0.0.0 Safari/537.36"
103.166.150.82 - - [14/Mar/2025:11:25:06 +0000] "GET /store/wp-content/uploads/2025/03/430-by-430-px-1.png HTTP/1.1" 200 170287 "https://valuecartpk.shop/store/" "Mozilla/5.0 (Windows NT 10.0; Win64; x64) AppleWebKit/537.36 (KHTML, like Gecko) Chrome/134.0.0.0 Safari/537.36"
103.166.150.82 - - [14/Mar/2025:11:25:05 +0000] "GET /store/wp-content/uploads/2025/03/430-by-430-px.png HTTP/1.1" 200 264841 "https://valuecartpk.shop/store/" "Mozilla/5.0 (Windows NT 10.0; Win64; x64) AppleWebKit/537.36 (KHTML, like Gecko) Chrome/134.0.0.0 Safari/537.36"
103.166.150.82 - - [14/Mar/2025:11:25:29 +0000] "GET /store/wp-content/uploads/2025/03/430-by-430-px-2.png HTTP/1.1" 200 175788 "https://valuecartpk.shop/store/" "Mozilla/5.0 (Windows NT 10.0; Win64; x64) AppleWebKit/537.36 (KHTML, like Gecko) Chrome/134.0.0.0 Safari/537.36"
103.166.150.82 - - [14/Mar/2025:11:25:07 +0000] "POST /store/wp-admin/admin-ajax.php HTTP/1.1" 200 254769 "https://valuecartpk.shop/store/wp-admin/post.php?post=15650&action=elementor" "Mozilla/5.0 (Windows NT 10.0; Win64; x64) AppleWebKit/537.36 (KHTML, like Gecko) Chrome/134.0.0.0 Safari/537.36"
103.166.150.82 - - [14/Mar/2025:11:25:29 +0000] "GET /store/wp-content/uploads/2025/03/860-by-860-px.png HTTP/1.1" 200 796182 "https://valuecartpk.shop/store/" "Mozilla/5.0 (Windows NT 10.0; Win64; x64) AppleWebKit/537.36 (KHTML, like Gecko) Chrome/134.0.0.0 Safari/537.36"
103.166.150.82 - - [14/Mar/2025:11:25:44 +0000] "GET /store/wp-content/uploads/2025/03/860-by-860-px-800x800.png HTTP/1.1" 200 663760 "https://valuecartpk.shop/store/" "Mozilla/5.0 (Windows NT 10.0; Win64; x64) AppleWebKit/537.36 (KHTML, like Gecko) Chrome/134.0.0.0 Safari/537.36"
103.166.150.82 - - [14/Mar/2025:11:25:27 +0000] "GET /store/wp-json/elementor/v1/kit-elements-defaults HTTP/1.1" 200 6 "https://valuecartpk.shop/store/wp-admin/post.php?post=15650&action=elementor" "Mozilla/5.0 (Windows NT 10.0; Win64; x64) AppleWebKit/537.36 (KHTML, like Gecko) Chrome/134.0.0.0 Safari/537.36"
103.166.150.82 - - [14/Mar/2025:11:25:27 +0000] "GET /store/wp-json/elementor/v1/site-navigation/recent-posts?posts_per_page=6&_locale=user HTTP/1.1" 200 366 "https://valuecartpk.shop/store/wp-admin/post.php?post=15650&action=elementor" "Mozilla/5.0 (Windows NT 10.0; Win64; x64) AppleWebKit/537.36 (KHTML, like Gecko) Chrome/134.0.0.0 Safari/537.36"
65.108.64.210 - - [14/Mar/2025:11:18:38 +0000] "GET /store/shop/?filter_color=beige,black,blue,brown,yellow&filter_brand=vitra&stock_status=instock&filter_size=l,s HTTP/1.1" 200 25952 "-" "Mozilla/5.0 (compatible; MJ12bot/v1.4.8; http://mj12bot.com/)"
2a06:98c0:3600::103 - - [14/Mar/2025:11:18:45 +0000] "GET /wp-admin/setup-config.php HTTP/1.1" 404 1251 "-" "Mozilla/5.0 (Windows NT 10.0; Win64; x64) AppleWebKit/537.36 (KHTML, like Gecko) Chrome/133.0.0.0 Safari/537.36"
20.171.207.177 - - [14/Mar/2025:11:18:43 +0000] "GET /store/shop/?filter_brand=joseph-joseph%2Cmagisso%2Cvitra&filter_color=black%2Cblue&filter_size=m&per_page=24&per_row=4&shop_view=grid&stock_status=onsale HTTP/2" 200 23685 "-" "Mozilla/5.0 AppleWebKit/537.36 (KHTML, like Gecko; compatible; GPTBot/1.2; +https://openai.com/gptbot)"
20.171.207.177 - - [14/Mar/2025:11:19:48 +0000] "GET /store/shop/?filter_brand=eva-solo%2Cjoseph-joseph%2Cmagisso&filter_color=beige%2Cblack%2Cblue%2Cbrown&filter_size=s&per_row=3&shop_view=grid HTTP/2" 200 26004 "-" "Mozilla/5.0 AppleWebKit/537.36 (KHTML, like Gecko; compatible; GPTBot/1.2; +https://openai.com/gptbot)"
20.171.207.177 - - [14/Mar/2025:11:20:47 +0000] "GET /store/shop/?filter_brand=joseph-joseph%2Cklober%2Cvitra&filter_color=beige%2Cblue%2Cyellow&per_page=9&per_row=3&shop_view=grid&stock_status=onsale HTTP/2" 200 23689 "-" "Mozilla/5.0 AppleWebKit/537.36 (KHTML, like Gecko; compatible; GPTBot/1.2; +https://openai.com/gptbot)"
20.171.207.177 - - [14/Mar/2025:11:21:39 +0000] "GET /store/shop/?filter_brand=joseph-joseph%2Cklober%2Cvitra&filter_color=beige%2Cblue%2Cyellow&per_page=12&per_row=3&shop_view=grid HTTP/2" 200 26452 "-" "Mozilla/5.0 AppleWebKit/537.36 (KHTML, like Gecko; compatible; GPTBot/1.2; +https://openai.com/gptbot)"
20.171.207.177 - - [14/Mar/2025:11:22:27 +0000] "GET /store/shop/?filter_brand=magisso%2Cvitra&filter_color=beige%2Cblack%2Cbrown&per_row=3&shop_view=grid&stock_status=instock%2Consale HTTP/2" 200 23635 "-" "Mozilla/5.0 AppleWebKit/537.36 (KHTML, like Gecko; compatible; GPTBot/1.2; +https://openai.com/gptbot)"
20.171.207.177 - - [14/Mar/2025:11:23:07 +0000] "GET /store/shop/?filter_brand=joseph-joseph%2Cklober%2Cvitra&filter_color=beige%2Cblue%2Cyellow&per_page=18&per_row=3&shop_view=grid HTTP/2" 200 26448 "-" "Mozilla/5.0 AppleWebKit/537.36 (KHTML, like Gecko; compatible; GPTBot/1.2; +https://openai.com/gptbot)"
20.171.207.177 - - [14/Mar/2025:11:23:44 +0000] "GET /store/shop/?filter_brand=joseph-joseph%2Cklober&filter_color=beige%2Cblack%2Cblue&filter_size=m&per_page=24&stock_status=instock%2Consale HTTP/2" 200 23718 "-" "Mozilla/5.0 AppleWebKit/537.36 (KHTML, like Gecko; compatible; GPTBot/1.2; +https://openai.com/gptbot)"
38.91.101.117 - - [14/Mar/2025:11:23:52 +0000] "POST /store/wp-cron.php?doing_wp_cron=1741951432.2188088893890380859375 HTTP/1.1" 200 0 "-" "WordPress/6.7.2; https://valuecartpk.shop/store"
20.171.207.177 - - [14/Mar/2025:11:24:17 +0000] "GET /store/shop/?filter_brand=eva-solo%2Cjoseph-joseph%2Cklober&filter_color=beige%2Cblue%2Cbrown&filter_size=m&per_page=18&stock_status=instock%2Consale HTTP/2" 200 23787 "-" "Mozilla/5.0 AppleWebKit/537.36 (KHTML, like Gecko; compatible; GPTBot/1.2; +https://openai.com/gptbot)"
20.171.207.177 - - [14/Mar/2025:11:24:46 +0000] "GET /store/shop/?filter_brand=joseph-joseph%2Cklober&filter_color=blue%2Cyellow&filter_size=m%2Cs&per_page=12&stock_status=instock HTTP/2" 200 26278 "-" "Mozilla/5.0 AppleWebKit/537.36 (KHTML, like Gecko; compatible; GPTBot/1.2; +https://openai.com/gptbot)"
38.91.101.117 - - [14/Mar/2025:11:25:20 +0000] "POST /store/wp-cron.php?doing_wp_cron=1741951520.3241090774536132812500 HTTP/1.1" 200 0 "-" "WordPress/6.7.2; https://valuecartpk.shop/store"
20.171.207.177 - - [14/Mar/2025:11:25:14 +0000] "GET /store/shop/?filter_brand=eva-solo%2Cmagisso%2Cvitra&filter_color=beige%2Cblack%2Cyellow&filter_size=l&per_page=12&stock_status=instock%2Consale HTTP/2" 200 23709 "-" "Mozilla/5.0 AppleWebKit/537.36 (KHTML, like Gecko; compatible; GPTBot/1.2; +https://openai.com/gptbot)"
103.166.150.82 - - [14/Mar/2025:11:25:26 +0000] "GET /store/wp-json/elementor/v1/globals HTTP/1.1" 200 272 "https://valuecartpk.shop/store/wp-admin/post.php?post=15649&action=elementor" "Mozilla/5.0 (Windows NT 10.0; Win64; x64) AppleWebKit/537.36 (KHTML, like Gecko) Chrome/134.0.0.0 Safari/537.36"
103.166.150.82 - - [14/Mar/2025:11:25:27 +0000] "GET /store/wp-json/elementor/v1/checklist/user-progress HTTP/1.1" 200 183 "https://valuecartpk.shop/store/wp-admin/post.php?post=15650&action=elementor" "Mozilla/5.0 (Windows NT 10.0; Win64; x64) AppleWebKit/537.36 (KHTML, like Gecko) Chrome/134.0.0.0 Safari/537.36"
103.166.150.82 - - [14/Mar/2025:11:25:30 +0000] "POST /store/wp-admin/admin-ajax.php HTTP/1.1" 200 1951 "https://valuecartpk.shop/store/" "Mozilla/5.0 (Windows NT 10.0; Win64; x64) AppleWebKit/537.36 (KHTML, like Gecko) Chrome/134.0.0.0 Safari/537.36"
103.166.150.82 - - [14/Mar/2025:11:25:45 +0000] "POST /store/wp-admin/admin-ajax.php HTTP/1.1" 200 71 "https://valuecartpk.shop/store/wp-admin/post.php?post=15649&action=elementor" "Mozilla/5.0 (Windows NT 10.0; Win64; x64) AppleWebKit/537.36 (KHTML, like Gecko) Chrome/134.0.0.0 Safari/537.36"
103.166.150.82 - - [14/Mar/2025:11:25:40 +0000] "GET /store/wp-admin/admin.php?page=xts_header_builder HTTP/1.1" 200 59347 "https://valuecartpk.shop/store/wp-admin/admin.php?page=xts_dashboard" "Mozilla/5.0 (Windows NT 10.0; Win64; x64) AppleWebKit/537.36 (KHTML, like Gecko) Chrome/134.0.0.0 Safari/537.36"
103.166.150.82 - - [14/Mar/2025:11:25:54 +0000] "GET /store/wp-json/elementor/v1/globals HTTP/1.1" 200 272 "https://valuecartpk.shop/store/wp-admin/post.php?post=15650&action=elementor" "Mozilla/5.0 (Windows NT 10.0; Win64; x64) AppleWebKit/537.36 (KHTML, like Gecko) Chrome/134.0.0.0 Safari/537.36"
103.166.150.82 - - [14/Mar/2025:11:25:57 +0000] "GET /store/wp-json/elementor/v1/checklist/user-progress HTTP/1.1" 200 183 "https://valuecartpk.shop/store/wp-admin/post.php?post=15649&action=elementor" "Mozilla/5.0 (Windows NT 10.0; Win64; x64) AppleWebKit/537.36 (KHTML, like Gecko) Chrome/134.0.0.0 Safari/537.36"
103.166.150.82 - - [14/Mar/2025:11:25:59 +0000] "POST /store/wp-admin/admin-ajax.php HTTP/1.1" 200 186 "https://valuecartpk.shop/store/wp-admin/post.php?post=15649&action=elementor" "Mozilla/5.0 (Windows NT 10.0; Win64; x64) AppleWebKit/537.36 (KHTML, like Gecko) Chrome/134.0.0.0 Safari/537.36"
103.166.150.82 - - [14/Mar/2025:11:26:05 +0000] "GET /store/wp-json/elementor/v1/checklist/user-progress HTTP/1.1" 200 183 "https://valuecartpk.shop/store/wp-admin/post.php?post=15650&action=elementor" "Mozilla/5.0 (Windows NT 10.0; Win64; x64) AppleWebKit/537.36 (KHTML, like Gecko) Chrome/134.0.0.0 Safari/537.36"
103.166.150.82 - - [14/Mar/2025:11:26:07 +0000] "POST /store/wp-admin/admin-ajax.php HTTP/1.1" 200 186 "https://valuecartpk.shop/store/wp-admin/post.php?post=15650&action=elementor" "Mozilla/5.0 (Windows NT 10.0; Win64; x64) AppleWebKit/537.36 (KHTML, like Gecko) Chrome/134.0.0.0 Safari/537.36"
103.166.150.82 - - [14/Mar/2025:11:26:35 +0000] "GET /store/wp-admin/admin-ajax.php?action=woodmart_load_header&id=header_952974&security=1f699763f8 HTTP/1.1" 200 13606 "https://valuecartpk.shop/store/wp-admin/admin.php?page=xts_header_builder" "Mozilla/5.0 (Windows NT 10.0; Win64; x64) AppleWebKit/537.36 (KHTML, like Gecko) Chrome/134.0.0.0 Safari/537.36"
103.166.150.82 - - [14/Mar/2025:11:26:51 +0000] "POST /store/wp-admin/admin-ajax.php HTTP/1.1" 200 7399 "https://valuecartpk.shop/store/wp-admin/admin.php?page=xts_header_builder" "Mozilla/5.0 (Windows NT 10.0; Win64; x64) AppleWebKit/537.36 (KHTML, like Gecko) Chrome/134.0.0.0 Safari/537.36"
103.166.150.82 - - [14/Mar/2025:11:26:55 +0000] "GET /store/wp-content/uploads/2025/03/408-by-320-px-2-383x300.png HTTP/1.1" 200 95127 "https://valuecartpk.shop/store/wp-admin/admin.php?page=xts_header_builder" "Mozilla/5.0 (Windows NT 10.0; Win64; x64) AppleWebKit/537.36 (KHTML, like Gecko) Chrome/134.0.0.0 Safari/537.36"
65.108.64.210 - - [14/Mar/2025:11:11:47 +0000] "GET /store/shop/?filter_color=beige,black,blue,brown,yellow&filter_brand=klober&stock_status=instock&filter_size=l HTTP/1.1" 200 23699 "-" "Mozilla/5.0 (compatible; MJ12bot/v1.4.8; http://mj12bot.com/)"
65.108.64.210 - - [14/Mar/2025:11:12:18 +0000] "GET /store/shop/?filter_color=beige,black,blue,brown,yellow&filter_brand=klober&stock_status=instock&filter_size=m,s HTTP/1.1" 200 23756 "-" "Mozilla/5.0 (compatible; MJ12bot/v1.4.8; http://mj12bot.com/)"
65.108.64.210 - - [14/Mar/2025:11:13:46 +0000] "GET /store/shop/?filter_color=beige,black,blue,brown,yellow&filter_brand=klober&stock_status=onsale&filter_size=l,m,s HTTP/1.1" 200 23747 "-" "Mozilla/5.0 (compatible; MJ12bot/v1.4.8; http://mj12bot.com/)"
65.108.64.210 - - [14/Mar/2025:11:13:54 +0000] "GET /store/shop/?filter_color=beige,black,blue,brown,yellow&filter_brand=klober&stock_status=onsale&filter_size=l,s HTTP/1.1" 200 23760 "-" "Mozilla/5.0 (compatible; MJ12bot/v1.4.8; http://mj12bot.com/)"
65.108.64.210 - - [14/Mar/2025:11:14:08 +0000] "GET /store/shop/?filter_color=beige,black,blue,brown,yellow&filter_brand=klober&stock_status=onsale&filter_size=m,s HTTP/1.1" 200 23765 "-" "Mozilla/5.0 (compatible; MJ12bot/v1.4.8; http://mj12bot.com/)"
65.108.64.210 - - [14/Mar/2025:11:15:47 +0000] "GET /store/shop/?filter_color=beige,black,blue,brown,yellow&filter_brand=magisso,vitra&stock_status=instock,onsale&filter_size=m,s HTTP/1.1" 200 23725 "-" "Mozilla/5.0 (compatible; MJ12bot/v1.4.8; http://mj12bot.com/)"
65.108.64.210 - - [14/Mar/2025:11:16:24 +0000] "GET /store/shop/?filter_color=beige,black,blue,brown,yellow&filter_brand=magisso,vitra&stock_status=onsale&filter_size=m HTTP/1.1" 200 23723 "-" "Mozilla/5.0 (compatible; MJ12bot/v1.4.8; http://mj12bot.com/)"
65.108.64.210 - - [14/Mar/2025:11:17:54 +0000] "GET /store/shop/?filter_color=beige,black,blue,brown,yellow&filter_brand=vitra&per_page=9 HTTP/1.1" 200 25821 "-" "Mozilla/5.0 (compatible; MJ12bot/v1.4.8; http://mj12bot.com/)"
65.108.64.210 - - [14/Mar/2025:11:18:36 +0000] "GET /store/shop/?filter_color=beige,black,blue,brown,yellow&filter_brand=vitra&stock_status=instock&filter_size=l,m,s HTTP/1.1" 500 264 "-" "Mozilla/5.0 (compatible; MJ12bot/v1.4.8; http://mj12bot.com/)"
65.108.64.210 - - [14/Mar/2025:11:19:20 +0000] "GET /store/shop/?filter_color=beige,black,blue,brown,yellow&filter_brand=vitra&stock_status=instock,onsale&filter_size=l,m,s HTTP/1.1" 200 23716 "-" "Mozilla/5.0 (compatible; MJ12bot/v1.4.8; http://mj12bot.com/)"
38.91.101.117 - - [14/Mar/2025:11:19:53 +0000] "POST /store/wp-cron.php?doing_wp_cron=1741951193.3813309669494628906250 HTTP/1.1" 200 0 "-" "WordPress/6.7.2; https://valuecartpk.shop/store"
65.108.64.210 - - [14/Mar/2025:11:20:07 +0000] "GET /store/shop/?filter_color=beige,black,blue,brown,yellow&filter_brand=vitra&stock_status=onsale&filter_size=l,s HTTP/1.1" 200 23681 "-" "Mozilla/5.0 (compatible; MJ12bot/v1.4.8; http://mj12bot.com/)"
38.91.101.117 - - [14/Mar/2025:11:22:31 +0000] "POST /store/wp-cron.php?doing_wp_cron=1741951350.6427819728851318359375 HTTP/1.1" 200 0 "-" "WordPress/6.7.2; https://valuecartpk.shop/store"
38.91.101.117 - - [14/Mar/2025:11:26:54 +0000] "POST /store/wp-cron.php?doing_wp_cron=1741951614.2307159900665283203125 HTTP/1.1" 200 0 "-" "WordPress/6.7.2; https://valuecartpk.shop/store"
103.166.150.82 - - [14/Mar/2025:11:28:05 +0000] "POST /store/wp-admin/admin-ajax.php HTTP/2" 200 51 "https://valuecartpk.shop/store/wp-admin/admin.php?page=xts_header_builder" "Mozilla/5.0 (Windows NT 10.0; Win64; x64) AppleWebKit/537.36 (KHTML, like Gecko) Chrome/134.0.0.0 Safari/537.36"
54.38.85.17 - - [14/Mar/2025:11:28:59 +0000] "GET /robots.txt HTTP/1.1" 404 1251 "-" "Mozilla/5.0 (compatible; MJ12bot/v1.4.8; http://mj12bot.com/)"
54.38.85.17 - - [14/Mar/2025:11:29:00 +0000] "GET /store/shop/?filter_color=beige,black,brown,yellow&filter_size=m&filter_brand=eva-solo,magisso,vitra&shop_view=grid&per_row=4 HTTP/1.1" 200 25982 "-" "Mozilla/5.0 (compatible; MJ12bot/v1.4.8; http://mj12bot.com/)"
20.171.207.177 - - [14/Mar/2025:11:25:44 +0000] "GET /store/shop/?filter_brand=joseph-joseph%2Cklober&filter_color=blue%2Cyellow&filter_size=m%2Cs&per_page=18&stock_status=instock HTTP/2" 200 26268 "-" "Mozilla/5.0 AppleWebKit/537.36 (KHTML, like Gecko; compatible; GPTBot/1.2; +https://openai.com/gptbot)"
20.171.207.177 - - [14/Mar/2025:11:26:16 +0000] "GET /store/shop/?filter_brand=joseph-joseph%2Cklober&filter_color=beige%2Cblue%2Cbrown%2Cyellow&per_page=9&per_row=4&shop_view=grid HTTP/2" 200 26455 "-" "Mozilla/5.0 AppleWebKit/537.36 (KHTML, like Gecko; compatible; GPTBot/1.2; +https://openai.com/gptbot)"
38.91.101.117 - - [14/Mar/2025:11:26:37 +0000] "POST /store/wp-cron.php?doing_wp_cron=1741951597.8854269981384277343750 HTTP/1.1" 200 0 "-" "WordPress/6.7.2; https://valuecartpk.shop/store"
20.171.207.177 - - [14/Mar/2025:11:26:45 +0000] "GET /store/shop/?filter_brand=eva-solo%2Cjoseph-joseph%2Cmagisso&filter_color=beige%2Cblack%2Cblue%2Cbrown&filter_size=s&per_row=3&shop_view=grid&stock_status=instock HTTP/2" 200 26009 "-" "Mozilla/5.0 AppleWebKit/537.36 (KHTML, like Gecko; compatible; GPTBot/1.2; +https://openai.com/gptbot)"
20.171.207.177 - - [14/Mar/2025:11:27:10 +0000] "GET /store/shop/?filter_brand=eva-solo%2Cjoseph-joseph%2Cmagisso&filter_color=beige%2Cblack%2Cblue%2Cbrown&filter_size=s&per_row=4&shop_view=grid HTTP/2" 200 26004 "-" "Mozilla/5.0 AppleWebKit/537.36 (KHTML, like Gecko; compatible; GPTBot/1.2; +https://openai.com/gptbot)"
20.171.207.177 - - [14/Mar/2025:11:27:34 +0000] "GET /store/shop/?filter_brand=joseph-joseph%2Cklober%2Cvitra&filter_color=beige%2Cblue%2Cyellow&per_page=12&per_row=3&shop_view=grid&stock_status=onsale HTTP/2" 200 23737 "-" "Mozilla/5.0 AppleWebKit/537.36 (KHTML, like Gecko; compatible; GPTBot/1.2; +https://openai.com/gptbot)"
20.171.207.177 - - [14/Mar/2025:11:27:55 +0000] "GET /store/shop/?filter_brand=joseph-joseph%2Cklober%2Cvitra&filter_color=beige%2Cblue%2Cyellow&per_page=12&per_row=2&shop_view=grid HTTP/2" 200 26443 "-" "Mozilla/5.0 AppleWebKit/537.36 (KHTML, like Gecko; compatible; GPTBot/1.2; +https://openai.com/gptbot)"
20.171.207.177 - - [14/Mar/2025:11:28:14 +0000] "GET /store/shop/?filter_brand=joseph-joseph%2Cklober%2Cvitra&filter_color=beige%2Cblue%2Cyellow&per_page=18&per_row=3&shop_view=grid&stock_status=onsale HTTP/2" 200 23735 "-" "Mozilla/5.0 AppleWebKit/537.36 (KHTML, like Gecko; compatible; GPTBot/1.2; +https://openai.com/gptbot)"
20.171.207.177 - - [14/Mar/2025:11:28:30 +0000] "GET /store/shop/?filter_brand=joseph-joseph%2Cklober%2Cvitra&filter_color=beige%2Cblue%2Cyellow&per_page=18&per_row=2&shop_view=grid HTTP/2" 200 26448 "-" "Mozilla/5.0 AppleWebKit/537.36 (KHTML, like Gecko; compatible; GPTBot/1.2; +https://openai.com/gptbot)"
20.171.207.177 - - [14/Mar/2025:11:28:45 +0000] "GET /store/shop/?filter_brand=eva-solo%2Cjoseph-joseph%2Cklober&filter_color=beige%2Cblue%2Cbrown&filter_size=m&per_page=18&stock_status=instock HTTP/2" 200 25996 "-" "Mozilla/5.0 AppleWebKit/537.36 (KHTML, like Gecko; compatible; GPTBot/1.2; +https://openai.com/gptbot)"
20.171.207.177 - - [14/Mar/2025:11:28:59 +0000] "GET /store/shop/?filter_brand=eva-solo%2Cmagisso%2Cvitra&filter_color=black%2Cblue%2Cbrown%2Cyellow&filter_size=m&per_page=12&stock_status=onsale HTTP/2" 200 23806 "-" "Mozilla/5.0 AppleWebKit/537.36 (KHTML, like Gecko; compatible; GPTBot/1.2; +https://openai.com/gptbot)"
20.171.207.177 - - [14/Mar/2025:11:29:11 +0000] "GET /store/shop/?filter_brand=eva-solo%2Cjoseph-joseph%2Cmagisso&filter_color=beige%2Cyellow&filter_size=l%2Cs&per_page=18&stock_status=instock HTTP/2" 200 26359 "-" "Mozilla/5.0 AppleWebKit/537.36 (KHTML, like Gecko; compatible; GPTBot/1.2; +https://openai.com/gptbot)"
20.171.207.177 - - [14/Mar/2025:11:29:22 +0000] "GET /store/shop/?filter_brand=joseph-joseph%2Cklober&filter_color=blue%2Cyellow&filter_size=m%2Cs&per_page=18&stock_status=instock%2Consale HTTP/2" 200 23664 "-" "Mozilla/5.0 AppleWebKit/537.36 (KHTML, like Gecko; compatible; GPTBot/1.2; +https://openai.com/gptbot)"
217.182.175.125 - - [14/Mar/2025:11:18:45 +0000] "GET /store/shop/?filter_color=beige,black,blue,brown&filter_size=s&filter_brand=magisso,vitra&stock_status=instock HTTP/1.1" 200 25932 "-" "Mozilla/5.0 (compatible; MJ12bot/v1.4.8; http://mj12bot.com/)"
217.182.175.125 - - [14/Mar/2025:11:18:51 +0000] "GET /store/shop/?filter_color=beige,black,blue,brown&filter_size=s&filter_brand=magisso,vitra&stock_status=instock,onsale HTTP/1.1" 200 23698 "-" "Mozilla/5.0 (compatible; MJ12bot/v1.4.8; http://mj12bot.com/)"
65.108.64.210 - - [14/Mar/2025:11:18:51 +0000] "GET /store/shop/?filter_color=beige,black,blue,brown,yellow&filter_brand=vitra&stock_status=instock&filter_size=m,s HTTP/1.1" 200 25944 "-" "Mozilla/5.0 (compatible; MJ12bot/v1.4.8; http://mj12bot.com/)"
217.182.175.125 - - [14/Mar/2025:11:18:57 +0000] "GET /store/shop/?filter_color=beige,black,blue,brown&filter_size=s&filter_brand=magisso,vitra&stock_status=onsale HTTP/1.1" 200 23718 "-" "Mozilla/5.0 (compatible; MJ12bot/v1.4.8; http://mj12bot.com/)"
65.108.64.210 - - [14/Mar/2025:11:18:58 +0000] "GET /store/shop/?filter_color=beige,black,blue,brown,yellow&filter_brand=vitra&stock_status=instock&filter_size=s HTTP/1.1" 200 25912 "-" "Mozilla/5.0 (compatible; MJ12bot/v1.4.8; http://mj12bot.com/)"
217.182.175.125 - - [14/Mar/2025:11:19:02 +0000] "GET /store/shop/?filter_color=beige,black,blue,brown&filter_size=s&filter_brand=vitra&per_page=12 HTTP/1.1" 500 262 "-" "Mozilla/5.0 (compatible; MJ12bot/v1.4.8; http://mj12bot.com/)"
217.182.175.125 - - [14/Mar/2025:11:19:05 +0000] "GET /store/shop/?filter_color=beige,black,blue,brown&filter_size=s&filter_brand=vitra&per_page=18 HTTP/1.1" 200 25820 "-" "Mozilla/5.0 (compatible; MJ12bot/v1.4.8; http://mj12bot.com/)"
217.182.175.125 - - [14/Mar/2025:11:19:08 +0000] "GET /store/shop/?filter_color=beige,black,blue,brown&filter_size=s&filter_brand=vitra&per_page=24 HTTP/1.1" 200 25822 "-" "Mozilla/5.0 (compatible; MJ12bot/v1.4.8; http://mj12bot.com/)"
217.182.175.125 - - [14/Mar/2025:11:19:14 +0000] "GET /store/shop/?filter_color=beige,black,blue,brown&filter_size=s&filter_brand=vitra&per_page=9 HTTP/1.1" 200 25829 "-" "Mozilla/5.0 (compatible; MJ12bot/v1.4.8; http://mj12bot.com/)"
217.182.175.125 - - [14/Mar/2025:11:19:20 +0000] "GET /store/shop/?filter_color=beige,black,blue,brown&filter_size=s&filter_brand=vitra&shop_view=grid&per_row=2 HTTP/1.1" 200 25845 "-" "Mozilla/5.0 (compatible; MJ12bot/v1.4.8; http://mj12bot.com/)"
217.182.175.125 - - [14/Mar/2025:11:19:26 +0000] "GET /store/shop/?filter_color=beige,black,blue,brown&filter_size=s&filter_brand=vitra&shop_view=grid&per_row=3 HTTP/1.1" 500 264 "-" "Mozilla/5.0 (compatible; MJ12bot/v1.4.8; http://mj12bot.com/)"
65.108.64.210 - - [14/Mar/2025:11:19:27 +0000] "GET /store/shop/?filter_color=beige,black,blue,brown,yellow&filter_brand=vitra&stock_status=instock,onsale&filter_size=l,s HTTP/1.1" 200 23674 "-" "Mozilla/5.0 (compatible; MJ12bot/v1.4.8; http://mj12bot.com/)"
38.91.101.117 - - [14/Mar/2025:11:20:53 +0000] "POST /store/wp-cron.php?doing_wp_cron=1741951253.3131470680236816406250 HTTP/1.1" 200 0 "-" "WordPress/6.7.2; https://valuecartpk.shop/store"
38.91.101.117 - - [14/Mar/2025:11:25:30 +0000] "POST /store/wp-cron.php?doing_wp_cron=1741951529.3237009048461914062500 HTTP/1.1" 200 0 "-" "WordPress/6.7.2; https://valuecartpk.shop/store"
38.91.101.117 - - [14/Mar/2025:11:25:35 +0000] "POST /store/wp-cron.php?doing_wp_cron=1741951534.7277588844299316406250 HTTP/1.1" 200 0 "-" "WordPress/6.7.2; https://valuecartpk.shop/store"
103.166.150.82 - - [14/Mar/2025:11:30:24 +0000] "POST /store/wp-admin/async-upload.php HTTP/2" 200 600 "https://valuecartpk.shop/store/wp-admin/admin.php?page=xts_header_builder" "Mozilla/5.0 (Windows NT 10.0; Win64; x64) AppleWebKit/537.36 (KHTML, like Gecko) Chrome/134.0.0.0 Safari/537.36"
20.171.207.177 - - [14/Mar/2025:11:29:32 +0000] "GET /store/shop/?filter_brand=joseph-joseph%2Cklober&filter_color=beige%2Cblue%2Cbrown%2Cyellow&per_page=9&per_row=4&shop_view=grid&stock_status=onsale HTTP/2" 200 23712 "-" "Mozilla/5.0 AppleWebKit/537.36 (KHTML, like Gecko; compatible; GPTBot/1.2; +https://openai.com/gptbot)"
20.171.207.177 - - [14/Mar/2025:11:29:41 +0000] "GET /store/shop/?filter_brand=eva-solo%2Cjoseph-joseph%2Cmagisso&filter_color=beige%2Cblack%2Cblue%2Cbrown&filter_size=s&per_row=4&shop_view=grid&stock_status=instock HTTP/2" 200 26007 "-" "Mozilla/5.0 AppleWebKit/537.36 (KHTML, like Gecko; compatible; GPTBot/1.2; +https://openai.com/gptbot)"
20.171.207.177 - - [14/Mar/2025:11:29:48 +0000] "GET /store/shop/?filter_brand=joseph-joseph%2Cklober&filter_color=beige%2Cblue%2Cbrown%2Cyellow&per_page=18&per_row=4&shop_view=grid HTTP/2" 200 26439 "-" "Mozilla/5.0 AppleWebKit/537.36 (KHTML, like Gecko; compatible; GPTBot/1.2; +https://openai.com/gptbot)"
20.171.207.177 - - [14/Mar/2025:11:29:56 +0000] "GET /store/shop/?filter_brand=eva-solo%2Cjoseph-joseph%2Cmagisso&filter_color=brown&filter_size=m%2Cs&per_page=9&stock_status=instock HTTP/2" 200 25933 "-" "Mozilla/5.0 AppleWebKit/537.36 (KHTML, like Gecko; compatible; GPTBot/1.2; +https://openai.com/gptbot)"
20.171.207.177 - - [14/Mar/2025:11:30:03 +0000] "GET /store/shop/?filter_brand=joseph-joseph%2Cklober%2Cvitra&filter_color=beige%2Cblue%2Cyellow&per_page=12&per_row=2&shop_view=grid&stock_status=instock HTTP/2" 200 26511 "-" "Mozilla/5.0 AppleWebKit/537.36 (KHTML, like Gecko; compatible; GPTBot/1.2; +https://openai.com/gptbot)"
20.171.207.177 - - [14/Mar/2025:11:30:08 +0000] "GET /store/shop/?filter_brand=joseph-joseph%2Cklober%2Cvitra&filter_color=beige%2Cblue%2Cyellow&per_page=12&per_row=2&shop_view=grid&stock_status=onsale HTTP/2" 200 23734 "-" "Mozilla/5.0 AppleWebKit/537.36 (KHTML, like Gecko; compatible; GPTBot/1.2; +https://openai.com/gptbot)"
20.171.207.177 - - [14/Mar/2025:11:30:13 +0000] "GET /store/shop/?filter_brand=joseph-joseph%2Cklober%2Cvitra&filter_color=beige%2Cblue%2Cyellow&per_page=18&per_row=2&shop_view=grid&stock_status=onsale HTTP/2" 200 23736 "-" "Mozilla/5.0 AppleWebKit/537.36 (KHTML, like Gecko; compatible; GPTBot/1.2; +https://openai.com/gptbot)"
20.171.207.177 - - [14/Mar/2025:11:30:18 +0000] "GET /store/shop/?filter_brand=joseph-joseph%2Cklober%2Cvitra&filter_color=beige%2Cblue%2Cyellow&per_page=18&per_row=3&shop_view=grid&stock_status=instock%2Consale HTTP/2" 500 1034 "-" "Mozilla/5.0 AppleWebKit/537.36 (KHTML, like Gecko; compatible; GPTBot/1.2; +https://openai.com/gptbot)"
20.171.207.177 - - [14/Mar/2025:11:30:23 +0000] "GET /store/shop/?filter_brand=eva-solo%2Cmagisso%2Cvitra&filter_color=black%2Cblue%2Cbrown%2Cyellow&filter_size=m&per_page=12&stock_status=instock%2Consale HTTP/2" 200 23766 "-" "Mozilla/5.0 AppleWebKit/537.36 (KHTML, like Gecko; compatible; GPTBot/1.2; +https://openai.com/gptbot)"
20.171.207.177 - - [14/Mar/2025:11:30:36 +0000] "GET /store/shop/?filter_brand=eva-solo%2Cjoseph-joseph%2Cmagisso&filter_color=beige%2Cyellow&filter_size=l%2Cs&per_page=18&stock_status=instock%2Consale HTTP/2" 200 23729 "-" "Mozilla/5.0 AppleWebKit/537.36 (KHTML, like Gecko; compatible; GPTBot/1.2; +https://openai.com/gptbot)"
103.166.150.82 - - [14/Mar/2025:11:30:45 +0000] "POST /store/wp-admin/admin-ajax.php?action=woodmart_save_header&security=b1f432f0fe HTTP/2" 200 13747 "https://valuecartpk.shop/store/wp-admin/admin.php?page=xts_header_builder" "Mozilla/5.0 (Windows NT 10.0; Win64; x64) AppleWebKit/537.36 (KHTML, like Gecko) Chrome/134.0.0.0 Safari/537.36"
20.171.207.177 - - [14/Mar/2025:11:30:47 +0000] "GET /store/shop/?filter_brand=joseph-joseph%2Cklober&filter_color=blue%2Cyellow&filter_size=m%2Cs&per_page=18&stock_status=onsale HTTP/2" 200 24184 "-" "Mozilla/5.0 AppleWebKit/537.36 (KHTML, like Gecko; compatible; GPTBot/1.2; +https://openai.com/gptbot)"
103.166.150.82 - - [14/Mar/2025:11:26:56 +0000] "GET /store/wp-content/uploads/2025/03/900-by-900px-300x300.png HTTP/1.1" 200 87707 "https://valuecartpk.shop/store/wp-admin/admin.php?page=xts_header_builder" "Mozilla/5.0 (Windows NT 10.0; Win64; x64) AppleWebKit/537.36 (KHTML, like Gecko) Chrome/134.0.0.0 Safari/537.36"
103.166.150.82 - - [14/Mar/2025:11:26:56 +0000] "GET /store/wp-content/uploads/2025/03/430-by-430-px-1-300x300.png HTTP/1.1" 200 87029 "https://valuecartpk.shop/store/wp-admin/admin.php?page=xts_header_builder" "Mozilla/5.0 (Windows NT 10.0; Win64; x64) AppleWebKit/537.36 (KHTML, like Gecko) Chrome/134.0.0.0 Safari/537.36"
103.166.150.82 - - [14/Mar/2025:11:26:55 +0000] "GET /store/wp-content/uploads/2025/03/430-by-430-px-2-300x300.png HTTP/1.1" 200 96112 "https://valuecartpk.shop/store/wp-admin/admin.php?page=xts_header_builder" "Mozilla/5.0 (Windows NT 10.0; Win64; x64) AppleWebKit/537.36 (KHTML, like Gecko) Chrome/134.0.0.0 Safari/537.36"
103.166.150.82 - - [14/Mar/2025:11:26:55 +0000] "GET /store/wp-content/uploads/2025/03/860-by-860-px-300x300.png HTTP/1.1" 200 119654 "https://valuecartpk.shop/store/wp-admin/admin.php?page=xts_header_builder" "Mozilla/5.0 (Windows NT 10.0; Win64; x64) AppleWebKit/537.36 (KHTML, like Gecko) Chrome/134.0.0.0 Safari/537.36"
103.166.150.82 - - [14/Mar/2025:11:26:55 +0000] "GET /store/wp-content/uploads/2025/03/408-by-320-px-1-383x300.png HTTP/1.1" 200 180787 "https://valuecartpk.shop/store/wp-admin/admin.php?page=xts_header_builder" "Mozilla/5.0 (Windows NT 10.0; Win64; x64) AppleWebKit/537.36 (KHTML, like Gecko) Chrome/134.0.0.0 Safari/537.36"
103.166.150.82 - - [14/Mar/2025:11:26:56 +0000] "GET /store/wp-content/uploads/2025/03/430-by-430-px-300x300.png HTTP/1.1" 200 135568 "https://valuecartpk.shop/store/wp-admin/admin.php?page=xts_header_builder" "Mozilla/5.0 (Windows NT 10.0; Win64; x64) AppleWebKit/537.36 (KHTML, like Gecko) Chrome/134.0.0.0 Safari/537.36"
103.166.150.82 - - [14/Mar/2025:11:26:55 +0000] "GET /store/wp-content/uploads/2025/03/408-by-320-px-383x300.png HTTP/1.1" 200 175815 "https://valuecartpk.shop/store/wp-admin/admin.php?page=xts_header_builder" "Mozilla/5.0 (Windows NT 10.0; Win64; x64) AppleWebKit/537.36 (KHTML, like Gecko) Chrome/134.0.0.0 Safari/537.36"
103.166.150.82 - - [14/Mar/2025:11:27:04 +0000] "POST /store/wp-admin/admin-ajax.php HTTP/1.1" 200 51 "https://valuecartpk.shop/store/wp-admin/admin.php?page=xts_header_builder" "Mozilla/5.0 (Windows NT 10.0; Win64; x64) AppleWebKit/537.36 (KHTML, like Gecko) Chrome/134.0.0.0 Safari/537.36"
103.166.150.82 - - [14/Mar/2025:11:27:05 +0000] "POST /store/wp-admin/admin-ajax.php HTTP/1.1" 200 51 "https://valuecartpk.shop/store/wp-admin/admin.php?page=cartflows&path=store-checkout&action=wcf-edit-flow&flow_id=15648" "Mozilla/5.0 (Windows NT 10.0; Win64; x64) AppleWebKit/537.36 (KHTML, like Gecko) Chrome/134.0.0.0 Safari/537.36"
103.166.150.82 - - [14/Mar/2025:11:30:00 +0000] "POST /store/wp-admin/admin-ajax.php HTTP/2" 200 51 "https://valuecartpk.shop/store/wp-admin/admin.php?page=xts_header_builder" "Mozilla/5.0 (Windows NT 10.0; Win64; x64) AppleWebKit/537.36 (KHTML, like Gecko) Chrome/134.0.0.0 Safari/537.36"
103.166.150.82 - - [14/Mar/2025:11:30:53 +0000] "GET /store/ HTTP/2" 200 37373 "https://valuecartpk.shop/store/product/decoration-wooden-present/" "Mozilla/5.0 (Windows NT 10.0; Win64; x64) AppleWebKit/537.36 (KHTML, like Gecko) Chrome/134.0.0.0 Safari/537.36"
103.166.150.82 - - [14/Mar/2025:11:31:00 +0000] "GET /store/wp-content/uploads/2025/03/xts-header_952974-1741951849.css?ver=7.5.2 HTTP/2" 200 520 "https://valuecartpk.shop/store/" "Mozilla/5.0 (Windows NT 10.0; Win64; x64) AppleWebKit/537.36 (KHTML, like Gecko) Chrome/134.0.0.0 Safari/537.36"
103.166.150.82 - - [14/Mar/2025:11:30:59 +0000] "POST /store/wp-admin/admin-ajax.php HTTP/2" 200 51 "https://valuecartpk.shop/store/wp-admin/admin.php?page=xts_header_builder" "Mozilla/5.0 (Windows NT 10.0; Win64; x64) AppleWebKit/537.36 (KHTML, like Gecko) Chrome/134.0.0.0 Safari/537.36"
65.108.64.210 - - [14/Mar/2025:11:14:18 +0000] "GET /store/shop/?filter_color=beige,black,blue,brown,yellow&filter_brand=klober&stock_status=onsale&filter_size=s HTTP/1.1" 200 23679 "-" "Mozilla/5.0 (compatible; MJ12bot/v1.4.8; http://mj12bot.com/)"
65.108.64.210 - - [14/Mar/2025:11:15:26 +0000] "GET /store/shop/?filter_color=beige,black,blue,brown,yellow&filter_brand=magisso,vitra&stock_status=instock,onsale&filter_size=l,m,s HTTP/1.1" 200 23741 "-" "Mozilla/5.0 (compatible; MJ12bot/v1.4.8; http://mj12bot.com/)"
65.108.64.210 - - [14/Mar/2025:11:16:21 +0000] "GET /store/shop/?filter_color=beige,black,blue,brown,yellow&filter_brand=magisso,vitra&stock_status=onsale&filter_size=l,s HTTP/1.1" 500 262 "-" "Mozilla/5.0 (compatible; MJ12bot/v1.4.8; http://mj12bot.com/)"
65.108.64.210 - - [14/Mar/2025:11:17:27 +0000] "GET /store/shop/?filter_color=beige,black,blue,brown,yellow&filter_brand=vitra&filter_size=s HTTP/1.1" 200 25841 "-" "Mozilla/5.0 (compatible; MJ12bot/v1.4.8; http://mj12bot.com/)"
65.108.64.210 - - [14/Mar/2025:11:18:30 +0000] "GET /store/shop/?filter_color=beige,black,blue,brown,yellow&filter_brand=vitra&stock_status=instock&filter_size=l,m HTTP/1.1" 200 25950 "-" "Mozilla/5.0 (compatible; MJ12bot/v1.4.8; http://mj12bot.com/)"
38.91.101.117 - - [14/Mar/2025:11:18:54 +0000] "POST /store/wp-cron.php?doing_wp_cron=1741951134.3486700057983398437500 HTTP/1.1" 200 0 "-" "WordPress/6.7.2; https://valuecartpk.shop/store"
65.108.64.210 - - [14/Mar/2025:11:19:04 +0000] "GET /store/shop/?filter_color=beige,black,blue,brown,yellow&filter_brand=vitra&stock_status=instock,onsale HTTP/1.1" 500 264 "-" "Mozilla/5.0 (compatible; MJ12bot/v1.4.8; http://mj12bot.com/)"
65.108.64.210 - - [14/Mar/2025:11:19:15 +0000] "GET /store/shop/?filter_color=beige,black,blue,brown,yellow&filter_brand=vitra&stock_status=instock,onsale&filter_size=l,m HTTP/1.1" 200 23665 "-" "Mozilla/5.0 (compatible; MJ12bot/v1.4.8; http://mj12bot.com/)"
65.108.64.210 - - [14/Mar/2025:11:19:57 +0000] "GET /store/shop/?filter_color=beige,black,blue,brown,yellow&filter_brand=vitra&stock_status=onsale&filter_size=l,m HTTP/1.1" 200 23679 "-" "Mozilla/5.0 (compatible; MJ12bot/v1.4.8; http://mj12bot.com/)"
2a06:98c0:3600::103 - - [14/Mar/2025:11:21:21 +0000] "GET /wordpress/wp-admin/setup-config.php HTTP/1.1" 404 1251 "-" "Mozilla/5.0 (Windows NT 10.0; Win64; x64) AppleWebKit/537.36 (KHTML, like Gecko) Chrome/133.0.0.0 Safari/537.36"
103.166.150.82 - - [14/Mar/2025:11:23:29 +0000] "GET /store/wp-admin/admin.php?page=cartflows&path=store-checkout&action=wcf-edit-flow&flow_id=15648&step_id=15649 HTTP/2" 200 88202 "https://valuecartpk.shop/store/wp-admin/admin.php?page=cartflows&path=store-checkout-library" "Mozilla/5.0 (Windows NT 10.0; Win64; x64) AppleWebKit/537.36 (KHTML, like Gecko) Chrome/134.0.0.0 Safari/537.36"
2a06:98c0:3600::103 - - [14/Mar/2025:11:25:00 +0000] "GET /wordpress/wp-admin/setup-config.php HTTP/1.1" 404 1251 "-" "Mozilla/5.0 (Windows NT 10.0; Win64; x64) AppleWebKit/537.36 (KHTML, like Gecko) Chrome/133.0.0.0 Safari/537.36"
38.91.101.117 - - [14/Mar/2025:11:25:20 +0000] "POST /store/wp-cron.php?doing_wp_cron=1741951520.1314139366149902343750 HTTP/1.1" 200 0 "-" "WordPress/6.7.2; https://valuecartpk.shop/store"
103.166.150.82 - - [14/Mar/2025:11:27:31 +0000] "POST /store/wp-admin/admin-ajax.php HTTP/2" 200 71 "https://valuecartpk.shop/store/wp-admin/post.php?post=15650&action=elementor" "Mozilla/5.0 (Windows NT 10.0; Win64; x64) AppleWebKit/537.36 (KHTML, like Gecko) Chrome/134.0.0.0 Safari/537.36"
38.91.101.117 - - [14/Mar/2025:11:29:01 +0000] "POST /store/wp-cron.php?doing_wp_cron=1741951740.9307041168212890625000 HTTP/1.1" 200 0 "-" "WordPress/6.7.2; https://valuecartpk.shop/store"
38.91.101.117 - - [14/Mar/2025:11:29:58 +0000] "POST /store/wp-cron.php?doing_wp_cron=1741951798.0626420974731445312500 HTTP/1.1" 200 0 "-" "WordPress/6.7.2; https://valuecartpk.shop/store"
65.108.64.210 - - [14/Mar/2025:11:11:39 +0000] "GET /store/shop/?filter_color=beige,black,blue,brown,yellow&filter_brand=klober&stock_status=instock HTTP/1.1" 200 23688 "-" "Mozilla/5.0 (compatible; MJ12bot/v1.4.8; http://mj12bot.com/)"
65.108.64.210 - - [14/Mar/2025:11:12:15 +0000] "GET /store/shop/?filter_color=beige,black,blue,brown,yellow&filter_brand=klober&stock_status=instock&filter_size=m HTTP/1.1" 500 264 "-" "Mozilla/5.0 (compatible; MJ12bot/v1.4.8; http://mj12bot.com/)"
65.108.64.210 - - [14/Mar/2025:11:13:09 +0000] "GET /store/shop/?filter_color=beige,black,blue,brown,yellow&filter_brand=klober&stock_status=instock,onsale&filter_size=m HTTP/1.1" 200 23715 "-" "Mozilla/5.0 (compatible; MJ12bot/v1.4.8; http://mj12bot.com/)"
65.108.64.210 - - [14/Mar/2025:11:13:26 +0000] "GET /store/shop/?filter_color=beige,black,blue,brown,yellow&filter_brand=klober&stock_status=onsale HTTP/1.1" 200 23646 "-" "Mozilla/5.0 (compatible; MJ12bot/v1.4.8; http://mj12bot.com/)"
65.108.64.210 - - [14/Mar/2025:11:14:03 +0000] "GET /store/shop/?filter_color=beige,black,blue,brown,yellow&filter_brand=klober&stock_status=onsale&filter_size=m HTTP/1.1" 200 23691 "-" "Mozilla/5.0 (compatible; MJ12bot/v1.4.8; http://mj12bot.com/)"
65.108.64.210 - - [14/Mar/2025:11:14:33 +0000] "GET /store/shop/?filter_color=beige,black,blue,brown,yellow&filter_brand=magisso,vitra&stock_status=instock&filter_size=l HTTP/1.1" 200 25957 "-" "Mozilla/5.0 (compatible; MJ12bot/v1.4.8; http://mj12bot.com/)"
38.91.101.117 - - [14/Mar/2025:11:14:54 +0000] "POST /store/wp-cron.php?doing_wp_cron=1741950894.3698649406433105468750 HTTP/1.1" 200 0 "-" "WordPress/6.7.2; https://valuecartpk.shop/store"
65.108.64.210 - - [14/Mar/2025:11:15:13 +0000] "GET /store/shop/?filter_color=beige,black,blue,brown,yellow&filter_brand=magisso,vitra&stock_status=instock,onsale&filter_size=l HTTP/1.1" 200 23746 "-" "Mozilla/5.0 (compatible; MJ12bot/v1.4.8; http://mj12bot.com/)"
65.108.64.210 - - [14/Mar/2025:11:15:33 +0000] "GET /store/shop/?filter_color=beige,black,blue,brown,yellow&filter_brand=magisso,vitra&stock_status=instock,onsale&filter_size=l,s HTTP/1.1" 200 23726 "-" "Mozilla/5.0 (compatible; MJ12bot/v1.4.8; http://mj12bot.com/)"
38.91.101.117 - - [14/Mar/2025:11:16:59 +0000] "POST /store/wp-cron.php?doing_wp_cron=1741951018.8811240196228027343750 HTTP/1.1" 200 0 "-" "WordPress/6.7.2; https://valuecartpk.shop/store"
65.108.64.210 - - [14/Mar/2025:11:18:24 +0000] "GET /store/shop/?filter_color=beige,black,blue,brown,yellow&filter_brand=vitra&stock_status=instock&filter_size=l HTTP/1.1" 200 25917 "-" "Mozilla/5.0 (compatible; MJ12bot/v1.4.8; http://mj12bot.com/)"
65.108.64.210 - - [14/Mar/2025:11:20:02 +0000] "GET /store/shop/?filter_color=beige,black,blue,brown,yellow&filter_brand=vitra&stock_status=onsale&filter_size=l,m,s HTTP/1.1" 200 23704 "-" "Mozilla/5.0 (compatible; MJ12bot/v1.4.8; http://mj12bot.com/)"
2a06:98c0:3600::103 - - [14/Mar/2025:11:27:49 +0000] "GET /wp-admin/setup-config.php HTTP/1.1" 404 1251 "-" "Mozilla/5.0 (Windows NT 10.0; Win64; x64) AppleWebKit/537.36 (KHTML, like Gecko) Chrome/133.0.0.0 Safari/537.36"
38.91.101.117 - - [14/Mar/2025:11:27:57 +0000] "POST /store/wp-cron.php?doing_wp_cron=1741951676.9827160835266113281250 HTTP/1.1" 200 0 "-" "WordPress/6.7.2; https://valuecartpk.shop/store"
103.166.150.82 - - [14/Mar/2025:11:29:07 +0000] "POST /store/wp-admin/admin-ajax.php HTTP/2" 200 51 "https://valuecartpk.shop/store/wp-admin/admin.php?page=cartflows&path=store-checkout&action=wcf-edit-flow&flow_id=15648" "Mozilla/5.0 (Windows NT 10.0; Win64; x64) AppleWebKit/537.36 (KHTML, like Gecko) Chrome/134.0.0.0 Safari/537.36"
103.166.150.82 - - [14/Mar/2025:11:32:22 +0000] "GET /store/wp-content/themes/inc/admin/assets/images/settings/infobox/style/with-bg.png HTTP/2" 200 1303 "https://valuecartpk.shop/store/wp-admin/admin.php?page=xts_header_builder" "Mozilla/5.0 (Windows NT 10.0; Win64; x64) AppleWebKit/537.36 (KHTML, like Gecko) Chrome/134.0.0.0 Safari/537.36"
103.166.150.82 - - [14/Mar/2025:11:32:22 +0000] "GET /store/wp-content/themes/inc/admin/assets/images/settings/infobox/position/right.png HTTP/2" 200 1733 "https://valuecartpk.shop/store/wp-admin/admin.php?page=xts_header_builder" "Mozilla/5.0 (Windows NT 10.0; Win64; x64) AppleWebKit/537.36 (KHTML, like Gecko) Chrome/134.0.0.0 Safari/537.36"
103.166.150.82 - - [14/Mar/2025:11:32:22 +0000] "GET /store/wp-content/themes/inc/admin/assets/images/settings/infobox/style/simple.png HTTP/2" 200 680 "https://valuecartpk.shop/store/wp-admin/admin.php?page=xts_header_builder" "Mozilla/5.0 (Windows NT 10.0; Win64; x64) AppleWebKit/537.36 (KHTML, like Gecko) Chrome/134.0.0.0 Safari/537.36"
103.166.150.82 - - [14/Mar/2025:11:32:22 +0000] "GET /store/wp-content/themes/inc/admin/assets/images/settings/infobox/title-style/default.png HTTP/2" 200 4418 "https://valuecartpk.shop/store/wp-admin/admin.php?page=xts_header_builder" "Mozilla/5.0 (Windows NT 10.0; Win64; x64) AppleWebKit/537.36 (KHTML, like Gecko) Chrome/134.0.0.0 Safari/537.36"
103.166.150.82 - - [14/Mar/2025:11:32:22 +0000] "GET /store/wp-content/themes/inc/admin/assets/images/settings/infobox/vertical-position/middle.png HTTP/2" 200 2167 "https://valuecartpk.shop/store/wp-admin/admin.php?page=xts_header_builder" "Mozilla/5.0 (Windows NT 10.0; Win64; x64) AppleWebKit/537.36 (KHTML, like Gecko) Chrome/134.0.0.0 Safari/537.36"
103.166.150.82 - - [14/Mar/2025:11:32:22 +0000] "GET /store/wp-content/themes/inc/admin/assets/images/settings/infobox/vertical-position/top.png HTTP/2" 200 2174 "https://valuecartpk.shop/store/wp-admin/admin.php?page=xts_header_builder" "Mozilla/5.0 (Windows NT 10.0; Win64; x64) AppleWebKit/537.36 (KHTML, like Gecko) Chrome/134.0.0.0 Safari/537.36"
103.166.150.82 - - [14/Mar/2025:11:32:22 +0000] "GET /store/wp-content/themes/inc/admin/assets/images/settings/subtitle-style/background.png HTTP/2" 200 1616 "https://valuecartpk.shop/store/wp-admin/admin.php?page=xts_header_builder" "Mozilla/5.0 (Windows NT 10.0; Win64; x64) AppleWebKit/537.36 (KHTML, like Gecko) Chrome/134.0.0.0 Safari/537.36"
103.166.150.82 - - [14/Mar/2025:11:32:22 +0000] "GET /store/wp-content/themes/inc/admin/assets/images/settings/infobox/title-style/underlined.png HTTP/2" 200 4442 "https://valuecartpk.shop/store/wp-admin/admin.php?page=xts_header_builder" "Mozilla/5.0 (Windows NT 10.0; Win64; x64) AppleWebKit/537.36 (KHTML, like Gecko) Chrome/134.0.0.0 Safari/537.36"
103.166.150.82 - - [14/Mar/2025:11:32:22 +0000] "GET /store/wp-content/themes/inc/admin/assets/images/settings/infobox/vertical-position/bottom.png HTTP/2" 200 2184 "https://valuecartpk.shop/store/wp-admin/admin.php?page=xts_header_builder" "Mozilla/5.0 (Windows NT 10.0; Win64; x64) AppleWebKit/537.36 (KHTML, like Gecko) Chrome/134.0.0.0 Safari/537.36"
103.166.150.82 - - [14/Mar/2025:11:32:22 +0000] "GET /store/wp-content/themes/inc/admin/assets/images/settings/infobox/style/with-border.png HTTP/2" 200 1727 "https://valuecartpk.shop/store/wp-admin/admin.php?page=xts_header_builder" "Mozilla/5.0 (Windows NT 10.0; Win64; x64) AppleWebKit/537.36 (KHTML, like Gecko) Chrome/134.0.0.0 Safari/537.36"
103.166.150.82 - - [14/Mar/2025:11:32:22 +0000] "GET /store/wp-content/themes/inc/admin/assets/images/settings/infobox/position/left.png HTTP/2" 200 1778 "https://valuecartpk.shop/store/wp-admin/admin.php?page=xts_header_builder" "Mozilla/5.0 (Windows NT 10.0; Win64; x64) AppleWebKit/537.36 (KHTML, like Gecko) Chrome/134.0.0.0 Safari/537.36"
103.166.150.82 - - [14/Mar/2025:11:32:22 +0000] "GET /store/wp-content/themes/inc/admin/assets/images/settings/buttons/shape/rectangle.jpeg HTTP/2" 200 2251 "https://valuecartpk.shop/store/wp-admin/admin.php?page=xts_header_builder" "Mozilla/5.0 (Windows NT 10.0; Win64; x64) AppleWebKit/537.36 (KHTML, like Gecko) Chrome/134.0.0.0 Safari/537.36"
20.171.207.177 - - [14/Mar/2025:11:30:58 +0000] "GET /store/shop/?filter_brand=eva-solo%2Cjoseph-joseph%2Cmagisso&filter_color=beige%2Cyellow&filter_size=l%2Cs&per_page=9&stock_status=instock HTTP/2" 200 26459 "-" "Mozilla/5.0 AppleWebKit/537.36 (KHTML, like Gecko; compatible; GPTBot/1.2; +https://openai.com/gptbot)"
20.171.207.177 - - [14/Mar/2025:11:31:07 +0000] "GET /store/shop/?filter_brand=eva-solo%2Cjoseph-joseph%2Cvitra&filter_color=beige%2Cblack%2Cblue%2Cyellow&filter_size=m&per_page=24&stock_status=onsale HTTP/2" 200 23870 "-" "Mozilla/5.0 AppleWebKit/537.36 (KHTML, like Gecko; compatible; GPTBot/1.2; +https://openai.com/gptbot)"
20.171.207.177 - - [14/Mar/2025:11:31:15 +0000] "GET /store/shop/?filter_brand=joseph-joseph%2Cklober&filter_color=beige%2Cblue%2Cbrown%2Cyellow&per_page=18&per_row=4&shop_view=grid&stock_status=onsale HTTP/2" 200 23891 "-" "Mozilla/5.0 AppleWebKit/537.36 (KHTML, like Gecko; compatible; GPTBot/1.2; +https://openai.com/gptbot)"
20.171.207.177 - - [14/Mar/2025:11:31:23 +0000] "GET /store/shop/?filter_brand=eva-solo%2Cjoseph-joseph%2Cmagisso&filter_color=brown&filter_size=m%2Cs&per_page=9 HTTP/2" 200 26013 "-" "Mozilla/5.0 AppleWebKit/537.36 (KHTML, like Gecko; compatible; GPTBot/1.2; +https://openai.com/gptbot)"
20.171.207.177 - - [14/Mar/2025:11:31:30 +0000] "GET /store/shop/?filter_brand=joseph-joseph%2Cklober%2Cvitra&filter_color=beige%2Cblue%2Cyellow&per_page=12&per_row=4&shop_view=grid&stock_status=instock HTTP/2" 200 26605 "-" "Mozilla/5.0 AppleWebKit/537.36 (KHTML, like Gecko; compatible; GPTBot/1.2; +https://openai.com/gptbot)"
20.171.207.177 - - [14/Mar/2025:11:31:36 +0000] "GET /store/shop/?filter_brand=joseph-joseph%2Cklober%2Cvitra&filter_color=beige%2Cblue%2Cyellow&per_page=24&per_row=2&shop_view=grid&stock_status=instock HTTP/2" 200 26579 "-" "Mozilla/5.0 AppleWebKit/537.36 (KHTML, like Gecko; compatible; GPTBot/1.2; +https://openai.com/gptbot)"
20.171.207.177 - - [14/Mar/2025:11:31:41 +0000] "GET /store/shop/?filter_brand=eva-solo%2Cjoseph-joseph%2Cmagisso&filter_color=brown&filter_size=m%2Cs&per_page=18&stock_status=instock HTTP/2" 200 26060 "-" "Mozilla/5.0 AppleWebKit/537.36 (KHTML, like Gecko; compatible; GPTBot/1.2; +https://openai.com/gptbot)"
20.171.207.177 - - [14/Mar/2025:11:31:46 +0000] "GET /store/shop/?filter_brand=joseph-joseph%2Cklober&filter_color=beige%2Cblue%2Cbrown%2Cyellow&per_page=18&per_row=3&shop_view=grid HTTP/2" 500 1034 "-" "Mozilla/5.0 AppleWebKit/537.36 (KHTML, like Gecko; compatible; GPTBot/1.2; +https://openai.com/gptbot)"
