20.171.207.177 - - [14/Mar/2025:14:59:13 +0000] "GET /store/shop/?filter_brand=eva-solo%2Cjoseph-joseph%2Cmagisso&filter_color=beige%2Cblack%2Cbrown%2Cyellow&filter_size=m&per_row=3&shop_view=grid HTTP/2" 200 26141 "-" "Mozilla/5.0 AppleWebKit/537.36 (KHTML, like Gecko; compatible; GPTBot/1.2; +https://openai.com/gptbot)"
20.171.207.177 - - [14/Mar/2025:14:59:19 +0000] "GET /store/shop/?filter_brand=eva-solo%2Cjoseph-joseph%2Cmagisso&filter_color=black%2Cblue&per_row=3&shop_view=grid&stock_status=onsale HTTP/2" 200 23842 "-" "Mozilla/5.0 AppleWebKit/537.36 (KHTML, like Gecko; compatible; GPTBot/1.2; +https://openai.com/gptbot)"
20.171.207.177 - - [14/Mar/2025:14:59:27 +0000] "GET /store/shop/?filter_brand=eva-solo%2Cjoseph-joseph%2Cvitra&filter_color=beige%2Cblack&per_row=4&shop_view=grid&stock_status=instock HTTP/2" 500 1034 "-" "Mozilla/5.0 AppleWebKit/537.36 (KHTML, like Gecko; compatible; GPTBot/1.2; +https://openai.com/gptbot)"
20.171.207.177 - - [14/Mar/2025:14:59:35 +0000] "GET /store/shop/?filter_brand=joseph-joseph%2Cvitra&filter_color=beige%2Cblack%2Cblue%2Cyellow&filter_size=m&per_page=24&stock_status=onsale HTTP/2" 200 23823 "-" "Mozilla/5.0 AppleWebKit/537.36 (KHTML, like Gecko; compatible; GPTBot/1.2; +https://openai.com/gptbot)"
20.171.207.177 - - [14/Mar/2025:14:59:59 +0000] "GET /store/shop/?filter_brand=eva-solo%2Cklober%2Cvitra&filter_color=blue%2Cyellow&filter_size=l%2Cm%2Cs&per_page=18&stock_status=instock HTTP/2" 200 26501 "-" "Mozilla/5.0 AppleWebKit/537.36 (KHTML, like Gecko; compatible; GPTBot/1.2; +https://openai.com/gptbot)"
20.171.207.177 - - [14/Mar/2025:15:00:21 +0000] "GET /store/shop/?filter_brand=eva-solo%2Cjoseph-joseph%2Cvitra&filter_color=black%2Cblue&filter_size=l%2Cm%2Cs&per_page=18&stock_status=instock HTTP/2" 200 26593 "-" "Mozilla/5.0 AppleWebKit/537.36 (KHTML, like Gecko; compatible; GPTBot/1.2; +https://openai.com/gptbot)"
103.166.150.82 - - [14/Mar/2025:15:00:10 +0000] "GET /store/wp-admin/plugin-install.php HTTP/2" 200 37547 "https://valuecartpk.shop/store/wp-admin/plugins.php" "Mozilla/5.0 (Windows NT 10.0; Win64; x64) AppleWebKit/537.36 (KHTML, like Gecko) Chrome/134.0.0.0 Safari/537.36"
103.166.150.82 - - [14/Mar/2025:15:00:37 +0000] "POST /store/wp-admin/admin-ajax.php HTTP/2" 200 71 "https://valuecartpk.shop/store/wp-admin/post.php?post=15649&action=elementor" "Mozilla/5.0 (Windows NT 10.0; Win64; x64) AppleWebKit/537.36 (KHTML, like Gecko) Chrome/134.0.0.0 Safari/537.36"
103.166.150.82 - - [14/Mar/2025:15:00:34 +0000] "POST /store/wp-admin/admin-ajax.php HTTP/2" 200 9507 "https://valuecartpk.shop/store/wp-admin/plugin-install.php?s=header&tab=search&type=term" "Mozilla/5.0 (Windows NT 10.0; Win64; x64) AppleWebKit/537.36 (KHTML, like Gecko) Chrome/134.0.0.0 Safari/537.36"
20.171.207.177 - - [14/Mar/2025:15:00:41 +0000] "GET /store/shop/?filter_brand=joseph-joseph%2Cvitra&filter_color=black%2Cbrown%2Cyellow&filter_size=m%2Cs&per_page=18&stock_status=instock%2Consale HTTP/2" 200 23863 "-" "Mozilla/5.0 AppleWebKit/537.36 (KHTML, like Gecko; compatible; GPTBot/1.2; +https://openai.com/gptbot)"
103.166.150.82 - - [14/Mar/2025:15:00:42 +0000] "POST /store/wp-admin/admin-ajax.php HTTP/2" 200 51 "https://valuecartpk.shop/store/wp-admin/edit.php?post_type=woodmart_slide" "Mozilla/5.0 (Windows NT 10.0; Win64; x64) AppleWebKit/537.36 (KHTML, like Gecko) Chrome/134.0.0.0 Safari/537.36"
103.166.150.82 - - [14/Mar/2025:15:00:52 +0000] "POST /store/wp-admin/admin-ajax.php HTTP/2" 200 51 "https://valuecartpk.shop/store/wp-admin/edit.php?post_type=woodmart_slide" "Mozilla/5.0 (Windows NT 10.0; Win64; x64) AppleWebKit/537.36 (KHTML, like Gecko) Chrome/134.0.0.0 Safari/537.36"
103.166.150.82 - - [14/Mar/2025:15:01:01 +0000] "POST /store/wp-admin/admin-ajax.php HTTP/2" 200 51 "https://valuecartpk.shop/store/wp-admin/edit.php?post_type=woodmart_slide" "Mozilla/5.0 (Windows NT 10.0; Win64; x64) AppleWebKit/537.36 (KHTML, like Gecko) Chrome/134.0.0.0 Safari/537.36"
20.171.207.177 - - [14/Mar/2025:15:00:59 +0000] "GET /store/shop/?filter_brand=joseph-joseph%2Cvitra&filter_color=black%2Cbrown%2Cyellow&filter_size=m%2Cs&per_page=9&stock_status=instock HTTP/2" 200 26598 "-" "Mozilla/5.0 AppleWebKit/537.36 (KHTML, like Gecko; compatible; GPTBot/1.2; +https://openai.com/gptbot)"
20.171.207.177 - - [14/Mar/2025:15:01:15 +0000] "GET /store/shop/?filter_brand=joseph-joseph%2Cklober%2Cvitra&filter_color=black%2Cblue%2Cbrown&filter_size=l%2Cm&per_page=24&per_row=4&shop_view=grid&stock_status=instock HTTP/2" 200 26739 "-" "Mozilla/5.0 AppleWebKit/537.36 (KHTML, like Gecko; compatible; GPTBot/1.2; +https://openai.com/gptbot)"
103.166.150.82 - - [14/Mar/2025:14:54:53 +0000] "GET /store/checkout/ HTTP/1.1" 200 40474 "https://valuecartpk.shop/store/product/henectus-tincidunt/" "Mozilla/5.0 (Linux; Android 10; K) AppleWebKit/537.36 (KHTML, like Gecko) Chrome/133.0.0.0 Mobile Safari/537.36"
103.166.150.82 - - [14/Mar/2025:14:54:59 +0000] "GET /store/wp-content/uploads/elementor/css/post-15649.css?ver=1741964098 HTTP/1.1" 200 1760 "https://valuecartpk.shop/store/checkout/" "Mozilla/5.0 (Linux; Android 10; K) AppleWebKit/537.36 (KHTML, like Gecko) Chrome/133.0.0.0 Mobile Safari/537.36"
103.166.150.82 - - [14/Mar/2025:14:55:01 +0000] "POST /store/checkout/?wc-ajax=update_order_review&wcf_checkout_id=15649 HTTP/1.1" 200 1346 "https://valuecartpk.shop/store/checkout/" "Mozilla/5.0 (Linux; Android 10; K) AppleWebKit/537.36 (KHTML, like Gecko) Chrome/133.0.0.0 Mobile Safari/537.36"
103.166.150.82 - - [14/Mar/2025:14:55:24 +0000] "GET /store/shop/ HTTP/1.1" 200 27962 "https://valuecartpk.shop/store/checkout/" "Mozilla/5.0 (Linux; Android 10; K) AppleWebKit/537.36 (KHTML, like Gecko) Chrome/133.0.0.0 Mobile Safari/537.36"
103.166.150.82 - - [14/Mar/2025:14:56:17 +0000] "POST /store/wp-admin/admin-ajax.php HTTP/1.1" 200 51 "https://valuecartpk.shop/store/wp-admin/admin.php?page=wc-settings&tab=checkout§ion=cod" "Mozilla/5.0 (Windows NT 10.0; Win64; x64) AppleWebKit/537.36 (KHTML, like Gecko) Chrome/134.0.0.0 Safari/537.36"
103.166.150.82 - - [14/Mar/2025:14:56:29 +0000] "GET /store/wp-admin/admin.php?page=xts_header_builder HTTP/1.1" 200 59280 "https://valuecartpk.shop/store/wp-admin/admin.php?page=wc-settings&tab=checkout§ion=cod" "Mozilla/5.0 (Windows NT 10.0; Win64; x64) AppleWebKit/537.36 (KHTML, like Gecko) Chrome/134.0.0.0 Safari/537.36"
103.166.150.82 - - [14/Mar/2025:14:56:31 +0000] "POST /store/wp-admin/admin-ajax.php HTTP/1.1" 200 51 "https://valuecartpk.shop/store/wp-admin/admin.php?page=qcfw-checkout" "Mozilla/5.0 (Windows NT 10.0; Win64; x64) AppleWebKit/537.36 (KHTML, like Gecko) Chrome/134.0.0.0 Safari/537.36"
103.166.150.82 - - [14/Mar/2025:14:56:33 +0000] "POST /store/wp-admin/admin-ajax.php HTTP/1.1" 200 61 "https://valuecartpk.shop/store/wp-admin/admin.php?page=qcfw-checkout" "Mozilla/5.0 (Windows NT 10.0; Win64; x64) AppleWebKit/537.36 (KHTML, like Gecko) Chrome/134.0.0.0 Safari/537.36"
103.166.150.82 - - [14/Mar/2025:14:56:36 +0000] "GET /store/wp-json/elementor/v1/checklist/user-progress HTTP/1.1" 200 183 "https://valuecartpk.shop/store/wp-admin/post.php?post=15649&action=elementor" "Mozilla/5.0 (Windows NT 10.0; Win64; x64) AppleWebKit/537.36 (KHTML, like Gecko) Chrome/134.0.0.0 Safari/537.36"
103.166.150.82 - - [14/Mar/2025:14:56:36 +0000] "POST /store/wp-admin/admin-ajax.php HTTP/1.1" 200 71 "https://valuecartpk.shop/store/wp-admin/post.php?post=15649&action=elementor" "Mozilla/5.0 (Windows NT 10.0; Win64; x64) AppleWebKit/537.36 (KHTML, like Gecko) Chrome/134.0.0.0 Safari/537.36"
20.171.207.177 - - [14/Mar/2025:14:56:51 +0000] "GET /store/shop/?filter_brand=eva-solo%2Cmagisso%2Cvitra&filter_color=beige%2Cblack%2Cblue%2Cyellow&filter_size=l&per_row=4&shop_view=grid HTTP/2" 200 26077 "-" "Mozilla/5.0 AppleWebKit/537.36 (KHTML, like Gecko; compatible; GPTBot/1.2; +https://openai.com/gptbot)"
103.166.150.82 - - [14/Mar/2025:14:57:08 +0000] "GET /store/wp-admin/admin-ajax.php?action=woodmart_load_header&id=header_952974&security=206265e4de HTTP/1.1" 200 13773 "https://valuecartpk.shop/store/wp-admin/admin.php?page=xts_header_builder" "Mozilla/5.0 (Windows NT 10.0; Win64; x64) AppleWebKit/537.36 (KHTML, like Gecko) Chrome/134.0.0.0 Safari/537.36"
103.166.150.82 - - [14/Mar/2025:14:55:17 +0000] "POST /store/wp-admin/admin-ajax.php HTTP/1.1" 200 71 "https://valuecartpk.shop/store/wp-admin/post.php?post=15649&action=elementor" "Mozilla/5.0 (Windows NT 10.0; Win64; x64) AppleWebKit/537.36 (KHTML, like Gecko) Chrome/134.0.0.0 Safari/537.36"
103.166.150.82 - - [14/Mar/2025:14:55:18 +0000] "POST /store/wp-admin/admin-ajax.php HTTP/1.1" 200 574 "https://valuecartpk.shop/store/wp-admin/post.php?post=15649&action=elementor" "Mozilla/5.0 (Windows NT 10.0; Win64; x64) AppleWebKit/537.36 (KHTML, like Gecko) Chrome/134.0.0.0 Safari/537.36"
103.166.150.82 - - [14/Mar/2025:14:55:23 +0000] "GET /store/wp-json/elementor/v1/checklist/user-progress HTTP/1.1" 200 183 "https://valuecartpk.shop/store/wp-admin/post.php?post=15649&action=elementor" "Mozilla/5.0 (Windows NT 10.0; Win64; x64) AppleWebKit/537.36 (KHTML, like Gecko) Chrome/134.0.0.0 Safari/537.36"
103.166.150.82 - - [14/Mar/2025:14:55:27 +0000] "POST /store/wp-admin/admin-ajax.php HTTP/1.1" 200 51 "https://valuecartpk.shop/store/wp-admin/admin.php?page=qcfw-checkout" "Mozilla/5.0 (Windows NT 10.0; Win64; x64) AppleWebKit/537.36 (KHTML, like Gecko) Chrome/134.0.0.0 Safari/537.36"
20.171.207.177 - - [14/Mar/2025:14:55:27 +0000] "GET /store/shop/?filter_brand=eva-solo%2Cjoseph-joseph%2Cmagisso&filter_color=blue%2Cyellow&filter_size=m%2Cs&per_page=24&stock_status=onsale HTTP/2" 200 23920 "-" "Mozilla/5.0 AppleWebKit/537.36 (KHTML, like Gecko; compatible; GPTBot/1.2; +https://openai.com/gptbot)"
103.166.150.82 - - [14/Mar/2025:14:55:33 +0000] "POST /store/wp-admin/admin-ajax.php HTTP/1.1" 200 71 "https://valuecartpk.shop/store/wp-admin/post.php?post=15649&action=elementor" "Mozilla/5.0 (Windows NT 10.0; Win64; x64) AppleWebKit/537.36 (KHTML, like Gecko) Chrome/134.0.0.0 Safari/537.36"
20.171.207.177 - - [14/Mar/2025:14:56:21 +0000] "GET /store/shop/?filter_brand=eva-solo%2Cjoseph-joseph%2Cklober%2Cvitra&filter_color=beige%2Cblue&filter_size=l&per_page=9&stock_status=instock HTTP/2" 200 26115 "-" "Mozilla/5.0 AppleWebKit/537.36 (KHTML, like Gecko; compatible; GPTBot/1.2; +https://openai.com/gptbot)"
20.171.207.177 - - [14/Mar/2025:14:56:42 +0000] "GET /store/shop/?filter_brand=joseph-joseph%2Cklober%2Cvitra&filter_color=black%2Cblue%2Cbrown&filter_size=l%2Cm&per_row=3&shop_view=grid&stock_status=instock HTTP/2" 200 26696 "-" "Mozilla/5.0 AppleWebKit/537.36 (KHTML, like Gecko; compatible; GPTBot/1.2; +https://openai.com/gptbot)"
38.91.101.117 - - [14/Mar/2025:14:56:53 +0000] "POST /store/wp-cron.php?doing_wp_cron=1741964213.1155860424041748046875 HTTP/1.1" 200 0 "-" "WordPress/6.7.2; https://valuecartpk.shop/store"
38.91.101.117 - - [14/Mar/2025:14:30:06 +0000] "POST /store/wp-cron.php?doing_wp_cron=1741962606.6836218833923339843750 HTTP/1.1" 200 0 "-" "WordPress/6.7.2; https://valuecartpk.shop/store"
38.91.101.117 - - [14/Mar/2025:14:39:40 +0000] "POST /store/wp-cron.php?doing_wp_cron=1741963180.5390779972076416015625 HTTP/1.1" 200 0 "-" "WordPress/6.7.2; https://valuecartpk.shop/store"
103.166.150.82 - - [14/Mar/2025:14:40:29 +0000] "POST /store/wp-admin/admin-ajax.php HTTP/2" 200 51 "https://valuecartpk.shop/store/wp-admin/admin.php?page=wc-settings" "Mozilla/5.0 (Windows NT 10.0; Win64; x64) AppleWebKit/537.36 (KHTML, like Gecko) Chrome/134.0.0.0 Safari/537.36"
103.166.150.82 - - [14/Mar/2025:14:40:30 +0000] "POST /store/wp-admin/admin-ajax.php HTTP/2" 200 51 "https://valuecartpk.shop/store/wp-admin/admin.php?page=cartflows&path=store-checkout&action=wcf-edit-flow&flow_id=15648" "Mozilla/5.0 (Windows NT 10.0; Win64; x64) AppleWebKit/537.36 (KHTML, like Gecko) Chrome/134.0.0.0 Safari/537.36"
103.166.150.82 - - [14/Mar/2025:14:40:30 +0000] "POST /store/wp-admin/admin.php?page=wc-settings HTTP/2" 200 95809 "https://valuecartpk.shop/store/wp-admin/admin.php?page=wc-settings" "Mozilla/5.0 (Windows NT 10.0; Win64; x64) AppleWebKit/537.36 (KHTML, like Gecko) Chrome/134.0.0.0 Safari/537.36"
103.166.150.82 - - [14/Mar/2025:14:41:57 +0000] "GET /store/wp-admin/admin.php?page=cartflows&path=store-checkout&action=wcf-edit-flow&flow_id=15648 HTTP/2" 200 85025 "https://valuecartpk.shop/store/wp-admin/admin.php?page=cartflows&path=store-checkout-library" "Mozilla/5.0 (Windows NT 10.0; Win64; x64) AppleWebKit/537.36 (KHTML, like Gecko) Chrome/134.0.0.0 Safari/537.36"
103.166.150.82 - - [14/Mar/2025:14:42:03 +0000] "GET /store/wp-json/cartflows/v1/admin/flow-data/15648?_locale=user HTTP/2" 200 1699 "https://valuecartpk.shop/store/wp-admin/admin.php?page=cartflows&path=store-checkout&action=wcf-edit-flow&flow_id=15648" "Mozilla/5.0 (Windows NT 10.0; Win64; x64) AppleWebKit/537.36 (KHTML, like Gecko) Chrome/134.0.0.0 Safari/537.36"
103.166.150.82 - - [14/Mar/2025:14:42:06 +0000] "GET /store/wp-json/cartflows/v1/admin/flow-data/15648?_locale=user HTTP/2" 200 1699 "https://valuecartpk.shop/store/wp-admin/admin.php?page=cartflows&path=store-checkout&action=wcf-edit-flow&flow_id=15648" "Mozilla/5.0 (Windows NT 10.0; Win64; x64) AppleWebKit/537.36 (KHTML, like Gecko) Chrome/134.0.0.0 Safari/537.36"
38.91.101.117 - - [14/Mar/2025:14:44:11 +0000] "POST /store/wp-cron.php?doing_wp_cron=1741963451.0576429367065429687500 HTTP/1.1" 200 0 "-" "WordPress/6.7.2; https://valuecartpk.shop/store"
103.166.150.82 - - [14/Mar/2025:14:45:24 +0000] "POST /store/wp-admin/admin-ajax.php HTTP/2" 200 71 "https://valuecartpk.shop/store/wp-admin/post.php?post=15649&action=elementor" "Mozilla/5.0 (Windows NT 10.0; Win64; x64) AppleWebKit/537.36 (KHTML, like Gecko) Chrome/134.0.0.0 Safari/537.36"
38.91.101.117 - - [14/Mar/2025:14:46:57 +0000] "POST /store/wp-cron.php?doing_wp_cron=1741963616.9830191135406494140625 HTTP/1.1" 200 0 "-" "WordPress/6.7.2; https://valuecartpk.shop/store"
20.171.207.177 - - [14/Mar/2025:14:57:04 +0000] "GET /store/shop/?filter_brand=eva-solo%2Cjoseph-joseph%2Cklober%2Cvitra&filter_color=beige%2Cblue&filter_size=l&per_page=24&stock_status=instock HTTP/2" 200 26131 "-" "Mozilla/5.0 AppleWebKit/537.36 (KHTML, like Gecko; compatible; GPTBot/1.2; +https://openai.com/gptbot)"
38.91.101.117 - - [14/Mar/2025:14:32:01 +0000] "POST /store/wp-cron.php?doing_wp_cron=1741962721.3693749904632568359375 HTTP/1.1" 200 0 "-" "WordPress/6.7.2; https://valuecartpk.shop/store"
38.91.101.117 - - [14/Mar/2025:14:37:07 +0000] "POST /store/wp-cron.php?doing_wp_cron=1741963027.0373249053955078125000 HTTP/1.1" 200 0 "-" "WordPress/6.7.2; https://valuecartpk.shop/store"
38.91.101.117 - - [14/Mar/2025:14:38:28 +0000] "POST /store/wp-cron.php?doing_wp_cron=1741963108.6710889339447021484375 HTTP/1.1" 200 0 "-" "WordPress/6.7.2; https://valuecartpk.shop/store"
38.91.101.117 - - [14/Mar/2025:14:38:22 +0000] "POST /store/wp-admin/admin-ajax.php?action=wp_cartflows_sync_library&nonce=9ef6b7495b HTTP/1.1" 200 0 "-" "WordPress/6.7.2; https://valuecartpk.shop/store"
2a06:98c0:3600::103 - - [14/Mar/2025:14:38:34 +0000] "GET /wp-admin/setup-config.php HTTP/1.1" 404 1251 "-" "Mozilla/5.0 (Windows NT 10.0; Win64; x64) AppleWebKit/537.36 (KHTML, like Gecko) Chrome/133.0.0.0 Safari/537.36"
38.91.101.117 - - [14/Mar/2025:14:40:54 +0000] "POST /store/wp-cron.php?doing_wp_cron=1741963254.0389509201049804687500 HTTP/1.1" 200 0 "-" "WordPress/6.7.2; https://valuecartpk.shop/store"
38.91.101.117 - - [14/Mar/2025:14:41:55 +0000] "POST /store/wp-cron.php?doing_wp_cron=1741963315.0071039199829101562500 HTTP/1.1" 200 0 "-" "WordPress/6.7.2; https://valuecartpk.shop/store"
38.91.101.117 - - [14/Mar/2025:14:42:00 +0000] "POST /store/wp-admin/admin-ajax.php?action=wp_cartflows_sync_library&nonce=9ef6b7495b HTTP/1.1" 500 134 "-" "WordPress/6.7.2; https://valuecartpk.shop/store"
38.91.101.117 - - [14/Mar/2025:14:43:06 +0000] "POST /store/wp-cron.php?doing_wp_cron=1741963386.3291480541229248046875 HTTP/1.1" 200 0 "-" "WordPress/6.7.2; https://valuecartpk.shop/store"
38.91.101.117 - - [14/Mar/2025:14:44:11 +0000] "POST /store/wp-cron.php?doing_wp_cron=1741963451.4766690731048583984375 HTTP/1.1" 200 0 "-" "WordPress/6.7.2; https://valuecartpk.shop/store"
103.166.150.82 - - [14/Mar/2025:14:45:43 +0000] "GET /store/wp-json/elementor/v1/checklist/user-progress HTTP/2" 200 183 "https://valuecartpk.shop/store/wp-admin/post.php?post=15649&action=elementor" "Mozilla/5.0 (Windows NT 10.0; Win64; x64) AppleWebKit/537.36 (KHTML, like Gecko) Chrome/134.0.0.0 Safari/537.36"
103.166.150.82 - - [14/Mar/2025:14:45:43 +0000] "POST /store/wp-admin/admin-ajax.php HTTP/2" 200 71 "https://valuecartpk.shop/store/wp-admin/post.php?post=15649&action=elementor" "Mozilla/5.0 (Windows NT 10.0; Win64; x64) AppleWebKit/537.36 (KHTML, like Gecko) Chrome/134.0.0.0 Safari/537.36"
103.166.150.82 - - [14/Mar/2025:14:45:46 +0000] "POST /store/wp-admin/admin-ajax.php HTTP/2" 200 51 "https://valuecartpk.shop/store/wp-admin/admin.php?page=qcfw-checkout" "Mozilla/5.0 (Windows NT 10.0; Win64; x64) AppleWebKit/537.36 (KHTML, like Gecko) Chrome/134.0.0.0 Safari/537.36"
38.91.101.117 - - [14/Mar/2025:14:45:57 +0000] "POST /store/wp-cron.php?doing_wp_cron=1741963557.3057730197906494140625 HTTP/1.1" 200 0 "-" "WordPress/6.7.2; https://valuecartpk.shop/store"
103.166.150.82 - - [14/Mar/2025:14:45:54 +0000] "POST /store/wp-admin/admin-ajax.php HTTP/2" 200 71 "https://valuecartpk.shop/store/wp-admin/post.php?post=15649&action=elementor" "Mozilla/5.0 (Windows NT 10.0; Win64; x64) AppleWebKit/537.36 (KHTML, like Gecko) Chrome/134.0.0.0 Safari/537.36"
195.191.219.132 - - [14/Mar/2025:14:50:14 +0000] "GET /robots.txt HTTP/1.1" 404 1251 "-" "Mozilla/5.0 (compatible; MJ12bot/v2.0.0; http://mj12bot.com/)"
195.191.219.132 - - [14/Mar/2025:14:50:14 +0000] "GET / HTTP/1.1" 200 636 "-" "Mozilla/5.0 (compatible; MJ12bot/v2.0.0; http://mj12bot.com/)"
38.91.101.117 - - [14/Mar/2025:14:51:58 +0000] "POST /store/wp-cron.php?doing_wp_cron=1741963918.3320240974426269531250 HTTP/1.1" 200 0 "-" "WordPress/6.7.2; https://valuecartpk.shop/store"
20.171.207.177 - - [14/Mar/2025:15:01:30 +0000] "GET /store/shop/?filter_brand=eva-solo%2Cmagisso&filter_color=beige%2Cblack%2Cblue%2Cyellow&filter_size=l&per_page=12&stock_status=instock%2Consale HTTP/2" 200 23866 "-" "Mozilla/5.0 AppleWebKit/537.36 (KHTML, like Gecko; compatible; GPTBot/1.2; +https://openai.com/gptbot)"
20.171.207.177 - - [14/Mar/2025:15:01:44 +0000] "GET /store/shop/?filter_brand=joseph-joseph%2Cklober%2Cvitra&filter_color=black%2Cblue%2Cbrown&filter_size=l%2Cm&per_page=18&per_row=4&shop_view=grid&stock_status=instock HTTP/2" 200 26746 "-" "Mozilla/5.0 AppleWebKit/537.36 (KHTML, like Gecko; compatible; GPTBot/1.2; +https://openai.com/gptbot)"
38.91.101.117 - - [14/Mar/2025:15:01:58 +0000] "POST /store/wp-cron.php?doing_wp_cron=1741964518.6821091175079345703125 HTTP/1.1" 200 0 "-" "WordPress/6.7.2; https://valuecartpk.shop/store"
20.171.207.177 - - [14/Mar/2025:15:01:56 +0000] "GET /store/shop/?filter_brand=eva-solo%2Cjoseph-joseph%2Cmagisso&filter_color=beige%2Cblack%2Cbrown%2Cyellow&filter_size=m&per_page=12&per_row=3&shop_view=grid HTTP/2" 200 26130 "-" "Mozilla/5.0 AppleWebKit/537.36 (KHTML, like Gecko; compatible; GPTBot/1.2; +https://openai.com/gptbot)"
20.171.207.177 - - [14/Mar/2025:15:02:06 +0000] "GET /store/shop/?filter_brand=eva-solo%2Cjoseph-joseph%2Cmagisso&filter_color=blue&stock_status=onsale HTTP/2" 200 23733 "-" "Mozilla/5.0 AppleWebKit/537.36 (KHTML, like Gecko; compatible; GPTBot/1.2; +https://openai.com/gptbot)"
20.171.207.177 - - [14/Mar/2025:15:02:16 +0000] "GET /store/shop/?filter_brand=eva-solo%2Cjoseph-joseph%2Cmagisso&filter_color=beige%2Cblack%2Cbrown%2Cyellow&filter_size=m&per_row=3&shop_view=grid&stock_status=onsale HTTP/2" 200 23954 "-" "Mozilla/5.0 AppleWebKit/537.36 (KHTML, like Gecko; compatible; GPTBot/1.2; +https://openai.com/gptbot)"
20.171.207.177 - - [14/Mar/2025:15:02:24 +0000] "GET /store/shop/?filter_brand=joseph-joseph%2Cvitra&filter_color=beige%2Cblack%2Cblue%2Cyellow&filter_size=m&per_page=24&stock_status=instock%2Consale HTTP/2" 200 23876 "-" "Mozilla/5.0 AppleWebKit/537.36 (KHTML, like Gecko; compatible; GPTBot/1.2; +https://openai.com/gptbot)"
20.171.207.177 - - [14/Mar/2025:15:02:32 +0000] "GET /store/shop/?filter_brand=eva-solo%2Cjoseph-joseph%2Cmagisso&filter_color=beige%2Cblack%2Cbrown%2Cyellow&filter_size=m&per_row=3&shop_view=grid&stock_status=instock HTTP/2" 200 26157 "-" "Mozilla/5.0 AppleWebKit/537.36 (KHTML, like Gecko; compatible; GPTBot/1.2; +https://openai.com/gptbot)"
20.171.207.177 - - [14/Mar/2025:15:02:39 +0000] "GET /store/shop/?filter_brand=eva-solo%2Cjoseph-joseph%2Cmagisso&filter_color=beige%2Cblack&filter_size=l%2Cm%2Cs&per_page=24&stock_status=instock HTTP/2" 200 26663 "-" "Mozilla/5.0 AppleWebKit/537.36 (KHTML, like Gecko; compatible; GPTBot/1.2; +https://openai.com/gptbot)"
20.171.207.177 - - [14/Mar/2025:15:02:46 +0000] "GET /store/shop/?filter_brand=eva-solo%2Cjoseph-joseph%2Cmagisso&filter_color=beige%2Cblack&filter_size=l%2Cm%2Cs&per_page=18&stock_status=instock HTTP/2" 200 26669 "-" "Mozilla/5.0 AppleWebKit/537.36 (KHTML, like Gecko; compatible; GPTBot/1.2; +https://openai.com/gptbot)"
20.171.207.177 - - [14/Mar/2025:15:02:53 +0000] "GET /store/shop/?filter_brand=joseph-joseph%2Cvitra&filter_color=black%2Cbrown%2Cyellow&filter_size=m%2Cs&per_page=12&stock_status=instock HTTP/2" 200 26616 "-" "Mozilla/5.0 AppleWebKit/537.36 (KHTML, like Gecko; compatible; GPTBot/1.2; +https://openai.com/gptbot)"
20.171.207.177 - - [14/Mar/2025:15:03:00 +0000] "GET /store/shop/?filter_brand=joseph-joseph%2Cklober%2Cvitra&filter_color=black%2Cblue%2Cbrown&filter_size=l%2Cm&per_page=24&per_row=4&shop_view=grid&stock_status=instock%2Consale HTTP/2" 200 23948 "-" "Mozilla/5.0 AppleWebKit/537.36 (KHTML, like Gecko; compatible; GPTBot/1.2; +https://openai.com/gptbot)"
103.166.150.82 - - [14/Mar/2025:14:57:10 +0000] "GET /store/wp-admin/admin-ajax.php?action=woodmart_load_header&id=header_952974&security=206265e4de HTTP/1.1" 200 13773 "https://valuecartpk.shop/store/wp-admin/admin.php?page=xts_header_builder" "Mozilla/5.0 (Windows NT 10.0; Win64; x64) AppleWebKit/537.36 (KHTML, like Gecko) Chrome/134.0.0.0 Safari/537.36"
103.166.150.82 - - [14/Mar/2025:14:57:36 +0000] "POST /store/wp-admin/admin-ajax.php HTTP/1.1" 200 51 "https://valuecartpk.shop/store/wp-admin/admin.php?page=xts_header_builder" "Mozilla/5.0 (Windows NT 10.0; Win64; x64) AppleWebKit/537.36 (KHTML, like Gecko) Chrome/134.0.0.0 Safari/537.36"
103.166.150.82 - - [14/Mar/2025:14:57:55 +0000] "GET /store/wp-admin/admin-ajax.php?action=woodmart_get_builder_elements&security=8bcd508d11 HTTP/1.1" 200 12606 "https://valuecartpk.shop/store/wp-admin/admin.php?page=xts_header_builder" "Mozilla/5.0 (Windows NT 10.0; Win64; x64) AppleWebKit/537.36 (KHTML, like Gecko) Chrome/134.0.0.0 Safari/537.36"
103.166.150.82 - - [14/Mar/2025:14:58:32 +0000] "POST /store/wp-admin/admin-ajax.php HTTP/1.1" 200 51 "https://valuecartpk.shop/store/wp-admin/admin.php?page=qcfw-checkout" "Mozilla/5.0 (Windows NT 10.0; Win64; x64) AppleWebKit/537.36 (KHTML, like Gecko) Chrome/134.0.0.0 Safari/537.36"
103.166.150.82 - - [14/Mar/2025:14:58:36 +0000] "POST /store/wp-admin/admin-ajax.php HTTP/1.1" 200 51 "https://valuecartpk.shop/store/wp-admin/admin.php?page=xts_header_builder" "Mozilla/5.0 (Windows NT 10.0; Win64; x64) AppleWebKit/537.36 (KHTML, like Gecko) Chrome/134.0.0.0 Safari/537.36"
103.166.150.82 - - [14/Mar/2025:14:58:36 +0000] "POST /store/wp-admin/admin-ajax.php HTTP/1.1" 200 71 "https://valuecartpk.shop/store/wp-admin/post.php?post=15649&action=elementor" "Mozilla/5.0 (Windows NT 10.0; Win64; x64) AppleWebKit/537.36 (KHTML, like Gecko) Chrome/134.0.0.0 Safari/537.36"
103.166.150.82 - - [14/Mar/2025:15:02:28 +0000] "POST /store/wp-admin/admin-ajax.php HTTP/2" 200 51 "https://valuecartpk.shop/store/wp-admin/admin.php?page=xts_header_builder" "Mozilla/5.0 (Windows NT 10.0; Win64; x64) AppleWebKit/537.36 (KHTML, like Gecko) Chrome/134.0.0.0 Safari/537.36"
103.166.150.82 - - [14/Mar/2025:15:02:32 +0000] "POST /store/wp-admin/admin-ajax.php HTTP/2" 200 0 "https://valuecartpk.shop/store/wp-admin/plugin-install.php?s=header&tab=search&type=term" "Mozilla/5.0 (Windows NT 10.0; Win64; x64) AppleWebKit/537.36 (KHTML, like Gecko) Chrome/134.0.0.0 Safari/537.36"
103.166.150.82 - - [14/Mar/2025:15:02:15 +0000] "GET /store/wp-admin/update.php?action=install-plugin&plugin=header-footer-elementor&_wpnonce=32eea8f173 HTTP/2" 200 29483 "https://valuecartpk.shop/store/wp-admin/plugin-install.php?s=header&tab=search&type=term" "Mozilla/5.0 (Windows NT 10.0; Win64; x64) AppleWebKit/537.36 (KHTML, like Gecko) Chrome/134.0.0.0 Safari/537.36"
103.166.150.82 - - [14/Mar/2025:15:02:32 +0000] "GET /store/wp-admin/load-styles.php?c=1&dir=ltr&load%5Bchunk_0%5D=dashicons,admin-bar,common,forms,admin-menu,dashboard,list-tables,edit,revisions,media,themes,about,nav-menus,wp-pointer,widgets&load%5Bchunk_1%5D=,site-icon,l10n,buttons&ver=6.7.2 HTTP/2" 200 103315 "https://valuecartpk.shop/store/wp-admin/update.php?action=install-plugin&plugin=header-footer-elementor&_wpnonce=32eea8f173" "Mozilla/5.0 (Windows NT 10.0; Win64; x64) AppleWebKit/537.36 (KHTML, like Gecko) Chrome/134.0.0.0 Safari/537.36"
103.166.150.82 - - [14/Mar/2025:15:02:38 +0000] "POST /store/wp-admin/admin-ajax.php HTTP/2" 200 71 "https://valuecartpk.shop/store/wp-admin/post.php?post=15649&action=elementor" "Mozilla/5.0 (Windows NT 10.0; Win64; x64) AppleWebKit/537.36 (KHTML, like Gecko) Chrome/134.0.0.0 Safari/537.36"
103.166.150.82 - - [14/Mar/2025:15:03:29 +0000] "GET /store/wp-json/elementor/v1/checklist/user-progress HTTP/2" 200 183 "https://valuecartpk.shop/store/wp-admin/post.php?post=15649&action=elementor" "Mozilla/5.0 (Windows NT 10.0; Win64; x64) AppleWebKit/537.36 (KHTML, like Gecko) Chrome/134.0.0.0 Safari/537.36"
103.166.150.82 - - [14/Mar/2025:15:03:28 +0000] "POST /store/wp-admin/admin-ajax.php HTTP/2" 302 0 "https://valuecartpk.shop/store/wp-admin/admin.php?page=xts_header_builder" "Mozilla/5.0 (Windows NT 10.0; Win64; x64) AppleWebKit/537.36 (KHTML, like Gecko) Chrome/134.0.0.0 Safari/537.36"
103.166.150.82 - - [14/Mar/2025:15:03:29 +0000] "POST /store/wp-admin/admin-ajax.php HTTP/2" 302 0 "https://valuecartpk.shop/store/wp-admin/post.php?post=15649&action=elementor" "Mozilla/5.0 (Windows NT 10.0; Win64; x64) AppleWebKit/537.36 (KHTML, like Gecko) Chrome/134.0.0.0 Safari/537.36"
103.166.150.82 - - [14/Mar/2025:15:03:20 +0000] "GET /store/wp-admin/nav-menus.php HTTP/2" 302 0 "https://valuecartpk.shop/store/wp-admin/admin.php?page=xts_header_builder" "Mozilla/5.0 (Windows NT 10.0; Win64; x64) AppleWebKit/537.36 (KHTML, like Gecko) Chrome/134.0.0.0 Safari/537.36"
103.166.150.82 - - [14/Mar/2025:15:03:38 +0000] "GET /store/wp-admin/admin.php?page=hfe HTTP/2" 200 54914 "https://valuecartpk.shop/store/wp-admin/admin.php?page=xts_header_builder" "Mozilla/5.0 (Windows NT 10.0; Win64; x64) AppleWebKit/537.36 (KHTML, like Gecko) Chrome/134.0.0.0 Safari/537.36"
103.166.150.82 - - [14/Mar/2025:15:03:53 +0000] "GET /store/wp-admin/admin.php?page=hfe HTTP/2" 200 54930 "https://valuecartpk.shop/store/wp-admin/post.php?post=15649&action=elementor" "Mozilla/5.0 (Windows NT 10.0; Win64; x64) AppleWebKit/537.36 (KHTML, like Gecko) Chrome/134.0.0.0 Safari/537.36"
103.166.150.82 - - [14/Mar/2025:15:03:59 +0000] "GET /store/wp-admin/admin.php?page=hfe HTTP/2" 200 27848 "https://valuecartpk.shop/store/wp-admin/admin.php?page=xts_header_builder" "Mozilla/5.0 (Windows NT 10.0; Win64; x64) AppleWebKit/537.36 (KHTML, like Gecko) Chrome/134.0.0.0 Safari/537.36"
103.166.150.82 - - [14/Mar/2025:15:04:07 +0000] "GET /store/wp-content/plugins/header-footer-elementor/build/main.css?ver=2.2.1 HTTP/2" 200 14477 "https://valuecartpk.shop/store/wp-admin/admin.php?page=hfe" "Mozilla/5.0 (Windows NT 10.0; Win64; x64) AppleWebKit/537.36 (KHTML, like Gecko) Chrome/134.0.0.0 Safari/537.36"
103.166.150.82 - - [14/Mar/2025:15:03:59 +0000] "POST /store/wp-admin/admin-ajax.php HTTP/2" 200 71 "https://valuecartpk.shop/store/wp-admin/post.php?post=15649&action=elementor" "Mozilla/5.0 (Windows NT 10.0; Win64; x64) AppleWebKit/537.36 (KHTML, like Gecko) Chrome/134.0.0.0 Safari/537.36"
103.166.150.82 - - [14/Mar/2025:15:04:10 +0000] "GET /store/wp-content/plugins/header-footer-elementor/assets/css/style.css?ver=2.2.1 HTTP/2" 200 1105 "https://valuecartpk.shop/store/wp-admin/admin.php?page=hfe" "Mozilla/5.0 (Windows NT 10.0; Win64; x64) AppleWebKit/537.36 (KHTML, like Gecko) Chrome/134.0.0.0 Safari/537.36"
103.166.150.82 - - [14/Mar/2025:15:04:10 +0000] "GET /store/wp-content/plugins/header-footer-elementor/admin/assets/css/ehf-admin.css?ver=2.2.1 HTTP/2" 200 3671 "https://valuecartpk.shop/store/wp-admin/admin.php?page=hfe" "Mozilla/5.0 (Windows NT 10.0; Win64; x64) AppleWebKit/537.36 (KHTML, like Gecko) Chrome/134.0.0.0 Safari/537.36"
103.166.150.82 - - [14/Mar/2025:15:02:54 +0000] "GET /store/wp-admin/plugins.php?action=activate&plugin=header-footer-elementor%2Fheader-footer-elementor.php&_wpnonce=29f5ee4dcf HTTP/2" 200 0 "https://valuecartpk.shop/store/wp-admin/update.php?action=install-plugin&plugin=header-footer-elementor&_wpnonce=32eea8f173" "Mozilla/5.0 (Windows NT 10.0; Win64; x64) AppleWebKit/537.36 (KHTML, like Gecko) Chrome/134.0.0.0 Safari/537.36"
103.166.150.82 - - [14/Mar/2025:15:04:13 +0000] "GET /store/wp-content/plugins/header-footer-elementor/admin/assets/js/ehf-admin.js?ver=2.2.1 HTTP/2" 200 3613 "https://valuecartpk.shop/store/wp-admin/admin.php?page=hfe" "Mozilla/5.0 (Windows NT 10.0; Win64; x64) AppleWebKit/537.36 (KHTML, like Gecko) Chrome/134.0.0.0 Safari/537.36"
103.166.150.82 - - [14/Mar/2025:15:04:11 +0000] "GET /store/wp-admin/plugins.php?action=activate&plugin=header-footer-elementor%2Fheader-footer-elementor.php&_wpnonce=29f5ee4dcf HTTP/2" 302 0 "https://valuecartpk.shop/store/wp-admin/update.php?action=install-plugin&plugin=header-footer-elementor&_wpnonce=32eea8f173" "Mozilla/5.0 (Windows NT 10.0; Win64; x64) AppleWebKit/537.36 (KHTML, like Gecko) Chrome/134.0.0.0 Safari/537.36"
103.166.150.82 - - [14/Mar/2025:15:04:13 +0000] "GET /store/wp-content/plugins/header-footer-elementor/build/main.js?ver=2.2.1 HTTP/2" 200 314040 "https://valuecartpk.shop/store/wp-admin/admin.php?page=hfe" "Mozilla/5.0 (Windows NT 10.0; Win64; x64) AppleWebKit/537.36 (KHTML, like Gecko) Chrome/134.0.0.0 Safari/537.36"
103.166.150.82 - - [14/Mar/2025:15:04:16 +0000] "GET /store/wp-content/plugins/header-footer-elementor/assets/images/settings/white-logo.svg HTTP/2" 200 7894 "https://valuecartpk.shop/store/wp-admin/admin.php?page=hfe" "Mozilla/5.0 (Windows NT 10.0; Win64; x64) AppleWebKit/537.36 (KHTML, like Gecko) Chrome/134.0.0.0 Safari/537.36"
103.166.150.82 - - [14/Mar/2025:15:04:18 +0000] "POST /store/wp-admin/admin-ajax.php HTTP/2" 200 51 "https://valuecartpk.shop/store/wp-admin/admin.php?page=hfe" "Mozilla/5.0 (Windows NT 10.0; Win64; x64) AppleWebKit/537.36 (KHTML, like Gecko) Chrome/134.0.0.0 Safari/537.36"
103.166.150.82 - - [14/Mar/2025:15:04:31 +0000] "GET /8fbf595b398521a13438.woff2 HTTP/2" 404 1251 "https://valuecartpk.shop/store/wp-content/plugins/header-footer-elementor/build/main.css?ver=2.2.1" "Mozilla/5.0 (Windows NT 10.0; Win64; x64) AppleWebKit/537.36 (KHTML, like Gecko) Chrome/134.0.0.0 Safari/537.36"
103.166.150.82 - - [14/Mar/2025:15:04:31 +0000] "GET /store/wp-content/plugins/header-footer-elementor/assets/images/settings/uae-logo-svg.svg HTTP/2" 200 4336 "https://valuecartpk.shop/store/wp-admin/admin.php?page=hfe" "Mozilla/5.0 (Windows NT 10.0; Win64; x64) AppleWebKit/537.36 (KHTML, like Gecko) Chrome/134.0.0.0 Safari/537.36"
103.166.150.82 - - [14/Mar/2025:15:04:31 +0000] "GET /store/wp-content/plugins/header-footer-elementor/assets/images/settings/welcome-banner.png HTTP/2" 200 282231 "https://valuecartpk.shop/store/wp-admin/admin.php?page=hfe" "Mozilla/5.0 (Windows NT 10.0; Win64; x64) AppleWebKit/537.36 (KHTML, like Gecko) Chrome/134.0.0.0 Safari/537.36"
103.166.150.82 - - [14/Mar/2025:15:04:32 +0000] "GET /0fe49b37405de5564a8c.woff HTTP/2" 404 1251 "https://valuecartpk.shop/store/wp-content/plugins/header-footer-elementor/build/main.css?ver=2.2.1" "Mozilla/5.0 (Windows NT 10.0; Win64; x64) AppleWebKit/537.36 (KHTML, like Gecko) Chrome/134.0.0.0 Safari/537.36"
103.166.150.82 - - [14/Mar/2025:15:04:35 +0000] "GET /store/wp-json/hfe/v1/widgets?_locale=user HTTP/2" 200 5022 "https://valuecartpk.shop/store/wp-admin/admin.php?page=hfe" "Mozilla/5.0 (Windows NT 10.0; Win64; x64) AppleWebKit/537.36 (KHTML, like Gecko) Chrome/134.0.0.0 Safari/537.36"
103.166.150.82 - - [14/Mar/2025:15:04:26 +0000] "GET /store/wp-admin/plugins.php?activate=true&plugin_status=all&paged=1&s= HTTP/2" 200 96747 "https://valuecartpk.shop/store/wp-admin/update.php?action=install-plugin&plugin=header-footer-elementor&_wpnonce=32eea8f173" "Mozilla/5.0 (Windows NT 10.0; Win64; x64) AppleWebKit/537.36 (KHTML, like Gecko) Chrome/134.0.0.0 Safari/537.36"
103.166.150.82 - - [14/Mar/2025:15:04:46 +0000] "GET /store/wp-content/plugins/header-footer-elementor/assets/images/settings/logo.svg HTTP/2" 200 7883 "https://valuecartpk.shop/store/wp-admin/plugins.php?activate=true&plugin_status=all&paged=1&s=" "Mozilla/5.0 (Windows NT 10.0; Win64; x64) AppleWebKit/537.36 (KHTML, like Gecko) Chrome/134.0.0.0 Safari/537.36"
103.166.150.82 - - [14/Mar/2025:15:04:46 +0000] "GET /store/wp-content/plugins/header-footer-elementor/assets/images/settings/dashboard-logo.svg HTTP/2" 200 7897 "https://valuecartpk.shop/store/wp-admin/plugins.php?plugin_status=all&paged=1&s" "Mozilla/5.0 (Windows NT 10.0; Win64; x64) AppleWebKit/537.36 (KHTML, like Gecko) Chrome/134.0.0.0 Safari/537.36"
38.91.101.117 - - [14/Mar/2025:14:57:57 +0000] "POST /store/wp-cron.php?doing_wp_cron=1741964276.7552120685577392578125 HTTP/1.1" 200 0 "-" "WordPress/6.7.2; https://valuecartpk.shop/store"
2a06:98c0:3600::103 - - [14/Mar/2025:15:01:54 +0000] "GET /wordpress/wp-admin/setup-config.php HTTP/1.1" 404 1251 "-" "Mozilla/5.0 (Windows NT 10.0; Win64; x64) AppleWebKit/537.36 (KHTML, like Gecko) Chrome/133.0.0.0 Safari/537.36"
103.166.150.82 - - [14/Mar/2025:15:02:09 +0000] "POST /store/wp-admin/admin-ajax.php HTTP/2" 500 0 "https://valuecartpk.shop/store/wp-admin/plugin-install.php?s=header&tab=search&type=term" "Mozilla/5.0 (Windows NT 10.0; Win64; x64) AppleWebKit/537.36 (KHTML, like Gecko) Chrome/134.0.0.0 Safari/537.36"
38.91.101.117 - - [14/Mar/2025:15:02:56 +0000] "POST /store/wp-cron.php?doing_wp_cron=1741964576.2436099052429199218750 HTTP/1.1" 200 0 "-" "WordPress/6.7.2; https://valuecartpk.shop/store"
103.166.150.82 - - [14/Mar/2025:15:05:39 +0000] "GET /store/wp-json/elementor/v1/checklist/user-progress HTTP/1.1" 200 183 "https://valuecartpk.shop/store/wp-admin/post.php?post=15649&action=elementor" "Mozilla/5.0 (Windows NT 10.0; Win64; x64) AppleWebKit/537.36 (KHTML, like Gecko) Chrome/134.0.0.0 Safari/537.36"
103.166.150.82 - - [14/Mar/2025:15:05:30 +0000] "POST /store/wp-admin/admin-ajax.php HTTP/1.1" 200 51 "https://valuecartpk.shop/store/wp-admin/admin.php?page=hfe" "Mozilla/5.0 (Windows NT 10.0; Win64; x64) AppleWebKit/537.36 (KHTML, like Gecko) Chrome/134.0.0.0 Safari/537.36"
103.166.150.82 - - [14/Mar/2025:15:05:41 +0000] "POST /store/wp-admin/admin-ajax.php HTTP/1.1" 200 670 "https://valuecartpk.shop/store/wp-admin/post.php?post=15649&action=elementor" "Mozilla/5.0 (Windows NT 10.0; Win64; x64) AppleWebKit/537.36 (KHTML, like Gecko) Chrome/134.0.0.0 Safari/537.36"
103.166.150.82 - - [14/Mar/2025:15:05:39 +0000] "POST /store/wp-admin/admin-ajax.php HTTP/1.1" 200 71 "https://valuecartpk.shop/store/wp-admin/post.php?post=15649&action=elementor" "Mozilla/5.0 (Windows NT 10.0; Win64; x64) AppleWebKit/537.36 (KHTML, like Gecko) Chrome/134.0.0.0 Safari/537.36"
103.166.150.82 - - [14/Mar/2025:15:05:48 +0000] "POST /store/wp-admin/admin-ajax.php HTTP/1.1" 200 51 "https://valuecartpk.shop/store/wp-admin/plugins.php?plugin_status=all&paged=1&s" "Mozilla/5.0 (Windows NT 10.0; Win64; x64) AppleWebKit/537.36 (KHTML, like Gecko) Chrome/134.0.0.0 Safari/537.36"
103.166.150.82 - - [14/Mar/2025:15:05:56 +0000] "GET /store/wp-content/plugins/header-footer-elementor/inc/lib/target-rule/target-rule.css?ver=1.0.0 HTTP/1.1" 200 637 "https://valuecartpk.shop/store/wp-admin/post-new.php?post_type=elementor-hf" "Mozilla/5.0 (Windows NT 10.0; Win64; x64) AppleWebKit/537.36 (KHTML, like Gecko) Chrome/134.0.0.0 Safari/537.36"
103.166.150.82 - - [14/Mar/2025:15:05:56 +0000] "GET /store/wp-content/plugins/header-footer-elementor/inc/lib/target-rule/select2.css?ver=1.0.0 HTTP/1.1" 200 1790 "https://valuecartpk.shop/store/wp-admin/post-new.php?post_type=elementor-hf" "Mozilla/5.0 (Windows NT 10.0; Win64; x64) AppleWebKit/537.36 (KHTML, like Gecko) Chrome/134.0.0.0 Safari/537.36"
103.166.150.82 - - [14/Mar/2025:15:05:56 +0000] "GET /store/wp-admin/load-styles.php?c=1&dir=ltr&load%5Bchunk_0%5D=dashicons,admin-bar,buttons,media-views,common,forms,admin-menu,dashboard,list-tables,edit,revisions,media,themes,about,nav-menu&load%5Bchunk_1%5D=s,wp-pointer,widgets,site-icon,l10n,wp-auth-check,wp-jquery-ui-dialog,wp-color-picker&ver=6.7.2 HTTP/1.1" 200 113699 "https://valuecartpk.shop/store/wp-admin/post-new.php?post_type=elementor-hf" "Mozilla/5.0 (Windows NT 10.0; Win64; x64) AppleWebKit/537.36 (KHTML, like Gecko) Chrome/134.0.0.0 Safari/537.36"
103.166.150.82 - - [14/Mar/2025:15:05:57 +0000] "GET /store/wp-content/plugins/header-footer-elementor/inc/lib/target-rule/select2.js?ver=1.0.0 HTTP/1.1" 200 29803 "https://valuecartpk.shop/store/wp-admin/post-new.php?post_type=elementor-hf" "Mozilla/5.0 (Windows NT 10.0; Win64; x64) AppleWebKit/537.36 (KHTML, like Gecko) Chrome/134.0.0.0 Safari/537.36"
103.166.150.82 - - [14/Mar/2025:15:05:59 +0000] "GET /store/wp-content/plugins/header-footer-elementor/inc/lib/target-rule/target-rule.js?ver=1.0.0 HTTP/1.1" 200 1775 "https://valuecartpk.shop/store/wp-admin/post-new.php?post_type=elementor-hf" "Mozilla/5.0 (Windows NT 10.0; Win64; x64) AppleWebKit/537.36 (KHTML, like Gecko) Chrome/134.0.0.0 Safari/537.36"
103.166.150.82 - - [14/Mar/2025:15:05:59 +0000] "GET /store/wp-content/plugins/header-footer-elementor/inc/lib/target-rule/user-role.js?ver=1.0.0 HTTP/1.1" 200 643 "https://valuecartpk.shop/store/wp-admin/post-new.php?post_type=elementor-hf" "Mozilla/5.0 (Windows NT 10.0; Win64; x64) AppleWebKit/537.36 (KHTML, like Gecko) Chrome/134.0.0.0 Safari/537.36"
103.166.150.82 - - [14/Mar/2025:15:05:56 +0000] "POST /store/wp-admin/admin-ajax.php HTTP/1.1" 200 71 "https://valuecartpk.shop/store/wp-admin/post.php?post=15649&action=elementor" "Mozilla/5.0 (Windows NT 10.0; Win64; x64) AppleWebKit/537.36 (KHTML, like Gecko) Chrome/134.0.0.0 Safari/537.36"
103.166.150.82 - - [14/Mar/2025:15:06:10 +0000] "POST /store/wp-admin/admin-ajax.php HTTP/1.1" 200 98 "https://valuecartpk.shop/store/wp-admin/post-new.php?post_type=elementor-hf" "Mozilla/5.0 (Windows NT 10.0; Win64; x64) AppleWebKit/537.36 (KHTML, like Gecko) Chrome/134.0.0.0 Safari/537.36"
103.166.150.82 - - [14/Mar/2025:15:06:00 +0000] "GET /store/wp-admin/post-new.php?post_type=elementor-hf HTTP/1.1" 200 72851 "https://valuecartpk.shop/store/wp-admin/post-new.php?post_type=elementor-hf" "Mozilla/5.0 (Windows NT 10.0; Win64; x64) AppleWebKit/537.36 (KHTML, like Gecko) Chrome/134.0.0.0 Safari/537.36"
103.166.150.82 - - [14/Mar/2025:15:06:19 +0000] "POST /store/wp-admin/admin-ajax.php HTTP/1.1" 200 51 "https://valuecartpk.shop/store/wp-admin/post-new.php?post_type=elementor-hf" "Mozilla/5.0 (Windows NT 10.0; Win64; x64) AppleWebKit/537.36 (KHTML, like Gecko) Chrome/134.0.0.0 Safari/537.36"
103.166.150.82 - - [14/Mar/2025:15:06:19 +0000] "POST /store/wp-admin/admin-ajax.php HTTP/1.1" 200 246 "https://valuecartpk.shop/store/wp-admin/post-new.php?post_type=elementor-hf" "Mozilla/5.0 (Windows NT 10.0; Win64; x64) AppleWebKit/537.36 (KHTML, like Gecko) Chrome/134.0.0.0 Safari/537.36"
103.166.150.82 - - [14/Mar/2025:15:06:19 +0000] "GET /store/wp-admin/post.php?post=15691&action=elementor HTTP/1.1" 200 20030 "https://valuecartpk.shop/store/wp-admin/post-new.php?post_type=elementor-hf" "Mozilla/5.0 (Windows NT 10.0; Win64; x64) AppleWebKit/537.36 (KHTML, like Gecko) Chrome/134.0.0.0 Safari/537.36"
103.166.150.82 - - [14/Mar/2025:15:06:19 +0000] "GET /store/wp-admin/post-new.php?post_type=elementor-hf HTTP/1.1" 200 72759 "https://valuecartpk.shop/store/wp-admin/post-new.php?post_type=elementor-hf" "Mozilla/5.0 (Windows NT 10.0; Win64; x64) AppleWebKit/537.36 (KHTML, like Gecko) Chrome/134.0.0.0 Safari/537.36"
103.166.150.82 - - [14/Mar/2025:15:06:29 +0000] "GET /store/wp-admin/post.php?post=15691&action=elementor HTTP/1.1" 200 110159 "https://valuecartpk.shop/store/wp-admin/post-new.php?post_type=elementor-hf" "Mozilla/5.0 (Windows NT 10.0; Win64; x64) AppleWebKit/537.36 (KHTML, like Gecko) Chrome/134.0.0.0 Safari/537.36"
103.166.150.82 - - [14/Mar/2025:15:06:49 +0000] "POST /store/wp-admin/admin-ajax.php HTTP/1.1" 200 51 "https://valuecartpk.shop/store/wp-admin/plugins.php?plugin_status=all&paged=1&s" "Mozilla/5.0 (Windows NT 10.0; Win64; x64) AppleWebKit/537.36 (KHTML, like Gecko) Chrome/134.0.0.0 Safari/537.36"
103.166.150.82 - - [14/Mar/2025:15:06:39 +0000] "POST /store/wp-admin/post.php HTTP/1.1" 200 0 "https://valuecartpk.shop/store/wp-admin/post-new.php?post_type=elementor-hf&wp-post-new-reload=true" "Mozilla/5.0 (Windows NT 10.0; Win64; x64) AppleWebKit/537.36 (KHTML, like Gecko) Chrome/134.0.0.0 Safari/537.36"
103.166.150.82 - - [14/Mar/2025:15:06:55 +0000] "GET /store/wp-admin/post.php?post=15691&action=elementor HTTP/1.1" 200 196757 "https://valuecartpk.shop/store/wp-admin/post-new.php?post_type=elementor-hf&wp-post-new-reload=true" "Mozilla/5.0 (Windows NT 10.0; Win64; x64) AppleWebKit/537.36 (KHTML, like Gecko) Chrome/134.0.0.0 Safari/537.36"
103.166.150.82 - - [14/Mar/2025:15:07:03 +0000] "GET /store/wp-content/plugins/header-footer-elementor/inc/js/permalink-clear-notice.js?ver=2.2.1 HTTP/1.1" 200 756 "https://valuecartpk.shop/store/wp-admin/post.php?post=15691&action=elementor" "Mozilla/5.0 (Windows NT 10.0; Win64; x64) AppleWebKit/537.36 (KHTML, like Gecko) Chrome/134.0.0.0 Safari/537.36"
103.166.150.82 - - [14/Mar/2025:15:07:03 +0000] "GET /store/wp-content/plugins/header-footer-elementor/inc/widgets-css/permalink-clear-notice.css?ver=2.2.1 HTTP/1.1" 200 711 "https://valuecartpk.shop/store/wp-admin/post.php?post=15691&action=elementor" "Mozilla/5.0 (Windows NT 10.0; Win64; x64) AppleWebKit/537.36 (KHTML, like Gecko) Chrome/134.0.0.0 Safari/537.36"
103.166.150.82 - - [14/Mar/2025:15:07:03 +0000] "GET /store/wp-admin/load-scripts.php?c=1&load%5Bchunk_0%5D=jquery-core,jquery-migrate,underscore,backbone,wp-hooks,jquery-ui-core,jquery-ui-mouse,jquery-ui-draggable,wp-api-request&ver=6.7.2 HTTP/1.1" 200 64615 "https://valuecartpk.shop/store/wp-admin/post.php?post=15691&action=elementor" "Mozilla/5.0 (Windows NT 10.0; Win64; x64) AppleWebKit/537.36 (KHTML, like Gecko) Chrome/134.0.0.0 Safari/537.36"
103.166.150.82 - - [14/Mar/2025:15:07:06 +0000] "GET /store/elementor-hf/header/?elementor-preview=15691&ver=1741964820 HTTP/1.1" 200 42440 "https://valuecartpk.shop/store/wp-admin/post.php?post=15691&action=elementor" "Mozilla/5.0 (Windows NT 10.0; Win64; x64) AppleWebKit/537.36 (KHTML, like Gecko) Chrome/134.0.0.0 Safari/537.36"
103.166.150.82 - - [14/Mar/2025:15:07:07 +0000] "GET /store/wp-json/elementor/v1/checklist/user-progress HTTP/1.1" 200 183 "https://valuecartpk.shop/store/wp-admin/post.php?post=15691&action=elementor" "Mozilla/5.0 (Windows NT 10.0; Win64; x64) AppleWebKit/537.36 (KHTML, like Gecko) Chrome/134.0.0.0 Safari/537.36"
103.166.150.82 - - [14/Mar/2025:15:07:07 +0000] "POST /store/wp-admin/admin-ajax.php HTTP/1.1" 200 71 "https://valuecartpk.shop/store/wp-admin/post.php?post=15691&action=elementor" "Mozilla/5.0 (Windows NT 10.0; Win64; x64) AppleWebKit/537.36 (KHTML, like Gecko) Chrome/134.0.0.0 Safari/537.36"
103.166.150.82 - - [14/Mar/2025:15:07:07 +0000] "GET /store/wp-json/elementor/v1/kit-elements-defaults HTTP/1.1" 200 6 "https://valuecartpk.shop/store/wp-admin/post.php?post=15691&action=elementor" "Mozilla/5.0 (Windows NT 10.0; Win64; x64) AppleWebKit/537.36 (KHTML, like Gecko) Chrome/134.0.0.0 Safari/537.36"
103.166.150.82 - - [14/Mar/2025:15:07:07 +0000] "GET /store/wp-json/elementor/v1/site-navigation/recent-posts?posts_per_page=6&_locale=user HTTP/1.1" 200 366 "https://valuecartpk.shop/store/wp-admin/post.php?post=15691&action=elementor" "Mozilla/5.0 (Windows NT 10.0; Win64; x64) AppleWebKit/537.36 (KHTML, like Gecko) Chrome/134.0.0.0 Safari/537.36"
103.166.150.82 - - [14/Mar/2025:15:07:20 +0000] "GET /store/wp-content/plugins/header-footer-elementor/inc/widgets-css/frontend.css?ver=2.2.1 HTTP/1.1" 200 8079 "https://valuecartpk.shop/store/elementor-hf/header/?elementor-preview=15691&ver=1741964820" "Mozilla/5.0 (Windows NT 10.0; Win64; x64) AppleWebKit/537.36 (KHTML, like Gecko) Chrome/134.0.0.0 Safari/537.36"
103.166.150.82 - - [14/Mar/2025:15:07:20 +0000] "GET /store/wp-content/plugins/header-footer-elementor/assets/css/header-footer-elementor.css?ver=2.2.1 HTTP/1.1" 200 259 "https://valuecartpk.shop/store/elementor-hf/header/?elementor-preview=15691&ver=1741964820" "Mozilla/5.0 (Windows NT 10.0; Win64; x64) AppleWebKit/537.36 (KHTML, like Gecko) Chrome/134.0.0.0 Safari/537.36"
103.166.150.82 - - [14/Mar/2025:15:07:07 +0000] "POST /store/wp-admin/admin-ajax.php HTTP/1.1" 200 271451 "https://valuecartpk.shop/store/wp-admin/post.php?post=15691&action=elementor" "Mozilla/5.0 (Windows NT 10.0; Win64; x64) AppleWebKit/537.36 (KHTML, like Gecko) Chrome/134.0.0.0 Safari/537.36"
103.166.150.82 - - [14/Mar/2025:15:07:24 +0000] "GET /store/wp-content/uploads/elementor/css/post-6.css?ver=1741964606 HTTP/1.1" 200 352 "https://valuecartpk.shop/store/elementor-hf/header/?elementor-preview=15691&ver=1741964820" "Mozilla/5.0 (Windows NT 10.0; Win64; x64) AppleWebKit/537.36 (KHTML, like Gecko) Chrome/134.0.0.0 Safari/537.36"
103.166.150.82 - - [14/Mar/2025:15:07:24 +0000] "GET /store/wp-content/uploads/elementor/css/custom-frontend.min.css?ver=1741964591 HTTP/1.1" 200 6416 "https://valuecartpk.shop/store/elementor-hf/header/?elementor-preview=15691&ver=1741964820" "Mozilla/5.0 (Windows NT 10.0; Win64; x64) AppleWebKit/537.36 (KHTML, like Gecko) Chrome/134.0.0.0 Safari/537.36"
103.166.150.82 - - [14/Mar/2025:15:07:27 +0000] "GET /store/wp-content/plugins/elementor/assets/lib/eicons/css/elementor-icons.min.css?ver=5.34.0 HTTP/1.1" 200 3790 "https://valuecartpk.shop/store/elementor-hf/header/?elementor-preview=15691&ver=1741964820" "Mozilla/5.0 (Windows NT 10.0; Win64; x64) AppleWebKit/537.36 (KHTML, like Gecko) Chrome/134.0.0.0 Safari/537.36"
103.166.150.82 - - [14/Mar/2025:15:07:28 +0000] "GET /store/wp-content/plugins/elementor/assets/css/widget-icon-list.min.css?ver=3.24.3 HTTP/1.1" 200 957 "https://valuecartpk.shop/store/elementor-hf/header/?elementor-preview=15691&ver=1741964820" "Mozilla/5.0 (Windows NT 10.0; Win64; x64) AppleWebKit/537.36 (KHTML, like Gecko) Chrome/134.0.0.0 Safari/537.36"
103.166.150.82 - - [14/Mar/2025:15:07:29 +0000] "GET /store/wp-content/plugins/elementor/assets/css/widget-social-icons.min.css?ver=3.24.0 HTTP/1.1" 200 1069 "https://valuecartpk.shop/store/elementor-hf/header/?elementor-preview=15691&ver=1741964820" "Mozilla/5.0 (Windows NT 10.0; Win64; x64) AppleWebKit/537.36 (KHTML, like Gecko) Chrome/134.0.0.0 Safari/537.36"
103.166.150.82 - - [14/Mar/2025:15:07:29 +0000] "GET /store/wp-content/plugins/elementor/assets/lib/font-awesome/css/brands.css?ver=5.15.3 HTTP/1.1" 200 296 "https://valuecartpk.shop/store/elementor-hf/header/?elementor-preview=15691&ver=1741964820" "Mozilla/5.0 (Windows NT 10.0; Win64; x64) AppleWebKit/537.36 (KHTML, like Gecko) Chrome/134.0.0.0 Safari/537.36"
103.166.150.82 - - [14/Mar/2025:15:07:32 +0000] "GET /store/wp-content/plugins/elementor/assets/lib/font-awesome/css/solid.css?ver=5.15.3 HTTP/1.1" 200 296 "https://valuecartpk.shop/store/elementor-hf/header/?elementor-preview=15691&ver=1741964820" "Mozilla/5.0 (Windows NT 10.0; Win64; x64) AppleWebKit/537.36 (KHTML, like Gecko) Chrome/134.0.0.0 Safari/537.36"
103.166.150.82 - - [14/Mar/2025:15:07:32 +0000] "GET /store/wp-content/plugins/elementor/assets/lib/font-awesome/css/fontawesome.css?ver=5.15.3 HTTP/1.1" 200 12526 "https://valuecartpk.shop/store/elementor-hf/header/?elementor-preview=15691&ver=1741964820" "Mozilla/5.0 (Windows NT 10.0; Win64; x64) AppleWebKit/537.36 (KHTML, like Gecko) Chrome/134.0.0.0 Safari/537.36"
103.166.150.82 - - [14/Mar/2025:15:07:33 +0000] "GET /store/wp-content/uploads/elementor/css/custom-widget-nested-tabs.min.css?ver=1741964600 HTTP/1.1" 200 1726 "https://valuecartpk.shop/store/elementor-hf/header/?elementor-preview=15691&ver=1741964820" "Mozilla/5.0 (Windows NT 10.0; Win64; x64) AppleWebKit/537.36 (KHTML, like Gecko) Chrome/134.0.0.0 Safari/537.36"
103.166.150.82 - - [14/Mar/2025:15:07:33 +0000] "GET /store/wp-content/uploads/elementor/css/custom-widget-image-box.min.css?ver=1741964598 HTTP/1.1" 200 263 "https://valuecartpk.shop/store/elementor-hf/header/?elementor-preview=15691&ver=1741964820" "Mozilla/5.0 (Windows NT 10.0; Win64; x64) AppleWebKit/537.36 (KHTML, like Gecko) Chrome/134.0.0.0 Safari/537.36"
103.166.150.82 - - [14/Mar/2025:15:04:45 +0000] "GET /store/wp-json/hfe/v1/widgets?_locale=user HTTP/2" 200 5022 "https://valuecartpk.shop/store/wp-admin/admin.php?page=hfe" "Mozilla/5.0 (Windows NT 10.0; Win64; x64) AppleWebKit/537.36 (KHTML, like Gecko) Chrome/134.0.0.0 Safari/537.36"
