103.166.150.82 - - [14/Mar/2025:11:43:08 +0000] "POST /store/wp-admin/admin-ajax.php HTTP/1.1" 200 443 "https://valuecartpk.shop/store/wp-admin/post.php?post=15650&action=elementor" "Mozilla/5.0 (Windows NT 10.0; Win64; x64) AppleWebKit/537.36 (KHTML, like Gecko) Chrome/134.0.0.0 Safari/537.36"
103.166.150.82 - - [14/Mar/2025:11:43:09 +0000] "POST /store/wp-admin/admin-ajax.php HTTP/1.1" 200 603 "https://valuecartpk.shop/store/wp-admin/post.php?post=15650&action=elementor" "Mozilla/5.0 (Windows NT 10.0; Win64; x64) AppleWebKit/537.36 (KHTML, like Gecko) Chrome/134.0.0.0 Safari/537.36"
103.166.150.82 - - [14/Mar/2025:11:43:10 +0000] "POST /store/wp-admin/admin-ajax.php HTTP/1.1" 200 7594 "https://valuecartpk.shop/store/wp-admin/post.php?post=15650&action=elementor" "Mozilla/5.0 (Windows NT 10.0; Win64; x64) AppleWebKit/537.36 (KHTML, like Gecko) Chrome/134.0.0.0 Safari/537.36"
103.166.150.82 - - [14/Mar/2025:11:43:10 +0000] "POST /store/wp-admin/admin-ajax.php HTTP/1.1" 200 7592 "https://valuecartpk.shop/store/wp-admin/post.php?post=15650&action=elementor" "Mozilla/5.0 (Windows NT 10.0; Win64; x64) AppleWebKit/537.36 (KHTML, like Gecko) Chrome/134.0.0.0 Safari/537.36"
103.166.150.82 - - [14/Mar/2025:11:43:12 +0000] "POST /store/wp-admin/admin-ajax.php HTTP/1.1" 200 51 "https://valuecartpk.shop/store/wp-admin/admin.php?page=xts_header_builder" "Mozilla/5.0 (Windows NT 10.0; Win64; x64) AppleWebKit/537.36 (KHTML, like Gecko) Chrome/134.0.0.0 Safari/537.36"
103.166.150.82 - - [14/Mar/2025:11:43:19 +0000] "POST /store/wp-admin/admin-ajax.php HTTP/1.1" 200 71 "https://valuecartpk.shop/store/wp-admin/post.php?post=15650&action=elementor" "Mozilla/5.0 (Windows NT 10.0; Win64; x64) AppleWebKit/537.36 (KHTML, like Gecko) Chrome/134.0.0.0 Safari/537.36"
103.166.150.82 - - [14/Mar/2025:11:43:17 +0000] "POST /store/wp-admin/async-upload.php HTTP/1.1" 200 670 "https://valuecartpk.shop/store/wp-admin/post.php?post=15650&action=elementor" "Mozilla/5.0 (Windows NT 10.0; Win64; x64) AppleWebKit/537.36 (KHTML, like Gecko) Chrome/134.0.0.0 Safari/537.36"
103.166.150.82 - - [14/Mar/2025:11:43:30 +0000] "GET /store/wp-content/uploads/2025/03/WhatsApp_Image_2025-03-14_at_16.27.13-removebg-preview-1-400x87.png HTTP/1.1" 200 26337 "https://valuecartpk.shop/store/wp-admin/post.php?post=15650&action=elementor" "Mozilla/5.0 (Windows NT 10.0; Win64; x64) AppleWebKit/537.36 (KHTML, like Gecko) Chrome/134.0.0.0 Safari/537.36"
103.166.150.82 - - [14/Mar/2025:11:43:24 +0000] "POST /store/wp-admin/admin-ajax.php HTTP/1.1" 200 71 "https://valuecartpk.shop/store/wp-admin/post.php?post=15649&action=elementor" "Mozilla/5.0 (Windows NT 10.0; Win64; x64) AppleWebKit/537.36 (KHTML, like Gecko) Chrome/134.0.0.0 Safari/537.36"
103.166.150.82 - - [14/Mar/2025:11:43:32 +0000] "GET /store/wp-content/uploads/2025/03/WhatsApp_Image_2025-03-14_at_16.27.13-removebg-preview-1.png HTTP/1.1" 200 33471 "https://valuecartpk.shop/store/wp-admin/post.php?post=15650&action=elementor" "Mozilla/5.0 (Windows NT 10.0; Win64; x64) AppleWebKit/537.36 (KHTML, like Gecko) Chrome/134.0.0.0 Safari/537.36"
20.171.207.177 - - [14/Mar/2025:11:41:11 +0000] "GET /store/shop/?filter_brand=eva-solo%2Cklober&filter_color=black%2Cblue%2Cbrown&filter_size=m&per_page=9&per_row=4&shop_view=grid&stock_status=instock HTTP/2" 200 26157 "-" "Mozilla/5.0 AppleWebKit/537.36 (KHTML, like Gecko; compatible; GPTBot/1.2; +https://openai.com/gptbot)"
20.171.207.177 - - [14/Mar/2025:11:41:22 +0000] "GET /store/shop/?filter_brand=eva-solo%2Cklober&filter_color=black%2Cblue%2Cbrown&filter_size=m&per_page=12&per_row=3&shop_view=grid&stock_status=instock HTTP/2" 200 26203 "-" "Mozilla/5.0 AppleWebKit/537.36 (KHTML, like Gecko; compatible; GPTBot/1.2; +https://openai.com/gptbot)"
20.171.207.177 - - [14/Mar/2025:11:41:34 +0000] "GET /store/shop/?filter_brand=eva-solo%2Cklober&filter_color=black%2Cblue%2Cbrown&filter_size=m&per_page=24&per_row=4&shop_view=grid&stock_status=instock HTTP/2" 200 26201 "-" "Mozilla/5.0 AppleWebKit/537.36 (KHTML, like Gecko; compatible; GPTBot/1.2; +https://openai.com/gptbot)"
20.171.207.177 - - [14/Mar/2025:11:41:50 +0000] "GET /store/shop/?filter_brand=eva-solo%2Cklober&filter_color=black%2Cblue%2Cbrown&filter_size=m&per_page=24&per_row=3&shop_view=grid&stock_status=instock HTTP/2" 200 26202 "-" "Mozilla/5.0 AppleWebKit/537.36 (KHTML, like Gecko; compatible; GPTBot/1.2; +https://openai.com/gptbot)"
20.171.207.177 - - [14/Mar/2025:11:42:06 +0000] "GET /store/shop/?filter_brand=eva-solo%2Cklober&filter_color=black%2Cblue%2Cbrown&filter_size=m&per_page=9&per_row=3&shop_view=grid&stock_status=instock HTTP/2" 200 26162 "-" "Mozilla/5.0 AppleWebKit/537.36 (KHTML, like Gecko; compatible; GPTBot/1.2; +https://openai.com/gptbot)"
20.171.207.177 - - [14/Mar/2025:11:42:21 +0000] "GET /store/shop/?filter_brand=eva-solo%2Cklober&filter_color=black%2Cblue%2Cbrown&filter_size=m&per_page=24&per_row=2&shop_view=grid&stock_status=instock%2Consale HTTP/2" 200 23968 "-" "Mozilla/5.0 AppleWebKit/537.36 (KHTML, like Gecko; compatible; GPTBot/1.2; +https://openai.com/gptbot)"
20.171.207.177 - - [14/Mar/2025:11:42:35 +0000] "GET /store/shop/?filter_brand=eva-solo%2Cklober&filter_color=black%2Cblue%2Cbrown&filter_size=m&per_page=9&per_row=2&shop_view=grid&stock_status=instock%2Consale HTTP/2" 200 24006 "-" "Mozilla/5.0 AppleWebKit/537.36 (KHTML, like Gecko; compatible; GPTBot/1.2; +https://openai.com/gptbot)"
20.171.207.177 - - [14/Mar/2025:11:42:47 +0000] "GET /store/shop/?filter_brand=eva-solo%2Cklober&filter_color=black%2Cblue%2Cbrown&filter_size=m&per_page=12&per_row=2&shop_view=grid&stock_status=instock%2Consale HTTP/2" 200 23965 "-" "Mozilla/5.0 AppleWebKit/537.36 (KHTML, like Gecko; compatible; GPTBot/1.2; +https://openai.com/gptbot)"
20.171.207.177 - - [14/Mar/2025:11:42:58 +0000] "GET /store/shop/?filter_brand=joseph-joseph%2Cklober%2Cvitra&filter_color=black%2Cblue%2Cyellow&filter_size=s&per_page=24&per_row=3&shop_view=grid&stock_status=instock HTTP/2" 200 26257 "-" "Mozilla/5.0 AppleWebKit/537.36 (KHTML, like Gecko; compatible; GPTBot/1.2; +https://openai.com/gptbot)"
20.171.207.177 - - [14/Mar/2025:11:43:08 +0000] "GET /store/shop/?filter_brand=joseph-joseph%2Cklober%2Cvitra&filter_color=black%2Cblue%2Cyellow&filter_size=s&per_page=18&per_row=3&shop_view=grid&stock_status=instock%2Consale HTTP/2" 200 23981 "-" "Mozilla/5.0 AppleWebKit/537.36 (KHTML, like Gecko; compatible; GPTBot/1.2; +https://openai.com/gptbot)"
20.171.207.177 - - [14/Mar/2025:11:43:20 +0000] "GET /store/shop/?filter_brand=eva-solo%2Cklober&filter_color=black%2Cblue%2Cbrown&filter_size=m&per_page=12&per_row=4&shop_view=grid&stock_status=instock%2Consale HTTP/2" 200 23965 "-" "Mozilla/5.0 AppleWebKit/537.36 (KHTML, like Gecko; compatible; GPTBot/1.2; +https://openai.com/gptbot)"
20.171.207.177 - - [14/Mar/2025:11:43:33 +0000] "GET /store/shop/?filter_brand=eva-solo%2Cklober&filter_color=black%2Cblue%2Cbrown&filter_size=m&per_page=9&per_row=4&shop_view=grid&stock_status=instock%2Consale HTTP/2" 200 24005 "-" "Mozilla/5.0 AppleWebKit/537.36 (KHTML, like Gecko; compatible; GPTBot/1.2; +https://openai.com/gptbot)"
103.166.150.82 - - [14/Mar/2025:11:43:32 +0000] "POST /store/wp-admin/admin-ajax.php HTTP/1.1" 200 670 "https://valuecartpk.shop/store/wp-admin/post.php?post=15650&action=elementor" "Mozilla/5.0 (Windows NT 10.0; Win64; x64) AppleWebKit/537.36 (KHTML, like Gecko) Chrome/134.0.0.0 Safari/537.36"
103.166.150.82 - - [14/Mar/2025:11:43:33 +0000] "POST /store/wp-admin/admin-ajax.php HTTP/1.1" 200 253 "https://valuecartpk.shop/store/wp-admin/post.php?post=15650&action=elementor" "Mozilla/5.0 (Windows NT 10.0; Win64; x64) AppleWebKit/537.36 (KHTML, like Gecko) Chrome/134.0.0.0 Safari/537.36"
103.166.150.82 - - [14/Mar/2025:11:43:34 +0000] "POST /store/wp-admin/admin-ajax.php HTTP/1.1" 200 71 "https://valuecartpk.shop/store/wp-admin/post.php?post=15650&action=elementor" "Mozilla/5.0 (Windows NT 10.0; Win64; x64) AppleWebKit/537.36 (KHTML, like Gecko) Chrome/134.0.0.0 Safari/537.36"
103.166.150.82 - - [14/Mar/2025:11:43:47 +0000] "POST /store/wp-admin/admin-ajax.php HTTP/1.1" 200 368 "https://valuecartpk.shop/store/wp-admin/post.php?post=15650&action=elementor" "Mozilla/5.0 (Windows NT 10.0; Win64; x64) AppleWebKit/537.36 (KHTML, like Gecko) Chrome/134.0.0.0 Safari/537.36"
103.166.150.82 - - [14/Mar/2025:11:43:49 +0000] "POST /store/wp-admin/admin-ajax.php HTTP/1.1" 200 71 "https://valuecartpk.shop/store/wp-admin/post.php?post=15650&action=elementor" "Mozilla/5.0 (Windows NT 10.0; Win64; x64) AppleWebKit/537.36 (KHTML, like Gecko) Chrome/134.0.0.0 Safari/537.36"
103.166.150.82 - - [14/Mar/2025:11:44:04 +0000] "POST /store/wp-admin/admin-ajax.php HTTP/1.1" 200 71 "https://valuecartpk.shop/store/wp-admin/post.php?post=15650&action=elementor" "Mozilla/5.0 (Windows NT 10.0; Win64; x64) AppleWebKit/537.36 (KHTML, like Gecko) Chrome/134.0.0.0 Safari/537.36"
103.166.150.82 - - [14/Mar/2025:11:44:08 +0000] "GET /store/wp-json/elementor/v1/checklist/user-progress HTTP/1.1" 200 183 "https://valuecartpk.shop/store/wp-admin/post.php?post=15650&action=elementor" "Mozilla/5.0 (Windows NT 10.0; Win64; x64) AppleWebKit/537.36 (KHTML, like Gecko) Chrome/134.0.0.0 Safari/537.36"
103.166.150.82 - - [14/Mar/2025:11:44:09 +0000] "POST /store/wp-admin/admin-ajax.php HTTP/1.1" 200 570 "https://valuecartpk.shop/store/wp-admin/post.php?post=15650&action=elementor" "Mozilla/5.0 (Windows NT 10.0; Win64; x64) AppleWebKit/537.36 (KHTML, like Gecko) Chrome/134.0.0.0 Safari/537.36"
103.166.150.82 - - [14/Mar/2025:11:44:13 +0000] "POST /store/wp-admin/admin-ajax.php HTTP/1.1" 200 71 "https://valuecartpk.shop/store/wp-admin/post.php?post=15649&action=elementor" "Mozilla/5.0 (Windows NT 10.0; Win64; x64) AppleWebKit/537.36 (KHTML, like Gecko) Chrome/134.0.0.0 Safari/537.36"
103.166.150.82 - - [14/Mar/2025:11:44:13 +0000] "GET /store/wp-json/elementor/v1/checklist/user-progress HTTP/1.1" 200 183 "https://valuecartpk.shop/store/wp-admin/post.php?post=15649&action=elementor" "Mozilla/5.0 (Windows NT 10.0; Win64; x64) AppleWebKit/537.36 (KHTML, like Gecko) Chrome/134.0.0.0 Safari/537.36"
103.166.150.82 - - [14/Mar/2025:11:44:15 +0000] "POST /store/wp-admin/admin-ajax.php HTTP/1.1" 200 589 "https://valuecartpk.shop/store/wp-admin/post.php?post=15649&action=elementor" "Mozilla/5.0 (Windows NT 10.0; Win64; x64) AppleWebKit/537.36 (KHTML, like Gecko) Chrome/134.0.0.0 Safari/537.36"
103.166.150.82 - - [14/Mar/2025:11:44:18 +0000] "POST /store/wp-admin/admin-ajax.php HTTP/1.1" 200 7668 "https://valuecartpk.shop/store/wp-admin/post.php?post=15649&action=elementor" "Mozilla/5.0 (Windows NT 10.0; Win64; x64) AppleWebKit/537.36 (KHTML, like Gecko) Chrome/134.0.0.0 Safari/537.36"
103.166.150.82 - - [14/Mar/2025:11:44:17 +0000] "POST /store/wp-admin/admin-ajax.php HTTP/1.1" 200 7668 "https://valuecartpk.shop/store/wp-admin/post.php?post=15649&action=elementor" "Mozilla/5.0 (Windows NT 10.0; Win64; x64) AppleWebKit/537.36 (KHTML, like Gecko) Chrome/134.0.0.0 Safari/537.36"
2a06:98c0:3600::103 - - [14/Mar/2025:11:31:31 +0000] "GET /wordpress/wp-admin/setup-config.php HTTP/1.1" 404 1251 "-" "Mozilla/5.0 (Windows NT 10.0; Win64; x64) AppleWebKit/537.36 (KHTML, like Gecko) Chrome/133.0.0.0 Safari/537.36"
38.91.101.117 - - [14/Mar/2025:11:31:53 +0000] "POST /store/wp-cron.php?doing_wp_cron=1741951913.7713510990142822265625 HTTP/1.1" 200 0 "-" "WordPress/6.7.2; https://valuecartpk.shop/store"
103.166.150.82 - - [14/Mar/2025:11:33:14 +0000] "POST /store/wp-admin/admin-ajax.php?action=woodmart_save_header&security=b1f432f0fe HTTP/2" 200 13747 "https://valuecartpk.shop/store/wp-admin/admin.php?page=xts_header_builder" "Mozilla/5.0 (Windows NT 10.0; Win64; x64) AppleWebKit/537.36 (KHTML, like Gecko) Chrome/134.0.0.0 Safari/537.36"
103.166.150.82 - - [14/Mar/2025:11:33:20 +0000] "POST /store/wp-admin/admin-ajax.php HTTP/2" 200 51 "https://valuecartpk.shop/store/wp-admin/admin.php?page=xts_header_builder" "Mozilla/5.0 (Windows NT 10.0; Win64; x64) AppleWebKit/537.36 (KHTML, like Gecko) Chrome/134.0.0.0 Safari/537.36"
103.166.150.82 - - [14/Mar/2025:11:33:21 +0000] "GET /store/ HTTP/2" 200 37368 "https://valuecartpk.shop/store/product/decoration-wooden-present/" "Mozilla/5.0 (Windows NT 10.0; Win64; x64) AppleWebKit/537.36 (KHTML, like Gecko) Chrome/134.0.0.0 Safari/537.36"
103.166.150.82 - - [14/Mar/2025:11:33:28 +0000] "GET /store/wp-content/uploads/2025/03/xts-header_952974-1741951997.css?ver=7.5.2 HTTP/2" 200 520 "https://valuecartpk.shop/store/" "Mozilla/5.0 (Windows NT 10.0; Win64; x64) AppleWebKit/537.36 (KHTML, like Gecko) Chrome/134.0.0.0 Safari/537.36"
38.91.101.117 - - [14/Mar/2025:11:33:55 +0000] "POST /store/wp-cron.php?doing_wp_cron=1741952035.3764920234680175781250 HTTP/1.1" 200 0 "-" "WordPress/6.7.2; https://valuecartpk.shop/store"
38.91.101.117 - - [14/Mar/2025:11:35:55 +0000] "POST /store/wp-cron.php?doing_wp_cron=1741952155.0029480457305908203125 HTTP/1.1" 200 0 "-" "WordPress/6.7.2; https://valuecartpk.shop/store"
103.166.150.82 - - [14/Mar/2025:11:36:52 +0000] "GET /store/ HTTP/2" 200 29490 "-" "Mozilla/5.0 (Linux; Android 10; K) AppleWebKit/537.36 (KHTML, like Gecko) Chrome/133.0.0.0 Mobile Safari/537.36"
103.166.150.82 - - [14/Mar/2025:11:36:58 +0000] "GET /store/wp-content/uploads/elementor/css/post-1451.css?ver=1741886268 HTTP/2" 200 983 "https://valuecartpk.shop/store/" "Mozilla/5.0 (Linux; Android 10; K) AppleWebKit/537.36 (KHTML, like Gecko) Chrome/133.0.0.0 Mobile Safari/537.36"
103.166.150.82 - - [14/Mar/2025:11:36:58 +0000] "GET /store/wp-content/uploads/2025/03/WhatsApp-Image-2025-03-14-at-16.27.13.jpeg HTTP/2" 200 8891 "https://valuecartpk.shop/store/" "Mozilla/5.0 (Linux; Android 10; K) AppleWebKit/537.36 (KHTML, like Gecko) Chrome/133.0.0.0 Mobile Safari/537.36"
103.166.150.82 - - [14/Mar/2025:11:36:58 +0000] "GET /store/wp-content/uploads/2025/03/xts-header_952974-1741952211.css?ver=7.5.2 HTTP/2" 200 520 "https://valuecartpk.shop/store/" "Mozilla/5.0 (Linux; Android 10; K) AppleWebKit/537.36 (KHTML, like Gecko) Chrome/133.0.0.0 Mobile Safari/537.36"
103.166.150.82 - - [14/Mar/2025:11:36:58 +0000] "GET /store/wp-content/uploads/2025/03/WhatsApp_Image_2025-03-14_at_16.27.13-removebg-preview.png HTTP/2" 200 41057 "https://valuecartpk.shop/store/" "Mozilla/5.0 (Linux; Android 10; K) AppleWebKit/537.36 (KHTML, like Gecko) Chrome/133.0.0.0 Mobile Safari/537.36"
103.166.150.82 - - [14/Mar/2025:11:36:58 +0000] "GET /store/wp-content/uploads/2025/03/900-by-900px-768x768.png HTTP/2" 200 378355 "https://valuecartpk.shop/store/" "Mozilla/5.0 (Linux; Android 10; K) AppleWebKit/537.36 (KHTML, like Gecko) Chrome/133.0.0.0 Mobile Safari/537.36"
103.166.150.82 - - [14/Mar/2025:11:38:44 +0000] "GET /store/ HTTP/2" 200 29514 "-" "Mozilla/5.0 (Linux; Android 10; K) AppleWebKit/537.36 (KHTML, like Gecko) Chrome/133.0.0.0 Mobile Safari/537.36"
38.91.101.117 - - [14/Mar/2025:11:41:53 +0000] "POST /store/wp-cron.php?doing_wp_cron=1741952513.2921741008758544921875 HTTP/1.1" 200 0 "-" "WordPress/6.7.2; https://valuecartpk.shop/store"
103.166.150.82 - - [14/Mar/2025:11:44:19 +0000] "POST /store/wp-admin/admin-ajax.php HTTP/1.1" 200 71 "https://valuecartpk.shop/store/wp-admin/post.php?post=15650&action=elementor" "Mozilla/5.0 (Windows NT 10.0; Win64; x64) AppleWebKit/537.36 (KHTML, like Gecko) Chrome/134.0.0.0 Safari/537.36"
103.166.150.82 - - [14/Mar/2025:11:44:26 +0000] "POST /store/wp-admin/admin-ajax.php HTTP/1.1" 200 51 "https://valuecartpk.shop/store/wp-admin/admin.php?page=xts_header_builder" "Mozilla/5.0 (Windows NT 10.0; Win64; x64) AppleWebKit/537.36 (KHTML, like Gecko) Chrome/134.0.0.0 Safari/537.36"
103.166.150.82 - - [14/Mar/2025:11:44:25 +0000] "GET /store/wp-json/elementor/v1/checklist/user-progress HTTP/1.1" 200 183 "https://valuecartpk.shop/store/wp-admin/post.php?post=15650&action=elementor" "Mozilla/5.0 (Windows NT 10.0; Win64; x64) AppleWebKit/537.36 (KHTML, like Gecko) Chrome/134.0.0.0 Safari/537.36"
103.166.150.82 - - [14/Mar/2025:11:44:28 +0000] "POST /store/wp-admin/admin-ajax.php HTTP/1.1" 200 71 "https://valuecartpk.shop/store/wp-admin/post.php?post=15649&action=elementor" "Mozilla/5.0 (Windows NT 10.0; Win64; x64) AppleWebKit/537.36 (KHTML, like Gecko) Chrome/134.0.0.0 Safari/537.36"
103.166.150.82 - - [14/Mar/2025:11:44:32 +0000] "GET /store/wp-admin/admin.php?page=xts_dashboard HTTP/1.1" 200 0 "https://valuecartpk.shop/store/wp-admin/admin.php?page=xts_header_builder" "Mozilla/5.0 (Windows NT 10.0; Win64; x64) AppleWebKit/537.36 (KHTML, like Gecko) Chrome/134.0.0.0 Safari/537.36"
103.166.150.82 - - [14/Mar/2025:11:44:37 +0000] "GET /store/wp-admin/about.php HTTP/1.1" 200 32804 "https://valuecartpk.shop/store/shop/" "Mozilla/5.0 (Windows NT 10.0; Win64; x64) AppleWebKit/537.36 (KHTML, like Gecko) Chrome/134.0.0.0 Safari/537.36"
103.166.150.82 - - [14/Mar/2025:11:44:41 +0000] "GET /store/wp-json/elementor/v1/checklist/user-progress HTTP/1.1" 200 183 "https://valuecartpk.shop/store/wp-admin/post.php?post=15650&action=elementor" "Mozilla/5.0 (Windows NT 10.0; Win64; x64) AppleWebKit/537.36 (KHTML, like Gecko) Chrome/134.0.0.0 Safari/537.36"
103.166.150.82 - - [14/Mar/2025:11:44:41 +0000] "POST /store/wp-admin/admin-ajax.php HTTP/1.1" 200 71 "https://valuecartpk.shop/store/wp-admin/post.php?post=15650&action=elementor" "Mozilla/5.0 (Windows NT 10.0; Win64; x64) AppleWebKit/537.36 (KHTML, like Gecko) Chrome/134.0.0.0 Safari/537.36"
103.166.150.82 - - [14/Mar/2025:11:44:43 +0000] "POST /store/wp-admin/admin-ajax.php HTTP/1.1" 200 71 "https://valuecartpk.shop/store/wp-admin/post.php?post=15649&action=elementor" "Mozilla/5.0 (Windows NT 10.0; Win64; x64) AppleWebKit/537.36 (KHTML, like Gecko) Chrome/134.0.0.0 Safari/537.36"
103.166.150.82 - - [14/Mar/2025:11:44:46 +0000] "GET /store/wp-json/elementor/v1/checklist/user-progress HTTP/1.1" 200 183 "https://valuecartpk.shop/store/wp-admin/post.php?post=15649&action=elementor" "Mozilla/5.0 (Windows NT 10.0; Win64; x64) AppleWebKit/537.36 (KHTML, like Gecko) Chrome/134.0.0.0 Safari/537.36"
103.166.150.82 - - [14/Mar/2025:11:44:47 +0000] "POST /store/wp-admin/admin-ajax.php HTTP/1.1" 200 670 "https://valuecartpk.shop/store/wp-admin/post.php?post=15649&action=elementor" "Mozilla/5.0 (Windows NT 10.0; Win64; x64) AppleWebKit/537.36 (KHTML, like Gecko) Chrome/134.0.0.0 Safari/537.36"
103.166.150.82 - - [14/Mar/2025:11:44:47 +0000] "POST /store/wp-admin/admin-ajax.php HTTP/1.1" 200 253 "https://valuecartpk.shop/store/wp-admin/post.php?post=15649&action=elementor" "Mozilla/5.0 (Windows NT 10.0; Win64; x64) AppleWebKit/537.36 (KHTML, like Gecko) Chrome/134.0.0.0 Safari/537.36"
103.166.150.82 - - [14/Mar/2025:11:44:57 +0000] "POST /store/wp-admin/admin-ajax.php HTTP/1.1" 200 368 "https://valuecartpk.shop/store/wp-admin/post.php?post=15649&action=elementor" "Mozilla/5.0 (Windows NT 10.0; Win64; x64) AppleWebKit/537.36 (KHTML, like Gecko) Chrome/134.0.0.0 Safari/537.36"
103.166.150.82 - - [14/Mar/2025:11:41:45 +0000] "GET /store/wp-json/elementor/v1/globals HTTP/2" 200 272 "https://valuecartpk.shop/store/wp-admin/post.php?post=15649&action=elementor" "Mozilla/5.0 (Windows NT 10.0; Win64; x64) AppleWebKit/537.36 (KHTML, like Gecko) Chrome/134.0.0.0 Safari/537.36"
103.166.150.82 - - [14/Mar/2025:11:41:46 +0000] "POST /store/wp-admin/admin-ajax.php HTTP/2" 200 71 "https://valuecartpk.shop/store/wp-admin/post.php?post=15650&action=elementor" "Mozilla/5.0 (Windows NT 10.0; Win64; x64) AppleWebKit/537.36 (KHTML, like Gecko) Chrome/134.0.0.0 Safari/537.36"
103.166.150.82 - - [14/Mar/2025:11:41:53 +0000] "POST /store/wp-admin/admin-ajax.php HTTP/2" 200 582 "https://valuecartpk.shop/store/wp-admin/post.php?post=15650&action=elementor" "Mozilla/5.0 (Windows NT 10.0; Win64; x64) AppleWebKit/537.36 (KHTML, like Gecko) Chrome/134.0.0.0 Safari/537.36"
103.166.150.82 - - [14/Mar/2025:11:41:53 +0000] "GET /store/wp-json/elementor/v1/checklist/user-progress HTTP/2" 200 183 "https://valuecartpk.shop/store/wp-admin/post.php?post=15650&action=elementor" "Mozilla/5.0 (Windows NT 10.0; Win64; x64) AppleWebKit/537.36 (KHTML, like Gecko) Chrome/134.0.0.0 Safari/537.36"
103.166.150.82 - - [14/Mar/2025:11:41:55 +0000] "POST /store/wp-admin/admin-ajax.php HTTP/2" 200 186 "https://valuecartpk.shop/store/wp-admin/post.php?post=15649&action=elementor" "Mozilla/5.0 (Windows NT 10.0; Win64; x64) AppleWebKit/537.36 (KHTML, like Gecko) Chrome/134.0.0.0 Safari/537.36"
103.166.150.82 - - [14/Mar/2025:11:41:54 +0000] "POST /store/wp-admin/admin-ajax.php HTTP/2" 200 223 "https://valuecartpk.shop/store/wp-admin/post.php?post=15650&action=elementor" "Mozilla/5.0 (Windows NT 10.0; Win64; x64) AppleWebKit/537.36 (KHTML, like Gecko) Chrome/134.0.0.0 Safari/537.36"
103.166.150.82 - - [14/Mar/2025:11:41:59 +0000] "POST /store/wp-admin/admin-ajax.php HTTP/2" 200 336 "https://valuecartpk.shop/store/wp-admin/post.php?post=15650&action=elementor" "Mozilla/5.0 (Windows NT 10.0; Win64; x64) AppleWebKit/537.36 (KHTML, like Gecko) Chrome/134.0.0.0 Safari/537.36"
103.166.150.82 - - [14/Mar/2025:11:41:58 +0000] "POST /store/wp-admin/admin-ajax.php HTTP/2" 200 603 "https://valuecartpk.shop/store/wp-admin/post.php?post=15650&action=elementor" "Mozilla/5.0 (Windows NT 10.0; Win64; x64) AppleWebKit/537.36 (KHTML, like Gecko) Chrome/134.0.0.0 Safari/537.36"
103.166.150.82 - - [14/Mar/2025:11:42:01 +0000] "POST /store/wp-admin/admin-ajax.php HTTP/2" 200 71 "https://valuecartpk.shop/store/wp-admin/post.php?post=15650&action=elementor" "Mozilla/5.0 (Windows NT 10.0; Win64; x64) AppleWebKit/537.36 (KHTML, like Gecko) Chrome/134.0.0.0 Safari/537.36"
103.166.150.82 - - [14/Mar/2025:11:42:04 +0000] "GET /store/wp-json/elementor/v1/checklist/user-progress HTTP/2" 200 183 "https://valuecartpk.shop/store/wp-admin/post.php?post=15649&action=elementor" "Mozilla/5.0 (Windows NT 10.0; Win64; x64) AppleWebKit/537.36 (KHTML, like Gecko) Chrome/134.0.0.0 Safari/537.36"
103.166.150.82 - - [14/Mar/2025:11:42:06 +0000] "POST /store/wp-admin/admin-ajax.php HTTP/2" 200 363 "https://valuecartpk.shop/store/wp-admin/post.php?post=15650&action=elementor" "Mozilla/5.0 (Windows NT 10.0; Win64; x64) AppleWebKit/537.36 (KHTML, like Gecko) Chrome/134.0.0.0 Safari/537.36"
103.166.150.82 - - [14/Mar/2025:11:42:16 +0000] "POST /store/wp-admin/admin-ajax.php HTTP/2" 200 71 "https://valuecartpk.shop/store/wp-admin/post.php?post=15650&action=elementor" "Mozilla/5.0 (Windows NT 10.0; Win64; x64) AppleWebKit/537.36 (KHTML, like Gecko) Chrome/134.0.0.0 Safari/537.36"
2a06:98c0:3600::103 - - [14/Mar/2025:11:42:36 +0000] "GET /wp-admin/setup-config.php HTTP/1.1" 404 1251 "-" "Mozilla/5.0 (Windows NT 10.0; Win64; x64) AppleWebKit/537.36 (KHTML, like Gecko) Chrome/133.0.0.0 Safari/537.36"
38.91.101.117 - - [14/Mar/2025:11:44:54 +0000] "POST /store/wp-cron.php?doing_wp_cron=1741952694.0749609470367431640625 HTTP/1.1" 200 0 "-" "WordPress/6.7.2; https://valuecartpk.shop/store"
103.166.150.82 - - [14/Mar/2025:11:44:58 +0000] "POST /store/wp-admin/admin-ajax.php HTTP/1.1" 200 71 "https://valuecartpk.shop/store/wp-admin/post.php?post=15649&action=elementor" "Mozilla/5.0 (Windows NT 10.0; Win64; x64) AppleWebKit/537.36 (KHTML, like Gecko) Chrome/134.0.0.0 Safari/537.36"
103.166.150.82 - - [14/Mar/2025:11:45:00 +0000] "GET /store/wp-json/elementor/v1/checklist/user-progress HTTP/1.1" 200 183 "https://valuecartpk.shop/store/wp-admin/post.php?post=15650&action=elementor" "Mozilla/5.0 (Windows NT 10.0; Win64; x64) AppleWebKit/537.36 (KHTML, like Gecko) Chrome/134.0.0.0 Safari/537.36"
103.166.150.82 - - [14/Mar/2025:11:45:00 +0000] "POST /store/wp-admin/admin-ajax.php HTTP/1.1" 200 71 "https://valuecartpk.shop/store/wp-admin/post.php?post=15650&action=elementor" "Mozilla/5.0 (Windows NT 10.0; Win64; x64) AppleWebKit/537.36 (KHTML, like Gecko) Chrome/134.0.0.0 Safari/537.36"
103.166.150.82 - - [14/Mar/2025:11:45:09 +0000] "GET /store/wp-json/elementor/v1/checklist/user-progress HTTP/1.1" 200 183 "https://valuecartpk.shop/store/wp-admin/post.php?post=15649&action=elementor" "Mozilla/5.0 (Windows NT 10.0; Win64; x64) AppleWebKit/537.36 (KHTML, like Gecko) Chrome/134.0.0.0 Safari/537.36"
103.166.150.82 - - [14/Mar/2025:11:45:12 +0000] "GET /store/wp-json/elementor/v1/checklist/user-progress HTTP/1.1" 200 183 "https://valuecartpk.shop/store/wp-admin/post.php?post=15650&action=elementor" "Mozilla/5.0 (Windows NT 10.0; Win64; x64) AppleWebKit/537.36 (KHTML, like Gecko) Chrome/134.0.0.0 Safari/537.36"
103.166.150.82 - - [14/Mar/2025:11:45:10 +0000] "POST /store/wp-admin/admin-ajax.php HTTP/1.1" 200 564 "https://valuecartpk.shop/store/wp-admin/post.php?post=15649&action=elementor" "Mozilla/5.0 (Windows NT 10.0; Win64; x64) AppleWebKit/537.36 (KHTML, like Gecko) Chrome/134.0.0.0 Safari/537.36"
103.166.150.82 - - [14/Mar/2025:11:45:14 +0000] "POST /store/wp-admin/admin-ajax.php HTTP/1.1" 200 71 "https://valuecartpk.shop/store/wp-admin/post.php?post=15649&action=elementor" "Mozilla/5.0 (Windows NT 10.0; Win64; x64) AppleWebKit/537.36 (KHTML, like Gecko) Chrome/134.0.0.0 Safari/537.36"
103.166.150.82 - - [14/Mar/2025:11:45:13 +0000] "GET /store/wp-admin/admin.php?page=cartflows&path=store-checkout&action=wcf-edit-flow&flow_id=15648 HTTP/1.1" 200 85217 "https://valuecartpk.shop/store/wp-admin/admin.php?page=cartflows&path=store-checkout-library" "Mozilla/5.0 (Windows NT 10.0; Win64; x64) AppleWebKit/537.36 (KHTML, like Gecko) Chrome/134.0.0.0 Safari/537.36"
103.166.150.82 - - [14/Mar/2025:11:45:16 +0000] "POST /store/wp-admin/admin-ajax.php HTTP/1.1" 200 71 "https://valuecartpk.shop/store/wp-admin/post.php?post=15650&action=elementor" "Mozilla/5.0 (Windows NT 10.0; Win64; x64) AppleWebKit/537.36 (KHTML, like Gecko) Chrome/134.0.0.0 Safari/537.36"
103.166.150.82 - - [14/Mar/2025:11:45:18 +0000] "GET /store/wp-admin/admin.php?page=xts_header_builder HTTP/1.1" 200 59337 "https://valuecartpk.shop/store/wp-admin/about.php" "Mozilla/5.0 (Windows NT 10.0; Win64; x64) AppleWebKit/537.36 (KHTML, like Gecko) Chrome/134.0.0.0 Safari/537.36"
103.166.150.82 - - [14/Mar/2025:11:45:25 +0000] "GET /store/wp-json/elementor/v1/checklist/user-progress HTTP/1.1" 200 183 "https://valuecartpk.shop/store/wp-admin/post.php?post=15649&action=elementor" "Mozilla/5.0 (Windows NT 10.0; Win64; x64) AppleWebKit/537.36 (KHTML, like Gecko) Chrome/134.0.0.0 Safari/537.36"
103.166.150.82 - - [14/Mar/2025:11:45:27 +0000] "POST /store/wp-admin/admin-ajax.php HTTP/1.1" 200 448 "https://valuecartpk.shop/store/wp-admin/post.php?post=15649&action=elementor" "Mozilla/5.0 (Windows NT 10.0; Win64; x64) AppleWebKit/537.36 (KHTML, like Gecko) Chrome/134.0.0.0 Safari/537.36"
38.91.101.117 - - [14/Mar/2025:11:45:25 +0000] "POST /store/wp-admin/admin-ajax.php?action=wp_cartflows_sync_library&nonce=dd0e90a83c HTTP/1.1" 200 0 "-" "WordPress/6.7.2; https://valuecartpk.shop/store"
20.171.207.177 - - [14/Mar/2025:11:43:45 +0000] "GET /store/shop/?filter_brand=eva-solo%2Cklober&filter_color=black%2Cblue%2Cbrown&filter_size=m&per_page=12&per_row=3&shop_view=grid&stock_status=instock%2Consale HTTP/2" 200 23966 "-" "Mozilla/5.0 AppleWebKit/537.36 (KHTML, like Gecko; compatible; GPTBot/1.2; +https://openai.com/gptbot)"
20.171.207.177 - - [14/Mar/2025:11:43:56 +0000] "GET /store/shop/?filter_brand=eva-solo%2Cklober&filter_color=black%2Cblue%2Cbrown&filter_size=m&per_page=24&per_row=4&shop_view=grid&stock_status=instock%2Consale HTTP/2" 200 23966 "-" "Mozilla/5.0 AppleWebKit/537.36 (KHTML, like Gecko; compatible; GPTBot/1.2; +https://openai.com/gptbot)"
20.171.207.177 - - [14/Mar/2025:11:44:05 +0000] "GET /store/shop/?filter_brand=eva-solo%2Cklober&filter_color=black%2Cblue%2Cbrown&filter_size=m&per_page=24&per_row=3&shop_view=grid&stock_status=instock%2Consale HTTP/2" 200 23966 "-" "Mozilla/5.0 AppleWebKit/537.36 (KHTML, like Gecko; compatible; GPTBot/1.2; +https://openai.com/gptbot)"
20.171.207.177 - - [14/Mar/2025:11:44:13 +0000] "GET /store/shop/?filter_brand=eva-solo%2Cklober&filter_color=black%2Cblue%2Cbrown&filter_size=m&per_page=9&per_row=3&shop_view=grid&stock_status=instock%2Consale HTTP/2" 200 24006 "-" "Mozilla/5.0 AppleWebKit/537.36 (KHTML, like Gecko; compatible; GPTBot/1.2; +https://openai.com/gptbot)"
20.171.207.177 - - [14/Mar/2025:11:44:25 +0000] "GET /store/shop/?filter_brand=eva-solo%2Cklober&filter_color=black%2Cblue%2Cbrown&filter_size=m&per_page=24&per_row=2&shop_view=grid&stock_status=onsale HTTP/2" 200 23973 "-" "Mozilla/5.0 AppleWebKit/537.36 (KHTML, like Gecko; compatible; GPTBot/1.2; +https://openai.com/gptbot)"
20.171.207.177 - - [14/Mar/2025:11:44:37 +0000] "GET /store/shop/?filter_brand=eva-solo%2Cklober&filter_color=black%2Cblue%2Cbrown&filter_size=m&per_page=9&per_row=2&shop_view=grid&stock_status=onsale HTTP/2" 200 23951 "-" "Mozilla/5.0 AppleWebKit/537.36 (KHTML, like Gecko; compatible; GPTBot/1.2; +https://openai.com/gptbot)"
20.171.207.177 - - [14/Mar/2025:11:44:49 +0000] "GET /store/shop/?filter_brand=eva-solo%2Cklober&filter_color=black%2Cblue%2Cbrown&filter_size=m&per_page=12&per_row=2&shop_view=grid&stock_status=onsale HTTP/2" 200 23973 "-" "Mozilla/5.0 AppleWebKit/537.36 (KHTML, like Gecko; compatible; GPTBot/1.2; +https://openai.com/gptbot)"
20.171.207.177 - - [14/Mar/2025:11:45:00 +0000] "GET /store/shop/?filter_brand=joseph-joseph%2Cklober%2Cvitra&filter_color=black%2Cblue%2Cyellow&filter_size=s&per_page=24&per_row=3&shop_view=grid&stock_status=instock%2Consale HTTP/2" 200 23981 "-" "Mozilla/5.0 AppleWebKit/537.36 (KHTML, like Gecko; compatible; GPTBot/1.2; +https://openai.com/gptbot)"
20.171.207.177 - - [14/Mar/2025:11:45:11 +0000] "GET /store/shop/?filter_brand=eva-solo%2Cklober&filter_color=black%2Cblue%2Cbrown&filter_size=m&per_page=12&per_row=4&shop_view=grid&stock_status=onsale HTTP/2" 200 23973 "-" "Mozilla/5.0 AppleWebKit/537.36 (KHTML, like Gecko; compatible; GPTBot/1.2; +https://openai.com/gptbot)"
20.171.207.177 - - [14/Mar/2025:11:45:21 +0000] "GET /store/shop/?filter_brand=joseph-joseph%2Cklober%2Cvitra&filter_color=black%2Cblue%2Cyellow&filter_size=s&per_page=12&per_row=3&shop_view=grid&stock_status=instock HTTP/2" 200 26260 "-" "Mozilla/5.0 AppleWebKit/537.36 (KHTML, like Gecko; compatible; GPTBot/1.2; +https://openai.com/gptbot)"
20.171.207.177 - - [14/Mar/2025:11:45:32 +0000] "GET /store/shop/?filter_brand=eva-solo%2Cklober&filter_color=black%2Cblue%2Cbrown&filter_size=m&per_page=9&per_row=4&shop_view=grid&stock_status=onsale HTTP/2" 200 23951 "-" "Mozilla/5.0 AppleWebKit/537.36 (KHTML, like Gecko; compatible; GPTBot/1.2; +https://openai.com/gptbot)"
20.171.207.177 - - [14/Mar/2025:11:45:43 +0000] "GET /store/shop/?filter_brand=eva-solo%2Cklober&filter_color=black%2Cblue%2Cbrown&filter_size=m&per_page=12&per_row=3&shop_view=grid&stock_status=onsale HTTP/2" 200 23973 "-" "Mozilla/5.0 AppleWebKit/537.36 (KHTML, like Gecko; compatible; GPTBot/1.2; +https://openai.com/gptbot)"
20.171.207.177 - - [14/Mar/2025:11:45:53 +0000] "GET /store/shop/?filter_brand=eva-solo%2Cklober&filter_color=black%2Cblue%2Cbrown&filter_size=m&per_page=24&per_row=4&shop_view=grid&stock_status=onsale HTTP/2" 200 23972 "-" "Mozilla/5.0 AppleWebKit/537.36 (KHTML, like Gecko; compatible; GPTBot/1.2; +https://openai.com/gptbot)"
20.171.207.177 - - [14/Mar/2025:11:46:03 +0000] "GET /store/shop/?filter_brand=eva-solo%2Cklober&filter_color=black%2Cblue%2Cbrown&filter_size=m&per_page=24&per_row=3&shop_view=grid&stock_status=onsale HTTP/2" 200 23972 "-" "Mozilla/5.0 AppleWebKit/537.36 (KHTML, like Gecko; compatible; GPTBot/1.2; +https://openai.com/gptbot)"
20.171.207.177 - - [14/Mar/2025:11:46:11 +0000] "GET /store/shop/?filter_brand=eva-solo%2Cklober&filter_color=black%2Cblue%2Cbrown&filter_size=m&per_page=9&per_row=3&shop_view=grid&stock_status=onsale HTTP/2" 200 23951 "-" "Mozilla/5.0 AppleWebKit/537.36 (KHTML, like Gecko; compatible; GPTBot/1.2; +https://openai.com/gptbot)"
20.171.207.177 - - [14/Mar/2025:11:46:18 +0000] "GET /store/shop/?filter_brand=joseph-joseph%2Cklober&filter_color=beige%2Cblack%2Cbrown%2Cyellow&filter_size=m&per_page=9&per_row=3&shop_view=grid&stock_status=instock HTTP/2" 500 1034 "-" "Mozilla/5.0 AppleWebKit/537.36 (KHTML, like Gecko; compatible; GPTBot/1.2; +https://openai.com/gptbot)"
20.171.207.177 - - [14/Mar/2025:11:46:25 +0000] "GET /store/shop/?filter_brand=joseph-joseph%2Cklober&filter_color=beige%2Cblack%2Cbrown%2Cyellow&filter_size=m&per_page=24&per_row=4&shop_view=grid&stock_status=instock HTTP/2" 200 26277 "-" "Mozilla/5.0 AppleWebKit/537.36 (KHTML, like Gecko; compatible; GPTBot/1.2; +https://openai.com/gptbot)"
20.171.207.177 - - [14/Mar/2025:11:46:47 +0000] "GET /store/shop/?filter_brand=joseph-joseph%2Cklober%2Cvitra&filter_color=black%2Cblue%2Cyellow&filter_size=s&per_page=18&per_row=2&shop_view=grid&stock_status=instock HTTP/2" 200 26255 "-" "Mozilla/5.0 AppleWebKit/537.36 (KHTML, like Gecko; compatible; GPTBot/1.2; +https://openai.com/gptbot)"
38.91.101.117 - - [14/Mar/2025:11:47:06 +0000] "POST /store/wp-cron.php?doing_wp_cron=1741952826.9110751152038574218750 HTTP/1.1" 200 0 "-" "WordPress/6.7.2; https://valuecartpk.shop/store"
20.171.207.177 - - [14/Mar/2025:11:47:04 +0000] "GET /store/shop/?filter_brand=joseph-joseph%2Cklober&filter_color=beige%2Cblack%2Cbrown%2Cyellow&filter_size=m&per_row=4&shop_view=grid&stock_status=instock HTTP/2" 200 26251 "-" "Mozilla/5.0 AppleWebKit/537.36 (KHTML, like Gecko; compatible; GPTBot/1.2; +https://openai.com/gptbot)"
20.171.207.177 - - [14/Mar/2025:11:47:21 +0000] "GET /store/shop/?filter_brand=joseph-joseph%2Cklober%2Cvitra&filter_color=black%2Cblue%2Cyellow&filter_size=s&per_page=18&per_row=3&shop_view=grid&stock_status=onsale HTTP/2" 200 23960 "-" "Mozilla/5.0 AppleWebKit/537.36 (KHTML, like Gecko; compatible; GPTBot/1.2; +https://openai.com/gptbot)"
20.171.207.177 - - [14/Mar/2025:11:47:36 +0000] "GET /store/shop/?filter_brand=joseph-joseph%2Cklober%2Cvitra&filter_color=black%2Cblue%2Cyellow&filter_size=s&per_page=12&per_row=3&shop_view=grid&stock_status=instock%2Consale HTTP/2" 200 23995 "-" "Mozilla/5.0 AppleWebKit/537.36 (KHTML, like Gecko; compatible; GPTBot/1.2; +https://openai.com/gptbot)"
20.171.207.177 - - [14/Mar/2025:11:47:49 +0000] "GET /store/shop/?filter_brand=eva-solo%2Cjoseph-joseph%2Cmagisso&filter_color=black%2Cbrown%2Cyellow&filter_size=s&per_row=3&shop_view=grid&stock_status=instock HTTP/2" 200 26233 "-" "Mozilla/5.0 AppleWebKit/537.36 (KHTML, like Gecko; compatible; GPTBot/1.2; +https://openai.com/gptbot)"
20.171.207.177 - - [14/Mar/2025:11:48:01 +0000] "GET /store/shop/?filter_brand=joseph-joseph%2Cklober&filter_color=beige%2Cblack%2Cbrown%2Cyellow&filter_size=m&per_page=18&per_row=3&shop_view=grid&stock_status=instock HTTP/2" 200 26280 "-" "Mozilla/5.0 AppleWebKit/537.36 (KHTML, like Gecko; compatible; GPTBot/1.2; +https://openai.com/gptbot)"
103.166.150.82 - - [14/Mar/2025:11:45:38 +0000] "GET /store/wp-json/cartflows/v1/admin/flow-data/15648?_locale=user HTTP/1.1" 500 349 "https://valuecartpk.shop/store/wp-admin/admin.php?page=cartflows&path=store-checkout&action=wcf-edit-flow&flow_id=15648" "Mozilla/5.0 (Windows NT 10.0; Win64; x64) AppleWebKit/537.36 (KHTML, like Gecko) Chrome/134.0.0.0 Safari/537.36"
38.91.101.117 - - [14/Mar/2025:11:46:49 +0000] "POST /store/wp-cron.php?doing_wp_cron=1741952809.1000909805297851562500 HTTP/1.1" 200 0 "-" "WordPress/6.7.2; https://valuecartpk.shop/store"
103.166.150.82 - - [14/Mar/2025:11:47:17 +0000] "POST /store/wp-admin/admin-ajax.php HTTP/1.1" 200 71 "https://valuecartpk.shop/store/wp-admin/post.php?post=15649&action=elementor" "Mozilla/5.0 (Windows NT 10.0; Win64; x64) AppleWebKit/537.36 (KHTML, like Gecko) Chrome/134.0.0.0 Safari/537.36"
103.166.150.82 - - [14/Mar/2025:11:47:17 +0000] "POST /store/wp-admin/admin-ajax.php HTTP/1.1" 200 71 "https://valuecartpk.shop/store/wp-admin/post.php?post=15650&action=elementor" "Mozilla/5.0 (Windows NT 10.0; Win64; x64) AppleWebKit/537.36 (KHTML, like Gecko) Chrome/134.0.0.0 Safari/537.36"
103.166.150.82 - - [14/Mar/2025:11:47:37 +0000] "POST /store/wp-admin/admin-ajax.php HTTP/1.1" 200 51 "https://valuecartpk.shop/store/wp-admin/admin.php?page=xts_header_builder" "Mozilla/5.0 (Windows NT 10.0; Win64; x64) AppleWebKit/537.36 (KHTML, like Gecko) Chrome/134.0.0.0 Safari/537.36"
103.166.150.82 - - [14/Mar/2025:11:47:39 +0000] "POST /store/wp-admin/admin-ajax.php HTTP/1.1" 200 51 "https://valuecartpk.shop/store/wp-admin/admin.php?page=cartflows&path=store-checkout&action=wcf-edit-flow&flow_id=15648" "Mozilla/5.0 (Windows NT 10.0; Win64; x64) AppleWebKit/537.36 (KHTML, like Gecko) Chrome/134.0.0.0 Safari/537.36"
103.166.150.82 - - [14/Mar/2025:11:47:52 +0000] "GET /store/wp-admin/admin-ajax.php?action=woodmart_load_header&id=header_952974&security=1f699763f8 HTTP/1.1" 200 13828 "https://valuecartpk.shop/store/wp-admin/admin.php?page=xts_header_builder" "Mozilla/5.0 (Windows NT 10.0; Win64; x64) AppleWebKit/537.36 (KHTML, like Gecko) Chrome/134.0.0.0 Safari/537.36"
103.166.150.82 - - [14/Mar/2025:11:48:01 +0000] "POST /store/wp-admin/admin-ajax.php HTTP/1.1" 200 7668 "https://valuecartpk.shop/store/wp-admin/admin.php?page=xts_header_builder" "Mozilla/5.0 (Windows NT 10.0; Win64; x64) AppleWebKit/537.36 (KHTML, like Gecko) Chrome/134.0.0.0 Safari/537.36"
103.166.150.82 - - [14/Mar/2025:11:48:12 +0000] "POST /store/wp-admin/admin-ajax.php HTTP/1.1" 200 5 "https://valuecartpk.shop/store/wp-admin/admin.php?page=xts_header_builder" "Mozilla/5.0 (Windows NT 10.0; Win64; x64) AppleWebKit/537.36 (KHTML, like Gecko) Chrome/134.0.0.0 Safari/537.36"
103.166.150.82 - - [14/Mar/2025:11:48:15 +0000] "POST /store/wp-admin/admin-ajax.php HTTP/1.1" 200 5 "https://valuecartpk.shop/store/wp-admin/admin.php?page=xts_header_builder" "Mozilla/5.0 (Windows NT 10.0; Win64; x64) AppleWebKit/537.36 (KHTML, like Gecko) Chrome/134.0.0.0 Safari/537.36"
103.166.150.82 - - [14/Mar/2025:11:48:18 +0000] "POST /store/wp-admin/admin-ajax.php HTTP/1.1" 200 5 "https://valuecartpk.shop/store/wp-admin/admin.php?page=xts_header_builder" "Mozilla/5.0 (Windows NT 10.0; Win64; x64) AppleWebKit/537.36 (KHTML, like Gecko) Chrome/134.0.0.0 Safari/537.36"
103.166.150.82 - - [14/Mar/2025:11:48:34 +0000] "POST /store/wp-admin/admin-ajax.php HTTP/1.1" 200 7539 "https://valuecartpk.shop/store/wp-admin/admin.php?page=xts_header_builder" "Mozilla/5.0 (Windows NT 10.0; Win64; x64) AppleWebKit/537.36 (KHTML, like Gecko) Chrome/134.0.0.0 Safari/537.36"
103.166.150.82 - - [14/Mar/2025:11:48:37 +0000] "POST /store/wp-admin/admin-ajax.php HTTP/1.1" 200 51 "https://valuecartpk.shop/store/wp-admin/admin.php?page=xts_header_builder" "Mozilla/5.0 (Windows NT 10.0; Win64; x64) AppleWebKit/537.36 (KHTML, like Gecko) Chrome/134.0.0.0 Safari/537.36"
20.171.207.177 - - [14/Mar/2025:11:48:12 +0000] "GET /store/shop/?filter_brand=joseph-joseph%2Cklober%2Cvitra&filter_color=black%2Cblue%2Cyellow&filter_size=s&per_page=18&per_row=4&shop_view=grid&stock_status=instock HTTP/2" 200 26255 "-" "Mozilla/5.0 AppleWebKit/537.36 (KHTML, like Gecko; compatible; GPTBot/1.2; +https://openai.com/gptbot)"
20.171.207.177 - - [14/Mar/2025:11:48:22 +0000] "GET /store/shop/?filter_brand=eva-solo%2Cjoseph-joseph%2Cmagisso%2Cvitra&filter_color=blue%2Cyellow&filter_size=l&per_page=24&stock_status=instock HTTP/2" 200 25953 "-" "Mozilla/5.0 AppleWebKit/537.36 (KHTML, like Gecko; compatible; GPTBot/1.2; +https://openai.com/gptbot)"
20.171.207.177 - - [14/Mar/2025:11:48:30 +0000] "GET /store/shop/?filter_brand=eva-solo%2Cjoseph-joseph%2Cmagisso&filter_color=black%2Cbrown%2Cyellow&filter_size=s&per_row=2&shop_view=grid HTTP/2" 200 25966 "-" "Mozilla/5.0 AppleWebKit/537.36 (KHTML, like Gecko; compatible; GPTBot/1.2; +https://openai.com/gptbot)"
2a06:98c0:3600::103 - - [14/Mar/2025:11:48:42 +0000] "GET /wp-admin/setup-config.php HTTP/1.1" 404 1251 "-" "Mozilla/5.0 (Windows NT 10.0; Win64; x64) AppleWebKit/537.36 (KHTML, like Gecko) Chrome/133.0.0.0 Safari/537.36"
20.171.207.177 - - [14/Mar/2025:11:48:38 +0000] "GET /store/shop/?filter_brand=eva-solo%2Cjoseph-joseph%2Cmagisso%2Cvitra&filter_color=blue%2Cyellow&filter_size=l&per_page=9&stock_status=instock HTTP/2" 200 25968 "-" "Mozilla/5.0 AppleWebKit/537.36 (KHTML, like Gecko; compatible; GPTBot/1.2; +https://openai.com/gptbot)"
20.171.207.177 - - [14/Mar/2025:11:48:45 +0000] "GET /store/shop/?filter_brand=joseph-joseph%2Cklober%2Cvitra&filter_color=black%2Cblue%2Cyellow&filter_size=s&per_page=18&per_row=2&shop_view=grid&stock_status=instock%2Consale HTTP/2" 200 23735 "-" "Mozilla/5.0 AppleWebKit/537.36 (KHTML, like Gecko; compatible; GPTBot/1.2; +https://openai.com/gptbot)"
20.171.207.177 - - [14/Mar/2025:11:48:52 +0000] "GET /store/shop/?filter_brand=joseph-joseph%2Cklober&filter_color=beige%2Cblack%2Cbrown%2Cyellow&filter_size=m&per_page=24&per_row=4&shop_view=grid&stock_status=instock%2Consale HTTP/2" 200 23962 "-" "Mozilla/5.0 AppleWebKit/537.36 (KHTML, like Gecko; compatible; GPTBot/1.2; +https://openai.com/gptbot)"
20.171.207.177 - - [14/Mar/2025:11:48:58 +0000] "GET /store/shop/?filter_brand=joseph-joseph%2Cklober&filter_color=beige%2Cblack%2Cbrown%2Cyellow&filter_size=m&per_row=4&shop_view=grid&stock_status=instock%2Consale HTTP/2" 200 23954 "-" "Mozilla/5.0 AppleWebKit/537.36 (KHTML, like Gecko; compatible; GPTBot/1.2; +https://openai.com/gptbot)"
20.171.207.177 - - [14/Mar/2025:11:49:03 +0000] "GET /store/shop/?filter_brand=joseph-joseph%2Cklober&filter_color=beige%2Cblack%2Cbrown%2Cyellow&filter_size=m&per_page=9&per_row=4&shop_view=grid&stock_status=instock HTTP/2" 200 26153 "-" "Mozilla/5.0 AppleWebKit/537.36 (KHTML, like Gecko; compatible; GPTBot/1.2; +https://openai.com/gptbot)"
20.171.207.177 - - [14/Mar/2025:11:49:08 +0000] "GET /store/shop/?filter_brand=joseph-joseph%2Cklober&filter_color=beige%2Cblack%2Cbrown%2Cyellow&filter_size=m&per_page=18&per_row=4&shop_view=grid&stock_status=instock HTTP/2" 200 26179 "-" "Mozilla/5.0 AppleWebKit/537.36 (KHTML, like Gecko; compatible; GPTBot/1.2; +https://openai.com/gptbot)"
20.171.207.177 - - [14/Mar/2025:11:49:13 +0000] "GET /store/shop/?filter_brand=joseph-joseph%2Cmagisso%2Cvitra&filter_color=brown%2Cyellow&filter_size=l%2Cs&per_page=9&stock_status=onsale HTTP/2" 200 23848 "-" "Mozilla/5.0 AppleWebKit/537.36 (KHTML, like Gecko; compatible; GPTBot/1.2; +https://openai.com/gptbot)"
20.171.207.177 - - [14/Mar/2025:11:49:18 +0000] "GET /store/shop/?filter_brand=joseph-joseph%2Cklober&filter_color=beige%2Cblack%2Cbrown%2Cyellow&filter_size=m&per_page=18&per_row=3&shop_view=grid&stock_status=instock%2Consale HTTP/2" 500 1034 "-" "Mozilla/5.0 AppleWebKit/537.36 (KHTML, like Gecko; compatible; GPTBot/1.2; +https://openai.com/gptbot)"
103.166.150.82 - - [14/Mar/2025:11:36:20 +0000] "POST /store/wp-admin/admin-ajax.php HTTP/2" 200 51 "https://valuecartpk.shop/store/wp-admin/admin.php?page=xts_header_builder" "Mozilla/5.0 (Windows NT 10.0; Win64; x64) AppleWebKit/537.36 (KHTML, like Gecko) Chrome/134.0.0.0 Safari/537.36"
103.166.150.82 - - [14/Mar/2025:11:36:23 +0000] "GET /store/wp-content/uploads/2025/03/a98bb892-0055-42cd-aa4f-ae3fba9ada38.jpg HTTP/2" 200 9816 "https://valuecartpk.shop/store/wp-admin/admin.php?page=xts_header_builder" "Mozilla/5.0 (Windows NT 10.0; Win64; x64) AppleWebKit/537.36 (KHTML, like Gecko) Chrome/134.0.0.0 Safari/537.36"
103.166.150.82 - - [14/Mar/2025:11:42:59 +0000] "GET /store/wp-json/elementor/v1/checklist/user-progress HTTP/2" 200 183 "https://valuecartpk.shop/store/wp-admin/post.php?post=15650&action=elementor" "Mozilla/5.0 (Windows NT 10.0; Win64; x64) AppleWebKit/537.36 (KHTML, like Gecko) Chrome/134.0.0.0 Safari/537.36"
103.166.150.82 - - [14/Mar/2025:11:42:59 +0000] "POST /store/wp-admin/admin-ajax.php HTTP/2" 200 609 "https://valuecartpk.shop/store/wp-admin/post.php?post=15650&action=elementor" "Mozilla/5.0 (Windows NT 10.0; Win64; x64) AppleWebKit/537.36 (KHTML, like Gecko) Chrome/134.0.0.0 Safari/537.36"
103.166.150.82 - - [14/Mar/2025:11:43:04 +0000] "POST /store/wp-admin/admin-ajax.php HTTP/2" 200 71 "https://valuecartpk.shop/store/wp-admin/post.php?post=15650&action=elementor" "Mozilla/5.0 (Windows NT 10.0; Win64; x64) AppleWebKit/537.36 (KHTML, like Gecko) Chrome/134.0.0.0 Safari/537.36"
103.166.150.82 - - [14/Mar/2025:11:43:08 +0000] "GET /store/wp-json/elementor/v1/checklist/user-progress HTTP/2" 200 183 "https://valuecartpk.shop/store/wp-admin/post.php?post=15650&action=elementor" "Mozilla/5.0 (Windows NT 10.0; Win64; x64) AppleWebKit/537.36 (KHTML, like Gecko) Chrome/134.0.0.0 Safari/537.36"
38.91.101.117 - - [14/Mar/2025:11:47:55 +0000] "POST /store/wp-cron.php?doing_wp_cron=1741952874.8048329353332519531250 HTTP/1.1" 200 0 "-" "WordPress/6.7.2; https://valuecartpk.shop/store"
192.95.30.177 - - [14/Mar/2025:11:49:05 +0000] "GET /robots.txt HTTP/1.1" 404 1251 "-" "Mozilla/5.0 (compatible; MJ12bot/v1.4.8; http://mj12bot.com/)"
192.95.30.177 - - [14/Mar/2025:11:49:06 +0000] "GET /store/shop/?filter_color=beige,black,blue,brown,yellow&filter_brand=vitra&stock_status=onsale&filter_size=m HTTP/1.1" 200 23779 "-" "Mozilla/5.0 (compatible; MJ12bot/v1.4.8; http://mj12bot.com/)"
192.95.30.177 - - [14/Mar/2025:11:49:13 +0000] "GET /store/shop/?filter_color=beige,black,blue,brown,yellow&filter_brand=vitra&stock_status=onsale&filter_size=m,s HTTP/1.1" 500 262 "-" "Mozilla/5.0 (compatible; MJ12bot/v1.4.8; http://mj12bot.com/)"
192.95.30.177 - - [14/Mar/2025:11:49:15 +0000] "GET /store/shop/?filter_color=beige,black,blue,brown,yellow&filter_brand=vitra&stock_status=onsale&filter_size=s HTTP/1.1" 200 23793 "-" "Mozilla/5.0 (compatible; MJ12bot/v1.4.8; http://mj12bot.com/)"
192.95.30.177 - - [14/Mar/2025:11:49:22 +0000] "GET /store/shop/?filter_color=beige,black,blue,brown,yellow&filter_size=l HTTP/1.1" 200 26366 "-" "Mozilla/5.0 (compatible; MJ12bot/v1.4.8; http://mj12bot.com/)"
192.95.30.177 - - [14/Mar/2025:11:49:35 +0000] "GET /store/shop/?filter_color=beige,black,blue,brown,yellow&filter_size=l&filter_brand=eva-solo,joseph-joseph,klober,vitra HTTP/1.1" 200 26085 "-" "Mozilla/5.0 (compatible; MJ12bot/v1.4.8; http://mj12bot.com/)"
192.95.30.177 - - [14/Mar/2025:11:49:43 +0000] "GET /store/shop/?filter_color=beige,black,blue,brown,yellow&filter_size=l&filter_brand=eva-solo,klober HTTP/1.1" 200 26053 "-" "Mozilla/5.0 (compatible; MJ12bot/v1.4.8; http://mj12bot.com/)"
192.95.30.177 - - [14/Mar/2025:11:49:51 +0000] "GET /store/shop/?filter_color=beige,black,blue,brown,yellow&filter_size=l&filter_brand=eva-solo,klober,vitra&per_page=12 HTTP/1.1" 200 26127 "-" "Mozilla/5.0 (compatible; MJ12bot/v1.4.8; http://mj12bot.com/)"
103.166.150.82 - - [14/Mar/2025:11:48:47 +0000] "POST /store/wp-admin/admin-ajax.php?action=woodmart_save_header&security=b1f432f0fe HTTP/1.1" 200 13773 "https://valuecartpk.shop/store/wp-admin/admin.php?page=xts_header_builder" "Mozilla/5.0 (Windows NT 10.0; Win64; x64) AppleWebKit/537.36 (KHTML, like Gecko) Chrome/134.0.0.0 Safari/537.36"
38.91.101.117 - - [14/Mar/2025:11:48:54 +0000] "POST /store/wp-cron.php?doing_wp_cron=1741952934.7853000164031982421875 HTTP/1.1" 200 0 "-" "WordPress/6.7.2; https://valuecartpk.shop/store"
103.166.150.82 - - [14/Mar/2025:11:48:52 +0000] "POST /store/wp-admin/admin-ajax.php?action=woodmart_save_header&security=b1f432f0fe HTTP/1.1" 200 13773 "https://valuecartpk.shop/store/wp-admin/admin.php?page=xts_header_builder" "Mozilla/5.0 (Windows NT 10.0; Win64; x64) AppleWebKit/537.36 (KHTML, like Gecko) Chrome/134.0.0.0 Safari/537.36"
103.166.150.82 - - [14/Mar/2025:11:49:16 +0000] "POST /store/wp-admin/admin-ajax.php HTTP/1.1" 200 71 "https://valuecartpk.shop/store/wp-admin/post.php?post=15649&action=elementor" "Mozilla/5.0 (Windows NT 10.0; Win64; x64) AppleWebKit/537.36 (KHTML, like Gecko) Chrome/134.0.0.0 Safari/537.36"
103.166.150.82 - - [14/Mar/2025:11:49:18 +0000] "POST /store/wp-admin/admin-ajax.php HTTP/1.1" 200 71 "https://valuecartpk.shop/store/wp-admin/post.php?post=15650&action=elementor" "Mozilla/5.0 (Windows NT 10.0; Win64; x64) AppleWebKit/537.36 (KHTML, like Gecko) Chrome/134.0.0.0 Safari/537.36"
103.166.150.82 - - [14/Mar/2025:11:49:20 +0000] "POST /store/wp-admin/admin-ajax.php?action=woodmart_save_header&security=b1f432f0fe HTTP/1.1" 200 13774 "https://valuecartpk.shop/store/wp-admin/admin.php?page=xts_header_builder" "Mozilla/5.0 (Windows NT 10.0; Win64; x64) AppleWebKit/537.36 (KHTML, like Gecko) Chrome/134.0.0.0 Safari/537.36"
103.166.150.82 - - [14/Mar/2025:11:49:22 +0000] "GET /store/wp-json/elementor/v1/checklist/user-progress HTTP/1.1" 200 183 "https://valuecartpk.shop/store/wp-admin/post.php?post=15650&action=elementor" "Mozilla/5.0 (Windows NT 10.0; Win64; x64) AppleWebKit/537.36 (KHTML, like Gecko) Chrome/134.0.0.0 Safari/537.36"
103.166.150.82 - - [14/Mar/2025:11:49:24 +0000] "GET /store/shop/ HTTP/1.1" 200 36125 "https://valuecartpk.shop/store/wp-admin/admin.php?page=xts_header_builder" "Mozilla/5.0 (Windows NT 10.0; Win64; x64) AppleWebKit/537.36 (KHTML, like Gecko) Chrome/134.0.0.0 Safari/537.36"
103.166.150.82 - - [14/Mar/2025:11:49:37 +0000] "POST /store/?wc-ajax=get_refreshed_fragments HTTP/1.1" 200 0 "https://valuecartpk.shop/store/shop/" "Mozilla/5.0 (Windows NT 10.0; Win64; x64) AppleWebKit/537.36 (KHTML, like Gecko) Chrome/134.0.0.0 Safari/537.36"
103.166.150.82 - - [14/Mar/2025:11:49:38 +0000] "POST /store/wp-admin/admin-ajax.php HTTP/1.1" 200 51 "https://valuecartpk.shop/store/wp-admin/admin.php?page=xts_header_builder" "Mozilla/5.0 (Windows NT 10.0; Win64; x64) AppleWebKit/537.36 (KHTML, like Gecko) Chrome/134.0.0.0 Safari/537.36"
103.166.150.82 - - [14/Mar/2025:11:49:40 +0000] "POST /store/wp-admin/admin-ajax.php HTTP/1.1" 200 51 "https://valuecartpk.shop/store/wp-admin/admin.php?page=cartflows&path=store-checkout&action=wcf-edit-flow&flow_id=15648" "Mozilla/5.0 (Windows NT 10.0; Win64; x64) AppleWebKit/537.36 (KHTML, like Gecko) Chrome/134.0.0.0 Safari/537.36"
