103.166.150.82 - - [14/Mar/2025:15:43:59 +0000] "POST /store/wp-admin/admin-ajax.php HTTP/1.1" 200 51 "https://valuecartpk.shop/store/wp-admin/plugins.php?plugin_status=all&paged=1&s" "Mozilla/5.0 (Windows NT 10.0; Win64; x64) AppleWebKit/537.36 (KHTML, like Gecko) Chrome/134.0.0.0 Safari/537.36"
103.166.150.82 - - [14/Mar/2025:15:44:01 +0000] "GET /store/wp-json/elementor/v1/checklist/user-progress HTTP/1.1" 200 183 "https://valuecartpk.shop/store/wp-admin/post.php?post=15691&action=elementor" "Mozilla/5.0 (Windows NT 10.0; Win64; x64) AppleWebKit/537.36 (KHTML, like Gecko) Chrome/134.0.0.0 Safari/537.36"
103.166.150.82 - - [14/Mar/2025:15:44:01 +0000] "POST /store/wp-admin/admin-ajax.php HTTP/1.1" 200 71 "https://valuecartpk.shop/store/wp-admin/post.php?post=15691&action=elementor" "Mozilla/5.0 (Windows NT 10.0; Win64; x64) AppleWebKit/537.36 (KHTML, like Gecko) Chrome/134.0.0.0 Safari/537.36"
20.171.207.177 - - [14/Mar/2025:15:44:00 +0000] "GET /store/shop/?filter_brand=eva-solo%2Cmagisso%2Cvitra&filter_color=beige%2Cblack%2Cbrown%2Cyellow&per_row=3&shop_view=grid&stock_status=onsale HTTP/2" 200 26367 "-" "Mozilla/5.0 AppleWebKit/537.36 (KHTML, like Gecko; compatible; GPTBot/1.2; +https://openai.com/gptbot)"
103.166.150.82 - - [14/Mar/2025:15:44:12 +0000] "POST /store/wp-admin/admin-ajax.php HTTP/1.1" 200 670 "https://valuecartpk.shop/store/wp-admin/post.php?post=15691&action=elementor" "Mozilla/5.0 (Windows NT 10.0; Win64; x64) AppleWebKit/537.36 (KHTML, like Gecko) Chrome/134.0.0.0 Safari/537.36"
103.166.150.82 - - [14/Mar/2025:15:44:11 +0000] "POST /store/wp-admin/admin-ajax.php HTTP/1.1" 200 971 "https://valuecartpk.shop/store/wp-admin/post.php?post=15691&action=elementor" "Mozilla/5.0 (Windows NT 10.0; Win64; x64) AppleWebKit/537.36 (KHTML, like Gecko) Chrome/134.0.0.0 Safari/537.36"
103.166.150.82 - - [14/Mar/2025:15:44:18 +0000] "POST /store/wp-admin/admin-ajax.php HTTP/1.1" 200 71 "https://valuecartpk.shop/store/wp-admin/post.php?post=15691&action=elementor" "Mozilla/5.0 (Windows NT 10.0; Win64; x64) AppleWebKit/537.36 (KHTML, like Gecko) Chrome/134.0.0.0 Safari/537.36"
20.171.207.177 - - [14/Mar/2025:15:44:21 +0000] "GET /store/shop/?filter_brand=eva-solo%2Cjoseph-joseph%2Cmagisso%2Cvitra&filter_color=blue%2Cbrown&per_row=2&shop_view=grid&stock_status=instock%2Consale HTTP/2" 200 26343 "-" "Mozilla/5.0 AppleWebKit/537.36 (KHTML, like Gecko; compatible; GPTBot/1.2; +https://openai.com/gptbot)"
103.166.150.82 - - [14/Mar/2025:15:44:33 +0000] "POST /store/wp-admin/admin-ajax.php HTTP/1.1" 200 71 "https://valuecartpk.shop/store/wp-admin/post.php?post=15691&action=elementor" "Mozilla/5.0 (Windows NT 10.0; Win64; x64) AppleWebKit/537.36 (KHTML, like Gecko) Chrome/134.0.0.0 Safari/537.36"
20.171.207.177 - - [14/Mar/2025:15:44:42 +0000] "GET /store/shop/?filter_brand=eva-solo%2Cjoseph-joseph%2Cklober&filter_color=black%2Cblue%2Cyellow&per_row=2&shop_view=grid&stock_status=instock HTTP/2" 200 28813 "-" "Mozilla/5.0 AppleWebKit/537.36 (KHTML, like Gecko; compatible; GPTBot/1.2; +https://openai.com/gptbot)"
103.166.150.82 - - [14/Mar/2025:15:44:48 +0000] "POST /store/wp-admin/admin-ajax.php HTTP/1.1" 200 71 "https://valuecartpk.shop/store/wp-admin/post.php?post=15691&action=elementor" "Mozilla/5.0 (Windows NT 10.0; Win64; x64) AppleWebKit/537.36 (KHTML, like Gecko) Chrome/134.0.0.0 Safari/537.36"
103.166.150.82 - - [14/Mar/2025:15:44:53 +0000] "GET /store/contact-us/ HTTP/1.1" 500 1035 "https://valuecartpk.shop/store/elementor-hf/header/?elementor-preview=15691&ver=1741966991" "Mozilla/5.0 (Windows NT 10.0; Win64; x64) AppleWebKit/537.36 (KHTML, like Gecko) Chrome/134.0.0.0 Safari/537.36"
103.166.150.82 - - [14/Mar/2025:15:44:59 +0000] "GET /store/wp-json/elementor/v1/checklist/user-progress HTTP/1.1" 200 183 "https://valuecartpk.shop/store/wp-admin/post.php?post=15691&action=elementor" "Mozilla/5.0 (Windows NT 10.0; Win64; x64) AppleWebKit/537.36 (KHTML, like Gecko) Chrome/134.0.0.0 Safari/537.36"
103.166.150.82 - - [14/Mar/2025:15:45:03 +0000] "POST /store/wp-admin/admin-ajax.php HTTP/1.1" 200 71 "https://valuecartpk.shop/store/wp-admin/post.php?post=15691&action=elementor" "Mozilla/5.0 (Windows NT 10.0; Win64; x64) AppleWebKit/537.36 (KHTML, like Gecko) Chrome/134.0.0.0 Safari/537.36"
20.171.207.177 - - [14/Mar/2025:15:45:03 +0000] "GET /store/shop/?filter_brand=eva-solo%2Cjoseph-joseph%2Cklober&filter_color=black%2Cblue%2Cyellow&per_page=9&per_row=4&shop_view=grid&stock_status=instock HTTP/2" 200 28820 "-" "Mozilla/5.0 AppleWebKit/537.36 (KHTML, like Gecko; compatible; GPTBot/1.2; +https://openai.com/gptbot)"
103.166.150.82 - - [14/Mar/2025:15:45:06 +0000] "GET /store/wp-json/elementor/v1/checklist/user-progress HTTP/1.1" 200 183 "https://valuecartpk.shop/store/wp-admin/post.php?post=15691&action=elementor" "Mozilla/5.0 (Windows NT 10.0; Win64; x64) AppleWebKit/537.36 (KHTML, like Gecko) Chrome/134.0.0.0 Safari/537.36"
103.166.150.82 - - [14/Mar/2025:15:45:18 +0000] "POST /store/wp-admin/admin-ajax.php HTTP/1.1" 200 71 "https://valuecartpk.shop/store/wp-admin/post.php?post=15691&action=elementor" "Mozilla/5.0 (Windows NT 10.0; Win64; x64) AppleWebKit/537.36 (KHTML, like Gecko) Chrome/134.0.0.0 Safari/537.36"
103.166.150.82 - - [14/Mar/2025:15:07:36 +0000] "GET /store/wp-content/uploads/elementor/css/custom-widget-icon-box.min.css?ver=1741964592 HTTP/1.1" 200 625 "https://valuecartpk.shop/store/elementor-hf/header/?elementor-preview=15691&ver=1741964820" "Mozilla/5.0 (Windows NT 10.0; Win64; x64) AppleWebKit/537.36 (KHTML, like Gecko) Chrome/134.0.0.0 Safari/537.36"
103.166.150.82 - - [14/Mar/2025:15:07:40 +0000] "GET /store/wp-content/uploads/elementor/css/custom-widget-star-rating.min.css?ver=1741964598 HTTP/1.1" 200 448 "https://valuecartpk.shop/store/elementor-hf/header/?elementor-preview=15691&ver=1741964820" "Mozilla/5.0 (Windows NT 10.0; Win64; x64) AppleWebKit/537.36 (KHTML, like Gecko) Chrome/134.0.0.0 Safari/537.36"
103.166.150.82 - - [14/Mar/2025:15:07:40 +0000] "GET /store/wp-content/uploads/elementor/css/custom-widget-image-gallery.min.css?ver=1741964598 HTTP/1.1" 200 275 "https://valuecartpk.shop/store/elementor-hf/header/?elementor-preview=15691&ver=1741964820" "Mozilla/5.0 (Windows NT 10.0; Win64; x64) AppleWebKit/537.36 (KHTML, like Gecko) Chrome/134.0.0.0 Safari/537.36"
38.91.101.117 - - [14/Mar/2025:15:08:57 +0000] "POST /store/wp-cron.php?doing_wp_cron=1741964937.4869110584259033203125 HTTP/1.1" 200 0 "-" "WordPress/6.7.2; https://valuecartpk.shop/store"
38.91.101.117 - - [14/Mar/2025:15:09:55 +0000] "POST /store/wp-cron.php?doing_wp_cron=1741964995.5965900421142578125000 HTTP/1.1" 200 0 "-" "WordPress/6.7.2; https://valuecartpk.shop/store"
38.91.101.117 - - [14/Mar/2025:15:23:03 +0000] "POST /store/wp-cron.php?doing_wp_cron=1741965782.7794280052185058593750 HTTP/1.1" 200 0 "-" "WordPress/6.7.2; https://valuecartpk.shop/store"
2a06:98c0:3600::103 - - [14/Mar/2025:15:27:07 +0000] "GET /wp-admin/setup-config.php HTTP/1.1" 404 1251 "-" "Mozilla/5.0 (Windows NT 10.0; Win64; x64) AppleWebKit/537.36 (KHTML, like Gecko) Chrome/133.0.0.0 Safari/537.36"
38.91.101.117 - - [14/Mar/2025:15:31:57 +0000] "POST /store/wp-cron.php?doing_wp_cron=1741966317.4849820137023925781250 HTTP/1.1" 200 0 "-" "WordPress/6.7.2; https://valuecartpk.shop/store"
38.91.101.117 - - [14/Mar/2025:15:32:54 +0000] "POST /store/wp-cron.php?doing_wp_cron=1741966374.0933580398559570312500 HTTP/1.1" 200 0 "-" "WordPress/6.7.2; https://valuecartpk.shop/store"
38.91.101.117 - - [14/Mar/2025:15:37:56 +0000] "POST /store/wp-cron.php?doing_wp_cron=1741966676.9029479026794433593750 HTTP/1.1" 200 0 "-" "WordPress/6.7.2; https://valuecartpk.shop/store"
38.91.101.117 - - [14/Mar/2025:15:38:56 +0000] "POST /store/wp-cron.php?doing_wp_cron=1741966736.5883989334106445312500 HTTP/1.1" 200 0 "-" "WordPress/6.7.2; https://valuecartpk.shop/store"
38.91.101.117 - - [14/Mar/2025:15:40:57 +0000] "POST /store/wp-cron.php?doing_wp_cron=1741966857.0441999435424804687500 HTTP/1.1" 200 0 "-" "WordPress/6.7.2; https://valuecartpk.shop/store"
38.91.101.117 - - [14/Mar/2025:15:41:19 +0000] "GET /store/?post_type=elementor-hf&p=15706 HTTP/1.1" 404 23479 "-" "WordPress/6.7.2; https://valuecartpk.shop/store"
103.166.150.82 - - [14/Mar/2025:15:41:36 +0000] "GET /store/shop/ HTTP/2" 200 30139 "https://valuecartpk.shop/store/checkout/" "Mozilla/5.0 (Linux; Android 10; K) AppleWebKit/537.36 (KHTML, like Gecko) Chrome/133.0.0.0 Mobile Safari/537.36"
94.23.209.55 - - [14/Mar/2025:15:43:19 +0000] "GET /store/shop/?filter_brand=klober,vitra&filter_size=l,m,s&filter_color=blue,brown,yellow&per_page=9 HTTP/1.1" 200 28618 "-" "Mozilla/5.0 (compatible; MJ12bot/v1.4.8; http://mj12bot.com/)"
94.23.209.55 - - [14/Mar/2025:15:43:44 +0000] "GET /store/shop/?filter_brand=klober,vitra&filter_size=l,m,s&filter_color=blue,brown,yellow&shop_view=grid&per_row=2 HTTP/1.1" 200 28634 "-" "Mozilla/5.0 (compatible; MJ12bot/v1.4.8; http://mj12bot.com/)"
94.23.209.55 - - [14/Mar/2025:15:43:57 +0000] "GET /store/shop/?filter_brand=klober,vitra&filter_size=l,m,s&filter_color=blue,brown,yellow&shop_view=grid&per_row=3 HTTP/1.1" 200 28634 "-" "Mozilla/5.0 (compatible; MJ12bot/v1.4.8; http://mj12bot.com/)"
94.23.209.55 - - [14/Mar/2025:15:44:18 +0000] "GET /store/shop/?filter_brand=klober,vitra&filter_size=l,m,s&filter_color=blue,brown,yellow&shop_view=grid&per_row=4 HTTP/1.1" 200 28631 "-" "Mozilla/5.0 (compatible; MJ12bot/v1.4.8; http://mj12bot.com/)"
94.23.209.55 - - [14/Mar/2025:15:44:30 +0000] "GET /store/shop/?filter_brand=klober,vitra&filter_size=l,m,s&filter_color=blue,brown,yellow&stock_status=instock HTTP/1.1" 200 28678 "-" "Mozilla/5.0 (compatible; MJ12bot/v1.4.8; http://mj12bot.com/)"
94.23.209.55 - - [14/Mar/2025:15:44:35 +0000] "GET /store/shop/?filter_brand=klober,vitra&filter_size=l,m,s&filter_color=blue,brown,yellow&stock_status=onsale HTTP/1.1" 200 26357 "-" "Mozilla/5.0 (compatible; MJ12bot/v1.4.8; http://mj12bot.com/)"
94.23.209.55 - - [14/Mar/2025:15:44:39 +0000] "GET /store/shop/?filter_brand=klober,vitra&filter_size=l,s&filter_color=blue,brown,yellow&per_page=12 HTTP/1.1" 200 28624 "-" "Mozilla/5.0 (compatible; MJ12bot/v1.4.8; http://mj12bot.com/)"
94.23.209.55 - - [14/Mar/2025:15:44:43 +0000] "GET /store/shop/?filter_brand=klober,vitra&filter_size=l,s&filter_color=blue,brown,yellow&per_page=18 HTTP/1.1" 200 28629 "-" "Mozilla/5.0 (compatible; MJ12bot/v1.4.8; http://mj12bot.com/)"
94.23.209.55 - - [14/Mar/2025:15:44:48 +0000] "GET /store/shop/?filter_brand=klober,vitra&filter_size=l,s&filter_color=blue,brown,yellow&per_page=24 HTTP/1.1" 200 28622 "-" "Mozilla/5.0 (compatible; MJ12bot/v1.4.8; http://mj12bot.com/)"
94.23.209.55 - - [14/Mar/2025:15:44:55 +0000] "GET /store/shop/?filter_brand=klober,vitra&filter_size=l,s&filter_color=blue,brown,yellow&per_page=9 HTTP/1.1" 200 28618 "-" "Mozilla/5.0 (compatible; MJ12bot/v1.4.8; http://mj12bot.com/)"
94.23.209.55 - - [14/Mar/2025:15:45:00 +0000] "GET /store/shop/?filter_brand=klober,vitra&filter_size=l,s&filter_color=blue,brown,yellow&shop_view=grid&per_row=2 HTTP/1.1" 200 28581 "-" "Mozilla/5.0 (compatible; MJ12bot/v1.4.8; http://mj12bot.com/)"
94.23.209.55 - - [14/Mar/2025:15:45:05 +0000] "GET /store/shop/?filter_brand=klober,vitra&filter_size=l,s&filter_color=blue,brown,yellow&shop_view=grid&per_row=3 HTTP/1.1" 200 28586 "-" "Mozilla/5.0 (compatible; MJ12bot/v1.4.8; http://mj12bot.com/)"
94.23.209.55 - - [14/Mar/2025:15:45:13 +0000] "GET /store/shop/?filter_brand=klober,vitra&filter_size=l,s&filter_color=blue,brown,yellow&stock_status=instock HTTP/1.1" 200 28639 "-" "Mozilla/5.0 (compatible; MJ12bot/v1.4.8; http://mj12bot.com/)"
94.23.209.55 - - [14/Mar/2025:15:45:19 +0000] "GET /store/shop/?filter_brand=klober,vitra&filter_size=l,s&filter_color=blue,brown,yellow&stock_status=instock,onsale HTTP/1.1" 200 26349 "-" "Mozilla/5.0 (compatible; MJ12bot/v1.4.8; http://mj12bot.com/)"
94.23.209.55 - - [14/Mar/2025:15:45:26 +0000] "GET /store/shop/?filter_brand=klober,vitra&filter_size=m&filter_color=blue,brown,yellow&stock_status=onsale HTTP/1.1" 200 26283 "-" "Mozilla/5.0 (compatible; MJ12bot/v1.4.8; http://mj12bot.com/)"
94.23.209.55 - - [14/Mar/2025:15:45:32 +0000] "GET /store/shop/?filter_brand=klober,vitra&filter_size=m,s&filter_color=beige,blue,brown,yellow&per_page=12 HTTP/1.1" 200 28806 "-" "Mozilla/5.0 (compatible; MJ12bot/v1.4.8; http://mj12bot.com/)"
94.23.209.55 - - [14/Mar/2025:15:45:40 +0000] "GET /store/shop/?filter_color=beige,black&filter_brand=eva-solo,joseph-joseph,klober,vitra&filter_size=l,m,s&stock_status=instock,onsale HTTP/1.1" 200 26375 "-" "Mozilla/5.0 (compatible; MJ12bot/v1.4.8; http://mj12bot.com/)"
20.171.207.177 - - [14/Mar/2025:15:45:21 +0000] "GET /store/shop/?filter_brand=eva-solo%2Cjoseph-joseph%2Cklober&filter_color=black%2Cblue%2Cyellow&per_page=9&per_row=2&shop_view=grid&stock_status=instock HTTP/2" 200 28818 "-" "Mozilla/5.0 AppleWebKit/537.36 (KHTML, like Gecko; compatible; GPTBot/1.2; +https://openai.com/gptbot)"
103.166.150.82 - - [14/Mar/2025:15:45:25 +0000] "GET /store/ HTTP/1.1" 200 40915 "https://valuecartpk.shop/store/elementor-hf/header/?elementor-preview=15691&ver=1741966991" "Mozilla/5.0 (Windows NT 10.0; Win64; x64) AppleWebKit/537.36 (KHTML, like Gecko) Chrome/134.0.0.0 Safari/537.36"
103.166.150.82 - - [14/Mar/2025:15:45:30 +0000] "GET /store/wp-json/elementor/v1/checklist/user-progress HTTP/1.1" 200 183 "https://valuecartpk.shop/store/wp-admin/post.php?post=15691&action=elementor" "Mozilla/5.0 (Windows NT 10.0; Win64; x64) AppleWebKit/537.36 (KHTML, like Gecko) Chrome/134.0.0.0 Safari/537.36"
103.166.150.82 - - [14/Mar/2025:15:45:33 +0000] "POST /store/wp-admin/admin-ajax.php HTTP/1.1" 200 71 "https://valuecartpk.shop/store/wp-admin/post.php?post=15691&action=elementor" "Mozilla/5.0 (Windows NT 10.0; Win64; x64) AppleWebKit/537.36 (KHTML, like Gecko) Chrome/134.0.0.0 Safari/537.36"
20.171.207.177 - - [14/Mar/2025:15:45:37 +0000] "GET /store/shop/?filter_brand=eva-solo%2Cjoseph-joseph%2Cklober&filter_color=black%2Cblue%2Cyellow&per_page=12&per_row=4&shop_view=grid&stock_status=instock HTTP/2" 200 28790 "-" "Mozilla/5.0 AppleWebKit/537.36 (KHTML, like Gecko; compatible; GPTBot/1.2; +https://openai.com/gptbot)"
103.166.150.82 - - [14/Mar/2025:15:45:48 +0000] "POST /store/wp-admin/admin-ajax.php HTTP/1.1" 200 71 "https://valuecartpk.shop/store/wp-admin/post.php?post=15691&action=elementor" "Mozilla/5.0 (Windows NT 10.0; Win64; x64) AppleWebKit/537.36 (KHTML, like Gecko) Chrome/134.0.0.0 Safari/537.36"
20.171.207.177 - - [14/Mar/2025:15:45:52 +0000] "GET /store/shop/?filter_brand=eva-solo%2Cjoseph-joseph%2Cmagisso&filter_color=beige%2Cblue%2Cyellow&filter_size=l%2Cm&per_page=12&stock_status=instock HTTP/2" 200 28853 "-" "Mozilla/5.0 AppleWebKit/537.36 (KHTML, like Gecko; compatible; GPTBot/1.2; +https://openai.com/gptbot)"
103.166.150.82 - - [14/Mar/2025:15:45:59 +0000] "POST /store/wp-admin/admin-ajax.php HTTP/1.1" 200 51 "https://valuecartpk.shop/store/wp-admin/plugins.php?plugin_status=all&paged=1&s" "Mozilla/5.0 (Windows NT 10.0; Win64; x64) AppleWebKit/537.36 (KHTML, like Gecko) Chrome/134.0.0.0 Safari/537.36"
103.166.150.82 - - [14/Mar/2025:15:46:03 +0000] "POST /store/wp-admin/admin-ajax.php HTTP/1.1" 200 71 "https://valuecartpk.shop/store/wp-admin/post.php?post=15691&action=elementor" "Mozilla/5.0 (Windows NT 10.0; Win64; x64) AppleWebKit/537.36 (KHTML, like Gecko) Chrome/134.0.0.0 Safari/537.36"
20.171.207.177 - - [14/Mar/2025:15:46:05 +0000] "GET /store/shop/?filter_brand=eva-solo%2Cjoseph-joseph&filter_color=beige%2Cbrown&filter_size=m%2Cs&per_page=9&stock_status=instock HTTP/2" 200 28636 "-" "Mozilla/5.0 AppleWebKit/537.36 (KHTML, like Gecko; compatible; GPTBot/1.2; +https://openai.com/gptbot)"
103.166.150.82 - - [14/Mar/2025:15:46:09 +0000] "GET /store/wp-json/elementor/v1/checklist/user-progress HTTP/1.1" 200 183 "https://valuecartpk.shop/store/wp-admin/post.php?post=15691&action=elementor" "Mozilla/5.0 (Windows NT 10.0; Win64; x64) AppleWebKit/537.36 (KHTML, like Gecko) Chrome/134.0.0.0 Safari/537.36"
103.166.150.82 - - [14/Mar/2025:15:46:10 +0000] "POST /store/wp-admin/admin-ajax.php HTTP/1.1" 200 570 "https://valuecartpk.shop/store/wp-admin/post.php?post=15691&action=elementor" "Mozilla/5.0 (Windows NT 10.0; Win64; x64) AppleWebKit/537.36 (KHTML, like Gecko) Chrome/134.0.0.0 Safari/537.36"
103.166.150.82 - - [14/Mar/2025:15:46:19 +0000] "POST /store/?wc-ajax=get_refreshed_fragments HTTP/1.1" 200 0 "https://valuecartpk.shop/store/product/decoration-wooden-present/" "Mozilla/5.0 (Windows NT 10.0; Win64; x64) AppleWebKit/537.36 (KHTML, like Gecko) Chrome/134.0.0.0 Safari/537.36"
94.23.209.55 - - [14/Mar/2025:15:45:43 +0000] "GET /store/shop/?filter_color=beige,black&filter_brand=eva-solo,joseph-joseph,klober,vitra&filter_size=l,s&per_page=12 HTTP/1.1" 200 28828 "-" "Mozilla/5.0 (compatible; MJ12bot/v1.4.8; http://mj12bot.com/)"
94.23.209.55 - - [14/Mar/2025:15:45:48 +0000] "GET /store/shop/?filter_color=beige,black&filter_brand=eva-solo,joseph-joseph,klober,vitra&filter_size=m,s&shop_view=grid&per_row=4 HTTP/1.1" 200 28844 "-" "Mozilla/5.0 (compatible; MJ12bot/v1.4.8; http://mj12bot.com/)"
94.23.209.55 - - [14/Mar/2025:15:45:56 +0000] "GET /store/shop/?filter_color=beige,black&filter_brand=eva-solo,joseph-joseph,klober,vitra&stock_status=instock,onsale&filter_size=l,m,s HTTP/1.1" 500 264 "-" "Mozilla/5.0 (compatible; MJ12bot/v1.4.8; http://mj12bot.com/)"
18.190.207.156 - - [14/Mar/2025:15:46:02 +0000] "GET /wp/xmlrpc.php?path=%2Fhome%2Fmultihiv%2Fpublic_html%2Fwp%2Fwp-includes HTTP/2" 200 8687 "-" "Mozilla/5.0 AppleWebKit/537.36 (KHTML, like Gecko; compatible; ClaudeBot/1.0; +claudebot@anthropic.com)"
18.190.207.156 - - [14/Mar/2025:15:46:02 +0000] "GET /wp/xmlrpc.php?path=%2Fhome%2Fmultihiv%2Fpublic_html%2Fwp%2Fwp-content HTTP/2" 200 1005 "-" "Mozilla/5.0 AppleWebKit/537.36 (KHTML, like Gecko; compatible; ClaudeBot/1.0; +claudebot@anthropic.com)"
94.23.209.55 - - [14/Mar/2025:15:45:58 +0000] "GET /store/shop/?filter_color=beige,black&filter_brand=eva-solo,joseph-joseph,klober,vitra&stock_status=instock,onsale&filter_size=m HTTP/1.1" 200 26349 "-" "Mozilla/5.0 (compatible; MJ12bot/v1.4.8; http://mj12bot.com/)"
94.23.209.55 - - [14/Mar/2025:15:46:04 +0000] "GET /store/shop/?filter_color=beige,black&filter_brand=eva-solo,joseph-joseph,klober,vitra&stock_status=instock,onsale&filter_size=m,s HTTP/1.1" 200 26378 "-" "Mozilla/5.0 (compatible; MJ12bot/v1.4.8; http://mj12bot.com/)"
94.23.209.55 - - [14/Mar/2025:15:46:14 +0000] "GET /store/shop/?filter_color=beige,black&filter_brand=eva-solo,joseph-joseph,klober,vitra&stock_status=instock,onsale&filter_size=s HTTP/1.1" 200 26351 "-" "Mozilla/5.0 (compatible; MJ12bot/v1.4.8; http://mj12bot.com/)"
94.23.209.55 - - [14/Mar/2025:15:46:26 +0000] "GET /store/shop/?filter_color=beige,black&filter_brand=eva-solo,joseph-joseph,klober,vitra&stock_status=onsale&filter_size=l HTTP/1.1" 200 26363 "-" "Mozilla/5.0 (compatible; MJ12bot/v1.4.8; http://mj12bot.com/)"
94.23.209.55 - - [14/Mar/2025:15:46:35 +0000] "GET /store/shop/?filter_color=beige,black&filter_brand=eva-solo,joseph-joseph,klober,vitra&stock_status=onsale&filter_size=l,m,s HTTP/1.1" 200 26366 "-" "Mozilla/5.0 (compatible; MJ12bot/v1.4.8; http://mj12bot.com/)"
94.23.209.55 - - [14/Mar/2025:15:46:41 +0000] "GET /store/shop/?filter_color=beige,black&filter_brand=eva-solo,joseph-joseph,klober,vitra&stock_status=onsale&filter_size=m HTTP/1.1" 200 26353 "-" "Mozilla/5.0 (compatible; MJ12bot/v1.4.8; http://mj12bot.com/)"
94.23.209.55 - - [14/Mar/2025:15:46:45 +0000] "GET /store/shop/?filter_color=beige,black&filter_brand=eva-solo,joseph-joseph,klober,vitra&stock_status=onsale&filter_size=s HTTP/1.1" 200 26353 "-" "Mozilla/5.0 (compatible; MJ12bot/v1.4.8; http://mj12bot.com/)"
38.91.101.117 - - [14/Mar/2025:15:46:53 +0000] "POST /store/wp-cron.php?doing_wp_cron=1741967213.2385520935058593750000 HTTP/1.1" 200 0 "-" "WordPress/6.7.2; https://valuecartpk.shop/store"
94.23.209.55 - - [14/Mar/2025:15:46:50 +0000] "GET /store/shop/?filter_color=beige,black&filter_brand=eva-solo,joseph-joseph,magisso,vitra&filter_size=l,m&stock_status=instock,onsale HTTP/1.1" 200 26354 "-" "Mozilla/5.0 (compatible; MJ12bot/v1.4.8; http://mj12bot.com/)"
94.23.209.55 - - [14/Mar/2025:15:46:56 +0000] "GET /store/shop/?filter_color=beige,black&filter_brand=eva-solo,joseph-joseph,magisso,vitra&filter_size=l,s&stock_status=instock,onsale HTTP/1.1" 200 26356 "-" "Mozilla/5.0 (compatible; MJ12bot/v1.4.8; http://mj12bot.com/)"
103.166.150.82 - - [14/Mar/2025:15:46:17 +0000] "POST /store/wp-admin/admin-ajax.php HTTP/1.1" 200 51 "https://valuecartpk.shop/store/wp-admin/admin.php?page=qcfw-checkout" "Mozilla/5.0 (Windows NT 10.0; Win64; x64) AppleWebKit/537.36 (KHTML, like Gecko) Chrome/134.0.0.0 Safari/537.36"
103.166.150.82 - - [14/Mar/2025:15:46:18 +0000] "POST /store/wp-admin/admin-ajax.php HTTP/1.1" 200 71 "https://valuecartpk.shop/store/wp-admin/post.php?post=15691&action=elementor" "Mozilla/5.0 (Windows NT 10.0; Win64; x64) AppleWebKit/537.36 (KHTML, like Gecko) Chrome/134.0.0.0 Safari/537.36"
103.166.150.82 - - [14/Mar/2025:15:46:30 +0000] "GET /store/wp-content/plugins/elementor-pro/assets/js/slides.c0029640cbdb48199471.bundle.min.js HTTP/1.1" 200 1362 "https://valuecartpk.shop/store/elementor-hf/header/?elementor-preview=15691&ver=1741966991" "Mozilla/5.0 (Windows NT 10.0; Win64; x64) AppleWebKit/537.36 (KHTML, like Gecko) Chrome/134.0.0.0 Safari/537.36"
103.166.150.82 - - [14/Mar/2025:15:46:19 +0000] "GET /store/wp-json/elementor/v1/checklist/user-progress HTTP/1.1" 200 183 "https://valuecartpk.shop/store/wp-admin/post.php?post=15691&action=elementor" "Mozilla/5.0 (Windows NT 10.0; Win64; x64) AppleWebKit/537.36 (KHTML, like Gecko) Chrome/134.0.0.0 Safari/537.36"
20.171.207.177 - - [14/Mar/2025:15:46:17 +0000] "GET /store/shop/?filter_brand=eva-solo%2Cjoseph-joseph%2Cvitra&filter_color=beige%2Cblack&filter_size=l%2Cm&per_page=24&stock_status=instock%2Consale HTTP/2" 200 26326 "-" "Mozilla/5.0 AppleWebKit/537.36 (KHTML, like Gecko; compatible; GPTBot/1.2; +https://openai.com/gptbot)"
103.166.150.82 - - [14/Mar/2025:15:46:19 +0000] "POST /store/wp-admin/admin-ajax.php HTTP/1.1" 200 454 "https://valuecartpk.shop/store/wp-admin/post.php?post=15691&action=elementor" "Mozilla/5.0 (Windows NT 10.0; Win64; x64) AppleWebKit/537.36 (KHTML, like Gecko) Chrome/134.0.0.0 Safari/537.36"
20.171.207.177 - - [14/Mar/2025:15:46:31 +0000] "GET /store/shop/?filter_brand=eva-solo%2Cjoseph-joseph%2Cklober&filter_color=black%2Cblue%2Cyellow&per_page=18&per_row=3&shop_view=grid&stock_status=instock%2Consale HTTP/2" 200 26390 "-" "Mozilla/5.0 AppleWebKit/537.36 (KHTML, like Gecko; compatible; GPTBot/1.2; +https://openai.com/gptbot)"
103.166.150.82 - - [14/Mar/2025:15:46:33 +0000] "POST /store/wp-admin/admin-ajax.php HTTP/1.1" 200 71 "https://valuecartpk.shop/store/wp-admin/post.php?post=15691&action=elementor" "Mozilla/5.0 (Windows NT 10.0; Win64; x64) AppleWebKit/537.36 (KHTML, like Gecko) Chrome/134.0.0.0 Safari/537.36"
20.171.207.177 - - [14/Mar/2025:15:46:46 +0000] "GET /store/shop/?filter_brand=eva-solo%2Cjoseph-joseph%2Cklober&filter_color=black%2Cblue%2Cyellow&per_page=18&per_row=4&shop_view=grid&stock_status=instock HTTP/2" 200 28817 "-" "Mozilla/5.0 AppleWebKit/537.36 (KHTML, like Gecko; compatible; GPTBot/1.2; +https://openai.com/gptbot)"
103.166.150.82 - - [14/Mar/2025:15:46:48 +0000] "POST /store/wp-admin/admin-ajax.php HTTP/1.1" 200 71 "https://valuecartpk.shop/store/wp-admin/post.php?post=15691&action=elementor" "Mozilla/5.0 (Windows NT 10.0; Win64; x64) AppleWebKit/537.36 (KHTML, like Gecko) Chrome/134.0.0.0 Safari/537.36"
20.171.207.177 - - [14/Mar/2025:15:46:59 +0000] "GET /store/shop/?filter_brand=eva-solo%2Cjoseph-joseph%2Cklober&filter_color=black%2Cblue%2Cyellow&per_page=18&per_row=2&shop_view=grid&stock_status=instock HTTP/2" 200 28816 "-" "Mozilla/5.0 AppleWebKit/537.36 (KHTML, like Gecko; compatible; GPTBot/1.2; +https://openai.com/gptbot)"
103.166.150.82 - - [14/Mar/2025:15:47:04 +0000] "POST /store/wp-admin/admin-ajax.php HTTP/1.1" 200 71 "https://valuecartpk.shop/store/wp-admin/post.php?post=15691&action=elementor" "Mozilla/5.0 (Windows NT 10.0; Win64; x64) AppleWebKit/537.36 (KHTML, like Gecko) Chrome/134.0.0.0 Safari/537.36"
103.166.150.82 - - [14/Mar/2025:15:47:09 +0000] "GET /store/wp-json/elementor/v1/checklist/user-progress HTTP/1.1" 200 183 "https://valuecartpk.shop/store/wp-admin/post.php?post=15691&action=elementor" "Mozilla/5.0 (Windows NT 10.0; Win64; x64) AppleWebKit/537.36 (KHTML, like Gecko) Chrome/134.0.0.0 Safari/537.36"
20.171.207.177 - - [14/Mar/2025:15:47:11 +0000] "GET /store/shop/?filter_brand=joseph-joseph%2Cvitra&filter_color=black%2Cblue%2Cbrown%2Cyellow&filter_size=m%2Cs&per_row=3&shop_view=grid HTTP/2" 200 28823 "-" "Mozilla/5.0 AppleWebKit/537.36 (KHTML, like Gecko; compatible; GPTBot/1.2; +https://openai.com/gptbot)"
103.166.150.82 - - [14/Mar/2025:15:47:19 +0000] "POST /store/wp-admin/admin-ajax.php HTTP/1.1" 500 0 "https://valuecartpk.shop/store/wp-admin/post.php?post=15691&action=elementor" "Mozilla/5.0 (Windows NT 10.0; Win64; x64) AppleWebKit/537.36 (KHTML, like Gecko) Chrome/134.0.0.0 Safari/537.36"
20.171.207.177 - - [14/Mar/2025:15:47:22 +0000] "GET /store/shop/?filter_brand=eva-solo%2Cjoseph-joseph%2Cklober&filter_color=black%2Cblue%2Cyellow&per_row=2&shop_view=grid&stock_status=instock%2Consale HTTP/2" 200 26362 "-" "Mozilla/5.0 AppleWebKit/537.36 (KHTML, like Gecko; compatible; GPTBot/1.2; +https://openai.com/gptbot)"
20.171.207.177 - - [14/Mar/2025:15:47:31 +0000] "GET /store/shop/?filter_brand=eva-solo%2Cmagisso%2Cvitra&filter_color=black%2Cblue%2Cyellow&filter_size=m%2Cs&per_page=18&stock_status=instock HTTP/2" 200 28883 "-" "Mozilla/5.0 AppleWebKit/537.36 (KHTML, like Gecko; compatible; GPTBot/1.2; +https://openai.com/gptbot)"
103.166.150.82 - - [14/Mar/2025:15:47:34 +0000] "POST /store/wp-admin/admin-ajax.php HTTP/1.1" 200 71 "https://valuecartpk.shop/store/wp-admin/post.php?post=15691&action=elementor" "Mozilla/5.0 (Windows NT 10.0; Win64; x64) AppleWebKit/537.36 (KHTML, like Gecko) Chrome/134.0.0.0 Safari/537.36"
103.166.150.82 - - [14/Mar/2025:15:47:36 +0000] "POST /store/wp-admin/admin-ajax.php HTTP/1.1" 200 322 "https://valuecartpk.shop/store/wp-admin/post.php?post=15691&action=elementor" "Mozilla/5.0 (Windows NT 10.0; Win64; x64) AppleWebKit/537.36 (KHTML, like Gecko) Chrome/134.0.0.0 Safari/537.36"
20.171.207.177 - - [14/Mar/2025:15:47:40 +0000] "GET /store/shop/?filter_brand=eva-solo%2Cmagisso&filter_color=black%2Cblue%2Cbrown%2Cyellow&filter_size=m&per_page=18&stock_status=onsale HTTP/2" 200 26367 "-" "Mozilla/5.0 AppleWebKit/537.36 (KHTML, like Gecko; compatible; GPTBot/1.2; +https://openai.com/gptbot)"
103.166.150.82 - - [14/Mar/2025:15:47:49 +0000] "POST /store/wp-admin/admin-ajax.php HTTP/1.1" 200 71 "https://valuecartpk.shop/store/wp-admin/post.php?post=15691&action=elementor" "Mozilla/5.0 (Windows NT 10.0; Win64; x64) AppleWebKit/537.36 (KHTML, like Gecko) Chrome/134.0.0.0 Safari/537.36"
20.171.207.177 - - [14/Mar/2025:15:47:48 +0000] "GET /store/shop/?filter_brand=eva-solo%2Cklober&filter_color=beige%2Cblack%2Cbrown&filter_size=m%2Cs&per_page=24&stock_status=instock HTTP/2" 200 28895 "-" "Mozilla/5.0 AppleWebKit/537.36 (KHTML, like Gecko; compatible; GPTBot/1.2; +https://openai.com/gptbot)"
20.171.207.177 - - [14/Mar/2025:15:47:57 +0000] "GET /store/shop/?filter_brand=klober%2Cvitra&filter_color=beige%2Cblack%2Cbrown%2Cyellow&filter_size=m%2Cs&per_page=24&stock_status=instock HTTP/2" 200 28911 "-" "Mozilla/5.0 AppleWebKit/537.36 (KHTML, like Gecko; compatible; GPTBot/1.2; +https://openai.com/gptbot)"
103.166.150.82 - - [14/Mar/2025:15:48:00 +0000] "POST /store/wp-admin/admin-ajax.php HTTP/1.1" 200 51 "https://valuecartpk.shop/store/wp-admin/plugins.php?plugin_status=all&paged=1&s" "Mozilla/5.0 (Windows NT 10.0; Win64; x64) AppleWebKit/537.36 (KHTML, like Gecko) Chrome/134.0.0.0 Safari/537.36"
103.166.150.82 - - [14/Mar/2025:15:48:04 +0000] "POST /store/wp-admin/admin-ajax.php HTTP/1.1" 200 71 "https://valuecartpk.shop/store/wp-admin/post.php?post=15691&action=elementor" "Mozilla/5.0 (Windows NT 10.0; Win64; x64) AppleWebKit/537.36 (KHTML, like Gecko) Chrome/134.0.0.0 Safari/537.36"
94.23.209.55 - - [14/Mar/2025:15:42:56 +0000] "GET /store/shop/?filter_brand=klober,vitra&filter_size=l,m,s&filter_color=blue,brown,yellow&per_page=12 HTTP/1.1" 200 28634 "-" "Mozilla/5.0 (compatible; MJ12bot/v1.4.8; http://mj12bot.com/)"
20.171.207.177 - - [14/Mar/2025:15:43:02 +0000] "GET /store/shop/?filter_brand=eva-solo%2Cjoseph-joseph%2Cmagisso&filter_color=beige%2Cblack%2Cblue%2Cbrown&filter_size=l&per_row=3&shop_view=grid&stock_status=instock HTTP/2" 200 28400 "-" "Mozilla/5.0 AppleWebKit/537.36 (KHTML, like Gecko; compatible; GPTBot/1.2; +https://openai.com/gptbot)"
94.23.209.55 - - [14/Mar/2025:15:43:11 +0000] "GET /store/shop/?filter_brand=klober,vitra&filter_size=l,m,s&filter_color=blue,brown,yellow&per_page=24 HTTP/1.1" 200 28639 "-" "Mozilla/5.0 (compatible; MJ12bot/v1.4.8; http://mj12bot.com/)"
103.166.150.82 - - [14/Mar/2025:15:29:23 +0000] "GET /store/wp-content/themes/inc/modules/nav-menu-images/inc/nmi.js?ver=1 HTTP/1.1" 200 786 "https://valuecartpk.shop/store/wp-admin/nav-menus.php" "Mozilla/5.0 (Windows NT 10.0; Win64; x64) AppleWebKit/537.36 (KHTML, like Gecko) Chrome/134.0.0.0 Safari/537.36"
103.166.150.82 - - [14/Mar/2025:15:29:25 +0000] "GET /store/wp-content/themes/inc/modules/nav-menu-images/inc/media-view.js?ver=1.1 HTTP/1.1" 200 1147 "https://valuecartpk.shop/store/wp-admin/nav-menus.php" "Mozilla/5.0 (Windows NT 10.0; Win64; x64) AppleWebKit/537.36 (KHTML, like Gecko) Chrome/134.0.0.0 Safari/537.36"
103.166.150.82 - - [14/Mar/2025:15:29:25 +0000] "GET /store/wp-admin/js/accordion.min.js?ver=6.7.2 HTTP/1.1" 200 314 "https://valuecartpk.shop/store/wp-admin/nav-menus.php" "Mozilla/5.0 (Windows NT 10.0; Win64; x64) AppleWebKit/537.36 (KHTML, like Gecko) Chrome/134.0.0.0 Safari/537.36"
103.166.150.82 - - [14/Mar/2025:15:30:26 +0000] "POST /store/wp-admin/admin-ajax.php HTTP/1.1" 200 51 "https://valuecartpk.shop/store/wp-admin/nav-menus.php" "Mozilla/5.0 (Windows NT 10.0; Win64; x64) AppleWebKit/537.36 (KHTML, like Gecko) Chrome/134.0.0.0 Safari/537.36"
103.166.150.82 - - [14/Mar/2025:15:30:35 +0000] "POST /store/wp-admin/admin-ajax.php HTTP/1.1" 200 51 "https://valuecartpk.shop/store/wp-admin/plugins.php?plugin_status=all&paged=1&s" "Mozilla/5.0 (Windows NT 10.0; Win64; x64) AppleWebKit/537.36 (KHTML, like Gecko) Chrome/134.0.0.0 Safari/537.36"
103.166.150.82 - - [14/Mar/2025:15:30:36 +0000] "POST /store/wp-admin/admin-ajax.php HTTP/1.1" 200 71 "https://valuecartpk.shop/store/wp-admin/post.php?post=15691&action=elementor" "Mozilla/5.0 (Windows NT 10.0; Win64; x64) AppleWebKit/537.36 (KHTML, like Gecko) Chrome/134.0.0.0 Safari/537.36"
38.91.101.117 - - [14/Mar/2025:15:40:49 +0000] "GET /store/?post_type=elementor-hf&p=15704 HTTP/1.1" 404 22819 "-" "WordPress/6.7.2; https://valuecartpk.shop/store"
94.23.209.55 - - [14/Mar/2025:15:42:14 +0000] "GET /store/shop/?filter_brand=klober,vitra&filter_size=l,m&filter_color=blue,brown,yellow&shop_view=grid&per_row=3 HTTP/1.1" 200 28603 "-" "Mozilla/5.0 (compatible; MJ12bot/v1.4.8; http://mj12bot.com/)"
20.171.207.177 - - [14/Mar/2025:15:42:34 +0000] "GET /store/shop/?filter_brand=eva-solo%2Cjoseph-joseph%2Cklober&filter_color=black%2Cblue%2Cyellow&per_page=12&per_row=3&shop_view=grid&stock_status=instock HTTP/2" 200 28799 "-" "Mozilla/5.0 AppleWebKit/537.36 (KHTML, like Gecko; compatible; GPTBot/1.2; +https://openai.com/gptbot)"
94.23.209.55 - - [14/Mar/2025:15:42:47 +0000] "GET /store/shop/?filter_brand=klober,vitra&filter_size=l,m,s&filter_color=black,brown,yellow&stock_status=instock,onsale HTTP/1.1" 200 26381 "-" "Mozilla/5.0 (compatible; MJ12bot/v1.4.8; http://mj12bot.com/)"
94.23.209.55 - - [14/Mar/2025:15:41:11 +0000] "GET /store/shop/?filter_brand=klober,vitra&filter_color=yellow&filter_size=l,m&per_page=9 HTTP/1.1" 200 28140 "-" "Mozilla/5.0 (compatible; MJ12bot/v1.4.8; http://mj12bot.com/)"
94.23.209.55 - - [14/Mar/2025:15:41:20 +0000] "GET /store/shop/?filter_brand=klober,vitra&filter_color=yellow&filter_size=l,m,s&stock_status=instock HTTP/1.1" 200 28225 "-" "Mozilla/5.0 (compatible; MJ12bot/v1.4.8; http://mj12bot.com/)"
103.166.150.82 - - [14/Mar/2025:15:41:47 +0000] "GET /store/shop/ HTTP/2" 200 30137 "https://valuecartpk.shop/store/checkout/" "Mozilla/5.0 (Linux; Android 10; K) AppleWebKit/537.36 (KHTML, like Gecko) Chrome/133.0.0.0 Mobile Safari/537.36"
20.171.207.177 - - [14/Mar/2025:15:41:39 +0000] "GET /store/shop/?filter_brand=eva-solo%2Cmagisso%2Cvitra&filter_color=beige%2Cblack%2Cbrown%2Cyellow&per_row=3&shop_view=grid&stock_status=instock%2Consale HTTP/2" 200 26357 "-" "Mozilla/5.0 AppleWebKit/537.36 (KHTML, like Gecko; compatible; GPTBot/1.2; +https://openai.com/gptbot)"
103.166.150.82 - - [14/Mar/2025:15:41:59 +0000] "POST /store/checkout/?wc-ajax=get_refreshed_fragments&wcf_checkout_id=15649 HTTP/2" 200 965 "https://valuecartpk.shop/store/checkout/" "Mozilla/5.0 (Linux; Android 10; K) AppleWebKit/537.36 (KHTML, like Gecko) Chrome/133.0.0.0 Mobile Safari/537.36"
103.166.150.82 - - [14/Mar/2025:15:41:59 +0000] "POST /store/checkout/?wc-ajax=update_order_review&wcf_checkout_id=15649 HTTP/2" 200 1345 "https://valuecartpk.shop/store/checkout/" "Mozilla/5.0 (Linux; Android 10; K) AppleWebKit/537.36 (KHTML, like Gecko) Chrome/133.0.0.0 Mobile Safari/537.36"
103.166.150.82 - - [14/Mar/2025:15:42:02 +0000] "POST /store/?wc-ajax=get_refreshed_fragments HTTP/2" 200 0 "https://valuecartpk.shop/store/product/augue-adipiscing-euismod/" "Mozilla/5.0 (Linux; Android 10; K) AppleWebKit/537.36 (KHTML, like Gecko) Chrome/133.0.0.0 Mobile Safari/537.36"
103.166.150.82 - - [14/Mar/2025:15:42:05 +0000] "POST /store/product/augue-adipiscing-euismod/ HTTP/2" 200 35703 "https://valuecartpk.shop/store/product/augue-adipiscing-euismod/" "Mozilla/5.0 (Linux; Android 10; K) AppleWebKit/537.36 (KHTML, like Gecko) Chrome/133.0.0.0 Mobile Safari/537.36"
103.166.150.82 - - [14/Mar/2025:15:42:16 +0000] "GET /store/wp-content/uploads/elementor/css/post-372.css?ver=1741966933 HTTP/2" 200 212 "https://valuecartpk.shop/store/product/augue-adipiscing-euismod/" "Mozilla/5.0 (Linux; Android 10; K) AppleWebKit/537.36 (KHTML, like Gecko) Chrome/133.0.0.0 Mobile Safari/537.36"
103.166.150.82 - - [14/Mar/2025:15:42:17 +0000] "GET /store/wp-content/uploads/elementor/css/post-228.css?ver=1741966856 HTTP/2" 200 354 "https://valuecartpk.shop/store/product/augue-adipiscing-euismod/" "Mozilla/5.0 (Linux; Android 10; K) AppleWebKit/537.36 (KHTML, like Gecko) Chrome/133.0.0.0 Mobile Safari/537.36"
103.166.150.82 - - [14/Mar/2025:15:42:17 +0000] "GET /store/wp-content/uploads/elementor/css/post-827.css?ver=1741966934 HTTP/2" 200 253 "https://valuecartpk.shop/store/product/augue-adipiscing-euismod/" "Mozilla/5.0 (Linux; Android 10; K) AppleWebKit/537.36 (KHTML, like Gecko) Chrome/133.0.0.0 Mobile Safari/537.36"
103.166.150.82 - - [14/Mar/2025:15:42:18 +0000] "GET /store/wp-content/uploads/elementor/css/post-726.css?ver=1741966857 HTTP/2" 200 216 "https://valuecartpk.shop/store/product/augue-adipiscing-euismod/" "Mozilla/5.0 (Linux; Android 10; K) AppleWebKit/537.36 (KHTML, like Gecko) Chrome/133.0.0.0 Mobile Safari/537.36"
94.23.209.55 - - [14/Mar/2025:15:42:21 +0000] "GET /store/shop/?filter_brand=klober,vitra&filter_size=l,m&filter_color=blue,brown,yellow&shop_view=grid&per_row=4 HTTP/1.1" 200 28608 "-" "Mozilla/5.0 (compatible; MJ12bot/v1.4.8; http://mj12bot.com/)"
2a06:98c0:3600::103 - - [14/Mar/2025:15:42:51 +0000] "GET /wp-admin/setup-config.php HTTP/1.1" 404 1251 "-" "Mozilla/5.0 (Windows NT 10.0; Win64; x64) AppleWebKit/537.36 (KHTML, like Gecko) Chrome/133.0.0.0 Safari/537.36"
103.166.150.82 - - [14/Mar/2025:15:41:08 +0000] "GET /store/wp-content/plugins/elementor/assets/lib/eicons/fonts/eicons.woff2?5.35.0 HTTP/2" 200 98056 "https://valuecartpk.shop/store/wp-content/plugins/elementor/assets/lib/eicons/css/elementor-icons.min.css?ver=5.34.0" "Mozilla/5.0 (Linux; Android 10; K) AppleWebKit/537.36 (KHTML, like Gecko) Chrome/133.0.0.0 Mobile Safari/537.36"
103.166.150.82 - - [14/Mar/2025:15:41:10 +0000] "GET /store/wp-content/plugins/elementor-pro/assets/js/woocommerce-menu-cart.eb61fe086245485310a4.bundle.min.js HTTP/2" 200 1464 "https://valuecartpk.shop/store/shop/" "Mozilla/5.0 (Linux; Android 10; K) AppleWebKit/537.36 (KHTML, like Gecko) Chrome/133.0.0.0 Mobile Safari/537.36"
38.91.101.117 - - [14/Mar/2025:15:41:54 +0000] "POST /store/wp-cron.php?doing_wp_cron=1741966914.1153740882873535156250 HTTP/1.1" 200 0 "-" "WordPress/6.7.2; https://valuecartpk.shop/store"
94.23.209.55 - - [14/Mar/2025:15:41:50 +0000] "GET /store/shop/?filter_brand=klober,vitra&filter_size=l,m&filter_color=blue,brown,yellow&per_page=9 HTTP/1.1" 200 28637 "-" "Mozilla/5.0 (compatible; MJ12bot/v1.4.8; http://mj12bot.com/)"
20.171.207.177 - - [14/Mar/2025:15:41:52 +0000] "GET /store/shop/?filter_brand=eva-solo%2Cjoseph-joseph%2Cmagisso%2Cvitra&filter_color=blue%2Cbrown&per_row=2&shop_view=grid&stock_status=onsale HTTP/2" 200 26304 "-" "Mozilla/5.0 AppleWebKit/537.36 (KHTML, like Gecko; compatible; GPTBot/1.2; +https://openai.com/gptbot)"
103.166.150.82 - - [14/Mar/2025:15:42:24 +0000] "POST /store/?wc-ajax=get_refreshed_fragments HTTP/2" 200 0 "https://valuecartpk.shop/store/product/augue-adipiscing-euismod/" "Mozilla/5.0 (Linux; Android 10; K) AppleWebKit/537.36 (KHTML, like Gecko) Chrome/133.0.0.0 Mobile Safari/537.36"
103.166.150.82 - - [14/Mar/2025:15:42:24 +0000] "GET /store/product/augue-adipiscing-euismod/ HTTP/2" 200 36458 "https://valuecartpk.shop/store/shop/" "Mozilla/5.0 (Linux; Android 10; K) AppleWebKit/537.36 (KHTML, like Gecko) Chrome/133.0.0.0 Mobile Safari/537.36"
94.23.209.55 - - [14/Mar/2025:15:42:35 +0000] "GET /store/shop/?filter_brand=klober,vitra&filter_size=l,m&filter_color=blue,brown,yellow&stock_status=instock,onsale HTTP/1.1" 200 26352 "-" "Mozilla/5.0 (compatible; MJ12bot/v1.4.8; http://mj12bot.com/)"
94.23.209.55 - - [14/Mar/2025:15:42:42 +0000] "GET /store/shop/?filter_brand=klober,vitra&filter_size=l,m&filter_color=blue,brown,yellow&stock_status=onsale HTTP/1.1" 200 26351 "-" "Mozilla/5.0 (compatible; MJ12bot/v1.4.8; http://mj12bot.com/)"
18.119.121.4 - - [14/Mar/2025:15:37:14 +0000] "GET /wp/2025/02/27/hello-world/?replytocom=1 HTTP/2" 200 13218 "-" "Mozilla/5.0 AppleWebKit/537.36 (KHTML, like Gecko; compatible; ClaudeBot/1.0; +claudebot@anthropic.com)"
38.91.101.117 - - [14/Mar/2025:15:39:55 +0000] "POST /store/wp-cron.php?doing_wp_cron=1741966795.4817759990692138671875 HTTP/1.1" 200 0 "-" "WordPress/6.7.2; https://valuecartpk.shop/store"
20.171.207.177 - - [14/Mar/2025:15:41:26 +0000] "GET /store/shop/?filter_brand=eva-solo%2Cjoseph-joseph%2Cmagisso&filter_color=beige%2Cblue%2Cyellow&filter_size=l%2Cm&per_page=24&stock_status=instock HTTP/2" 200 28841 "-" "Mozilla/5.0 AppleWebKit/537.36 (KHTML, like Gecko; compatible; GPTBot/1.2; +https://openai.com/gptbot)"
94.23.209.55 - - [14/Mar/2025:15:41:27 +0000] "GET /store/shop/?filter_brand=klober,vitra&filter_size=l,m&filter_color=blue,brown,yellow&per_page=12 HTTP/1.1" 200 28631 "-" "Mozilla/5.0 (compatible; MJ12bot/v1.4.8; http://mj12bot.com/)"
94.23.209.55 - - [14/Mar/2025:15:41:35 +0000] "GET /store/shop/?filter_brand=klober,vitra&filter_size=l,m&filter_color=blue,brown,yellow&per_page=18 HTTP/1.1" 200 28639 "-" "Mozilla/5.0 (compatible; MJ12bot/v1.4.8; http://mj12bot.com/)"
94.23.209.55 - - [14/Mar/2025:15:41:41 +0000] "GET /store/shop/?filter_brand=klober,vitra&filter_size=l,m&filter_color=blue,brown,yellow&per_page=24 HTTP/1.1" 200 28629 "-" "Mozilla/5.0 (compatible; MJ12bot/v1.4.8; http://mj12bot.com/)"
20.171.207.177 - - [14/Mar/2025:15:42:24 +0000] "GET /store/shop/?filter_brand=eva-solo%2Cjoseph-joseph%2Cklober&filter_color=black%2Cblue%2Cyellow&per_page=24&per_row=3&shop_view=grid&stock_status=instock HTTP/2" 200 28799 "-" "Mozilla/5.0 AppleWebKit/537.36 (KHTML, like Gecko; compatible; GPTBot/1.2; +https://openai.com/gptbot)"
103.166.150.82 - - [14/Mar/2025:15:42:36 +0000] "POST /store/?wc-ajax=get_refreshed_fragments HTTP/2" 200 0 "https://valuecartpk.shop/store/product/augue-adipiscing-euismod/" "Mozilla/5.0 (Linux; Android 10; K) AppleWebKit/537.36 (KHTML, like Gecko) Chrome/133.0.0.0 Mobile Safari/537.36"
103.166.150.82 - - [14/Mar/2025:15:43:15 +0000] "GET /store/elementor-hf/header/?elementor-preview=15691&ver=1741966991 HTTP/1.1" 200 47624 "https://valuecartpk.shop/store/wp-admin/post.php?post=15691&action=elementor" "Mozilla/5.0 (Windows NT 10.0; Win64; x64) AppleWebKit/537.36 (KHTML, like Gecko) Chrome/134.0.0.0 Safari/537.36"
103.166.150.82 - - [14/Mar/2025:15:43:16 +0000] "POST /store/wp-admin/admin-ajax.php HTTP/1.1" 200 778460 "https://valuecartpk.shop/store/wp-admin/post.php?post=15691&action=elementor" "Mozilla/5.0 (Windows NT 10.0; Win64; x64) AppleWebKit/537.36 (KHTML, like Gecko) Chrome/134.0.0.0 Safari/537.36"
94.23.209.55 - - [14/Mar/2025:15:47:01 +0000] "GET /store/shop/?filter_color=beige,black&filter_brand=eva-solo,joseph-joseph,magisso,vitra&stock_status=instock,onsale&filter_size=s HTTP/1.1" 200 26391 "-" "Mozilla/5.0 (compatible; MJ12bot/v1.4.8; http://mj12bot.com/)"
94.23.209.55 - - [14/Mar/2025:15:47:06 +0000] "GET /store/shop/?filter_color=beige,black&filter_brand=eva-solo,joseph-joseph,vitra&filter_size=l,s&stock_status=instock,onsale HTTP/1.1" 200 26320 "-" "Mozilla/5.0 (compatible; MJ12bot/v1.4.8; http://mj12bot.com/)"
94.23.209.55 - - [14/Mar/2025:15:47:11 +0000] "GET /store/shop/?filter_color=beige,black&filter_brand=eva-solo,klober&filter_size=m&stock_status=instock,onsale HTTP/1.1" 200 26327 "-" "Mozilla/5.0 (compatible; MJ12bot/v1.4.8; http://mj12bot.com/)"
94.23.209.55 - - [14/Mar/2025:15:47:18 +0000] "GET /store/shop/?filter_color=beige,black&filter_brand=eva-solo,klober&stock_status=instock,onsale&filter_size=m HTTP/1.1" 200 26327 "-" "Mozilla/5.0 (compatible; MJ12bot/v1.4.8; http://mj12bot.com/)"
94.23.209.55 - - [14/Mar/2025:15:47:22 +0000] "GET /store/shop/?filter_color=beige,black&filter_brand=eva-solo,klober,vitra&filter_size=l&stock_status=instock,onsale HTTP/1.1" 200 26353 "-" "Mozilla/5.0 (compatible; MJ12bot/v1.4.8; http://mj12bot.com/)"
94.23.209.55 - - [14/Mar/2025:15:47:28 +0000] "GET /store/shop/?filter_color=beige,black&filter_brand=eva-solo,klober,vitra&filter_size=l,m&stock_status=instock,onsale HTTP/1.1" 200 26365 "-" "Mozilla/5.0 (compatible; MJ12bot/v1.4.8; http://mj12bot.com/)"
94.23.209.55 - - [14/Mar/2025:15:47:33 +0000] "GET /store/shop/?filter_color=beige,black&filter_brand=eva-solo,klober,vitra&filter_size=l,m,s&stock_status=instock,onsale HTTP/1.1" 200 26364 "-" "Mozilla/5.0 (compatible; MJ12bot/v1.4.8; http://mj12bot.com/)"
94.23.209.55 - - [14/Mar/2025:15:47:40 +0000] "GET /store/shop/?filter_color=beige,black&filter_brand=eva-solo,klober,vitra&filter_size=l,s&stock_status=instock,onsale HTTP/1.1" 200 26370 "-" "Mozilla/5.0 (compatible; MJ12bot/v1.4.8; http://mj12bot.com/)"
94.23.209.55 - - [14/Mar/2025:15:47:48 +0000] "GET /store/shop/?filter_color=beige,black&filter_brand=eva-solo,klober,vitra&filter_size=m&stock_status=instock HTTP/1.1" 200 26359 "-" "Mozilla/5.0 (compatible; MJ12bot/v1.4.8; http://mj12bot.com/)"
38.91.101.117 - - [14/Mar/2025:15:47:54 +0000] "POST /store/wp-cron.php?doing_wp_cron=1741967274.0751490592956542968750 HTTP/1.1" 200 0 "-" "WordPress/6.7.2; https://valuecartpk.shop/store"
94.23.209.55 - - [14/Mar/2025:15:47:55 +0000] "GET /store/shop/?filter_color=beige,black&filter_brand=eva-solo,klober,vitra&filter_size=m&stock_status=instock,onsale HTTP/1.1" 200 26361 "-" "Mozilla/5.0 (compatible; MJ12bot/v1.4.8; http://mj12bot.com/)"
94.23.209.55 - - [14/Mar/2025:15:48:03 +0000] "GET /store/shop/?filter_color=beige,black&filter_brand=eva-solo,klober,vitra&filter_size=m&stock_status=onsale HTTP/1.1" 200 26353 "-" "Mozilla/5.0 (compatible; MJ12bot/v1.4.8; http://mj12bot.com/)"
94.23.209.55 - - [14/Mar/2025:15:48:10 +0000] "GET /store/shop/?filter_color=beige,black&filter_brand=eva-solo,klober,vitra&filter_size=m,s&stock_status=instock,onsale HTTP/1.1" 200 26375 "-" "Mozilla/5.0 (compatible; MJ12bot/v1.4.8; http://mj12bot.com/)"
94.23.209.55 - - [14/Mar/2025:15:48:14 +0000] "GET /store/shop/?filter_color=beige,black&filter_brand=eva-solo,klober,vitra&filter_size=s&stock_status=instock,onsale HTTP/1.1" 200 26353 "-" "Mozilla/5.0 (compatible; MJ12bot/v1.4.8; http://mj12bot.com/)"
94.23.209.55 - - [14/Mar/2025:15:48:18 +0000] "GET /store/shop/?filter_color=beige,black&filter_brand=eva-solo,klober,vitra&stock_status=instock,onsale&filter_size=l HTTP/1.1" 200 26354 "-" "Mozilla/5.0 (compatible; MJ12bot/v1.4.8; http://mj12bot.com/)"
94.23.209.55 - - [14/Mar/2025:15:48:24 +0000] "GET /store/shop/?filter_color=beige,black&filter_brand=eva-solo,klober,vitra&stock_status=instock,onsale&filter_size=l,m HTTP/1.1" 500 264 "-" "Mozilla/5.0 (compatible; MJ12bot/v1.4.8; http://mj12bot.com/)"
20.171.207.177 - - [14/Mar/2025:15:48:07 +0000] "GET /store/shop/?filter_brand=eva-solo%2Cjoseph-joseph&filter_color=beige%2Cbrown&filter_size=m%2Cs&per_page=9 HTTP/2" 200 28644 "-" "Mozilla/5.0 AppleWebKit/537.36 (KHTML, like Gecko; compatible; GPTBot/1.2; +https://openai.com/gptbot)"
20.171.207.177 - - [14/Mar/2025:15:48:16 +0000] "GET /store/shop/?filter_brand=eva-solo%2Cjoseph-joseph&filter_color=beige%2Cblack&filter_size=l%2Cm%2Cs&per_page=9&stock_status=instock%2Consale HTTP/2" 200 26284 "-" "Mozilla/5.0 AppleWebKit/537.36 (KHTML, like Gecko; compatible; GPTBot/1.2; +https://openai.com/gptbot)"
103.166.150.82 - - [14/Mar/2025:15:48:18 +0000] "POST /store/wp-admin/admin-ajax.php HTTP/1.1" 200 51 "https://valuecartpk.shop/store/wp-admin/admin.php?page=qcfw-checkout" "Mozilla/5.0 (Windows NT 10.0; Win64; x64) AppleWebKit/537.36 (KHTML, like Gecko) Chrome/134.0.0.0 Safari/537.36"
103.166.150.82 - - [14/Mar/2025:15:48:20 +0000] "POST /store/wp-admin/admin-ajax.php HTTP/1.1" 200 71 "https://valuecartpk.shop/store/wp-admin/post.php?post=15691&action=elementor" "Mozilla/5.0 (Windows NT 10.0; Win64; x64) AppleWebKit/537.36 (KHTML, like Gecko) Chrome/134.0.0.0 Safari/537.36"
103.166.150.82 - - [14/Mar/2025:15:48:22 +0000] "GET /store/wp-json/elementor/v1/checklist/user-progress HTTP/1.1" 200 183 "https://valuecartpk.shop/store/wp-admin/post.php?post=15691&action=elementor" "Mozilla/5.0 (Windows NT 10.0; Win64; x64) AppleWebKit/537.36 (KHTML, like Gecko) Chrome/134.0.0.0 Safari/537.36"
20.171.207.177 - - [14/Mar/2025:15:48:24 +0000] "GET /store/shop/?filter_brand=magisso%2Cvitra&filter_color=beige%2Cblue%2Cyellow&filter_size=l%2Cs&per_page=9&stock_status=instock HTTP/2" 200 28870 "-" "Mozilla/5.0 AppleWebKit/537.36 (KHTML, like Gecko; compatible; GPTBot/1.2; +https://openai.com/gptbot)"
20.171.207.177 - - [14/Mar/2025:15:48:32 +0000] "GET /store/shop/?filter_brand=eva-solo%2Cjoseph-joseph%2Cklober&filter_color=black%2Cblue%2Cyellow&per_page=18&per_row=4&shop_view=grid&stock_status=instock%2Consale HTTP/2" 500 1034 "-" "Mozilla/5.0 AppleWebKit/537.36 (KHTML, like Gecko; compatible; GPTBot/1.2; +https://openai.com/gptbot)"
103.166.150.82 - - [14/Mar/2025:15:48:34 +0000] "POST /store/wp-admin/admin-ajax.php HTTP/1.1" 200 71 "https://valuecartpk.shop/store/wp-admin/post.php?post=15691&action=elementor" "Mozilla/5.0 (Windows NT 10.0; Win64; x64) AppleWebKit/537.36 (KHTML, like Gecko) Chrome/134.0.0.0 Safari/537.36"
20.171.207.177 - - [14/Mar/2025:15:48:40 +0000] "GET /store/shop/?filter_brand=joseph-joseph%2Cmagisso&filter_color=beige%2Cblack%2Cbrown&filter_size=l%2Cm&per_row=4&shop_view=grid HTTP/2" 200 28829 "-" "Mozilla/5.0 AppleWebKit/537.36 (KHTML, like Gecko; compatible; GPTBot/1.2; +https://openai.com/gptbot)"
103.166.150.82 - - [14/Mar/2025:15:48:49 +0000] "POST /store/wp-admin/admin-ajax.php HTTP/1.1" 200 71 "https://valuecartpk.shop/store/wp-admin/post.php?post=15691&action=elementor" "Mozilla/5.0 (Windows NT 10.0; Win64; x64) AppleWebKit/537.36 (KHTML, like Gecko) Chrome/134.0.0.0 Safari/537.36"
103.166.150.82 - - [14/Mar/2025:15:49:04 +0000] "POST /store/wp-admin/admin-ajax.php HTTP/1.1" 200 71 "https://valuecartpk.shop/store/wp-admin/post.php?post=15691&action=elementor" "Mozilla/5.0 (Windows NT 10.0; Win64; x64) AppleWebKit/537.36 (KHTML, like Gecko) Chrome/134.0.0.0 Safari/537.36"
20.171.207.177 - - [14/Mar/2025:15:49:05 +0000] "GET /store/shop/?filter_brand=joseph-joseph%2Cvitra&filter_color=black%2Cblue%2Cbrown%2Cyellow&filter_size=m%2Cs&per_row=3&shop_view=grid&stock_status=onsale HTTP/2" 200 26383 "-" "Mozilla/5.0 AppleWebKit/537.36 (KHTML, like Gecko; compatible; GPTBot/1.2; +https://openai.com/gptbot)"
103.166.150.82 - - [14/Mar/2025:15:49:19 +0000] "POST /store/wp-admin/admin-ajax.php HTTP/1.1" 200 71 "https://valuecartpk.shop/store/wp-admin/post.php?post=15691&action=elementor" "Mozilla/5.0 (Windows NT 10.0; Win64; x64) AppleWebKit/537.36 (KHTML, like Gecko) Chrome/134.0.0.0 Safari/537.36"
94.23.209.55 - - [14/Mar/2025:15:48:27 +0000] "GET /store/shop/?filter_color=beige,black&filter_brand=eva-solo,klober,vitra&stock_status=instock,onsale&filter_size=l,m,s HTTP/1.1" 200 26365 "-" "Mozilla/5.0 (compatible; MJ12bot/v1.4.8; http://mj12bot.com/)"
94.23.209.55 - - [14/Mar/2025:15:48:34 +0000] "GET /store/shop/?filter_color=beige,black&filter_brand=eva-solo,klober,vitra&stock_status=instock,onsale&filter_size=l,s HTTP/1.1" 200 26369 "-" "Mozilla/5.0 (compatible; MJ12bot/v1.4.8; http://mj12bot.com/)"
94.23.209.55 - - [14/Mar/2025:15:48:40 +0000] "GET /store/shop/?filter_color=beige,black&filter_brand=eva-solo,klober,vitra&stock_status=instock,onsale&filter_size=m HTTP/1.1" 200 26361 "-" "Mozilla/5.0 (compatible; MJ12bot/v1.4.8; http://mj12bot.com/)"
