103.166.150.82 - - [14/Mar/2025:11:31:49 +0000] "POST /store/wp-admin/admin-ajax.php HTTP/2" 200 71 "https://valuecartpk.shop/store/wp-admin/post.php?post=15649&action=elementor" "Mozilla/5.0 (Windows NT 10.0; Win64; x64) AppleWebKit/537.36 (KHTML, like Gecko) Chrome/134.0.0.0 Safari/537.36"
20.171.207.177 - - [14/Mar/2025:11:31:50 +0000] "GET /store/shop/?filter_brand=eva-solo%2Cjoseph-joseph%2Cmagisso&filter_color=brown%2Cyellow&filter_size=s&per_row=3&shop_view=grid HTTP/2" 200 26013 "-" "Mozilla/5.0 AppleWebKit/537.36 (KHTML, like Gecko; compatible; GPTBot/1.2; +https://openai.com/gptbot)"
20.171.207.177 - - [14/Mar/2025:11:32:04 +0000] "GET /store/shop/?filter_brand=eva-solo%2Cjoseph-joseph%2Cmagisso%2Cvitra&filter_color=black%2Cblue&filter_size=s&per_page=9&stock_status=onsale HTTP/2" 200 23920 "-" "Mozilla/5.0 AppleWebKit/537.36 (KHTML, like Gecko; compatible; GPTBot/1.2; +https://openai.com/gptbot)"
20.171.207.177 - - [14/Mar/2025:11:32:17 +0000] "GET /store/shop/?filter_brand=joseph-joseph%2Cklober%2Cvitra&filter_color=black%2Cblue%2Cyellow&filter_size=s&per_page=9&stock_status=onsale HTTP/2" 200 23900 "-" "Mozilla/5.0 AppleWebKit/537.36 (KHTML, like Gecko; compatible; GPTBot/1.2; +https://openai.com/gptbot)"
20.171.207.177 - - [14/Mar/2025:11:32:27 +0000] "GET /store/wp-content/uploads/2025/03/xts-header_952974-1741951849.css?ver=7.5.2 HTTP/2" 200 520 "-" "Mozilla/5.0 AppleWebKit/537.36 (KHTML, like Gecko; compatible; GPTBot/1.2; +https://openai.com/gptbot)"
65.108.64.210 - - [14/Mar/2025:11:14:24 +0000] "GET /store/shop/?filter_color=beige,black,blue,brown,yellow&filter_brand=klober,vitra HTTP/1.1" 200 26389 "-" "Mozilla/5.0 (compatible; MJ12bot/v1.4.8; http://mj12bot.com/)"
65.108.64.210 - - [14/Mar/2025:11:14:51 +0000] "GET /store/shop/?filter_color=beige,black,blue,brown,yellow&filter_brand=magisso,vitra&stock_status=instock&filter_size=l,s HTTP/1.1" 200 26492 "-" "Mozilla/5.0 (compatible; MJ12bot/v1.4.8; http://mj12bot.com/)"
65.108.64.210 - - [14/Mar/2025:11:15:18 +0000] "GET /store/shop/?filter_color=beige,black,blue,brown,yellow&filter_brand=magisso,vitra&stock_status=instock,onsale&filter_size=l,m HTTP/1.1" 200 23725 "-" "Mozilla/5.0 (compatible; MJ12bot/v1.4.8; http://mj12bot.com/)"
65.108.64.210 - - [14/Mar/2025:11:15:54 +0000] "GET /store/shop/?filter_color=beige,black,blue,brown,yellow&filter_brand=magisso,vitra&stock_status=onsale HTTP/1.1" 200 23677 "-" "Mozilla/5.0 (compatible; MJ12bot/v1.4.8; http://mj12bot.com/)"
65.108.64.210 - - [14/Mar/2025:11:16:31 +0000] "GET /store/shop/?filter_color=beige,black,blue,brown,yellow&filter_brand=magisso,vitra&stock_status=onsale&filter_size=m,s HTTP/1.1" 200 23768 "-" "Mozilla/5.0 (compatible; MJ12bot/v1.4.8; http://mj12bot.com/)"
65.108.64.210 - - [14/Mar/2025:11:16:55 +0000] "GET /store/shop/?filter_color=beige,black,blue,brown,yellow&filter_brand=vitra&filter_size=l,m,s HTTP/1.1" 200 25874 "-" "Mozilla/5.0 (compatible; MJ12bot/v1.4.8; http://mj12bot.com/)"
65.108.64.210 - - [14/Mar/2025:11:17:12 +0000] "GET /store/shop/?filter_color=beige,black,blue,brown,yellow&filter_brand=vitra&filter_size=m HTTP/1.1" 200 25837 "-" "Mozilla/5.0 (compatible; MJ12bot/v1.4.8; http://mj12bot.com/)"
65.108.64.210 - - [14/Mar/2025:11:18:18 +0000] "GET /store/shop/?filter_color=beige,black,blue,brown,yellow&filter_brand=vitra&stock_status=instock HTTP/1.1" 200 25806 "-" "Mozilla/5.0 (compatible; MJ12bot/v1.4.8; http://mj12bot.com/)"
65.108.64.210 - - [14/Mar/2025:11:19:33 +0000] "GET /store/shop/?filter_color=beige,black,blue,brown,yellow&filter_brand=vitra&stock_status=instock,onsale&filter_size=m HTTP/1.1" 200 23617 "-" "Mozilla/5.0 (compatible; MJ12bot/v1.4.8; http://mj12bot.com/)"
65.108.64.210 - - [14/Mar/2025:11:19:46 +0000] "GET /store/shop/?filter_color=beige,black,blue,brown,yellow&filter_brand=vitra&stock_status=onsale HTTP/1.1" 200 23557 "-" "Mozilla/5.0 (compatible; MJ12bot/v1.4.8; http://mj12bot.com/)"
38.91.101.117 - - [14/Mar/2025:11:25:22 +0000] "POST /store/wp-cron.php?doing_wp_cron=1741951521.4398078918457031250000 HTTP/1.1" 200 0 "-" "WordPress/6.7.2; https://valuecartpk.shop/store"
103.166.150.82 - - [14/Mar/2025:11:27:47 +0000] "POST /store/wp-admin/admin-ajax.php HTTP/2" 200 71 "https://valuecartpk.shop/store/wp-admin/post.php?post=15649&action=elementor" "Mozilla/5.0 (Windows NT 10.0; Win64; x64) AppleWebKit/537.36 (KHTML, like Gecko) Chrome/134.0.0.0 Safari/537.36"
38.91.101.117 - - [14/Mar/2025:11:30:55 +0000] "POST /store/wp-cron.php?doing_wp_cron=1741951855.6727840900421142578125 HTTP/1.1" 200 0 "-" "WordPress/6.7.2; https://valuecartpk.shop/store"
103.166.150.82 - - [14/Mar/2025:11:33:09 +0000] "POST /store/wp-admin/admin-ajax.php HTTP/2" 200 51 "https://valuecartpk.shop/store/wp-admin/admin.php?page=cartflows&path=store-checkout&action=wcf-edit-flow&flow_id=15648" "Mozilla/5.0 (Windows NT 10.0; Win64; x64) AppleWebKit/537.36 (KHTML, like Gecko) Chrome/134.0.0.0 Safari/537.36"
2a06:98c0:3600::103 - - [14/Mar/2025:11:33:15 +0000] "GET /wp-admin/setup-config.php HTTP/1.1" 404 1251 "-" "Mozilla/5.0 (Windows NT 10.0; Win64; x64) AppleWebKit/537.36 (KHTML, like Gecko) Chrome/133.0.0.0 Safari/537.36"
103.166.150.82 - - [14/Mar/2025:11:33:34 +0000] "POST /store/wp-admin/admin-ajax.php HTTP/2" 200 71 "https://valuecartpk.shop/store/wp-admin/post.php?post=15650&action=elementor" "Mozilla/5.0 (Windows NT 10.0; Win64; x64) AppleWebKit/537.36 (KHTML, like Gecko) Chrome/134.0.0.0 Safari/537.36"
20.171.207.177 - - [14/Mar/2025:11:32:37 +0000] "GET /store/shop/?filter_brand=eva-solo%2Cjoseph-joseph%2Cmagisso&filter_color=beige%2Cyellow&filter_size=l%2Cs&per_page=9 HTTP/2" 200 26374 "-" "Mozilla/5.0 AppleWebKit/537.36 (KHTML, like Gecko; compatible; GPTBot/1.2; +https://openai.com/gptbot)"
20.171.207.177 - - [14/Mar/2025:11:32:46 +0000] "GET /store/shop/?filter_brand=joseph-joseph%2Cklober&filter_color=beige%2Cblue%2Cbrown%2Cyellow&per_page=18&per_row=4&shop_view=grid&stock_status=instock%2Consale HTTP/2" 200 24382 "-" "Mozilla/5.0 AppleWebKit/537.36 (KHTML, like Gecko; compatible; GPTBot/1.2; +https://openai.com/gptbot)"
20.171.207.177 - - [14/Mar/2025:11:32:54 +0000] "GET /store/shop/?filter_brand=magisso%2Cvitra&filter_color=black%2Cblue%2Cbrown%2Cyellow&filter_size=s&per_row=4&shop_view=grid HTTP/2" 200 26091 "-" "Mozilla/5.0 AppleWebKit/537.36 (KHTML, like Gecko; compatible; GPTBot/1.2; +https://openai.com/gptbot)"
20.171.207.177 - - [14/Mar/2025:11:33:01 +0000] "GET /store/shop/?filter_brand=eva-solo%2Cjoseph-joseph%2Cklober&filter_color=beige%2Cblack%2Cblue%2Cbrown&filter_size=l&per_page=12&stock_status=onsale HTTP/2" 200 23965 "-" "Mozilla/5.0 AppleWebKit/537.36 (KHTML, like Gecko; compatible; GPTBot/1.2; +https://openai.com/gptbot)"
20.171.207.177 - - [14/Mar/2025:11:33:08 +0000] "GET /store/shop/?filter_brand=vitra&filter_color=black%2Cbrown%2Cyellow&filter_size=m&per_page=12&stock_status=instock%2Consale HTTP/2" 200 23773 "-" "Mozilla/5.0 AppleWebKit/537.36 (KHTML, like Gecko; compatible; GPTBot/1.2; +https://openai.com/gptbot)"
20.171.207.177 - - [14/Mar/2025:11:33:13 +0000] "GET /store/shop/?filter_brand=eva-solo%2Cjoseph-joseph%2Cmagisso&filter_color=brown&filter_size=m%2Cs&per_page=18&per_row=3&shop_view=grid&stock_status=instock HTTP/2" 200 26099 "-" "Mozilla/5.0 AppleWebKit/537.36 (KHTML, like Gecko; compatible; GPTBot/1.2; +https://openai.com/gptbot)"
20.171.207.177 - - [14/Mar/2025:11:33:19 +0000] "GET /store/shop/?filter_brand=eva-solo%2Cjoseph-joseph%2Cmagisso&filter_color=brown&filter_size=m%2Cs&per_page=18&per_row=4&shop_view=grid&stock_status=instock HTTP/2" 200 26095 "-" "Mozilla/5.0 AppleWebKit/537.36 (KHTML, like Gecko; compatible; GPTBot/1.2; +https://openai.com/gptbot)"
20.171.207.177 - - [14/Mar/2025:11:33:25 +0000] "GET /store/shop/?filter_brand=eva-solo%2Cjoseph-joseph%2Cmagisso%2Cvitra&filter_color=black%2Cblue&filter_size=s&per_page=9&stock_status=instock%2Consale HTTP/2" 200 23884 "-" "Mozilla/5.0 AppleWebKit/537.36 (KHTML, like Gecko; compatible; GPTBot/1.2; +https://openai.com/gptbot)"
20.171.207.177 - - [14/Mar/2025:11:33:31 +0000] "GET /store/shop/?filter_brand=eva-solo%2Cjoseph-joseph%2Cmagisso&filter_color=beige%2Cbrown%2Cyellow&filter_size=m%2Cs&per_page=12&stock_status=instock HTTP/2" 200 26485 "-" "Mozilla/5.0 AppleWebKit/537.36 (KHTML, like Gecko; compatible; GPTBot/1.2; +https://openai.com/gptbot)"
20.171.207.177 - - [14/Mar/2025:11:33:37 +0000] "GET /store/shop/?filter_brand=joseph-joseph%2Cklober%2Cvitra&filter_color=black%2Cblue%2Cyellow&filter_size=s&per_page=9&stock_status=instock%2Consale HTTP/2" 200 23914 "-" "Mozilla/5.0 AppleWebKit/537.36 (KHTML, like Gecko; compatible; GPTBot/1.2; +https://openai.com/gptbot)"
20.171.207.177 - - [14/Mar/2025:11:33:42 +0000] "GET /store/shop/?filter_brand=eva-solo%2Cjoseph-joseph%2Cklober%2Cvitra&filter_color=black%2Cyellow&filter_size=m%2Cs&per_row=2&shop_view=grid HTTP/2" 200 26597 "-" "Mozilla/5.0 AppleWebKit/537.36 (KHTML, like Gecko; compatible; GPTBot/1.2; +https://openai.com/gptbot)"
20.171.207.177 - - [14/Mar/2025:11:33:47 +0000] "GET /store/shop/?filter_brand=eva-solo%2Cjoseph-joseph%2Cmagisso&filter_color=beige%2Cyellow&filter_size=l%2Cs&per_page=24 HTTP/2" 500 1034 "-" "Mozilla/5.0 AppleWebKit/537.36 (KHTML, like Gecko; compatible; GPTBot/1.2; +https://openai.com/gptbot)"
217.182.134.106 - - [14/Mar/2025:11:20:36 +0000] "GET /store/shop/?filter_color=beige,black,blue&filter_brand=klober&filter_size=l,s&stock_status=instock HTTP/1.1" 200 23687 "-" "Mozilla/5.0 (compatible; MJ12bot/v1.4.8; http://mj12bot.com/)"
217.182.134.106 - - [14/Mar/2025:11:20:44 +0000] "GET /store/shop/?filter_color=beige,black,blue&filter_brand=klober&filter_size=l,s&stock_status=instock,onsale HTTP/1.1" 200 23678 "-" "Mozilla/5.0 (compatible; MJ12bot/v1.4.8; http://mj12bot.com/)"
217.182.134.106 - - [14/Mar/2025:11:20:51 +0000] "GET /store/shop/?filter_color=beige,black,blue&filter_brand=klober&filter_size=l,s&stock_status=onsale HTTP/1.1" 200 23689 "-" "Mozilla/5.0 (compatible; MJ12bot/v1.4.8; http://mj12bot.com/)"
217.182.134.106 - - [14/Mar/2025:11:20:58 +0000] "GET /store/shop/?filter_color=beige,black,blue&filter_brand=klober&filter_size=m,s&stock_status=instock HTTP/1.1" 200 23694 "-" "Mozilla/5.0 (compatible; MJ12bot/v1.4.8; http://mj12bot.com/)"
217.182.134.106 - - [14/Mar/2025:11:21:02 +0000] "GET /store/shop/?filter_color=beige,black,blue&filter_brand=klober&filter_size=m,s&stock_status=instock,onsale HTTP/1.1" 500 264 "-" "Mozilla/5.0 (compatible; MJ12bot/v1.4.8; http://mj12bot.com/)"
217.182.134.106 - - [14/Mar/2025:11:21:04 +0000] "GET /store/shop/?filter_color=beige,black,blue&filter_brand=klober&filter_size=s&stock_status=instock,onsale HTTP/1.1" 200 23632 "-" "Mozilla/5.0 (compatible; MJ12bot/v1.4.8; http://mj12bot.com/)"
217.182.134.106 - - [14/Mar/2025:11:21:11 +0000] "GET /store/shop/?filter_color=beige,black,blue&filter_brand=klober,vitra&filter_size=s&per_page=24 HTTP/1.1" 200 25869 "-" "Mozilla/5.0 (compatible; MJ12bot/v1.4.8; http://mj12bot.com/)"
38.91.101.117 - - [14/Mar/2025:11:25:21 +0000] "POST /store/wp-cron.php?doing_wp_cron=1741951520.7487258911132812500000 HTTP/1.1" 200 0 "-" "WordPress/6.7.2; https://valuecartpk.shop/store"
38.91.101.117 - - [14/Mar/2025:11:25:29 +0000] "POST /store/wp-cron.php?doing_wp_cron=1741951527.6744821071624755859375 HTTP/1.1" 200 0 "-" "WordPress/6.7.2; https://valuecartpk.shop/store"
103.166.150.82 - - [14/Mar/2025:11:31:33 +0000] "POST /store/wp-admin/admin-ajax.php HTTP/2" 200 71 "https://valuecartpk.shop/store/wp-admin/post.php?post=15650&action=elementor" "Mozilla/5.0 (Windows NT 10.0; Win64; x64) AppleWebKit/537.36 (KHTML, like Gecko) Chrome/134.0.0.0 Safari/537.36"
103.166.150.82 - - [14/Mar/2025:11:32:43 +0000] "POST /store/wp-admin/admin-ajax.php?action=woodmart_save_header&security=b1f432f0fe HTTP/2" 200 13754 "https://valuecartpk.shop/store/wp-admin/admin.php?page=xts_header_builder" "Mozilla/5.0 (Windows NT 10.0; Win64; x64) AppleWebKit/537.36 (KHTML, like Gecko) Chrome/134.0.0.0 Safari/537.36"
103.166.150.82 - - [14/Mar/2025:11:32:49 +0000] "GET /store/ HTTP/2" 200 37370 "https://valuecartpk.shop/store/product/decoration-wooden-present/" "Mozilla/5.0 (Windows NT 10.0; Win64; x64) AppleWebKit/537.36 (KHTML, like Gecko) Chrome/134.0.0.0 Safari/537.36"
103.166.150.82 - - [14/Mar/2025:11:32:53 +0000] "GET /store/wp-content/uploads/2025/03/xts-header_952974-1741951967.css?ver=7.5.2 HTTP/2" 200 520 "https://valuecartpk.shop/store/" "Mozilla/5.0 (Windows NT 10.0; Win64; x64) AppleWebKit/537.36 (KHTML, like Gecko) Chrome/134.0.0.0 Safari/537.36"
103.166.150.82 - - [14/Mar/2025:11:32:56 +0000] "GET /store/ HTTP/2" 200 37370 "https://valuecartpk.shop/store/product/decoration-wooden-present/" "Mozilla/5.0 (Windows NT 10.0; Win64; x64) AppleWebKit/537.36 (KHTML, like Gecko) Chrome/134.0.0.0 Safari/537.36"
103.166.150.82 - - [14/Mar/2025:11:33:50 +0000] "POST /store/wp-admin/admin-ajax.php HTTP/2" 200 71 "https://valuecartpk.shop/store/wp-admin/post.php?post=15649&action=elementor" "Mozilla/5.0 (Windows NT 10.0; Win64; x64) AppleWebKit/537.36 (KHTML, like Gecko) Chrome/134.0.0.0 Safari/537.36"
20.171.207.177 - - [14/Mar/2025:11:33:52 +0000] "GET /store/shop/?filter_brand=eva-solo%2Cjoseph-joseph%2Cmagisso&filter_color=beige%2Cyellow&filter_size=l%2Cs&per_page=12 HTTP/2" 200 26386 "-" "Mozilla/5.0 AppleWebKit/537.36 (KHTML, like Gecko; compatible; GPTBot/1.2; +https://openai.com/gptbot)"
20.171.207.177 - - [14/Mar/2025:11:34:05 +0000] "GET /store/wp-content/uploads/2025/03/xts-header_952974-1741951967.css?ver=7.5.2 HTTP/2" 404 20873 "-" "Mozilla/5.0 AppleWebKit/537.36 (KHTML, like Gecko; compatible; GPTBot/1.2; +https://openai.com/gptbot)"
20.171.207.177 - - [14/Mar/2025:11:34:17 +0000] "GET /store/shop/?filter_brand=magisso%2Cvitra&filter_color=black%2Cblue%2Cbrown%2Cyellow&filter_size=s&per_row=4&shop_view=grid&stock_status=onsale HTTP/2" 200 23865 "-" "Mozilla/5.0 AppleWebKit/537.36 (KHTML, like Gecko; compatible; GPTBot/1.2; +https://openai.com/gptbot)"
20.171.207.177 - - [14/Mar/2025:11:34:29 +0000] "GET /store/shop/?filter_brand=joseph-joseph%2Cklober&filter_color=beige%2Cblack%2Cbrown%2Cyellow&filter_size=m&per_row=3&shop_view=grid HTTP/2" 200 26103 "-" "Mozilla/5.0 AppleWebKit/537.36 (KHTML, like Gecko; compatible; GPTBot/1.2; +https://openai.com/gptbot)"
20.171.207.177 - - [14/Mar/2025:11:34:39 +0000] "GET /store/shop/?filter_brand=magisso%2Cvitra&filter_color=black%2Cbrown%2Cyellow&filter_size=m&per_page=24&stock_status=instock HTTP/2" 200 26124 "-" "Mozilla/5.0 AppleWebKit/537.36 (KHTML, like Gecko; compatible; GPTBot/1.2; +https://openai.com/gptbot)"
20.171.207.177 - - [14/Mar/2025:11:34:48 +0000] "GET /store/wp-content/uploads/2025/03/xts-header_952974-1741951997.css?ver=7.5.2 HTTP/2" 200 520 "-" "Mozilla/5.0 AppleWebKit/537.36 (KHTML, like Gecko; compatible; GPTBot/1.2; +https://openai.com/gptbot)"
20.171.207.177 - - [14/Mar/2025:11:34:56 +0000] "GET /store/shop/?filter_brand=joseph-joseph%2Cvitra&filter_color=beige%2Cblack%2Cblue%2Cbrown%2Cyellow&filter_size=l&per_row=3&shop_view=grid HTTP/2" 200 26063 "-" "Mozilla/5.0 AppleWebKit/537.36 (KHTML, like Gecko; compatible; GPTBot/1.2; +https://openai.com/gptbot)"
20.171.207.177 - - [14/Mar/2025:11:35:04 +0000] "GET /store/shop/?filter_brand=eva-solo%2Cjoseph-joseph%2Cmagisso&filter_color=beige%2Cbrown%2Cyellow&filter_size=m%2Cs&per_page=24&stock_status=instock HTTP/2" 200 26478 "-" "Mozilla/5.0 AppleWebKit/537.36 (KHTML, like Gecko; compatible; GPTBot/1.2; +https://openai.com/gptbot)"
20.171.207.177 - - [14/Mar/2025:11:35:11 +0000] "GET /store/shop/?filter_brand=joseph-joseph%2Cklober%2Cvitra&filter_color=black%2Cblue%2Cyellow&filter_size=s&per_page=9&stock_status=instock HTTP/2" 200 26106 "-" "Mozilla/5.0 AppleWebKit/537.36 (KHTML, like Gecko; compatible; GPTBot/1.2; +https://openai.com/gptbot)"
20.171.207.177 - - [14/Mar/2025:11:35:17 +0000] "GET /store/shop/?filter_brand=eva-solo%2Cjoseph-joseph%2Cmagisso%2Cvitra&filter_color=blue%2Cyellow&filter_size=l&per_page=18&stock_status=instock HTTP/2" 200 26591 "-" "Mozilla/5.0 AppleWebKit/537.36 (KHTML, like Gecko; compatible; GPTBot/1.2; +https://openai.com/gptbot)"
20.171.207.177 - - [14/Mar/2025:11:35:23 +0000] "GET /store/shop/?filter_brand=eva-solo%2Cklober&filter_color=black%2Cblue%2Cbrown&filter_size=m&per_page=18&stock_status=instock HTTP/2" 200 26138 "-" "Mozilla/5.0 AppleWebKit/537.36 (KHTML, like Gecko; compatible; GPTBot/1.2; +https://openai.com/gptbot)"
20.171.207.177 - - [14/Mar/2025:11:35:31 +0000] "GET /store/shop/?filter_brand=eva-solo%2Cjoseph-joseph%2Cmagisso&filter_color=beige%2Cyellow&filter_size=l%2Cs&per_page=24 HTTP/2" 200 26399 "-" "Mozilla/5.0 AppleWebKit/537.36 (KHTML, like Gecko; compatible; GPTBot/1.2; +https://openai.com/gptbot)"
20.171.207.177 - - [14/Mar/2025:11:35:39 +0000] "GET /store/shop/?filter_brand=eva-solo%2Cjoseph-joseph%2Cmagisso&filter_color=black%2Cbrown%2Cyellow&filter_size=s&per_row=4&shop_view=grid HTTP/2" 200 26101 "-" "Mozilla/5.0 AppleWebKit/537.36 (KHTML, like Gecko; compatible; GPTBot/1.2; +https://openai.com/gptbot)"
103.166.150.82 - - [14/Mar/2025:11:32:22 +0000] "GET /store/wp-content/themes/inc/admin/assets/images/settings/buttons/shape/round.jpeg HTTP/2" 200 2867 "https://valuecartpk.shop/store/wp-admin/admin.php?page=xts_header_builder" "Mozilla/5.0 (Windows NT 10.0; Win64; x64) AppleWebKit/537.36 (KHTML, like Gecko) Chrome/134.0.0.0 Safari/537.36"
103.166.150.82 - - [14/Mar/2025:11:32:22 +0000] "GET /store/wp-content/themes/inc/admin/assets/images/settings/infobox/position/top.png HTTP/2" 200 1585 "https://valuecartpk.shop/store/wp-admin/admin.php?page=xts_header_builder" "Mozilla/5.0 (Windows NT 10.0; Win64; x64) AppleWebKit/537.36 (KHTML, like Gecko) Chrome/134.0.0.0 Safari/537.36"
103.166.150.82 - - [14/Mar/2025:11:32:22 +0000] "GET /store/wp-content/themes/inc/admin/assets/images/settings/buttons/style/link.png HTTP/2" 200 1203 "https://valuecartpk.shop/store/wp-admin/admin.php?page=xts_header_builder" "Mozilla/5.0 (Windows NT 10.0; Win64; x64) AppleWebKit/537.36 (KHTML, like Gecko) Chrome/134.0.0.0 Safari/537.36"
103.166.150.82 - - [14/Mar/2025:11:32:22 +0000] "GET /store/wp-content/themes/inc/admin/assets/images/settings/subtitle-style/default.png HTTP/2" 200 1682 "https://valuecartpk.shop/store/wp-admin/admin.php?page=xts_header_builder" "Mozilla/5.0 (Windows NT 10.0; Win64; x64) AppleWebKit/537.36 (KHTML, like Gecko) Chrome/134.0.0.0 Safari/537.36"
103.166.150.82 - - [14/Mar/2025:11:32:22 +0000] "GET /store/wp-content/themes/inc/admin/assets/images/settings/buttons/style/default.png HTTP/2" 200 4066 "https://valuecartpk.shop/store/wp-admin/admin.php?page=xts_header_builder" "Mozilla/5.0 (Windows NT 10.0; Win64; x64) AppleWebKit/537.36 (KHTML, like Gecko) Chrome/134.0.0.0 Safari/537.36"
103.166.150.82 - - [14/Mar/2025:11:32:22 +0000] "GET /store/wp-content/themes/inc/admin/assets/images/settings/buttons/style/bordered.png HTTP/2" 200 1342 "https://valuecartpk.shop/store/wp-admin/admin.php?page=xts_header_builder" "Mozilla/5.0 (Windows NT 10.0; Win64; x64) AppleWebKit/537.36 (KHTML, like Gecko) Chrome/134.0.0.0 Safari/537.36"
103.166.150.82 - - [14/Mar/2025:11:32:22 +0000] "GET /store/wp-content/themes/inc/admin/assets/images/settings/buttons/shape/circle.jpeg HTTP/2" 200 3189 "https://valuecartpk.shop/store/wp-admin/admin.php?page=xts_header_builder" "Mozilla/5.0 (Windows NT 10.0; Win64; x64) AppleWebKit/537.36 (KHTML, like Gecko) Chrome/134.0.0.0 Safari/537.36"
103.166.150.82 - - [14/Mar/2025:11:32:22 +0000] "GET /store/wp-content/themes/inc/admin/assets/images/settings/buttons/style/3d.png HTTP/2" 200 1344 "https://valuecartpk.shop/store/wp-admin/admin.php?page=xts_header_builder" "Mozilla/5.0 (Windows NT 10.0; Win64; x64) AppleWebKit/537.36 (KHTML, like Gecko) Chrome/134.0.0.0 Safari/537.36"
103.166.150.82 - - [14/Mar/2025:11:32:20 +0000] "POST /store/wp-admin/admin-ajax.php HTTP/2" 200 51 "https://valuecartpk.shop/store/wp-admin/admin.php?page=xts_header_builder" "Mozilla/5.0 (Windows NT 10.0; Win64; x64) AppleWebKit/537.36 (KHTML, like Gecko) Chrome/134.0.0.0 Safari/537.36"
103.166.150.82 - - [14/Mar/2025:11:35:11 +0000] "GET /store/wp-content/uploads/2025/03/WhatsApp_Image_2025-03-14_at_16.27.13-removebg-preview.png HTTP/2" 200 41057 "https://valuecartpk.shop/store/wp-admin/admin.php?page=xts_header_builder" "Mozilla/5.0 (Windows NT 10.0; Win64; x64) AppleWebKit/537.36 (KHTML, like Gecko) Chrome/134.0.0.0 Safari/537.36"
103.166.150.82 - - [14/Mar/2025:11:36:17 +0000] "POST /store/wp-admin/async-upload.php HTTP/2" 200 582 "https://valuecartpk.shop/store/wp-admin/admin.php?page=xts_header_builder" "Mozilla/5.0 (Windows NT 10.0; Win64; x64) AppleWebKit/537.36 (KHTML, like Gecko) Chrome/134.0.0.0 Safari/537.36"
103.166.150.82 - - [14/Mar/2025:11:36:21 +0000] "GET /store/wp-content/uploads/2025/03/a98bb892-0055-42cd-aa4f-ae3fba9ada38-300x300.jpg HTTP/2" 200 6672 "https://valuecartpk.shop/store/wp-admin/admin.php?page=xts_header_builder" "Mozilla/5.0 (Windows NT 10.0; Win64; x64) AppleWebKit/537.36 (KHTML, like Gecko) Chrome/134.0.0.0 Safari/537.36"
20.171.207.177 - - [14/Mar/2025:11:35:46 +0000] "GET /store/shop/?filter_brand=joseph-joseph%2Cklober&filter_color=black%2Cblue%2Cyellow&per_row=4&shop_view=grid&stock_status=instock HTTP/2" 500 1034 "-" "Mozilla/5.0 AppleWebKit/537.36 (KHTML, like Gecko; compatible; GPTBot/1.2; +https://openai.com/gptbot)"
20.171.207.177 - - [14/Mar/2025:11:35:53 +0000] "GET /store/shop/?filter_brand=joseph-joseph%2Cklober&filter_color=beige%2Cblack%2Cbrown%2Cyellow&filter_size=m&per_row=3&shop_view=grid&stock_status=onsale HTTP/2" 200 23919 "-" "Mozilla/5.0 AppleWebKit/537.36 (KHTML, like Gecko; compatible; GPTBot/1.2; +https://openai.com/gptbot)"
20.171.207.177 - - [14/Mar/2025:11:36:11 +0000] "GET /store/shop/?filter_brand=magisso%2Cvitra&filter_color=black%2Cbrown%2Cyellow&filter_size=m&per_page=24&stock_status=instock%2Consale HTTP/2" 200 23903 "-" "Mozilla/5.0 AppleWebKit/537.36 (KHTML, like Gecko; compatible; GPTBot/1.2; +https://openai.com/gptbot)"
20.171.207.177 - - [14/Mar/2025:11:36:29 +0000] "GET /store/shop/?filter_brand=joseph-joseph%2Cklober&filter_color=beige%2Cblack%2Cbrown%2Cyellow&filter_size=m&per_row=3&shop_view=grid&stock_status=instock HTTP/2" 200 26175 "-" "Mozilla/5.0 AppleWebKit/537.36 (KHTML, like Gecko; compatible; GPTBot/1.2; +https://openai.com/gptbot)"
20.171.207.177 - - [14/Mar/2025:11:36:46 +0000] "GET /store/shop/?filter_brand=joseph-joseph%2Cvitra&filter_color=beige%2Cblack%2Cblue%2Cbrown%2Cyellow&filter_size=l&per_row=3&shop_view=grid&stock_status=instock HTTP/2" 200 26130 "-" "Mozilla/5.0 AppleWebKit/537.36 (KHTML, like Gecko; compatible; GPTBot/1.2; +https://openai.com/gptbot)"
103.166.150.82 - - [14/Mar/2025:11:36:47 +0000] "POST /store/wp-admin/admin-ajax.php?action=woodmart_save_header&security=b1f432f0fe HTTP/2" 200 13749 "https://valuecartpk.shop/store/wp-admin/admin.php?page=xts_header_builder" "Mozilla/5.0 (Windows NT 10.0; Win64; x64) AppleWebKit/537.36 (KHTML, like Gecko) Chrome/134.0.0.0 Safari/537.36"
38.91.101.117 - - [14/Mar/2025:11:36:54 +0000] "POST /store/wp-cron.php?doing_wp_cron=1741952214.8267960548400878906250 HTTP/1.1" 200 0 "-" "WordPress/6.7.2; https://valuecartpk.shop/store"
20.171.207.177 - - [14/Mar/2025:11:37:00 +0000] "GET /store/shop/?filter_brand=joseph-joseph%2Cklober&filter_color=black%2Cyellow&filter_size=m%2Cs&per_page=18&stock_status=instock HTTP/2" 200 26660 "-" "Mozilla/5.0 AppleWebKit/537.36 (KHTML, like Gecko; compatible; GPTBot/1.2; +https://openai.com/gptbot)"
20.171.207.177 - - [14/Mar/2025:11:37:13 +0000] "GET /store/shop/?filter_brand=joseph-joseph%2Cklober%2Cvitra&filter_color=black%2Cblue%2Cyellow&filter_size=s&per_page=12&stock_status=instock HTTP/2" 200 26184 "-" "Mozilla/5.0 AppleWebKit/537.36 (KHTML, like Gecko; compatible; GPTBot/1.2; +https://openai.com/gptbot)"
20.171.207.177 - - [14/Mar/2025:11:37:24 +0000] "GET /store/shop/?filter_brand=eva-solo%2Cjoseph-joseph%2Cmagisso%2Cvitra&filter_color=blue%2Cyellow&filter_size=l&per_page=18&stock_status=instock%2Consale HTTP/2" 200 23948 "-" "Mozilla/5.0 AppleWebKit/537.36 (KHTML, like Gecko; compatible; GPTBot/1.2; +https://openai.com/gptbot)"
20.171.207.177 - - [14/Mar/2025:11:37:34 +0000] "GET /store/wp-content/uploads/2025/03/WhatsApp_Image_2025-03-14_at_16.27.13-removebg-preview.png HTTP/2" 200 41057 "-" "Mozilla/5.0 AppleWebKit/537.36 (KHTML, like Gecko; compatible; GPTBot/1.2; +https://openai.com/gptbot)"
20.171.207.177 - - [14/Mar/2025:11:37:43 +0000] "GET /store/shop/?filter_brand=eva-solo%2Cklober&filter_color=black%2Cblue%2Cbrown&filter_size=m&per_page=18&per_row=2&shop_view=grid&stock_status=instock HTTP/2" 200 26204 "-" "Mozilla/5.0 AppleWebKit/537.36 (KHTML, like Gecko; compatible; GPTBot/1.2; +https://openai.com/gptbot)"
103.166.150.82 - - [14/Mar/2025:11:37:49 +0000] "POST /store/wp-admin/admin-ajax.php?action=woodmart_save_header&security=b1f432f0fe HTTP/2" 500 134 "https://valuecartpk.shop/store/wp-admin/admin.php?page=xts_header_builder" "Mozilla/5.0 (Windows NT 10.0; Win64; x64) AppleWebKit/537.36 (KHTML, like Gecko) Chrome/134.0.0.0 Safari/537.36"
20.171.207.177 - - [14/Mar/2025:11:37:52 +0000] "GET /store/shop/?filter_brand=joseph-joseph%2Cklober%2Cvitra&filter_color=black%2Cblue%2Cyellow&filter_size=s&per_page=9&per_row=3&shop_view=grid&stock_status=instock HTTP/2" 200 26215 "-" "Mozilla/5.0 AppleWebKit/537.36 (KHTML, like Gecko; compatible; GPTBot/1.2; +https://openai.com/gptbot)"
20.171.207.177 - - [14/Mar/2025:11:38:00 +0000] "GET /store/shop/?filter_brand=joseph-joseph%2Cklober%2Cvitra&filter_color=black%2Cblue%2Cyellow&filter_size=s&per_page=9&per_row=4&shop_view=grid&stock_status=instock HTTP/2" 200 26216 "-" "Mozilla/5.0 AppleWebKit/537.36 (KHTML, like Gecko; compatible; GPTBot/1.2; +https://openai.com/gptbot)"
20.171.207.177 - - [14/Mar/2025:11:38:07 +0000] "GET /store/shop/?filter_brand=joseph-joseph%2Cklober&filter_color=beige%2Cblack%2Cbrown%2Cyellow&filter_size=m&per_row=3&shop_view=grid&stock_status=instock%2Consale HTTP/2" 200 24012 "-" "Mozilla/5.0 AppleWebKit/537.36 (KHTML, like Gecko; compatible; GPTBot/1.2; +https://openai.com/gptbot)"
20.171.207.177 - - [14/Mar/2025:11:38:13 +0000] "GET /store/shop/?filter_brand=eva-solo%2Cjoseph-joseph%2Cmagisso&filter_color=black%2Cbrown%2Cyellow&filter_size=s&per_row=4&shop_view=grid&stock_status=instock HTTP/2" 200 26233 "-" "Mozilla/5.0 AppleWebKit/537.36 (KHTML, like Gecko; compatible; GPTBot/1.2; +https://openai.com/gptbot)"
20.171.207.177 - - [14/Mar/2025:11:38:18 +0000] "GET /store/shop/?filter_brand=joseph-joseph%2Cklober&filter_color=beige%2Cblack%2Cbrown%2Cyellow&filter_size=m&per_page=24&per_row=3&shop_view=grid&stock_status=instock HTTP/2" 200 26274 "-" "Mozilla/5.0 AppleWebKit/537.36 (KHTML, like Gecko; compatible; GPTBot/1.2; +https://openai.com/gptbot)"
103.166.150.82 - - [14/Mar/2025:11:38:22 +0000] "POST /store/wp-admin/admin-ajax.php HTTP/2" 500 0 "https://valuecartpk.shop/store/wp-admin/admin.php?page=xts_header_builder" "Mozilla/5.0 (Windows NT 10.0; Win64; x64) AppleWebKit/537.36 (KHTML, like Gecko) Chrome/134.0.0.0 Safari/537.36"
20.171.207.177 - - [14/Mar/2025:11:38:23 +0000] "GET /store/shop/?filter_brand=joseph-joseph%2Cvitra&filter_color=beige%2Cblack%2Cblue%2Cbrown%2Cyellow&filter_size=l&per_row=3&shop_view=grid&stock_status=instock%2Consale HTTP/2" 200 23938 "-" "Mozilla/5.0 AppleWebKit/537.36 (KHTML, like Gecko; compatible; GPTBot/1.2; +https://openai.com/gptbot)"
20.171.207.177 - - [14/Mar/2025:11:38:28 +0000] "GET /store/shop/?filter_brand=joseph-joseph%2Cvitra&filter_color=beige%2Cblack%2Cblue%2Cbrown%2Cyellow&filter_size=l&per_row=4&shop_view=grid&stock_status=instock HTTP/2" 200 26208 "-" "Mozilla/5.0 AppleWebKit/537.36 (KHTML, like Gecko; compatible; GPTBot/1.2; +https://openai.com/gptbot)"
20.171.207.177 - - [14/Mar/2025:11:38:31 +0000] "GET /store/shop/?filter_brand=joseph-joseph%2Cklober%2Cvitra&filter_color=black%2Cblue%2Cyellow&filter_size=s&per_page=12&stock_status=instock%2Consale HTTP/2" 200 23960 "-" "Mozilla/5.0 AppleWebKit/537.36 (KHTML, like Gecko; compatible; GPTBot/1.2; +https://openai.com/gptbot)"
20.171.207.177 - - [14/Mar/2025:11:38:35 +0000] "GET /store/shop/?filter_brand=joseph-joseph%2Cklober%2Cvitra&filter_color=black%2Cblue%2Cyellow&filter_size=s&per_page=12&per_row=4&shop_view=grid&stock_status=instock HTTP/2" 200 26259 "-" "Mozilla/5.0 AppleWebKit/537.36 (KHTML, like Gecko; compatible; GPTBot/1.2; +https://openai.com/gptbot)"
20.171.207.177 - - [14/Mar/2025:11:38:38 +0000] "GET /store/shop/?filter_brand=joseph-joseph%2Cklober%2Cvitra&filter_color=black%2Cblue%2Cyellow&filter_size=s&per_page=12&per_row=3&shop_view=grid&stock_status=instock HTTP/2" 500 1034 "-" "Mozilla/5.0 AppleWebKit/537.36 (KHTML, like Gecko; compatible; GPTBot/1.2; +https://openai.com/gptbot)"
20.171.207.177 - - [14/Mar/2025:11:38:41 +0000] "GET /store/shop/?filter_brand=eva-solo%2Cklober&filter_color=black%2Cblue%2Cbrown&filter_size=m&per_page=12&per_row=2&shop_view=grid&stock_status=instock HTTP/2" 200 26197 "-" "Mozilla/5.0 AppleWebKit/537.36 (KHTML, like Gecko; compatible; GPTBot/1.2; +https://openai.com/gptbot)"
103.166.150.82 - - [14/Mar/2025:11:33:52 +0000] "POST /store/wp-admin/admin-ajax.php HTTP/2" 200 7495 "https://valuecartpk.shop/store/wp-admin/admin.php?page=xts_header_builder" "Mozilla/5.0 (Windows NT 10.0; Win64; x64) AppleWebKit/537.36 (KHTML, like Gecko) Chrome/134.0.0.0 Safari/537.36"
103.166.150.82 - - [14/Mar/2025:11:35:15 +0000] "POST /store/wp-admin/admin-ajax.php?action=woodmart_save_header&security=b1f432f0fe HTTP/2" 200 13758 "https://valuecartpk.shop/store/wp-admin/admin.php?page=xts_header_builder" "Mozilla/5.0 (Windows NT 10.0; Win64; x64) AppleWebKit/537.36 (KHTML, like Gecko) Chrome/134.0.0.0 Safari/537.36"
103.166.150.82 - - [14/Mar/2025:11:35:20 +0000] "POST /store/wp-admin/admin-ajax.php HTTP/2" 200 51 "https://valuecartpk.shop/store/wp-admin/admin.php?page=xts_header_builder" "Mozilla/5.0 (Windows NT 10.0; Win64; x64) AppleWebKit/537.36 (KHTML, like Gecko) Chrome/134.0.0.0 Safari/537.36"
103.166.150.82 - - [14/Mar/2025:11:35:26 +0000] "GET /store/shop/ HTTP/2" 200 35661 "https://valuecartpk.shop/store/" "Mozilla/5.0 (Windows NT 10.0; Win64; x64) AppleWebKit/537.36 (KHTML, like Gecko) Chrome/134.0.0.0 Safari/537.36"
103.166.150.82 - - [14/Mar/2025:11:35:34 +0000] "GET /store/wp-content/uploads/2025/03/xts-header_952974-1741952119.css?ver=7.5.2 HTTP/2" 200 520 "https://valuecartpk.shop/store/shop/" "Mozilla/5.0 (Windows NT 10.0; Win64; x64) AppleWebKit/537.36 (KHTML, like Gecko) Chrome/134.0.0.0 Safari/537.36"
103.166.150.82 - - [14/Mar/2025:11:35:35 +0000] "POST /store/wp-admin/admin-ajax.php HTTP/2" 200 71 "https://valuecartpk.shop/store/wp-admin/post.php?post=15650&action=elementor" "Mozilla/5.0 (Windows NT 10.0; Win64; x64) AppleWebKit/537.36 (KHTML, like Gecko) Chrome/134.0.0.0 Safari/537.36"
103.166.150.82 - - [14/Mar/2025:11:37:34 +0000] "GET /store/ HTTP/2" 200 29515 "-" "Mozilla/5.0 (Linux; Android 10; K) AppleWebKit/537.36 (KHTML, like Gecko) Chrome/133.0.0.0 Mobile Safari/537.36"
103.166.150.82 - - [14/Mar/2025:11:37:37 +0000] "GET /store/wp-content/uploads/2025/03/a98bb892-0055-42cd-aa4f-ae3fba9ada38.jpg HTTP/2" 200 9816 "https://valuecartpk.shop/store/" "Mozilla/5.0 (Linux; Android 10; K) AppleWebKit/537.36 (KHTML, like Gecko) Chrome/133.0.0.0 Mobile Safari/537.36"
103.166.150.82 - - [14/Mar/2025:11:37:37 +0000] "GET /store/wp-content/uploads/2025/03/xts-header_952974-1741952252.css?ver=7.5.2 HTTP/2" 200 520 "https://valuecartpk.shop/store/" "Mozilla/5.0 (Linux; Android 10; K) AppleWebKit/537.36 (KHTML, like Gecko) Chrome/133.0.0.0 Mobile Safari/537.36"
38.91.101.117 - - [14/Mar/2025:11:39:00 +0000] "POST /store/wp-cron.php?doing_wp_cron=1741952340.2937500476837158203125 HTTP/1.1" 200 0 "-" "WordPress/6.7.2; https://valuecartpk.shop/store"
103.166.150.82 - - [14/Mar/2025:11:39:21 +0000] "POST /store/wp-admin/admin-ajax.php HTTP/2" 200 51 "https://valuecartpk.shop/store/wp-admin/admin.php?page=xts_header_builder" "Mozilla/5.0 (Windows NT 10.0; Win64; x64) AppleWebKit/537.36 (KHTML, like Gecko) Chrome/134.0.0.0 Safari/537.36"
103.166.150.82 - - [14/Mar/2025:11:39:23 +0000] "GET /store/wp-admin/post.php?post=15650&action=elementor HTTP/2" 200 233780 "https://valuecartpk.shop/store/wp-admin/admin.php?page=cartflows&path=store-checkout&action=wcf-edit-flow&flow_id=15648" "Mozilla/5.0 (Windows NT 10.0; Win64; x64) AppleWebKit/537.36 (KHTML, like Gecko) Chrome/134.0.0.0 Safari/537.36"
103.166.150.82 - - [14/Mar/2025:11:39:24 +0000] "GET /store/wp-admin/post.php?post=15649&action=elementor HTTP/2" 200 229571 "https://valuecartpk.shop/store/wp-admin/admin.php?page=cartflows&path=store-checkout&action=wcf-edit-flow&flow_id=15648" "Mozilla/5.0 (Windows NT 10.0; Win64; x64) AppleWebKit/537.36 (KHTML, like Gecko) Chrome/134.0.0.0 Safari/537.36"
103.166.150.82 - - [14/Mar/2025:11:39:31 +0000] "GET /store/step/store-checkout-04/?elementor-preview=15649&ver=1741952367 HTTP/2" 500 1034 "https://valuecartpk.shop/store/wp-admin/post.php?post=15649&action=elementor" "Mozilla/5.0 (Windows NT 10.0; Win64; x64) AppleWebKit/537.36 (KHTML, like Gecko) Chrome/134.0.0.0 Safari/537.36"
103.166.150.82 - - [14/Mar/2025:11:39:32 +0000] "GET /store/wp-json/elementor/v1/checklist/user-progress HTTP/2" 200 183 "https://valuecartpk.shop/store/wp-admin/post.php?post=15649&action=elementor" "Mozilla/5.0 (Windows NT 10.0; Win64; x64) AppleWebKit/537.36 (KHTML, like Gecko) Chrome/134.0.0.0 Safari/537.36"
103.166.150.82 - - [14/Mar/2025:11:39:32 +0000] "POST /store/wp-admin/admin-ajax.php HTTP/2" 200 71 "https://valuecartpk.shop/store/wp-admin/post.php?post=15649&action=elementor" "Mozilla/5.0 (Windows NT 10.0; Win64; x64) AppleWebKit/537.36 (KHTML, like Gecko) Chrome/134.0.0.0 Safari/537.36"
103.166.150.82 - - [14/Mar/2025:11:39:32 +0000] "GET /store/wp-json/elementor/v1/site-navigation/recent-posts?posts_per_page=6&_locale=user HTTP/2" 200 366 "https://valuecartpk.shop/store/wp-admin/post.php?post=15649&action=elementor" "Mozilla/5.0 (Windows NT 10.0; Win64; x64) AppleWebKit/537.36 (KHTML, like Gecko) Chrome/134.0.0.0 Safari/537.36"
103.166.150.82 - - [14/Mar/2025:11:39:31 +0000] "GET /store/step/store-checkout-thank-you-04/?elementor-preview=15650&ver=1741952366 HTTP/2" 200 39866 "https://valuecartpk.shop/store/wp-admin/post.php?post=15650&action=elementor" "Mozilla/5.0 (Windows NT 10.0; Win64; x64) AppleWebKit/537.36 (KHTML, like Gecko) Chrome/134.0.0.0 Safari/537.36"
103.166.150.82 - - [14/Mar/2025:11:39:52 +0000] "GET /store/wp-content/uploads/2025/03/xts-header_952974-1741952252.css?ver=7.5.2 HTTP/2" 200 520 "https://valuecartpk.shop/store/step/store-checkout-thank-you-04/?elementor-preview=15650&ver=1741952366" "Mozilla/5.0 (Windows NT 10.0; Win64; x64) AppleWebKit/537.36 (KHTML, like Gecko) Chrome/134.0.0.0 Safari/537.36"
103.166.150.82 - - [14/Mar/2025:11:39:32 +0000] "POST /store/wp-admin/admin-ajax.php HTTP/2" 200 71 "https://valuecartpk.shop/store/wp-admin/post.php?post=15650&action=elementor" "Mozilla/5.0 (Windows NT 10.0; Win64; x64) AppleWebKit/537.36 (KHTML, like Gecko) Chrome/134.0.0.0 Safari/537.36"
103.166.150.82 - - [14/Mar/2025:11:39:35 +0000] "GET /store/step/store-checkout-04/?elementor-preview=15649&ver=1741952367&preview-debug HTTP/2" 200 40128 "https://valuecartpk.shop/store/wp-admin/post.php?post=15649&action=elementor" "Mozilla/5.0 (Windows NT 10.0; Win64; x64) AppleWebKit/537.36 (KHTML, like Gecko) Chrome/134.0.0.0 Safari/537.36"
103.166.150.82 - - [14/Mar/2025:11:39:32 +0000] "GET /store/wp-json/elementor/v1/kit-elements-defaults HTTP/2" 200 6 "https://valuecartpk.shop/store/wp-admin/post.php?post=15649&action=elementor" "Mozilla/5.0 (Windows NT 10.0; Win64; x64) AppleWebKit/537.36 (KHTML, like Gecko) Chrome/134.0.0.0 Safari/537.36"
103.166.150.82 - - [14/Mar/2025:11:39:33 +0000] "POST /store/wp-admin/admin-ajax.php HTTP/2" 200 254770 "https://valuecartpk.shop/store/wp-admin/post.php?post=15650&action=elementor" "Mozilla/5.0 (Windows NT 10.0; Win64; x64) AppleWebKit/537.36 (KHTML, like Gecko) Chrome/134.0.0.0 Safari/537.36"
103.166.150.82 - - [14/Mar/2025:11:39:33 +0000] "POST /store/wp-admin/admin-ajax.php HTTP/2" 200 248434 "https://valuecartpk.shop/store/wp-admin/post.php?post=15649&action=elementor" "Mozilla/5.0 (Windows NT 10.0; Win64; x64) AppleWebKit/537.36 (KHTML, like Gecko) Chrome/134.0.0.0 Safari/537.36"
103.166.150.82 - - [14/Mar/2025:11:39:51 +0000] "GET /store/wp-json/elementor/v1/checklist/user-progress HTTP/2" 200 183 "https://valuecartpk.shop/store/wp-admin/post.php?post=15650&action=elementor" "Mozilla/5.0 (Windows NT 10.0; Win64; x64) AppleWebKit/537.36 (KHTML, like Gecko) Chrome/134.0.0.0 Safari/537.36"
103.166.150.82 - - [14/Mar/2025:11:39:52 +0000] "GET /store/wp-json/elementor/v1/kit-elements-defaults HTTP/2" 200 6 "https://valuecartpk.shop/store/wp-admin/post.php?post=15650&action=elementor" "Mozilla/5.0 (Windows NT 10.0; Win64; x64) AppleWebKit/537.36 (KHTML, like Gecko) Chrome/134.0.0.0 Safari/537.36"
103.166.150.82 - - [14/Mar/2025:11:29:32 +0000] "POST /store/wp-admin/admin-ajax.php HTTP/2" 200 71 "https://valuecartpk.shop/store/wp-admin/post.php?post=15650&action=elementor" "Mozilla/5.0 (Windows NT 10.0; Win64; x64) AppleWebKit/537.36 (KHTML, like Gecko) Chrome/134.0.0.0 Safari/537.36"
103.166.150.82 - - [14/Mar/2025:11:29:48 +0000] "POST /store/wp-admin/admin-ajax.php HTTP/2" 500 0 "https://valuecartpk.shop/store/wp-admin/post.php?post=15649&action=elementor" "Mozilla/5.0 (Windows NT 10.0; Win64; x64) AppleWebKit/537.36 (KHTML, like Gecko) Chrome/134.0.0.0 Safari/537.36"
38.91.101.117 - - [14/Mar/2025:11:31:10 +0000] "POST /store/wp-cron.php?doing_wp_cron=1741951870.0482759475708007812500 HTTP/1.1" 200 0 "-" "WordPress/6.7.2; https://valuecartpk.shop/store"
38.91.101.117 - - [14/Mar/2025:11:32:56 +0000] "POST /store/wp-cron.php?doing_wp_cron=1741951976.4132740497589111328125 HTTP/1.1" 200 0 "-" "WordPress/6.7.2; https://valuecartpk.shop/store"
103.166.150.82 - - [14/Mar/2025:11:34:54 +0000] "POST /store/wp-admin/async-upload.php HTTP/2" 200 603 "https://valuecartpk.shop/store/wp-admin/admin.php?page=xts_header_builder" "Mozilla/5.0 (Windows NT 10.0; Win64; x64) AppleWebKit/537.36 (KHTML, like Gecko) Chrome/134.0.0.0 Safari/537.36"
103.166.150.82 - - [14/Mar/2025:11:34:59 +0000] "GET /store/wp-content/uploads/2025/03/WhatsApp_Image_2025-03-14_at_16.27.13-removebg-preview-300x300.png HTTP/2" 200 14761 "https://valuecartpk.shop/store/wp-admin/admin.php?page=xts_header_builder" "Mozilla/5.0 (Windows NT 10.0; Win64; x64) AppleWebKit/537.36 (KHTML, like Gecko) Chrome/134.0.0.0 Safari/537.36"
103.166.150.82 - - [14/Mar/2025:11:35:57 +0000] "POST /store/wp-admin/admin-ajax.php HTTP/2" 200 7549 "https://valuecartpk.shop/store/wp-admin/admin.php?page=xts_header_builder" "Mozilla/5.0 (Windows NT 10.0; Win64; x64) AppleWebKit/537.36 (KHTML, like Gecko) Chrome/134.0.0.0 Safari/537.36"
103.166.150.82 - - [14/Mar/2025:11:37:15 +0000] "POST /store/wp-admin/admin-ajax.php HTTP/2" 200 7592 "https://valuecartpk.shop/store/wp-admin/admin.php?page=xts_header_builder" "Mozilla/5.0 (Windows NT 10.0; Win64; x64) AppleWebKit/537.36 (KHTML, like Gecko) Chrome/134.0.0.0 Safari/537.36"
103.166.150.82 - - [14/Mar/2025:11:37:20 +0000] "POST /store/wp-admin/admin-ajax.php HTTP/2" 200 51 "https://valuecartpk.shop/store/wp-admin/admin.php?page=xts_header_builder" "Mozilla/5.0 (Windows NT 10.0; Win64; x64) AppleWebKit/537.36 (KHTML, like Gecko) Chrome/134.0.0.0 Safari/537.36"
38.91.101.117 - - [14/Mar/2025:11:37:54 +0000] "POST /store/wp-cron.php?doing_wp_cron=1741952274.3144180774688720703125 HTTP/1.1" 200 0 "-" "WordPress/6.7.2; https://valuecartpk.shop/store"
103.166.150.82 - - [14/Mar/2025:11:41:02 +0000] "GET /store/wp-json/elementor/v1/checklist/user-progress HTTP/2" 200 183 "https://valuecartpk.shop/store/wp-admin/post.php?post=15649&action=elementor" "Mozilla/5.0 (Windows NT 10.0; Win64; x64) AppleWebKit/537.36 (KHTML, like Gecko) Chrome/134.0.0.0 Safari/537.36"
103.166.150.82 - - [14/Mar/2025:11:41:02 +0000] "POST /store/wp-admin/admin-ajax.php HTTP/2" 200 71 "https://valuecartpk.shop/store/wp-admin/post.php?post=15649&action=elementor" "Mozilla/5.0 (Windows NT 10.0; Win64; x64) AppleWebKit/537.36 (KHTML, like Gecko) Chrome/134.0.0.0 Safari/537.36"
103.166.150.82 - - [14/Mar/2025:11:41:11 +0000] "GET /store/wp-json/elementor/v1/checklist/user-progress HTTP/2" 200 183 "https://valuecartpk.shop/store/wp-admin/post.php?post=15650&action=elementor" "Mozilla/5.0 (Windows NT 10.0; Win64; x64) AppleWebKit/537.36 (KHTML, like Gecko) Chrome/134.0.0.0 Safari/537.36"
103.166.150.82 - - [14/Mar/2025:11:41:11 +0000] "POST /store/wp-admin/admin-ajax.php HTTP/2" 200 71 "https://valuecartpk.shop/store/wp-admin/post.php?post=15650&action=elementor" "Mozilla/5.0 (Windows NT 10.0; Win64; x64) AppleWebKit/537.36 (KHTML, like Gecko) Chrome/134.0.0.0 Safari/537.36"
20.171.207.177 - - [14/Mar/2025:11:38:50 +0000] "GET /store/shop/?filter_brand=eva-solo%2Cklober&filter_color=black%2Cblue%2Cbrown&filter_size=m&per_page=9&per_row=2&shop_view=grid&stock_status=instock HTTP/2" 200 26154 "-" "Mozilla/5.0 AppleWebKit/537.36 (KHTML, like Gecko; compatible; GPTBot/1.2; +https://openai.com/gptbot)"
20.171.207.177 - - [14/Mar/2025:11:38:57 +0000] "GET /store/shop/?filter_brand=eva-solo%2Cklober&filter_color=black%2Cblue%2Cbrown&filter_size=m&per_page=24&per_row=2&shop_view=grid&stock_status=instock HTTP/2" 200 26194 "-" "Mozilla/5.0 AppleWebKit/537.36 (KHTML, like Gecko; compatible; GPTBot/1.2; +https://openai.com/gptbot)"
20.171.207.177 - - [14/Mar/2025:11:39:05 +0000] "GET /store/shop/?filter_brand=eva-solo%2Cklober&filter_color=black%2Cblue%2Cbrown&filter_size=m&per_page=18&per_row=2&shop_view=grid&stock_status=instock%2Consale HTTP/2" 500 1035 "-" "Mozilla/5.0 AppleWebKit/537.36 (KHTML, like Gecko; compatible; GPTBot/1.2; +https://openai.com/gptbot)"
20.171.207.177 - - [14/Mar/2025:11:39:11 +0000] "GET /store/shop/?filter_brand=joseph-joseph%2Cklober%2Cvitra&filter_color=black%2Cblue%2Cyellow&filter_size=s&per_page=9&per_row=3&shop_view=grid&stock_status=instock%2Consale HTTP/2" 200 23970 "-" "Mozilla/5.0 AppleWebKit/537.36 (KHTML, like Gecko; compatible; GPTBot/1.2; +https://openai.com/gptbot)"
20.171.207.177 - - [14/Mar/2025:11:39:31 +0000] "GET /store/shop/?filter_brand=joseph-joseph%2Cklober&filter_color=beige%2Cblack%2Cbrown%2Cyellow&filter_size=m&per_page=24&per_row=3&shop_view=grid&stock_status=instock%2Consale HTTP/2" 200 24020 "-" "Mozilla/5.0 AppleWebKit/537.36 (KHTML, like Gecko; compatible; GPTBot/1.2; +https://openai.com/gptbot)"
38.91.101.117 - - [14/Mar/2025:11:39:58 +0000] "POST /store/wp-cron.php?doing_wp_cron=1741952398.7531170845031738281250 HTTP/1.1" 200 0 "-" "WordPress/6.7.2; https://valuecartpk.shop/store"
20.171.207.177 - - [14/Mar/2025:11:39:48 +0000] "GET /store/shop/?filter_brand=joseph-joseph%2Cvitra&filter_color=beige%2Cblack%2Cblue%2Cbrown%2Cyellow&filter_size=l&per_row=4&shop_view=grid&stock_status=instock%2Consale HTTP/2" 200 23938 "-" "Mozilla/5.0 AppleWebKit/537.36 (KHTML, like Gecko; compatible; GPTBot/1.2; +https://openai.com/gptbot)"
20.171.207.177 - - [14/Mar/2025:11:40:03 +0000] "GET /store/shop/?filter_brand=joseph-joseph%2Cklober%2Cvitra&filter_color=black%2Cblue%2Cyellow&filter_size=s&per_page=9&per_row=4&shop_view=grid&stock_status=instock%2Consale HTTP/2" 200 23969 "-" "Mozilla/5.0 AppleWebKit/537.36 (KHTML, like Gecko; compatible; GPTBot/1.2; +https://openai.com/gptbot)"
20.171.207.177 - - [14/Mar/2025:11:40:20 +0000] "GET /store/wp-content/uploads/2025/03/a98bb892-0055-42cd-aa4f-ae3fba9ada38.jpg HTTP/2" 200 9816 "-" "Mozilla/5.0 AppleWebKit/537.36 (KHTML, like Gecko; compatible; GPTBot/1.2; +https://openai.com/gptbot)"
20.171.207.177 - - [14/Mar/2025:11:40:35 +0000] "GET /store/shop/?filter_brand=joseph-joseph%2Cklober%2Cvitra&filter_color=black%2Cblue%2Cyellow&filter_size=s&per_page=12&per_row=4&shop_view=grid&stock_status=instock%2Consale HTTP/2" 200 23979 "-" "Mozilla/5.0 AppleWebKit/537.36 (KHTML, like Gecko; compatible; GPTBot/1.2; +https://openai.com/gptbot)"
20.171.207.177 - - [14/Mar/2025:11:40:48 +0000] "GET /store/shop/?filter_brand=joseph-joseph%2Cklober%2Cvitra&filter_color=black%2Cblue%2Cyellow&filter_size=s&per_page=18&per_row=3&shop_view=grid&stock_status=instock HTTP/2" 200 26257 "-" "Mozilla/5.0 AppleWebKit/537.36 (KHTML, like Gecko; compatible; GPTBot/1.2; +https://openai.com/gptbot)"
20.171.207.177 - - [14/Mar/2025:11:41:00 +0000] "GET /store/shop/?filter_brand=eva-solo%2Cklober&filter_color=black%2Cblue%2Cbrown&filter_size=m&per_page=12&per_row=4&shop_view=grid&stock_status=instock HTTP/2" 200 26200 "-" "Mozilla/5.0 AppleWebKit/537.36 (KHTML, like Gecko; compatible; GPTBot/1.2; +https://openai.com/gptbot)"
103.166.150.82 - - [14/Mar/2025:11:41:16 +0000] "POST /store/wp-admin/admin-ajax.php HTTP/2" 200 0 "https://valuecartpk.shop/store/wp-admin/post.php?post=15649&action=elementor" "Mozilla/5.0 (Windows NT 10.0; Win64; x64) AppleWebKit/537.36 (KHTML, like Gecko) Chrome/134.0.0.0 Safari/537.36"
103.166.150.82 - - [14/Mar/2025:11:41:10 +0000] "GET /store/wp-admin/post.php?post=15649&action=elementor HTTP/2" 200 229685 "https://valuecartpk.shop/store/wp-admin/admin.php?page=cartflows&path=store-checkout&action=wcf-edit-flow&flow_id=15648" "Mozilla/5.0 (Windows NT 10.0; Win64; x64) AppleWebKit/537.36 (KHTML, like Gecko) Chrome/134.0.0.0 Safari/537.36"
103.166.150.82 - - [14/Mar/2025:11:41:12 +0000] "POST /store/wp-admin/admin-ajax.php HTTP/2" 200 51 "https://valuecartpk.shop/store/wp-admin/admin.php?page=xts_header_builder" "Mozilla/5.0 (Windows NT 10.0; Win64; x64) AppleWebKit/537.36 (KHTML, like Gecko) Chrome/134.0.0.0 Safari/537.36"
103.166.150.82 - - [14/Mar/2025:11:41:23 +0000] "POST /store/wp-admin/admin-ajax.php HTTP/2" 200 71 "https://valuecartpk.shop/store/wp-admin/post.php?post=15649&action=elementor" "Mozilla/5.0 (Windows NT 10.0; Win64; x64) AppleWebKit/537.36 (KHTML, like Gecko) Chrome/134.0.0.0 Safari/537.36"
103.166.150.82 - - [14/Mar/2025:11:41:23 +0000] "GET /store/wp-json/elementor/v1/site-navigation/recent-posts?posts_per_page=6&_locale=user HTTP/2" 200 366 "https://valuecartpk.shop/store/wp-admin/post.php?post=15649&action=elementor" "Mozilla/5.0 (Windows NT 10.0; Win64; x64) AppleWebKit/537.36 (KHTML, like Gecko) Chrome/134.0.0.0 Safari/537.36"
103.166.150.82 - - [14/Mar/2025:11:41:23 +0000] "GET /store/wp-json/elementor/v1/checklist/user-progress HTTP/2" 200 183 "https://valuecartpk.shop/store/wp-admin/post.php?post=15649&action=elementor" "Mozilla/5.0 (Windows NT 10.0; Win64; x64) AppleWebKit/537.36 (KHTML, like Gecko) Chrome/134.0.0.0 Safari/537.36"
103.166.150.82 - - [14/Mar/2025:11:41:23 +0000] "GET /store/wp-json/elementor/v1/kit-elements-defaults HTTP/2" 200 6 "https://valuecartpk.shop/store/wp-admin/post.php?post=15649&action=elementor" "Mozilla/5.0 (Windows NT 10.0; Win64; x64) AppleWebKit/537.36 (KHTML, like Gecko) Chrome/134.0.0.0 Safari/537.36"
103.166.150.82 - - [14/Mar/2025:11:41:23 +0000] "GET /store/step/store-checkout-04/?elementor-preview=15649&ver=1741952480 HTTP/2" 200 40130 "https://valuecartpk.shop/store/wp-admin/post.php?post=15649&action=elementor" "Mozilla/5.0 (Windows NT 10.0; Win64; x64) AppleWebKit/537.36 (KHTML, like Gecko) Chrome/134.0.0.0 Safari/537.36"
103.166.150.82 - - [14/Mar/2025:11:41:25 +0000] "POST /store/wp-admin/admin-ajax.php HTTP/2" 200 589 "https://valuecartpk.shop/store/wp-admin/post.php?post=15650&action=elementor" "Mozilla/5.0 (Windows NT 10.0; Win64; x64) AppleWebKit/537.36 (KHTML, like Gecko) Chrome/134.0.0.0 Safari/537.36"
103.166.150.82 - - [14/Mar/2025:11:41:26 +0000] "POST /store/wp-admin/admin-ajax.php HTTP/2" 200 71 "https://valuecartpk.shop/store/wp-admin/post.php?post=15650&action=elementor" "Mozilla/5.0 (Windows NT 10.0; Win64; x64) AppleWebKit/537.36 (KHTML, like Gecko) Chrome/134.0.0.0 Safari/537.36"
103.166.150.82 - - [14/Mar/2025:11:41:27 +0000] "POST /store/wp-admin/admin-ajax.php HTTP/2" 200 7594 "https://valuecartpk.shop/store/wp-admin/post.php?post=15650&action=elementor" "Mozilla/5.0 (Windows NT 10.0; Win64; x64) AppleWebKit/537.36 (KHTML, like Gecko) Chrome/134.0.0.0 Safari/537.36"
103.166.150.82 - - [14/Mar/2025:11:41:24 +0000] "POST /store/wp-admin/admin-ajax.php HTTP/2" 200 248425 "https://valuecartpk.shop/store/wp-admin/post.php?post=15649&action=elementor" "Mozilla/5.0 (Windows NT 10.0; Win64; x64) AppleWebKit/537.36 (KHTML, like Gecko) Chrome/134.0.0.0 Safari/537.36"
103.166.150.82 - - [14/Mar/2025:11:41:27 +0000] "POST /store/wp-admin/admin-ajax.php HTTP/2" 200 7594 "https://valuecartpk.shop/store/wp-admin/post.php?post=15650&action=elementor" "Mozilla/5.0 (Windows NT 10.0; Win64; x64) AppleWebKit/537.36 (KHTML, like Gecko) Chrome/134.0.0.0 Safari/537.36"
103.166.150.82 - - [14/Mar/2025:11:31:07 +0000] "POST /store/wp-admin/admin-ajax.php HTTP/2" 200 51 "https://valuecartpk.shop/store/wp-admin/admin.php?page=cartflows&path=store-checkout&action=wcf-edit-flow&flow_id=15648" "Mozilla/5.0 (Windows NT 10.0; Win64; x64) AppleWebKit/537.36 (KHTML, like Gecko) Chrome/134.0.0.0 Safari/537.36"
38.91.101.117 - - [14/Mar/2025:11:34:57 +0000] "POST /store/wp-cron.php?doing_wp_cron=1741952097.6612849235534667968750 HTTP/1.1" 200 0 "-" "WordPress/6.7.2; https://valuecartpk.shop/store"
103.166.150.82 - - [14/Mar/2025:11:37:29 +0000] "POST /store/wp-admin/admin-ajax.php?action=woodmart_save_header&security=b1f432f0fe HTTP/2" 200 13828 "https://valuecartpk.shop/store/wp-admin/admin.php?page=xts_header_builder" "Mozilla/5.0 (Windows NT 10.0; Win64; x64) AppleWebKit/537.36 (KHTML, like Gecko) Chrome/134.0.0.0 Safari/537.36"
191.102.162.155 - - [14/Mar/2025:11:40:35 +0000] "GET / HTTP/1.1" 200 783 "-" "Apache-HttpClient/5.1.4 (Java/11.0.18)"
