103.179.241.131 - - [14/Mar/2025:12:19:01 +0000] "GET /store/wp-content/uploads/2021/08/wd-ship-1.jpg HTTP/2" 200 20278 "https://valuecartpk.shop/store/product/eames-plastic-side-chair/" "Mozilla/5.0 (Windows NT 10.0; Win64; x64) AppleWebKit/537.36 (KHTML, like Gecko) Chrome/134.0.0.0 Safari/537.36"
103.179.241.131 - - [14/Mar/2025:12:19:01 +0000] "GET /store/wp-content/uploads/2021/08/wd-ship-2.jpg HTTP/2" 200 18258 "https://valuecartpk.shop/store/product/eames-plastic-side-chair/" "Mozilla/5.0 (Windows NT 10.0; Win64; x64) AppleWebKit/537.36 (KHTML, like Gecko) Chrome/134.0.0.0 Safari/537.36"
103.179.241.131 - - [14/Mar/2025:12:19:01 +0000] "GET /store/wp-content/uploads/2021/08/eames-plastic-side-chair-4.jpg HTTP/2" 200 41845 "https://valuecartpk.shop/store/product/eames-plastic-side-chair/" "Mozilla/5.0 (Windows NT 10.0; Win64; x64) AppleWebKit/537.36 (KHTML, like Gecko) Chrome/134.0.0.0 Safari/537.36"
103.179.241.131 - - [14/Mar/2025:12:19:01 +0000] "GET /store/wp-content/uploads/2021/08/eames-plastic-side-chair-3.jpg HTTP/2" 200 13045 "https://valuecartpk.shop/store/product/eames-plastic-side-chair/" "Mozilla/5.0 (Windows NT 10.0; Win64; x64) AppleWebKit/537.36 (KHTML, like Gecko) Chrome/134.0.0.0 Safari/537.36"
103.179.241.131 - - [14/Mar/2025:12:19:02 +0000] "GET /store/wp-content/uploads/2021/08/wooden-single-drawer-1.jpg HTTP/2" 206 12553 "https://valuecartpk.shop/store/product/eames-plastic-side-chair/" "Mozilla/5.0 (Windows NT 10.0; Win64; x64) AppleWebKit/537.36 (KHTML, like Gecko) Chrome/134.0.0.0 Safari/537.36"
103.179.241.131 - - [14/Mar/2025:12:19:02 +0000] "GET /store/wp-content/uploads/2021/08/wooden-single-drawer-2-1.jpg HTTP/2" 200 15545 "https://valuecartpk.shop/store/product/eames-plastic-side-chair/" "Mozilla/5.0 (Windows NT 10.0; Win64; x64) AppleWebKit/537.36 (KHTML, like Gecko) Chrome/134.0.0.0 Safari/537.36"
103.179.241.131 - - [14/Mar/2025:12:19:02 +0000] "GET /store/wp-content/uploads/2021/08/wooden-single-drawer-2.jpg HTTP/2" 206 26321 "https://valuecartpk.shop/store/product/eames-plastic-side-chair/" "Mozilla/5.0 (Windows NT 10.0; Win64; x64) AppleWebKit/537.36 (KHTML, like Gecko) Chrome/134.0.0.0 Safari/537.36"
38.91.101.117 - - [14/Mar/2025:12:20:04 +0000] "POST /store/wp-cron.php?doing_wp_cron=1741954803.9108700752258300781250 HTTP/1.1" 200 0 "-" "WordPress/6.7.2; https://valuecartpk.shop/store"
38.91.101.117 - - [14/Mar/2025:12:31:54 +0000] "POST /store/wp-cron.php?doing_wp_cron=1741955514.8143970966339111328125 HTTP/1.1" 200 0 "-" "WordPress/6.7.2; https://valuecartpk.shop/store"
38.91.101.117 - - [14/Mar/2025:12:33:14 +0000] "POST /store/wp-cron.php?doing_wp_cron=1741955594.4627790451049804687500 HTTP/1.1" 200 0 "-" "WordPress/6.7.2; https://valuecartpk.shop/store"
20.171.207.177 - - [14/Mar/2025:12:33:12 +0000] "GET /store/shop/?filter_brand=eva-solo%2Cklober&filter_color=beige%2Cblack%2Cyellow&filter_size=l%2Cm&per_page=12&stock_status=instock HTTP/2" 200 26609 "-" "Mozilla/5.0 AppleWebKit/537.36 (KHTML, like Gecko; compatible; GPTBot/1.2; +https://openai.com/gptbot)"
18.220.224.115 - - [14/Mar/2025:12:33:24 +0000] "GET /wp/comments/feed HTTP/2" 301 0 "-" "Mozilla/5.0 AppleWebKit/537.36 (KHTML, like Gecko; compatible; ClaudeBot/1.0; +claudebot@anthropic.com)"
18.220.224.115 - - [14/Mar/2025:12:33:25 +0000] "GET /wp/comments/feed/ HTTP/2" 200 712 "https://multihiv.com/wp/comments/feed" "Mozilla/5.0 AppleWebKit/537.36 (KHTML, like Gecko; compatible; ClaudeBot/1.0; +claudebot@anthropic.com)"
20.171.207.177 - - [14/Mar/2025:12:33:33 +0000] "GET /store/shop/?filter_brand=eva-solo%2Cjoseph-joseph%2Cmagisso%2Cvitra&filter_color=black%2Cblue&filter_size=m&per_page=18&per_row=4&shop_view=grid&stock_status=instock HTTP/2" 200 26161 "-" "Mozilla/5.0 AppleWebKit/537.36 (KHTML, like Gecko; compatible; GPTBot/1.2; +https://openai.com/gptbot)"
20.171.207.177 - - [14/Mar/2025:12:33:50 +0000] "GET /store/shop/?filter_brand=joseph-joseph%2Cklober%2Cvitra&filter_color=blue%2Cbrown&filter_size=m&per_page=12&stock_status=instock HTTP/2" 200 26070 "-" "Mozilla/5.0 AppleWebKit/537.36 (KHTML, like Gecko; compatible; GPTBot/1.2; +https://openai.com/gptbot)"
20.171.207.177 - - [14/Mar/2025:12:34:06 +0000] "GET /store/shop/?filter_brand=eva-solo%2Cmagisso%2Cvitra&filter_color=black%2Cbrown&filter_size=l&per_page=24&stock_status=instock HTTP/2" 200 26062 "-" "Mozilla/5.0 AppleWebKit/537.36 (KHTML, like Gecko; compatible; GPTBot/1.2; +https://openai.com/gptbot)"
20.171.207.177 - - [14/Mar/2025:12:34:20 +0000] "GET /store/shop/?filter_brand=eva-solo%2Cjoseph-joseph%2Cklober%2Cvitra&filter_color=beige%2Cblack%2Cblue&filter_size=m&per_page=9&stock_status=onsale HTTP/2" 200 23984 "-" "Mozilla/5.0 AppleWebKit/537.36 (KHTML, like Gecko; compatible; GPTBot/1.2; +https://openai.com/gptbot)"
20.171.207.177 - - [14/Mar/2025:12:34:33 +0000] "GET /store/shop/?filter_brand=magisso%2Cvitra&filter_color=beige%2Cblack%2Cyellow&filter_size=l%2Cm&per_page=24&stock_status=instock HTTP/2" 200 26621 "-" "Mozilla/5.0 AppleWebKit/537.36 (KHTML, like Gecko; compatible; GPTBot/1.2; +https://openai.com/gptbot)"
20.171.207.177 - - [14/Mar/2025:12:34:45 +0000] "GET /store/shop/?filter_brand=eva-solo%2Cjoseph-joseph%2Cmagisso%2Cvitra&filter_color=black%2Cblue&filter_size=m&per_page=18&per_row=3&shop_view=grid&stock_status=instock HTTP/2" 200 26160 "-" "Mozilla/5.0 AppleWebKit/537.36 (KHTML, like Gecko; compatible; GPTBot/1.2; +https://openai.com/gptbot)"
20.171.207.177 - - [14/Mar/2025:12:34:56 +0000] "GET /store/shop/?filter_brand=joseph-joseph%2Cklober%2Cvitra&filter_color=beige%2Cblue%2Cyellow&filter_size=l%2Cm&per_page=9&stock_status=instock%2Consale HTTP/2" 200 23938 "-" "Mozilla/5.0 AppleWebKit/537.36 (KHTML, like Gecko; compatible; GPTBot/1.2; +https://openai.com/gptbot)"
20.171.207.177 - - [14/Mar/2025:12:35:06 +0000] "GET /store/shop/?filter_brand=joseph-joseph%2Cklober%2Cvitra&filter_color=beige%2Cblue%2Cyellow&filter_size=l%2Cm&per_page=9&per_row=3&shop_view=grid&stock_status=instock HTTP/2" 200 26718 "-" "Mozilla/5.0 AppleWebKit/537.36 (KHTML, like Gecko; compatible; GPTBot/1.2; +https://openai.com/gptbot)"
20.171.207.177 - - [14/Mar/2025:12:35:14 +0000] "GET /store/shop/?filter_brand=eva-solo%2Cjoseph-joseph%2Cmagisso%2Cvitra&filter_color=black%2Cblue&filter_size=m&per_page=24&per_row=3&shop_view=grid&stock_status=instock HTTP/2" 200 26162 "-" "Mozilla/5.0 AppleWebKit/537.36 (KHTML, like Gecko; compatible; GPTBot/1.2; +https://openai.com/gptbot)"
20.171.207.177 - - [14/Mar/2025:12:35:22 +0000] "GET /store/shop/?filter_brand=joseph-joseph%2Cklober%2Cvitra&filter_color=beige%2Cblue%2Cyellow&filter_size=l%2Cm&per_page=18&stock_status=instock%2Consale HTTP/2" 200 23954 "-" "Mozilla/5.0 AppleWebKit/537.36 (KHTML, like Gecko; compatible; GPTBot/1.2; +https://openai.com/gptbot)"
20.171.207.177 - - [14/Mar/2025:12:35:29 +0000] "GET /store/shop/?filter_brand=eva-solo%2Cjoseph-joseph%2Cklober&filter_color=black%2Cyellow&filter_size=m%2Cs&per_page=18&stock_status=onsale HTTP/2" 200 23927 "-" "Mozilla/5.0 AppleWebKit/537.36 (KHTML, like Gecko; compatible; GPTBot/1.2; +https://openai.com/gptbot)"
20.171.207.177 - - [14/Mar/2025:12:35:35 +0000] "GET /store/shop/?filter_brand=eva-solo%2Cjoseph-joseph%2Cmagisso%2Cvitra&filter_color=black%2Cblue&filter_size=m&per_page=18&per_row=2&shop_view=grid&stock_status=instock HTTP/2" 200 26151 "-" "Mozilla/5.0 AppleWebKit/537.36 (KHTML, like Gecko; compatible; GPTBot/1.2; +https://openai.com/gptbot)"
20.171.207.177 - - [14/Mar/2025:12:35:40 +0000] "GET /store/shop/?filter_brand=joseph-joseph%2Cklober%2Cvitra&filter_color=blue%2Cbrown&filter_size=m&per_page=9&stock_status=instock HTTP/2" 500 1035 "-" "Mozilla/5.0 AppleWebKit/537.36 (KHTML, like Gecko; compatible; GPTBot/1.2; +https://openai.com/gptbot)"
20.171.207.177 - - [14/Mar/2025:12:35:45 +0000] "GET /store/shop/?filter_brand=eva-solo%2Cjoseph-joseph%2Cmagisso%2Cvitra&filter_color=beige%2Cblack&filter_size=l%2Cs&per_row=4&shop_view=grid HTTP/2" 200 26648 "-" "Mozilla/5.0 AppleWebKit/537.36 (KHTML, like Gecko; compatible; GPTBot/1.2; +https://openai.com/gptbot)"
20.171.207.177 - - [14/Mar/2025:12:35:59 +0000] "GET /store/shop/?filter_brand=vitra&filter_color=black%2Cblue%2Cbrown%2Cyellow&filter_size=m%2Cs&per_page=9&stock_status=instock HTTP/2" 200 26046 "-" "Mozilla/5.0 AppleWebKit/537.36 (KHTML, like Gecko; compatible; GPTBot/1.2; +https://openai.com/gptbot)"
20.171.207.177 - - [14/Mar/2025:12:36:13 +0000] "GET /store/shop/?filter_brand=magisso%2Cvitra&filter_color=beige%2Cblack%2Cyellow&filter_size=l%2Cm&per_page=24&stock_status=instock%2Consale HTTP/2" 200 23867 "-" "Mozilla/5.0 AppleWebKit/537.36 (KHTML, like Gecko; compatible; GPTBot/1.2; +https://openai.com/gptbot)"
20.171.207.177 - - [14/Mar/2025:12:36:25 +0000] "GET /store/shop/?filter_brand=magisso%2Cvitra&filter_color=beige%2Cblack%2Cyellow&filter_size=l%2Cm&per_page=9&stock_status=instock HTTP/2" 200 26578 "-" "Mozilla/5.0 AppleWebKit/537.36 (KHTML, like Gecko; compatible; GPTBot/1.2; +https://openai.com/gptbot)"
20.171.207.177 - - [14/Mar/2025:12:36:36 +0000] "GET /store/shop/?filter_brand=joseph-joseph%2Cklober%2Cvitra&filter_color=beige%2Cblue%2Cyellow&filter_size=l%2Cm&per_page=9&stock_status=onsale HTTP/2" 500 1035 "-" "Mozilla/5.0 AppleWebKit/537.36 (KHTML, like Gecko; compatible; GPTBot/1.2; +https://openai.com/gptbot)"
20.171.207.177 - - [14/Mar/2025:12:36:46 +0000] "GET /store/shop/?filter_brand=joseph-joseph%2Cklober%2Cvitra&filter_color=beige%2Cblue%2Cyellow&filter_size=l%2Cm&per_page=9&per_row=3&shop_view=grid&stock_status=instock%2Consale HTTP/2" 200 23980 "-" "Mozilla/5.0 AppleWebKit/537.36 (KHTML, like Gecko; compatible; GPTBot/1.2; +https://openai.com/gptbot)"
20.171.207.177 - - [14/Mar/2025:12:37:16 +0000] "GET /store/shop/?filter_brand=joseph-joseph%2Cklober&filter_color=beige%2Cblack&filter_size=m%2Cs&per_page=24&stock_status=instock HTTP/2" 200 26617 "-" "Mozilla/5.0 AppleWebKit/537.36 (KHTML, like Gecko; compatible; GPTBot/1.2; +https://openai.com/gptbot)"
20.171.207.177 - - [14/Mar/2025:12:37:43 +0000] "GET /store/shop/?filter_brand=joseph-joseph%2Cmagisso&filter_color=black%2Cbrown%2Cyellow&filter_size=l%2Cm&per_page=12&stock_status=instock HTTP/2" 200 26626 "-" "Mozilla/5.0 AppleWebKit/537.36 (KHTML, like Gecko; compatible; GPTBot/1.2; +https://openai.com/gptbot)"
20.171.207.177 - - [14/Mar/2025:12:38:07 +0000] "GET /store/shop/?filter_brand=joseph-joseph%2Cklober&filter_color=black%2Cblue%2Cyellow&filter_size=m&per_page=18&stock_status=onsale HTTP/2" 200 23882 "-" "Mozilla/5.0 AppleWebKit/537.36 (KHTML, like Gecko; compatible; GPTBot/1.2; +https://openai.com/gptbot)"
103.179.241.131 - - [14/Mar/2025:12:17:54 +0000] "GET /store/product/decoration-wooden-present/ HTTP/1.1" 200 27718 "https://valuecartpk.shop/store/shop/" "Mozilla/5.0 (Windows NT 10.0; Win64; x64) AppleWebKit/537.36 (KHTML, like Gecko) Chrome/134.0.0.0 Safari/537.36"
103.179.241.131 - - [14/Mar/2025:12:18:05 +0000] "GET /store/wp-includes/js/jquery/ui/slider.min.js?ver=1.13.3 HTTP/1.1" 200 0 "https://valuecartpk.shop/store/shop/" "Mozilla/5.0 (Windows NT 10.0; Win64; x64) AppleWebKit/537.36 (KHTML, like Gecko) Chrome/134.0.0.0 Safari/537.36"
103.179.241.131 - - [14/Mar/2025:12:18:05 +0000] "GET /store/wp-content/uploads/2021/08/cat-knives.svg HTTP/1.1" 200 0 "https://valuecartpk.shop/store/shop/" "Mozilla/5.0 (Windows NT 10.0; Win64; x64) AppleWebKit/537.36 (KHTML, like Gecko) Chrome/134.0.0.0 Safari/537.36"
103.179.241.131 - - [14/Mar/2025:12:18:05 +0000] "GET /store/wp-content/uploads/2021/08/cat-chair.svg HTTP/1.1" 200 0 "https://valuecartpk.shop/store/shop/" "Mozilla/5.0 (Windows NT 10.0; Win64; x64) AppleWebKit/537.36 (KHTML, like Gecko) Chrome/134.0.0.0 Safari/537.36"
103.179.241.131 - - [14/Mar/2025:12:18:05 +0000] "GET /store/wp-content/uploads/2021/08/cat-rocking-horse.svg HTTP/1.1" 200 0 "https://valuecartpk.shop/store/shop/" "Mozilla/5.0 (Windows NT 10.0; Win64; x64) AppleWebKit/537.36 (KHTML, like Gecko) Chrome/134.0.0.0 Safari/537.36"
103.179.241.131 - - [14/Mar/2025:12:18:05 +0000] "GET /store/wp-content/uploads/2021/08/brand-alessi.png HTTP/1.1" 200 0 "https://valuecartpk.shop/store/shop/" "Mozilla/5.0 (Windows NT 10.0; Win64; x64) AppleWebKit/537.36 (KHTML, like Gecko) Chrome/134.0.0.0 Safari/537.36"
103.179.241.131 - - [14/Mar/2025:12:18:05 +0000] "GET /store/wp-content/uploads/2021/08/brand-Eva-Solo.png HTTP/1.1" 200 0 "https://valuecartpk.shop/store/shop/" "Mozilla/5.0 (Windows NT 10.0; Win64; x64) AppleWebKit/537.36 (KHTML, like Gecko) Chrome/134.0.0.0 Safari/537.36"
103.179.241.131 - - [14/Mar/2025:12:18:05 +0000] "GET /store/wp-content/uploads/2021/08/brand-hay.png HTTP/1.1" 200 0 "https://valuecartpk.shop/store/shop/" "Mozilla/5.0 (Windows NT 10.0; Win64; x64) AppleWebKit/537.36 (KHTML, like Gecko) Chrome/134.0.0.0 Safari/537.36"
103.179.241.131 - - [14/Mar/2025:12:18:05 +0000] "GET /store/wp-content/uploads/2021/08/brand-Joseph-Joseph.png HTTP/1.1" 200 0 "https://valuecartpk.shop/store/shop/" "Mozilla/5.0 (Windows NT 10.0; Win64; x64) AppleWebKit/537.36 (KHTML, like Gecko) Chrome/134.0.0.0 Safari/537.36"
103.179.241.131 - - [14/Mar/2025:12:18:05 +0000] "GET /store/wp-content/uploads/2021/08/brand-klober.png HTTP/1.1" 200 0 "https://valuecartpk.shop/store/shop/" "Mozilla/5.0 (Windows NT 10.0; Win64; x64) AppleWebKit/537.36 (KHTML, like Gecko) Chrome/134.0.0.0 Safari/537.36"
103.179.241.131 - - [14/Mar/2025:12:18:05 +0000] "GET /store/wp-content/uploads/2021/08/brand-Louis-Poulsen.png HTTP/1.1" 200 0 "https://valuecartpk.shop/store/shop/" "Mozilla/5.0 (Windows NT 10.0; Win64; x64) AppleWebKit/537.36 (KHTML, like Gecko) Chrome/134.0.0.0 Safari/537.36"
103.179.241.131 - - [14/Mar/2025:12:18:05 +0000] "GET /store/wp-content/uploads/2021/08/brand-Magisso.png HTTP/1.1" 200 0 "https://valuecartpk.shop/store/shop/" "Mozilla/5.0 (Windows NT 10.0; Win64; x64) AppleWebKit/537.36 (KHTML, like Gecko) Chrome/134.0.0.0 Safari/537.36"
2a06:98c0:3600::103 - - [14/Mar/2025:12:25:38 +0000] "GET /wp-admin/setup-config.php HTTP/1.1" 404 1251 "-" "Mozilla/5.0 (Windows NT 10.0; Win64; x64) AppleWebKit/537.36 (KHTML, like Gecko) Chrome/133.0.0.0 Safari/537.36"
38.91.101.117 - - [14/Mar/2025:12:26:01 +0000] "POST /store/wp-cron.php?doing_wp_cron=1741955161.1770360469818115234375 HTTP/1.1" 200 0 "-" "WordPress/6.7.2; https://valuecartpk.shop/store"
38.91.101.117 - - [14/Mar/2025:12:29:56 +0000] "POST /store/wp-cron.php?doing_wp_cron=1741955396.7018649578094482421875 HTTP/1.1" 200 0 "-" "WordPress/6.7.2; https://valuecartpk.shop/store"
38.91.101.117 - - [14/Mar/2025:12:33:26 +0000] "GET /wp/ HTTP/1.1" 200 10435 "-" "WordPress/6.7.2; https://multihiv.com/wp"
20.171.207.177 - - [14/Mar/2025:12:40:44 +0000] "GET /store/shop/?filter_brand=joseph-joseph%2Cmagisso&filter_color=black%2Cbrown%2Cyellow&filter_size=l%2Cm&per_page=12&per_row=3&shop_view=grid&stock_status=instock HTTP/2" 200 26681 "-" "Mozilla/5.0 AppleWebKit/537.36 (KHTML, like Gecko; compatible; GPTBot/1.2; +https://openai.com/gptbot)"
20.171.207.177 - - [14/Mar/2025:12:40:49 +0000] "GET /store/shop/?filter_brand=joseph-joseph%2Cmagisso&filter_color=black%2Cbrown%2Cyellow&filter_size=l%2Cm&per_page=12&per_row=4&shop_view=grid&stock_status=instock HTTP/2" 200 26671 "-" "Mozilla/5.0 AppleWebKit/537.36 (KHTML, like Gecko; compatible; GPTBot/1.2; +https://openai.com/gptbot)"
20.171.207.177 - - [14/Mar/2025:12:40:54 +0000] "GET /store/shop/?filter_brand=joseph-joseph%2Cmagisso&filter_color=black%2Cbrown%2Cyellow&filter_size=l%2Cm&per_page=12&per_row=2&shop_view=grid&stock_status=instock HTTP/2" 200 26668 "-" "Mozilla/5.0 AppleWebKit/537.36 (KHTML, like Gecko; compatible; GPTBot/1.2; +https://openai.com/gptbot)"
20.171.207.177 - - [14/Mar/2025:12:40:58 +0000] "GET /store/shop/?filter_brand=vitra&filter_color=black%2Cblue%2Cbrown%2Cyellow&filter_size=m%2Cs&per_page=24&stock_status=instock%2Consale HTTP/2" 200 23846 "-" "Mozilla/5.0 AppleWebKit/537.36 (KHTML, like Gecko; compatible; GPTBot/1.2; +https://openai.com/gptbot)"
20.171.207.177 - - [14/Mar/2025:12:41:03 +0000] "GET /store/shop/?filter_brand=vitra&filter_color=black%2Cblue%2Cbrown%2Cyellow&filter_size=m%2Cs&per_page=9&stock_status=onsale HTTP/2" 200 23822 "-" "Mozilla/5.0 AppleWebKit/537.36 (KHTML, like Gecko; compatible; GPTBot/1.2; +https://openai.com/gptbot)"
20.171.207.177 - - [14/Mar/2025:12:41:07 +0000] "GET /store/shop/?filter_brand=joseph-joseph%2Cklober&filter_color=beige%2Cblack&filter_size=m%2Cs&per_page=12&stock_status=instock HTTP/2" 200 26615 "-" "Mozilla/5.0 AppleWebKit/537.36 (KHTML, like Gecko; compatible; GPTBot/1.2; +https://openai.com/gptbot)"
20.171.207.177 - - [14/Mar/2025:12:41:11 +0000] "GET /store/shop/?filter_brand=joseph-joseph%2Cklober&filter_color=beige%2Cblack&filter_size=m%2Cs&per_page=9&stock_status=instock HTTP/2" 200 26604 "-" "Mozilla/5.0 AppleWebKit/537.36 (KHTML, like Gecko; compatible; GPTBot/1.2; +https://openai.com/gptbot)"
20.171.207.177 - - [14/Mar/2025:12:41:14 +0000] "GET /store/shop/?filter_brand=joseph-joseph%2Cklober&filter_color=beige%2Cblack&filter_size=m%2Cs&per_page=9 HTTP/2" 200 26550 "-" "Mozilla/5.0 AppleWebKit/537.36 (KHTML, like Gecko; compatible; GPTBot/1.2; +https://openai.com/gptbot)"
20.171.207.177 - - [14/Mar/2025:12:41:18 +0000] "GET /store/shop/?filter_brand=joseph-joseph%2Cklober&filter_color=beige%2Cblack&filter_size=m%2Cs&per_page=12 HTTP/2" 200 26581 "-" "Mozilla/5.0 AppleWebKit/537.36 (KHTML, like Gecko; compatible; GPTBot/1.2; +https://openai.com/gptbot)"
20.171.207.177 - - [14/Mar/2025:12:41:22 +0000] "GET /store/shop/?filter_brand=joseph-joseph&filter_color=black%2Cblue%2Cyellow&filter_size=m&stock_status=instock%2Consale HTTP/2" 200 23780 "-" "Mozilla/5.0 AppleWebKit/537.36 (KHTML, like Gecko; compatible; GPTBot/1.2; +https://openai.com/gptbot)"
20.171.207.177 - - [14/Mar/2025:12:41:26 +0000] "GET /store/shop/?filter_brand=joseph-joseph%2Cmagisso&filter_color=black%2Cyellow&filter_size=l%2Cm&per_row=4&shop_view=grid&stock_status=instock HTTP/2" 200 26647 "-" "Mozilla/5.0 AppleWebKit/537.36 (KHTML, like Gecko; compatible; GPTBot/1.2; +https://openai.com/gptbot)"
20.171.207.177 - - [14/Mar/2025:12:41:30 +0000] "GET /store/shop/?filter_brand=joseph-joseph%2Cmagisso&filter_color=black%2Cbrown%2Cyellow&filter_size=l%2Cm&per_page=12&per_row=3&shop_view=grid&stock_status=instock%2Consale HTTP/2" 200 23909 "-" "Mozilla/5.0 AppleWebKit/537.36 (KHTML, like Gecko; compatible; GPTBot/1.2; +https://openai.com/gptbot)"
20.171.207.177 - - [14/Mar/2025:12:41:34 +0000] "GET /store/shop/?filter_brand=joseph-joseph%2Cmagisso&filter_color=black%2Cbrown%2Cyellow&filter_size=l%2Cm&per_page=12&per_row=4&shop_view=grid&stock_status=instock%2Consale HTTP/2" 200 23910 "-" "Mozilla/5.0 AppleWebKit/537.36 (KHTML, like Gecko; compatible; GPTBot/1.2; +https://openai.com/gptbot)"
20.171.207.177 - - [14/Mar/2025:12:41:38 +0000] "GET /store/shop/?filter_brand=joseph-joseph%2Cmagisso&filter_color=black%2Cbrown%2Cyellow&filter_size=l%2Cm&per_page=12&per_row=2&shop_view=grid&stock_status=instock%2Consale HTTP/2" 200 23909 "-" "Mozilla/5.0 AppleWebKit/537.36 (KHTML, like Gecko; compatible; GPTBot/1.2; +https://openai.com/gptbot)"
20.171.207.177 - - [14/Mar/2025:12:41:41 +0000] "GET /store/shop/?filter_brand=joseph-joseph%2Cmagisso&filter_color=black%2Cyellow&filter_size=l%2Cm&per_row=3&shop_view=grid&stock_status=instock HTTP/2" 200 26647 "-" "Mozilla/5.0 AppleWebKit/537.36 (KHTML, like Gecko; compatible; GPTBot/1.2; +https://openai.com/gptbot)"
20.171.207.177 - - [14/Mar/2025:12:41:44 +0000] "GET /store/shop/?filter_brand=joseph-joseph%2Cmagisso&filter_color=black%2Cbrown%2Cyellow&filter_size=l%2Cm&per_page=18&per_row=4&shop_view=grid&stock_status=instock HTTP/2" 200 26679 "-" "Mozilla/5.0 AppleWebKit/537.36 (KHTML, like Gecko; compatible; GPTBot/1.2; +https://openai.com/gptbot)"
20.171.207.177 - - [14/Mar/2025:12:41:47 +0000] "GET /store/shop/?filter_brand=joseph-joseph%2Cmagisso&filter_color=black%2Cbrown%2Cyellow&filter_size=l%2Cm&per_page=9&per_row=3&shop_view=grid&stock_status=instock HTTP/2" 200 26647 "-" "Mozilla/5.0 AppleWebKit/537.36 (KHTML, like Gecko; compatible; GPTBot/1.2; +https://openai.com/gptbot)"
20.171.207.177 - - [14/Mar/2025:12:41:50 +0000] "GET /store/shop/?filter_brand=joseph-joseph%2Cmagisso&filter_color=black%2Cbrown%2Cyellow&filter_size=l%2Cm&per_page=18&per_row=2&shop_view=grid&stock_status=instock HTTP/2" 200 26669 "-" "Mozilla/5.0 AppleWebKit/537.36 (KHTML, like Gecko; compatible; GPTBot/1.2; +https://openai.com/gptbot)"
20.171.207.177 - - [14/Mar/2025:12:41:53 +0000] "GET /store/shop/?filter_brand=joseph-joseph%2Cmagisso&filter_color=black%2Cbrown%2Cyellow&filter_size=l%2Cm&per_page=24&per_row=4&shop_view=grid&stock_status=instock HTTP/2" 200 26672 "-" "Mozilla/5.0 AppleWebKit/537.36 (KHTML, like Gecko; compatible; GPTBot/1.2; +https://openai.com/gptbot)"
20.171.207.177 - - [14/Mar/2025:12:41:56 +0000] "GET /store/shop/?filter_brand=joseph-joseph%2Cmagisso&filter_color=black%2Cbrown%2Cyellow&filter_size=l%2Cm&per_page=9&per_row=4&shop_view=grid&stock_status=instock HTTP/2" 500 1035 "-" "Mozilla/5.0 AppleWebKit/537.36 (KHTML, like Gecko; compatible; GPTBot/1.2; +https://openai.com/gptbot)"
20.171.207.177 - - [14/Mar/2025:12:41:59 +0000] "GET /store/shop/?filter_brand=joseph-joseph%2Cmagisso&filter_color=black%2Cbrown%2Cyellow&filter_size=l%2Cm&per_page=24&per_row=3&shop_view=grid&stock_status=instock HTTP/2" 200 26669 "-" "Mozilla/5.0 AppleWebKit/537.36 (KHTML, like Gecko; compatible; GPTBot/1.2; +https://openai.com/gptbot)"
20.171.207.177 - - [14/Mar/2025:12:42:07 +0000] "GET /store/shop/?filter_brand=joseph-joseph%2Cmagisso&filter_color=black%2Cyellow&filter_size=l%2Cm&per_page=18&per_row=4&shop_view=grid&stock_status=instock HTTP/2" 200 26664 "-" "Mozilla/5.0 AppleWebKit/537.36 (KHTML, like Gecko; compatible; GPTBot/1.2; +https://openai.com/gptbot)"
20.171.207.177 - - [14/Mar/2025:12:42:15 +0000] "GET /store/shop/?filter_brand=joseph-joseph%2Cmagisso&filter_color=black%2Cyellow&filter_size=l%2Cm&per_page=12&per_row=4&shop_view=grid&stock_status=instock HTTP/2" 200 26666 "-" "Mozilla/5.0 AppleWebKit/537.36 (KHTML, like Gecko; compatible; GPTBot/1.2; +https://openai.com/gptbot)"
20.171.207.177 - - [14/Mar/2025:12:42:21 +0000] "GET /store/shop/?filter_brand=joseph-joseph%2Cmagisso&filter_color=black%2Cyellow&filter_size=l%2Cm&per_page=9&per_row=4&shop_view=grid&stock_status=instock HTTP/2" 200 26636 "-" "Mozilla/5.0 AppleWebKit/537.36 (KHTML, like Gecko; compatible; GPTBot/1.2; +https://openai.com/gptbot)"
2a06:98c0:3600::103 - - [14/Mar/2025:11:53:30 +0000] "GET /wordpress/wp-admin/setup-config.php HTTP/1.1" 404 1251 "-" "Mozilla/5.0 (Windows NT 10.0; Win64; x64) AppleWebKit/537.36 (KHTML, like Gecko) Chrome/133.0.0.0 Safari/537.36"
38.91.101.117 - - [14/Mar/2025:11:54:57 +0000] "POST /store/wp-cron.php?doing_wp_cron=1741953297.1136779785156250000000 HTTP/1.1" 200 0 "-" "WordPress/6.7.2; https://valuecartpk.shop/store"
38.91.101.117 - - [14/Mar/2025:11:59:57 +0000] "POST /store/wp-cron.php?doing_wp_cron=1741953597.9083878993988037109375 HTTP/1.1" 200 0 "-" "WordPress/6.7.2; https://valuecartpk.shop/store"
38.91.101.117 - - [14/Mar/2025:12:21:57 +0000] "POST /store/wp-cron.php?doing_wp_cron=1741954916.8969759941101074218750 HTTP/1.1" 200 0 "-" "WordPress/6.7.2; https://valuecartpk.shop/store"
103.179.241.131 - - [14/Mar/2025:12:24:43 +0000] "GET /store/ HTTP/2" 500 1035 "https://valuecartpk.shop/store/product/eames-plastic-side-chair/" "Mozilla/5.0 (Windows NT 10.0; Win64; x64) AppleWebKit/537.36 (KHTML, like Gecko) Chrome/134.0.0.0 Safari/537.36"
38.91.101.117 - - [14/Mar/2025:12:27:05 +0000] "POST /store/wp-cron.php?doing_wp_cron=1741955225.8668019771575927734375 HTTP/1.1" 200 0 "-" "WordPress/6.7.2; https://valuecartpk.shop/store"
2a06:98c0:3600::103 - - [14/Mar/2025:12:27:47 +0000] "GET /wordpress/wp-admin/setup-config.php HTTP/1.1" 404 1251 "-" "Mozilla/5.0 (Windows NT 10.0; Win64; x64) AppleWebKit/537.36 (KHTML, like Gecko) Chrome/133.0.0.0 Safari/537.36"
38.91.101.117 - - [14/Mar/2025:12:31:12 +0000] "POST /store/wp-cron.php?doing_wp_cron=1741955472.5416429042816162109375 HTTP/1.1" 200 0 "-" "WordPress/6.7.2; https://valuecartpk.shop/store"
3.145.112.53 - - [14/Mar/2025:12:31:29 +0000] "GET /robots.txt HTTP/2" 404 1251 "-" "Mozilla/5.0 AppleWebKit/537.36 (KHTML, like Gecko; compatible; ClaudeBot/1.0; +claudebot@anthropic.com)"
3.145.112.53 - - [14/Mar/2025:12:31:29 +0000] "GET /wp/wp-includes/js/dist/script-modules/block-library/navigation/view.min.js HTTP/2" 200 1026 "-" "Mozilla/5.0 AppleWebKit/537.36 (KHTML, like Gecko; compatible; ClaudeBot/1.0; +claudebot@anthropic.com)"
2a06:98c0:3600::103 - - [14/Mar/2025:12:31:52 +0000] "GET /wp-admin/setup-config.php HTTP/1.1" 404 1251 "-" "Mozilla/5.0 (Windows NT 10.0; Win64; x64) AppleWebKit/537.36 (KHTML, like Gecko) Chrome/133.0.0.0 Safari/537.36"
38.91.101.117 - - [14/Mar/2025:12:37:19 +0000] "POST /store/wp-cron.php?doing_wp_cron=1741955839.3824610710144042968750 HTTP/1.1" 200 0 "-" "WordPress/6.7.2; https://valuecartpk.shop/store"
20.171.207.177 - - [14/Mar/2025:12:39:45 +0000] "GET /store/shop/?filter_brand=vitra&filter_color=black%2Cblue%2Cbrown%2Cyellow&filter_size=m%2Cs&per_page=18&stock_status=instock HTTP/2" 200 26019 "-" "Mozilla/5.0 AppleWebKit/537.36 (KHTML, like Gecko; compatible; GPTBot/1.2; +https://openai.com/gptbot)"
20.171.207.177 - - [14/Mar/2025:12:39:56 +0000] "GET /store/shop/?filter_brand=vitra&filter_color=black%2Cblue%2Cbrown%2Cyellow&filter_size=m%2Cs&per_page=9&stock_status=instock%2Consale HTTP/2" 200 23873 "-" "Mozilla/5.0 AppleWebKit/537.36 (KHTML, like Gecko; compatible; GPTBot/1.2; +https://openai.com/gptbot)"
20.171.207.177 - - [14/Mar/2025:12:42:28 +0000] "GET /store/shop/?filter_brand=joseph-joseph%2Cmagisso&filter_color=black%2Cyellow&filter_size=l%2Cm&per_page=24&per_row=4&shop_view=grid&stock_status=instock HTTP/2" 200 26668 "-" "Mozilla/5.0 AppleWebKit/537.36 (KHTML, like Gecko; compatible; GPTBot/1.2; +https://openai.com/gptbot)"
20.171.207.177 - - [14/Mar/2025:12:42:33 +0000] "GET /store/shop/?filter_brand=joseph-joseph%2Cmagisso&filter_color=black%2Cyellow&filter_size=l%2Cm&per_page=24&per_row=3&shop_view=grid&stock_status=instock HTTP/2" 200 26671 "-" "Mozilla/5.0 AppleWebKit/537.36 (KHTML, like Gecko; compatible; GPTBot/1.2; +https://openai.com/gptbot)"
20.171.207.177 - - [14/Mar/2025:12:42:38 +0000] "GET /store/shop/?filter_brand=joseph-joseph%2Cmagisso&filter_color=black%2Cyellow&filter_size=l%2Cm&per_page=9&per_row=3&shop_view=grid&stock_status=instock HTTP/2" 200 26629 "-" "Mozilla/5.0 AppleWebKit/537.36 (KHTML, like Gecko; compatible; GPTBot/1.2; +https://openai.com/gptbot)"
20.171.207.177 - - [14/Mar/2025:12:42:43 +0000] "GET /store/shop/?filter_brand=joseph-joseph%2Cmagisso&filter_color=black%2Cyellow&filter_size=l%2Cm&per_page=18&per_row=3&shop_view=grid&stock_status=instock HTTP/2" 200 26669 "-" "Mozilla/5.0 AppleWebKit/537.36 (KHTML, like Gecko; compatible; GPTBot/1.2; +https://openai.com/gptbot)"
20.171.207.177 - - [14/Mar/2025:12:42:47 +0000] "GET /store/shop/?filter_brand=joseph-joseph%2Cmagisso&filter_color=black%2Cyellow&filter_size=l%2Cm&per_page=12&per_row=3&shop_view=grid&stock_status=instock HTTP/2" 200 26673 "-" "Mozilla/5.0 AppleWebKit/537.36 (KHTML, like Gecko; compatible; GPTBot/1.2; +https://openai.com/gptbot)"
20.171.207.177 - - [14/Mar/2025:12:42:51 +0000] "GET /store/shop/?filter_brand=joseph-joseph%2Cmagisso&filter_color=black%2Cbrown%2Cyellow&filter_size=l%2Cm&per_page=18&per_row=2&shop_view=grid&stock_status=instock%2Consale HTTP/2" 200 23911 "-" "Mozilla/5.0 AppleWebKit/537.36 (KHTML, like Gecko; compatible; GPTBot/1.2; +https://openai.com/gptbot)"
20.171.207.177 - - [14/Mar/2025:12:42:55 +0000] "GET /store/shop/?filter_brand=joseph-joseph%2Cmagisso&filter_color=black%2Cbrown%2Cyellow&filter_size=l%2Cm&per_page=24&per_row=4&shop_view=grid&stock_status=instock%2Consale HTTP/2" 500 1035 "-" "Mozilla/5.0 AppleWebKit/537.36 (KHTML, like Gecko; compatible; GPTBot/1.2; +https://openai.com/gptbot)"
20.171.207.177 - - [14/Mar/2025:12:42:58 +0000] "GET /store/shop/?filter_brand=joseph-joseph%2Cmagisso&filter_color=black%2Cbrown%2Cyellow&filter_size=l%2Cm&per_page=24&per_row=3&shop_view=grid&stock_status=instock%2Consale HTTP/2" 200 23910 "-" "Mozilla/5.0 AppleWebKit/537.36 (KHTML, like Gecko; compatible; GPTBot/1.2; +https://openai.com/gptbot)"
20.171.207.177 - - [14/Mar/2025:12:43:08 +0000] "GET /store/shop/?filter_brand=joseph-joseph%2Cmagisso&filter_color=black%2Cyellow&filter_size=l%2Cm&per_page=18&per_row=2&shop_view=grid&stock_status=instock HTTP/2" 200 26654 "-" "Mozilla/5.0 AppleWebKit/537.36 (KHTML, like Gecko; compatible; GPTBot/1.2; +https://openai.com/gptbot)"
20.171.207.177 - - [14/Mar/2025:12:43:17 +0000] "GET /store/shop/?filter_brand=joseph-joseph%2Cmagisso&filter_color=black%2Cbrown%2Cyellow&filter_size=l%2Cm&per_page=18&per_row=4&shop_view=grid&stock_status=instock%2Consale HTTP/2" 200 23909 "-" "Mozilla/5.0 AppleWebKit/537.36 (KHTML, like Gecko; compatible; GPTBot/1.2; +https://openai.com/gptbot)"
20.171.207.177 - - [14/Mar/2025:12:43:26 +0000] "GET /store/shop/?filter_brand=joseph-joseph%2Cmagisso&filter_color=black%2Cyellow&filter_size=l%2Cm&per_page=18&per_row=4&shop_view=grid HTTP/2" 200 26545 "-" "Mozilla/5.0 AppleWebKit/537.36 (KHTML, like Gecko; compatible; GPTBot/1.2; +https://openai.com/gptbot)"
20.171.207.177 - - [14/Mar/2025:12:43:33 +0000] "GET /store/shop/?filter_brand=joseph-joseph%2Cmagisso&filter_color=black%2Cyellow&filter_size=l%2Cm&per_page=18&per_row=4&shop_view=grid&stock_status=instock%2Consale HTTP/2" 500 1034 "-" "Mozilla/5.0 AppleWebKit/537.36 (KHTML, like Gecko; compatible; GPTBot/1.2; +https://openai.com/gptbot)"
103.166.150.82 - - [14/Mar/2025:12:42:24 +0000] "GET /store/product/eames-plastic-side-chair/ HTTP/2" 200 36136 "-" "Mozilla/5.0 (Linux; Android 10; K) AppleWebKit/537.36 (KHTML, like Gecko) Chrome/133.0.0.0 Mobile Safari/537.36"
103.166.150.82 - - [14/Mar/2025:12:42:27 +0000] "GET /store/wp-content/uploads/elementor/css/post-381.css?ver=1741954738 HTTP/2" 200 230 "https://valuecartpk.shop/store/product/eames-plastic-side-chair/" "Mozilla/5.0 (Linux; Android 10; K) AppleWebKit/537.36 (KHTML, like Gecko) Chrome/133.0.0.0 Mobile Safari/537.36"
103.166.150.82 - - [14/Mar/2025:12:42:27 +0000] "GET /store/wp-content/themes/css/parts/woo-mod-variation-form.min.css?ver=7.5.2 HTTP/2" 200 777 "https://valuecartpk.shop/store/product/eames-plastic-side-chair/" "Mozilla/5.0 (Linux; Android 10; K) AppleWebKit/537.36 (KHTML, like Gecko) Chrome/133.0.0.0 Mobile Safari/537.36"
103.166.150.82 - - [14/Mar/2025:12:42:27 +0000] "GET /store/wp-content/themes/css/parts/woo-mod-swatches-dis-style-1.min.css?ver=7.5.2 HTTP/2" 200 88 "https://valuecartpk.shop/store/product/eames-plastic-side-chair/" "Mozilla/5.0 (Linux; Android 10; K) AppleWebKit/537.36 (KHTML, like Gecko) Chrome/133.0.0.0 Mobile Safari/537.36"
103.166.150.82 - - [14/Mar/2025:12:42:27 +0000] "GET /store/wp-content/themes/css/parts/woo-mod-variation-form-single.min.css?ver=7.5.2 HTTP/2" 200 249 "https://valuecartpk.shop/store/product/eames-plastic-side-chair/" "Mozilla/5.0 (Linux; Android 10; K) AppleWebKit/537.36 (KHTML, like Gecko) Chrome/133.0.0.0 Mobile Safari/537.36"
103.166.150.82 - - [14/Mar/2025:12:42:27 +0000] "GET /store/wp-content/uploads/2021/08/eames-plastic-side-chair-3.jpg HTTP/2" 200 13045 "https://valuecartpk.shop/store/product/eames-plastic-side-chair/" "Mozilla/5.0 (Linux; Android 10; K) AppleWebKit/537.36 (KHTML, like Gecko) Chrome/133.0.0.0 Mobile Safari/537.36"
103.166.150.82 - - [14/Mar/2025:12:42:28 +0000] "GET /store/wp-content/uploads/2021/08/eames-plastic-side-chair-4.jpg HTTP/2" 200 41845 "https://valuecartpk.shop/store/product/eames-plastic-side-chair/" "Mozilla/5.0 (Linux; Android 10; K) AppleWebKit/537.36 (KHTML, like Gecko) Chrome/133.0.0.0 Mobile Safari/537.36"
103.166.150.82 - - [14/Mar/2025:12:42:28 +0000] "GET /store/wp-content/uploads/2021/08/size-guide-1.svg HTTP/2" 200 854 "https://valuecartpk.shop/store/product/eames-plastic-side-chair/" "Mozilla/5.0 (Linux; Android 10; K) AppleWebKit/537.36 (KHTML, like Gecko) Chrome/133.0.0.0 Mobile Safari/537.36"
103.166.150.82 - - [14/Mar/2025:12:42:28 +0000] "GET /store/wp-content/uploads/2021/08/furniture-sizes.jpg HTTP/2" 200 25826 "https://valuecartpk.shop/store/product/eames-plastic-side-chair/" "Mozilla/5.0 (Linux; Android 10; K) AppleWebKit/537.36 (KHTML, like Gecko) Chrome/133.0.0.0 Mobile Safari/537.36"
103.166.150.82 - - [14/Mar/2025:12:42:28 +0000] "GET /store/wp-content/uploads/2021/08/wooden-single-drawer-2-1.jpg HTTP/2" 200 15545 "https://valuecartpk.shop/store/product/eames-plastic-side-chair/" "Mozilla/5.0 (Linux; Android 10; K) AppleWebKit/537.36 (KHTML, like Gecko) Chrome/133.0.0.0 Mobile Safari/537.36"
103.166.150.82 - - [14/Mar/2025:12:42:28 +0000] "GET /store/wp-content/uploads/2021/08/size-guide-2.svg HTTP/2" 200 1032 "https://valuecartpk.shop/store/product/eames-plastic-side-chair/" "Mozilla/5.0 (Linux; Android 10; K) AppleWebKit/537.36 (KHTML, like Gecko) Chrome/133.0.0.0 Mobile Safari/537.36"
103.166.150.82 - - [14/Mar/2025:12:42:28 +0000] "GET /store/wp-content/uploads/2021/08/size-guide-3.svg HTTP/2" 200 1222 "https://valuecartpk.shop/store/product/eames-plastic-side-chair/" "Mozilla/5.0 (Linux; Android 10; K) AppleWebKit/537.36 (KHTML, like Gecko) Chrome/133.0.0.0 Mobile Safari/537.36"
103.166.150.82 - - [14/Mar/2025:12:42:32 +0000] "POST /store/?wc-ajax=get_refreshed_fragments HTTP/2" 200 0 "https://valuecartpk.shop/store/product/eames-plastic-side-chair/" "Mozilla/5.0 (Linux; Android 10; K) AppleWebKit/537.36 (KHTML, like Gecko) Chrome/133.0.0.0 Mobile Safari/537.36"
18.222.203.203 - - [14/Mar/2025:12:44:07 +0000] "GET /wp/wp-content/themes/twentytwentyfive/style.css HTTP/2" 200 1008 "-" "Mozilla/5.0 AppleWebKit/537.36 (KHTML, like Gecko; compatible; ClaudeBot/1.0; +claudebot@anthropic.com)"
18.222.203.203 - - [14/Mar/2025:12:44:07 +0000] "GET /wp/xmlrpc.php HTTP/2" 200 1603 "-" "Mozilla/5.0 AppleWebKit/537.36 (KHTML, like Gecko; compatible; ClaudeBot/1.0; +claudebot@anthropic.com)"
65.21.233.213 - - [14/Mar/2025:12:44:23 +0000] "GET /robots.txt HTTP/1.1" 404 1251 "-" "Mozilla/5.0 (compatible; MJ12bot/v1.4.8; http://mj12bot.com/)"
65.21.233.213 - - [14/Mar/2025:12:44:26 +0000] "GET /store/shop/?filter_color=beige,black,blue,brown,yellow&filter_size=m&filter_brand=klober&stock_status=instock HTTP/1.1" 200 23918 "-" "Mozilla/5.0 (compatible; MJ12bot/v1.4.8; http://mj12bot.com/)"
65.21.233.213 - - [14/Mar/2025:12:44:31 +0000] "GET /store/shop/?filter_color=beige,black,blue,brown,yellow&filter_size=m&filter_brand=klober&stock_status=instock,onsale HTTP/1.1" 200 23879 "-" "Mozilla/5.0 (compatible; MJ12bot/v1.4.8; http://mj12bot.com/)"
65.21.233.213 - - [14/Mar/2025:12:44:37 +0000] "GET /store/shop/?filter_color=beige,black,blue,brown,yellow&filter_size=m&filter_brand=klober&stock_status=onsale HTTP/1.1" 200 23888 "-" "Mozilla/5.0 (compatible; MJ12bot/v1.4.8; http://mj12bot.com/)"
65.21.233.213 - - [14/Mar/2025:12:44:42 +0000] "GET /store/shop/?filter_color=beige,black,blue,brown,yellow&filter_size=m&filter_brand=klober,vitra HTTP/1.1" 200 26083 "-" "Mozilla/5.0 (compatible; MJ12bot/v1.4.8; http://mj12bot.com/)"
65.21.233.213 - - [14/Mar/2025:12:44:47 +0000] "GET /store/shop/?filter_color=beige,black,blue,brown,yellow&filter_size=m&filter_brand=vitra&per_page=12 HTTP/1.1" 200 26002 "-" "Mozilla/5.0 (compatible; MJ12bot/v1.4.8; http://mj12bot.com/)"
65.21.233.213 - - [14/Mar/2025:12:44:53 +0000] "GET /store/shop/?filter_color=beige,black,blue,brown,yellow&filter_size=m&filter_brand=vitra&per_page=18 HTTP/1.1" 500 264 "-" "Mozilla/5.0 (compatible; MJ12bot/v1.4.8; http://mj12bot.com/)"
65.21.233.213 - - [14/Mar/2025:12:44:55 +0000] "GET /store/shop/?filter_color=beige,black,blue,brown,yellow&filter_size=m&filter_brand=vitra&per_page=24 HTTP/1.1" 200 25996 "-" "Mozilla/5.0 (compatible; MJ12bot/v1.4.8; http://mj12bot.com/)"
65.21.233.213 - - [14/Mar/2025:12:44:59 +0000] "GET /store/shop/?filter_color=beige,black,blue,brown,yellow&filter_size=m&filter_brand=vitra&per_page=9 HTTP/1.1" 200 25994 "-" "Mozilla/5.0 (compatible; MJ12bot/v1.4.8; http://mj12bot.com/)"
65.21.233.213 - - [14/Mar/2025:12:45:04 +0000] "GET /store/shop/?filter_color=beige,black,blue,brown,yellow&filter_size=m&filter_brand=vitra&shop_view=grid&per_row=2 HTTP/1.1" 500 264 "-" "Mozilla/5.0 (compatible; MJ12bot/v1.4.8; http://mj12bot.com/)"
65.21.233.213 - - [14/Mar/2025:12:45:07 +0000] "GET /store/shop/?filter_color=beige,black,blue,brown,yellow&filter_size=m&filter_brand=vitra&shop_view=grid&per_row=3 HTTP/1.1" 200 26017 "-" "Mozilla/5.0 (compatible; MJ12bot/v1.4.8; http://mj12bot.com/)"
65.21.233.213 - - [14/Mar/2025:12:45:11 +0000] "GET /store/shop/?filter_color=beige,black,blue,brown,yellow&filter_size=m&filter_brand=vitra&shop_view=grid&per_row=4 HTTP/1.1" 200 26019 "-" "Mozilla/5.0 (compatible; MJ12bot/v1.4.8; http://mj12bot.com/)"
65.21.233.213 - - [14/Mar/2025:12:45:17 +0000] "GET /store/shop/?filter_color=beige,black,blue,brown,yellow&filter_size=m&filter_brand=vitra&stock_status=instock HTTP/1.1" 200 26034 "-" "Mozilla/5.0 (compatible; MJ12bot/v1.4.8; http://mj12bot.com/)"
65.21.233.213 - - [14/Mar/2025:12:45:23 +0000] "GET /store/shop/?filter_color=beige,black,blue,brown,yellow&filter_size=m&filter_brand=vitra&stock_status=instock,onsale HTTP/1.1" 200 23831 "-" "Mozilla/5.0 (compatible; MJ12bot/v1.4.8; http://mj12bot.com/)"
65.21.233.213 - - [14/Mar/2025:12:45:27 +0000] "GET /store/shop/?filter_color=beige,black,blue,brown,yellow&filter_size=m&filter_brand=vitra&stock_status=onsale HTTP/1.1" 500 264 "-" "Mozilla/5.0 (compatible; MJ12bot/v1.4.8; http://mj12bot.com/)"
2a06:98c0:3600::103 - - [14/Mar/2025:12:30:48 +0000] "GET /wordpress/wp-admin/setup-config.php HTTP/1.1" 404 1251 "-" "Mozilla/5.0 (Windows NT 10.0; Win64; x64) AppleWebKit/537.36 (KHTML, like Gecko) Chrome/133.0.0.0 Safari/537.36"
195.191.219.131 - - [14/Mar/2025:12:31:01 +0000] "GET /robots.txt HTTP/1.1" 404 1251 "-" "Mozilla/5.0 (compatible; MJ12bot/v2.0.0; http://mj12bot.com/)"
195.191.219.131 - - [14/Mar/2025:12:31:05 +0000] "GET / HTTP/1.1" 200 635 "-" "Mozilla/5.0 (compatible; MJ12bot/v2.0.0; http://mj12bot.com/)"
38.91.101.117 - - [14/Mar/2025:12:33:27 +0000] "GET /wp/ HTTP/1.1" 200 10435 "-" "WordPress/6.7.2; https://multihiv.com/wp"
38.91.101.117 - - [14/Mar/2025:12:33:53 +0000] "POST /store/wp-cron.php?doing_wp_cron=1741955633.0051720142364501953125 HTTP/1.1" 200 0 "-" "WordPress/6.7.2; https://valuecartpk.shop/store"
38.91.101.117 - - [14/Mar/2025:12:34:58 +0000] "POST /store/wp-cron.php?doing_wp_cron=1741955698.4154999256134033203125 HTTP/1.1" 200 0 "-" "WordPress/6.7.2; https://valuecartpk.shop/store"
20.171.207.177 - - [14/Mar/2025:12:39:19 +0000] "GET /store/shop/?filter_brand=vitra&filter_color=black%2Cblue%2Cbrown%2Cyellow&filter_size=m%2Cs&per_page=9 HTTP/2" 200 26022 "-" "Mozilla/5.0 AppleWebKit/537.36 (KHTML, like Gecko; compatible; GPTBot/1.2; +https://openai.com/gptbot)"
20.171.207.177 - - [14/Mar/2025:12:40:16 +0000] "GET /store/shop/?filter_brand=joseph-joseph%2Cklober&filter_color=beige%2Cblack&filter_size=m%2Cs&per_page=24 HTTP/2" 200 26571 "-" "Mozilla/5.0 AppleWebKit/537.36 (KHTML, like Gecko; compatible; GPTBot/1.2; +https://openai.com/gptbot)"
103.179.241.131 - - [14/Mar/2025:12:21:16 +0000] "GET /store/wp-content/uploads/2021/08/lounge-chair-03.jpg HTTP/2" 200 6407 "https://valuecartpk.shop/store/product/eames-lounge-chair/" "Mozilla/5.0 (Linux; Android 10; K) AppleWebKit/537.36 (KHTML, like Gecko) Chrome/134.0.0.0 Mobile Safari/537.36"
103.179.241.131 - - [14/Mar/2025:12:21:17 +0000] "GET /store/wp-content/uploads/2021/08/lounge-chair-05.jpg HTTP/2" 200 12244 "https://valuecartpk.shop/store/product/eames-lounge-chair/" "Mozilla/5.0 (Linux; Android 10; K) AppleWebKit/537.36 (KHTML, like Gecko) Chrome/134.0.0.0 Mobile Safari/537.36"
103.179.241.131 - - [14/Mar/2025:12:21:18 +0000] "GET /store/wp-content/uploads/2021/08/lounge-chair-07.jpg HTTP/2" 200 13269 "https://valuecartpk.shop/store/product/eames-lounge-chair/" "Mozilla/5.0 (Linux; Android 10; K) AppleWebKit/537.36 (KHTML, like Gecko) Chrome/134.0.0.0 Mobile Safari/537.36"
103.179.241.131 - - [14/Mar/2025:12:21:19 +0000] "GET /store/wp-content/uploads/2021/08/lounge-chair-09.jpg HTTP/2" 200 13774 "https://valuecartpk.shop/store/product/eames-lounge-chair/" "Mozilla/5.0 (Linux; Android 10; K) AppleWebKit/537.36 (KHTML, like Gecko) Chrome/134.0.0.0 Mobile Safari/537.36"
103.179.241.131 - - [14/Mar/2025:12:21:19 +0000] "GET /store/wp-content/uploads/2021/08/lounge-chair-11.jpg HTTP/2" 200 11559 "https://valuecartpk.shop/store/product/eames-lounge-chair/" "Mozilla/5.0 (Linux; Android 10; K) AppleWebKit/537.36 (KHTML, like Gecko) Chrome/134.0.0.0 Mobile Safari/537.36"
103.179.241.131 - - [14/Mar/2025:12:21:21 +0000] "GET /store/wp-content/uploads/2021/08/lounge-chair-13.jpg HTTP/2" 200 13451 "https://valuecartpk.shop/store/product/eames-lounge-chair/" "Mozilla/5.0 (Linux; Android 10; K) AppleWebKit/537.36 (KHTML, like Gecko) Chrome/134.0.0.0 Mobile Safari/537.36"
103.179.241.131 - - [14/Mar/2025:12:21:22 +0000] "GET /store/wp-content/uploads/2021/08/lounge-chair-15.jpg HTTP/2" 200 13019 "https://valuecartpk.shop/store/product/eames-lounge-chair/" "Mozilla/5.0 (Linux; Android 10; K) AppleWebKit/537.36 (KHTML, like Gecko) Chrome/134.0.0.0 Mobile Safari/537.36"
103.179.241.131 - - [14/Mar/2025:12:21:22 +0000] "GET /store/wp-content/uploads/2021/08/lounge-chair-17.jpg HTTP/2" 200 13037 "https://valuecartpk.shop/store/product/eames-lounge-chair/" "Mozilla/5.0 (Linux; Android 10; K) AppleWebKit/537.36 (KHTML, like Gecko) Chrome/134.0.0.0 Mobile Safari/537.36"
38.91.101.117 - - [14/Mar/2025:12:27:59 +0000] "POST /store/wp-cron.php?doing_wp_cron=1741955279.4075679779052734375000 HTTP/1.1" 200 0 "-" "WordPress/6.7.2; https://valuecartpk.shop/store"
38.91.101.117 - - [14/Mar/2025:12:29:07 +0000] "POST /store/wp-cron.php?doing_wp_cron=1741955347.2615969181060791015625 HTTP/1.1" 200 0 "-" "WordPress/6.7.2; https://valuecartpk.shop/store"
38.91.101.117 - - [14/Mar/2025:12:33:26 +0000] "POST /wp/wp-cron.php HTTP/1.1" 200 0 "-" "WordPress/6.7.2; https://multihiv.com/wp"
38.91.101.117 - - [14/Mar/2025:12:33:27 +0000] "GET /wp/ HTTP/1.1" 200 10435 "-" "WordPress/6.7.2; https://multihiv.com/wp"
2a06:98c0:3600::103 - - [14/Mar/2025:12:38:28 +0000] "GET /wp-admin/setup-config.php HTTP/1.1" 404 1251 "-" "Mozilla/5.0 (Windows NT 10.0; Win64; x64) AppleWebKit/537.36 (KHTML, like Gecko) Chrome/133.0.0.0 Safari/537.36"
38.91.101.117 - - [14/Mar/2025:12:39:06 +0000] "POST /store/wp-cron.php?doing_wp_cron=1741955945.9761250019073486328125 HTTP/1.1" 200 0 "-" "WordPress/6.7.2; https://valuecartpk.shop/store"
20.171.207.177 - - [14/Mar/2025:12:39:33 +0000] "GET /store/shop/?filter_brand=vitra&filter_color=black%2Cblue%2Cbrown%2Cyellow&filter_size=m%2Cs&per_page=24&stock_status=instock HTTP/2" 200 26033 "-" "Mozilla/5.0 AppleWebKit/537.36 (KHTML, like Gecko; compatible; GPTBot/1.2; +https://openai.com/gptbot)"
20.171.207.177 - - [14/Mar/2025:12:40:24 +0000] "GET /store/shop/?filter_brand=joseph-joseph%2Cmagisso&filter_color=black%2Cbrown%2Cyellow&filter_size=l%2Cm&per_page=12&stock_status=instock%2Consale HTTP/2" 200 23909 "-" "Mozilla/5.0 AppleWebKit/537.36 (KHTML, like Gecko; compatible; GPTBot/1.2; +https://openai.com/gptbot)"
38.91.101.117 - - [14/Mar/2025:11:45:33 +0000] "POST /store/wp-cron.php?doing_wp_cron=1741952733.0860641002655029296875 HTTP/1.1" 200 0 "-" "WordPress/6.7.2; https://valuecartpk.shop/store"
85.208.96.205 - - [14/Mar/2025:11:51:44 +0000] "GET /robots.txt HTTP/1.1" 404 1251 "-" "Mozilla/5.0 (compatible; SemrushBot/7~bl; +http://www.semrush.com/bot.html)"
38.91.101.117 - - [14/Mar/2025:11:55:56 +0000] "POST /store/wp-cron.php?doing_wp_cron=1741953355.8757700920104980468750 HTTP/1.1" 200 0 "-" "WordPress/6.7.2; https://valuecartpk.shop/store"
38.91.101.117 - - [14/Mar/2025:11:57:00 +0000] "POST /store/wp-cron.php?doing_wp_cron=1741953420.2702779769897460937500 HTTP/1.1" 200 0 "-" "WordPress/6.7.2; https://valuecartpk.shop/store"
38.91.101.117 - - [14/Mar/2025:12:00:53 +0000] "POST /store/wp-cron.php?doing_wp_cron=1741953653.8986270427703857421875 HTTP/1.1" 200 0 "-" "WordPress/6.7.2; https://valuecartpk.shop/store"
2a06:98c0:3600::103 - - [14/Mar/2025:12:10:31 +0000] "GET /wp-admin/setup-config.php HTTP/1.1" 404 1251 "-" "Mozilla/5.0 (Windows NT 10.0; Win64; x64) AppleWebKit/537.36 (KHTML, like Gecko) Chrome/133.0.0.0 Safari/537.36"
103.179.241.131 - - [14/Mar/2025:12:20:26 +0000] "GET / HTTP/2" 200 635 "android-app://com.google.android.googlequicksearchbox/" "Mozilla/5.0 (Linux; Android 10; K) AppleWebKit/537.36 (KHTML, like Gecko) Chrome/134.0.0.0 Mobile Safari/537.36"
38.91.101.117 - - [14/Mar/2025:12:23:59 +0000] "POST /store/wp-cron.php?doing_wp_cron=1741955039.6542429924011230468750 HTTP/1.1" 200 0 "-" "WordPress/6.7.2; https://valuecartpk.shop/store"
38.91.101.117 - - [14/Mar/2025:12:38:09 +0000] "POST /store/wp-cron.php?doing_wp_cron=1741955889.2884969711303710937500 HTTP/1.1" 200 0 "-" "WordPress/6.7.2; https://valuecartpk.shop/store"
20.171.207.177 - - [14/Mar/2025:12:39:03 +0000] "GET /store/shop/?filter_brand=eva-solo%2Cjoseph-joseph%2Cmagisso%2Cvitra&filter_color=beige%2Cblack&filter_size=l%2Cs&per_row=3&shop_view=grid HTTP/2" 200 26643 "-" "Mozilla/5.0 AppleWebKit/537.36 (KHTML, like Gecko; compatible; GPTBot/1.2; +https://openai.com/gptbot)"
20.171.207.177 - - [14/Mar/2025:12:40:31 +0000] "GET /store/shop/?filter_brand=joseph-joseph%2Cklober&filter_color=black%2Cblue%2Cyellow&filter_size=m&per_page=18&stock_status=instock%2Consale HTTP/2" 200 23874 "-" "Mozilla/5.0 AppleWebKit/537.36 (KHTML, like Gecko; compatible; GPTBot/1.2; +https://openai.com/gptbot)"
20.171.207.177 - - [14/Mar/2025:12:40:38 +0000] "GET /store/shop/?filter_brand=joseph-joseph%2Cmagisso&filter_color=black%2Cyellow&filter_size=l%2Cm&stock_status=instock HTTP/2" 200 26580 "-" "Mozilla/5.0 AppleWebKit/537.36 (KHTML, like Gecko; compatible; GPTBot/1.2; +https://openai.com/gptbot)"
103.179.241.131 - - [14/Mar/2025:12:18:41 +0000] "GET /store/wp-content/uploads/2025/03/860-by-860-px-800x800.png HTTP/2" 206 657338 "https://valuecartpk.shop/store/" "Mozilla/5.0 (Windows NT 10.0; Win64; x64) AppleWebKit/537.36 (KHTML, like Gecko) Chrome/134.0.0.0 Safari/537.36"
103.179.241.131 - - [14/Mar/2025:12:18:56 +0000] "GET /store/product/eames-plastic-side-chair/ HTTP/2" 200 35354 "https://valuecartpk.shop/store/" "Mozilla/5.0 (Windows NT 10.0; Win64; x64) AppleWebKit/537.36 (KHTML, like Gecko) Chrome/134.0.0.0 Safari/537.36"
38.91.101.117 - - [14/Mar/2025:12:26:42 +0000] "POST /store/wp-cron.php?doing_wp_cron=1741955202.2985999584197998046875 HTTP/1.1" 200 0 "-" "WordPress/6.7.2; https://valuecartpk.shop/store"
38.91.101.117 - - [14/Mar/2025:12:30:56 +0000] "POST /store/wp-cron.php?doing_wp_cron=1741955456.0398519039154052734375 HTTP/1.1" 200 0 "-" "WordPress/6.7.2; https://valuecartpk.shop/store"
2a06:98c0:3600::103 - - [14/Mar/2025:12:35:16 +0000] "GET /wordpress/wp-admin/setup-config.php HTTP/1.1" 404 1251 "-" "Mozilla/5.0 (Windows NT 10.0; Win64; x64) AppleWebKit/537.36 (KHTML, like Gecko) Chrome/133.0.0.0 Safari/537.36"
20.171.207.177 - - [14/Mar/2025:12:38:28 +0000] "GET /store/shop/?filter_brand=joseph-joseph&filter_color=beige%2Cblack%2Cbrown%2Cyellow&filter_size=l%2Cs&per_page=9&stock_status=instock%2Consale HTTP/2" 200 23829 "-" "Mozilla/5.0 AppleWebKit/537.36 (KHTML, like Gecko; compatible; GPTBot/1.2; +https://openai.com/gptbot)"
20.171.207.177 - - [14/Mar/2025:12:38:46 +0000] "GET /store/shop/?filter_brand=eva-solo%2Cklober&filter_color=black%2Cblue%2Cyellow&filter_size=l%2Cm%2Cs&per_page=24&stock_status=instock HTTP/2" 200 26623 "-" "Mozilla/5.0 AppleWebKit/537.36 (KHTML, like Gecko; compatible; GPTBot/1.2; +https://openai.com/gptbot)"
38.91.101.117 - - [14/Mar/2025:12:39:58 +0000] "POST /store/wp-cron.php?doing_wp_cron=1741955998.1694679260253906250000 HTTP/1.1" 200 0 "-" "WordPress/6.7.2; https://valuecartpk.shop/store"
38.91.101.117 - - [14/Mar/2025:12:33:25 +0000] "POST /wp/wp-cron.php?doing_wp_cron=1741955605.2258160114288330078125 HTTP/1.1" 200 0 "-" "WordPress/6.7.2; https://multihiv.com/wp"
38.91.101.117 - - [14/Mar/2025:12:33:28 +0000] "GET /wp/ HTTP/1.1" 200 10418 "-" "WordPress/6.7.2; https://multihiv.com/wp"
38.91.101.117 - - [14/Mar/2025:12:36:02 +0000] "POST /store/wp-cron.php?doing_wp_cron=1741955762.7523729801177978515625 HTTP/1.1" 200 0 "-" "WordPress/6.7.2; https://valuecartpk.shop/store"
18.225.149.198 - - [14/Mar/2025:12:38:14 +0000] "GET /wp/wp-includes/js/dist/script-modules/interactivity/index.min.js HTTP/2" 200 13382 "-" "Mozilla/5.0 AppleWebKit/537.36 (KHTML, like Gecko; compatible; ClaudeBot/1.0; +claudebot@anthropic.com)"
20.171.207.177 - - [14/Mar/2025:12:40:07 +0000] "GET /store/shop/?filter_brand=joseph-joseph%2Cklober%2Cvitra&filter_color=beige%2Cblue%2Cyellow&filter_size=l%2Cm&per_page=9&per_row=3&shop_view=grid&stock_status=onsale HTTP/2" 200 23942 "-" "Mozilla/5.0 AppleWebKit/537.36 (KHTML, like Gecko; compatible; GPTBot/1.2; +https://openai.com/gptbot)"
20.171.207.177 - - [14/Mar/2025:12:43:40 +0000] "GET /store/shop/?filter_brand=joseph-joseph%2Cmagisso&filter_color=black%2Cyellow&filter_size=l%2Cm&per_page=24&per_row=4&shop_view=grid&stock_status=instock%2Consale HTTP/2" 200 23879 "-" "Mozilla/5.0 AppleWebKit/537.36 (KHTML, like Gecko; compatible; GPTBot/1.2; +https://openai.com/gptbot)"
20.171.207.177 - - [14/Mar/2025:12:43:58 +0000] "GET /store/shop/?filter_brand=joseph-joseph%2Cmagisso&filter_color=black%2Cyellow&filter_size=l%2Cm&per_page=24&per_row=3&shop_view=grid&stock_status=instock%2Consale HTTP/2" 200 23879 "-" "Mozilla/5.0 AppleWebKit/537.36 (KHTML, like Gecko; compatible; GPTBot/1.2; +https://openai.com/gptbot)"
