103.166.150.82 - - [14/Mar/2025:14:02:25 +0000] "GET /store/wp-content/uploads/2021/08/lamp-gall-4-sm-154x300.jpg HTTP/1.1" 200 6966 "https://valuecartpk.shop/store/product/henectus-tincidunt/" "Mozilla/5.0 (Linux; Android 10; K) AppleWebKit/537.36 (KHTML, like Gecko) Chrome/133.0.0.0 Mobile Safari/537.36"
103.166.150.82 - - [14/Mar/2025:14:02:25 +0000] "GET /store/wp-content/uploads/2021/08/lamp-gall-6-sm-154x300.jpg HTTP/1.1" 200 7611 "https://valuecartpk.shop/store/product/henectus-tincidunt/" "Mozilla/5.0 (Linux; Android 10; K) AppleWebKit/537.36 (KHTML, like Gecko) Chrome/133.0.0.0 Mobile Safari/537.36"
103.166.150.82 - - [14/Mar/2025:14:02:25 +0000] "GET /store/wp-content/uploads/2021/08/lamp-gall-7-sm-154x300.jpg HTTP/1.1" 200 7249 "https://valuecartpk.shop/store/product/henectus-tincidunt/" "Mozilla/5.0 (Linux; Android 10; K) AppleWebKit/537.36 (KHTML, like Gecko) Chrome/133.0.0.0 Mobile Safari/537.36"
103.166.150.82 - - [14/Mar/2025:14:02:25 +0000] "GET /store/wp-content/uploads/2021/08/lamp-gall-8-sm-154x300.jpg HTTP/1.1" 200 10371 "https://valuecartpk.shop/store/product/henectus-tincidunt/" "Mozilla/5.0 (Linux; Android 10; K) AppleWebKit/537.36 (KHTML, like Gecko) Chrome/133.0.0.0 Mobile Safari/537.36"
103.166.150.82 - - [14/Mar/2025:14:02:25 +0000] "GET /store/wp-content/uploads/2021/08/wd-product-bg-columns-1.jpg HTTP/1.1" 200 116743 "https://valuecartpk.shop/store/wp-content/uploads/elementor/css/post-420.css?ver=1741960937" "Mozilla/5.0 (Linux; Android 10; K) AppleWebKit/537.36 (KHTML, like Gecko) Chrome/133.0.0.0 Mobile Safari/537.36"
103.166.150.82 - - [14/Mar/2025:14:02:25 +0000] "GET /store/wp-content/uploads/2021/08/wd-product-bg-1.jpg HTTP/1.1" 200 253632 "https://valuecartpk.shop/store/wp-content/uploads/elementor/css/post-420.css?ver=1741960937" "Mozilla/5.0 (Linux; Android 10; K) AppleWebKit/537.36 (KHTML, like Gecko) Chrome/133.0.0.0 Mobile Safari/537.36"
103.166.150.82 - - [14/Mar/2025:14:02:28 +0000] "GET /store/wp-content/plugins/elementor/assets/js/text-editor.c084ef86600b6f11690d.bundle.min.js HTTP/1.1" 200 621 "https://valuecartpk.shop/store/product/henectus-tincidunt/" "Mozilla/5.0 (Linux; Android 10; K) AppleWebKit/537.36 (KHTML, like Gecko) Chrome/133.0.0.0 Mobile Safari/537.36"
103.166.150.82 - - [14/Mar/2025:14:02:28 +0000] "GET /store/wp-content/uploads/2021/08/wd-product-video.jpg HTTP/1.1" 200 16437 "https://valuecartpk.shop/store/product/henectus-tincidunt/" "Mozilla/5.0 (Linux; Android 10; K) AppleWebKit/537.36 (KHTML, like Gecko) Chrome/133.0.0.0 Mobile Safari/537.36"
103.166.150.82 - - [14/Mar/2025:14:02:29 +0000] "GET /store/wp-content/uploads/2021/08/wd-product-bg-2.jpg HTTP/1.1" 200 119108 "https://valuecartpk.shop/store/wp-content/uploads/elementor/css/post-420.css?ver=1741960937" "Mozilla/5.0 (Linux; Android 10; K) AppleWebKit/537.36 (KHTML, like Gecko) Chrome/133.0.0.0 Mobile Safari/537.36"
103.166.150.82 - - [14/Mar/2025:14:02:29 +0000] "GET /store/wp-content/uploads/2021/08/senectus-tincidunt-3.jpg HTTP/1.1" 200 16412 "https://valuecartpk.shop/store/product/henectus-tincidunt/" "Mozilla/5.0 (Linux; Android 10; K) AppleWebKit/537.36 (KHTML, like Gecko) Chrome/133.0.0.0 Mobile Safari/537.36"
103.166.150.82 - - [14/Mar/2025:14:02:36 +0000] "GET /store/product/henectus-tincidunt/?add-to-cart=411&quantity=1 HTTP/1.1" 302 0 "https://valuecartpk.shop/store/product/henectus-tincidunt/" "Mozilla/5.0 (Linux; Android 10; K) AppleWebKit/537.36 (KHTML, like Gecko) Chrome/133.0.0.0 Mobile Safari/537.36"
103.166.150.82 - - [14/Mar/2025:14:02:39 +0000] "GET /store/checkout/ HTTP/1.1" 200 40564 "https://valuecartpk.shop/store/product/henectus-tincidunt/" "Mozilla/5.0 (Linux; Android 10; K) AppleWebKit/537.36 (KHTML, like Gecko) Chrome/133.0.0.0 Mobile Safari/537.36"
193.70.81.126 - - [14/Mar/2025:14:02:31 +0000] "GET /store/shop/?filter_color=beige,black,blue,brown,yellow&filter_size=l,s&filter_brand=klober,vitra HTTP/1.1" 200 26567 "-" "Mozilla/5.0 (compatible; MJ12bot/v1.4.8; http://mj12bot.com/)"
193.70.81.126 - - [14/Mar/2025:14:02:39 +0000] "GET /store/shop/?filter_color=beige,black,blue,brown,yellow&filter_size=l,s&filter_brand=magisso,vitra HTTP/1.1" 200 26557 "-" "Mozilla/5.0 (compatible; MJ12bot/v1.4.8; http://mj12bot.com/)"
38.91.101.117 - - [14/Mar/2025:14:02:53 +0000] "POST /store/wp-cron.php?doing_wp_cron=1741960973.7248690128326416015625 HTTP/1.1" 200 0 "-" "WordPress/6.7.2; https://valuecartpk.shop/store"
193.70.81.126 - - [14/Mar/2025:14:02:47 +0000] "GET /store/shop/?filter_color=beige,black,blue,brown,yellow&filter_size=l,s&filter_brand=magisso,vitra&stock_status=instock,onsale HTTP/1.1" 200 23914 "-" "Mozilla/5.0 (compatible; MJ12bot/v1.4.8; http://mj12bot.com/)"
193.70.81.126 - - [14/Mar/2025:14:02:57 +0000] "GET /store/shop/?filter_color=beige,black,blue,brown,yellow&filter_size=l,s&filter_brand=vitra&per_page=12 HTTP/1.1" 200 26045 "-" "Mozilla/5.0 (compatible; MJ12bot/v1.4.8; http://mj12bot.com/)"
193.70.81.126 - - [14/Mar/2025:14:03:04 +0000] "GET /store/shop/?filter_color=beige,black,blue,brown,yellow&filter_size=l,s&filter_brand=vitra&per_page=18 HTTP/1.1" 200 26047 "-" "Mozilla/5.0 (compatible; MJ12bot/v1.4.8; http://mj12bot.com/)"
193.70.81.126 - - [14/Mar/2025:14:03:11 +0000] "GET /store/shop/?filter_color=beige,black,blue,brown,yellow&filter_size=l,s&filter_brand=vitra&per_page=24 HTTP/1.1" 200 26035 "-" "Mozilla/5.0 (compatible; MJ12bot/v1.4.8; http://mj12bot.com/)"
193.70.81.126 - - [14/Mar/2025:14:03:15 +0000] "GET /store/shop/?filter_color=beige,black,blue,brown,yellow&filter_size=l,s&filter_brand=vitra&per_page=9 HTTP/1.1" 200 26010 "-" "Mozilla/5.0 (compatible; MJ12bot/v1.4.8; http://mj12bot.com/)"
193.70.81.126 - - [14/Mar/2025:14:03:21 +0000] "GET /store/shop/?filter_color=beige,black,blue,brown,yellow&filter_size=l,s&filter_brand=vitra&shop_view=grid&per_row=2 HTTP/1.1" 200 26023 "-" "Mozilla/5.0 (compatible; MJ12bot/v1.4.8; http://mj12bot.com/)"
193.70.81.126 - - [14/Mar/2025:14:03:26 +0000] "GET /store/shop/?filter_color=beige,black,blue,brown,yellow&filter_size=l,s&filter_brand=vitra&shop_view=grid&per_row=3 HTTP/1.1" 200 26026 "-" "Mozilla/5.0 (compatible; MJ12bot/v1.4.8; http://mj12bot.com/)"
193.70.81.126 - - [14/Mar/2025:14:03:33 +0000] "GET /store/shop/?filter_color=beige,black,blue,brown,yellow&filter_size=l,s&filter_brand=vitra&shop_view=grid&per_row=4 HTTP/1.1" 200 26022 "-" "Mozilla/5.0 (compatible; MJ12bot/v1.4.8; http://mj12bot.com/)"
193.70.81.126 - - [14/Mar/2025:14:03:38 +0000] "GET /store/shop/?filter_color=beige,black,blue,brown,yellow&filter_size=l,s&filter_brand=vitra&stock_status=instock HTTP/1.1" 200 26045 "-" "Mozilla/5.0 (compatible; MJ12bot/v1.4.8; http://mj12bot.com/)"
193.70.81.126 - - [14/Mar/2025:14:03:45 +0000] "GET /store/shop/?filter_color=beige,black,blue,brown,yellow&filter_size=l,s&filter_brand=vitra&stock_status=instock,onsale HTTP/1.1" 200 23863 "-" "Mozilla/5.0 (compatible; MJ12bot/v1.4.8; http://mj12bot.com/)"
193.70.81.126 - - [14/Mar/2025:14:03:50 +0000] "GET /store/shop/?filter_color=beige,black,blue,brown,yellow&filter_size=l,s&filter_brand=vitra&stock_status=onsale HTTP/1.1" 200 23835 "-" "Mozilla/5.0 (compatible; MJ12bot/v1.4.8; http://mj12bot.com/)"
193.70.81.126 - - [14/Mar/2025:14:03:54 +0000] "GET /store/shop/?filter_color=beige,black,blue,brown,yellow&filter_size=l,s&per_page=12 HTTP/1.1" 200 26481 "-" "Mozilla/5.0 (compatible; MJ12bot/v1.4.8; http://mj12bot.com/)"
193.70.81.126 - - [14/Mar/2025:14:03:59 +0000] "GET /store/shop/?filter_color=beige,black,blue,brown,yellow&filter_size=l,s&per_page=18 HTTP/1.1" 200 26489 "-" "Mozilla/5.0 (compatible; MJ12bot/v1.4.8; http://mj12bot.com/)"
20.171.207.177 - - [14/Mar/2025:14:02:20 +0000] "GET /store/shop/?filter_brand=eva-solo%2Cmagisso%2Cvitra&filter_color=beige%2Cblue%2Cbrown%2Cyellow&per_row=4&shop_view=grid&stock_status=instock HTTP/2" 200 26613 "-" "Mozilla/5.0 AppleWebKit/537.36 (KHTML, like Gecko; compatible; GPTBot/1.2; +https://openai.com/gptbot)"
20.171.207.177 - - [14/Mar/2025:14:02:30 +0000] "GET /store/shop/?filter_brand=joseph-joseph%2Cvitra&filter_color=beige%2Cblue&per_row=3&shop_view=grid&stock_status=instock%2Consale HTTP/2" 200 23767 "-" "Mozilla/5.0 AppleWebKit/537.36 (KHTML, like Gecko; compatible; GPTBot/1.2; +https://openai.com/gptbot)"
20.171.207.177 - - [14/Mar/2025:14:02:39 +0000] "GET /store/shop/?filter_brand=eva-solo%2Cjoseph-joseph%2Cmagisso&filter_color=brown%2Cyellow&filter_size=l&per_page=18&stock_status=instock%2Consale HTTP/2" 200 23840 "-" "Mozilla/5.0 AppleWebKit/537.36 (KHTML, like Gecko; compatible; GPTBot/1.2; +https://openai.com/gptbot)"
20.171.207.177 - - [14/Mar/2025:14:02:47 +0000] "GET /store/shop/?filter_brand=eva-solo%2Cjoseph-joseph%2Cmagisso&filter_color=brown%2Cyellow&filter_size=l&per_page=9&stock_status=instock HTTP/2" 200 26010 "-" "Mozilla/5.0 AppleWebKit/537.36 (KHTML, like Gecko; compatible; GPTBot/1.2; +https://openai.com/gptbot)"
20.171.207.177 - - [14/Mar/2025:14:02:56 +0000] "GET /store/shop/?filter_brand=eva-solo%2Cjoseph-joseph%2Cmagisso&filter_color=beige%2Cblack%2Cblue&filter_size=s&per_page=9&stock_status=instock%2Consale HTTP/2" 200 23906 "-" "Mozilla/5.0 AppleWebKit/537.36 (KHTML, like Gecko; compatible; GPTBot/1.2; +https://openai.com/gptbot)"
20.171.207.177 - - [14/Mar/2025:14:03:05 +0000] "GET /store/shop/?filter_color=beige%2Cblack%2Cblue%2Cbrown%2Cyellow&filter_size=s&per_row=3&shop_view=grid&stock_status=instock HTTP/2" 200 26014 "-" "Mozilla/5.0 AppleWebKit/537.36 (KHTML, like Gecko; compatible; GPTBot/1.2; +https://openai.com/gptbot)"
20.171.207.177 - - [14/Mar/2025:14:03:14 +0000] "GET /store/shop/?filter_brand=eva-solo%2Cjoseph-joseph%2Cmagisso&filter_color=black%2Cblue&filter_size=s&per_page=12&stock_status=instock HTTP/2" 200 26084 "-" "Mozilla/5.0 AppleWebKit/537.36 (KHTML, like Gecko; compatible; GPTBot/1.2; +https://openai.com/gptbot)"
20.171.207.177 - - [14/Mar/2025:14:03:21 +0000] "GET /store/shop/?filter_brand=joseph-joseph%2Cklober&filter_color=beige%2Cblue%2Cbrown%2Cyellow&filter_size=m&per_row=4&shop_view=grid HTTP/2" 200 26084 "-" "Mozilla/5.0 AppleWebKit/537.36 (KHTML, like Gecko; compatible; GPTBot/1.2; +https://openai.com/gptbot)"
20.171.207.177 - - [14/Mar/2025:14:03:28 +0000] "GET /store/shop/?filter_brand=eva-solo%2Cjoseph-joseph%2Cklober%2Cvitra&filter_color=yellow&filter_size=m%2Cs&per_page=24&stock_status=instock%2Consale HTTP/2" 200 23864 "-" "Mozilla/5.0 AppleWebKit/537.36 (KHTML, like Gecko; compatible; GPTBot/1.2; +https://openai.com/gptbot)"
20.171.207.177 - - [14/Mar/2025:14:03:34 +0000] "GET /store/shop/?filter_brand=joseph-joseph%2Cmagisso&filter_color=beige%2Cblack%2Cyellow&filter_size=l%2Cm&per_page=9&stock_status=onsale HTTP/2" 500 1034 "-" "Mozilla/5.0 AppleWebKit/537.36 (KHTML, like Gecko; compatible; GPTBot/1.2; +https://openai.com/gptbot)"
20.171.207.177 - - [14/Mar/2025:14:03:39 +0000] "GET /store/shop/?filter_brand=joseph-joseph%2Cmagisso&filter_color=beige%2Cblack%2Cyellow&filter_size=l%2Cm&per_page=24&stock_status=instock%2Consale HTTP/2" 200 23891 "-" "Mozilla/5.0 AppleWebKit/537.36 (KHTML, like Gecko; compatible; GPTBot/1.2; +https://openai.com/gptbot)"
20.171.207.177 - - [14/Mar/2025:14:03:55 +0000] "GET /store/shop/?filter_brand=joseph-joseph%2Cvitra&filter_color=black%2Cblue%2Cbrown%2Cyellow&filter_size=l%2Cs&per_row=3&shop_view=grid&stock_status=instock HTTP/2" 200 26630 "-" "Mozilla/5.0 AppleWebKit/537.36 (KHTML, like Gecko; compatible; GPTBot/1.2; +https://openai.com/gptbot)"
103.166.150.82 - - [14/Mar/2025:14:02:45 +0000] "GET /store/wp-content/uploads/elementor/css/post-15649.css?ver=1741957790 HTTP/1.1" 200 1745 "https://valuecartpk.shop/store/checkout/" "Mozilla/5.0 (Linux; Android 10; K) AppleWebKit/537.36 (KHTML, like Gecko) Chrome/133.0.0.0 Mobile Safari/537.36"
103.166.150.82 - - [14/Mar/2025:14:02:47 +0000] "POST /store/checkout/?wc-ajax=get_refreshed_fragments&wcf_checkout_id=15649 HTTP/1.1" 200 0 "https://valuecartpk.shop/store/checkout/" "Mozilla/5.0 (Linux; Android 10; K) AppleWebKit/537.36 (KHTML, like Gecko) Chrome/133.0.0.0 Mobile Safari/537.36"
103.166.150.82 - - [14/Mar/2025:14:02:47 +0000] "POST /store/checkout/?wc-ajax=update_order_review&wcf_checkout_id=15649 HTTP/1.1" 200 1327 "https://valuecartpk.shop/store/checkout/" "Mozilla/5.0 (Linux; Android 10; K) AppleWebKit/537.36 (KHTML, like Gecko) Chrome/133.0.0.0 Mobile Safari/537.36"
103.166.150.82 - - [14/Mar/2025:14:03:17 +0000] "POST /store/?wc-ajax=get_refreshed_fragments HTTP/1.1" 200 866 "https://valuecartpk.shop/store/product/henectus-tincidunt/" "Mozilla/5.0 (Linux; Android 10; K) AppleWebKit/537.36 (KHTML, like Gecko) Chrome/133.0.0.0 Mobile Safari/537.36"
103.166.150.82 - - [14/Mar/2025:14:03:29 +0000] "GET /store/product/henectus-tincidunt/?add-to-cart=411&quantity=1 HTTP/1.1" 302 0 "https://valuecartpk.shop/store/product/henectus-tincidunt/" "Mozilla/5.0 (Linux; Android 10; K) AppleWebKit/537.36 (KHTML, like Gecko) Chrome/133.0.0.0 Mobile Safari/537.36"
103.166.150.82 - - [14/Mar/2025:14:03:33 +0000] "GET /store/checkout/ HTTP/1.1" 200 40553 "https://valuecartpk.shop/store/product/henectus-tincidunt/" "Mozilla/5.0 (Linux; Android 10; K) AppleWebKit/537.36 (KHTML, like Gecko) Chrome/133.0.0.0 Mobile Safari/537.36"
103.166.150.82 - - [14/Mar/2025:14:03:39 +0000] "POST /store/checkout/?wc-ajax=get_refreshed_fragments&wcf_checkout_id=15649 HTTP/1.1" 200 0 "https://valuecartpk.shop/store/checkout/" "Mozilla/5.0 (Linux; Android 10; K) AppleWebKit/537.36 (KHTML, like Gecko) Chrome/133.0.0.0 Mobile Safari/537.36"
103.166.150.82 - - [14/Mar/2025:14:03:39 +0000] "POST /store/checkout/?wc-ajax=update_order_review&wcf_checkout_id=15649 HTTP/1.1" 200 1327 "https://valuecartpk.shop/store/checkout/" "Mozilla/5.0 (Linux; Android 10; K) AppleWebKit/537.36 (KHTML, like Gecko) Chrome/133.0.0.0 Mobile Safari/537.36"
103.166.150.82 - - [14/Mar/2025:14:04:02 +0000] "GET /store/product/henectus-tincidunt/?add-to-cart=411&quantity=1 HTTP/1.1" 302 0 "https://valuecartpk.shop/store/product/henectus-tincidunt/" "Mozilla/5.0 (Linux; Android 10; K) AppleWebKit/537.36 (KHTML, like Gecko) Chrome/133.0.0.0 Mobile Safari/537.36"
103.166.150.82 - - [14/Mar/2025:14:04:01 +0000] "POST /store/?wc-ajax=get_refreshed_fragments HTTP/1.1" 200 0 "https://valuecartpk.shop/store/product/henectus-tincidunt/" "Mozilla/5.0 (Linux; Android 10; K) AppleWebKit/537.36 (KHTML, like Gecko) Chrome/133.0.0.0 Mobile Safari/537.36"
103.166.150.82 - - [14/Mar/2025:14:04:06 +0000] "GET /store/checkout/ HTTP/1.1" 200 40550 "https://valuecartpk.shop/store/product/henectus-tincidunt/" "Mozilla/5.0 (Linux; Android 10; K) AppleWebKit/537.36 (KHTML, like Gecko) Chrome/133.0.0.0 Mobile Safari/537.36"
103.166.150.82 - - [14/Mar/2025:14:04:13 +0000] "POST /store/checkout/?wc-ajax=get_refreshed_fragments&wcf_checkout_id=15649 HTTP/1.1" 500 1035 "https://valuecartpk.shop/store/checkout/" "Mozilla/5.0 (Linux; Android 10; K) AppleWebKit/537.36 (KHTML, like Gecko) Chrome/133.0.0.0 Mobile Safari/537.36"
103.166.150.82 - - [14/Mar/2025:14:04:13 +0000] "POST /store/checkout/?wc-ajax=update_order_review&wcf_checkout_id=15649 HTTP/1.1" 200 1331 "https://valuecartpk.shop/store/checkout/" "Mozilla/5.0 (Linux; Android 10; K) AppleWebKit/537.36 (KHTML, like Gecko) Chrome/133.0.0.0 Mobile Safari/537.36"
103.166.150.82 - - [14/Mar/2025:14:04:16 +0000] "GET /store/cart/ HTTP/1.1" 200 44042 "https://valuecartpk.shop/store/checkout/" "Mozilla/5.0 (Linux; Android 10; K) AppleWebKit/537.36 (KHTML, like Gecko) Chrome/133.0.0.0 Mobile Safari/537.36"
38.91.101.117 - - [14/Mar/2025:12:40:56 +0000] "POST /store/wp-cron.php?doing_wp_cron=1741956056.7204871177673339843750 HTTP/1.1" 200 0 "-" "WordPress/6.7.2; https://valuecartpk.shop/store"
38.91.101.117 - - [14/Mar/2025:12:44:02 +0000] "POST /store/wp-cron.php?doing_wp_cron=1741956240.7256450653076171875000 HTTP/1.1" 200 0 "-" "WordPress/6.7.2; https://valuecartpk.shop/store"
34.222.40.140 - - [14/Mar/2025:12:47:36 +0000] "GET / HTTP/1.1" 200 788 "-" "Mozilla/5.0 (Windows NT 10.0; Win64; x64)AppleWebKit/537.36 (KHTML, like Gecko) Chrome/66.0.3359.181 Safari/537.36"
2a06:98c0:3600::103 - - [14/Mar/2025:12:49:19 +0000] "GET /wp-admin/setup-config.php HTTP/1.1" 404 1251 "-" "Mozilla/5.0 (Windows NT 10.0; Win64; x64) AppleWebKit/537.36 (KHTML, like Gecko) Chrome/133.0.0.0 Safari/537.36"
51.222.253.20 - - [14/Mar/2025:12:49:57 +0000] "GET /?ND HTTP/2" 200 639 "-" "Mozilla/5.0 (compatible; AhrefsBot/7.0; +http://ahrefs.com/robot/)"
3.133.138.72 - - [14/Mar/2025:12:53:47 +0000] "GET /wp/2025/02/27/hello-world HTTP/2" 301 0 "-" "Mozilla/5.0 AppleWebKit/537.36 (KHTML, like Gecko; compatible; ClaudeBot/1.0; +claudebot@anthropic.com)"
3.133.138.72 - - [14/Mar/2025:12:53:48 +0000] "GET /wp/2025/02/27/hello-world/ HTTP/2" 200 13172 "https://multihiv.com/wp/2025/02/27/hello-world" "Mozilla/5.0 AppleWebKit/537.36 (KHTML, like Gecko; compatible; ClaudeBot/1.0; +claudebot@anthropic.com)"
38.91.101.117 - - [14/Mar/2025:12:55:57 +0000] "POST /store/wp-cron.php?doing_wp_cron=1741956956.0049710273742675781250 HTTP/1.1" 200 0 "-" "WordPress/6.7.2; https://valuecartpk.shop/store"
38.91.101.117 - - [14/Mar/2025:12:58:40 +0000] "POST /store/wp-cron.php?doing_wp_cron=1741957120.4835109710693359375000 HTTP/1.1" 200 0 "-" "WordPress/6.7.2; https://valuecartpk.shop/store"
38.91.101.117 - - [14/Mar/2025:13:03:03 +0000] "POST /store/wp-cron.php?doing_wp_cron=1741957383.8121759891510009765625 HTTP/1.1" 200 0 "-" "WordPress/6.7.2; https://valuecartpk.shop/store"
38.91.101.117 - - [14/Mar/2025:13:06:56 +0000] "POST /store/wp-cron.php?doing_wp_cron=1741957616.0306179523468017578125 HTTP/1.1" 200 0 "-" "WordPress/6.7.2; https://valuecartpk.shop/store"
38.91.101.117 - - [14/Mar/2025:13:16:03 +0000] "POST /store/wp-cron.php?doing_wp_cron=1741958163.4820148944854736328125 HTTP/1.1" 200 0 "-" "WordPress/6.7.2; https://valuecartpk.shop/store"
38.91.101.117 - - [14/Mar/2025:13:20:03 +0000] "POST /store/wp-cron.php?doing_wp_cron=1741958403.5907731056213378906250 HTTP/1.1" 200 0 "-" "WordPress/6.7.2; https://valuecartpk.shop/store"
2a06:98c0:3600::103 - - [14/Mar/2025:13:36:34 +0000] "GET /wordpress/wp-admin/setup-config.php HTTP/1.1" 404 1251 "-" "Mozilla/5.0 (Windows NT 10.0; Win64; x64) AppleWebKit/537.36 (KHTML, like Gecko) Chrome/133.0.0.0 Safari/537.36"
38.91.101.117 - - [14/Mar/2025:13:41:55 +0000] "POST /store/wp-cron.php?doing_wp_cron=1741959715.0786719322204589843750 HTTP/1.1" 200 0 "-" "WordPress/6.7.2; https://valuecartpk.shop/store"
38.91.101.117 - - [14/Mar/2025:13:44:14 +0000] "POST /store/wp-cron.php?doing_wp_cron=1741959854.6132500171661376953125 HTTP/1.1" 200 0 "-" "WordPress/6.7.2; https://valuecartpk.shop/store"
38.91.101.117 - - [14/Mar/2025:13:44:56 +0000] "POST /store/wp-cron.php?doing_wp_cron=1741959896.6120839118957519531250 HTTP/1.1" 200 0 "-" "WordPress/6.7.2; https://valuecartpk.shop/store"
38.91.101.117 - - [14/Mar/2025:13:48:02 +0000] "POST /store/wp-cron.php?doing_wp_cron=1741960082.5136709213256835937500 HTTP/1.1" 200 0 "-" "WordPress/6.7.2; https://valuecartpk.shop/store"
38.91.101.117 - - [14/Mar/2025:13:58:54 +0000] "POST /store/wp-cron.php?doing_wp_cron=1741960733.9384469985961914062500 HTTP/1.1" 200 0 "-" "WordPress/6.7.2; https://valuecartpk.shop/store"
38.91.101.117 - - [14/Mar/2025:14:03:56 +0000] "POST /store/wp-cron.php?doing_wp_cron=1741961036.5577030181884765625000 HTTP/1.1" 200 0 "-" "WordPress/6.7.2; https://valuecartpk.shop/store"
193.70.81.126 - - [14/Mar/2025:14:04:06 +0000] "GET /store/shop/?filter_color=beige,black,blue,brown,yellow&filter_size=l,s&per_page=24 HTTP/1.1" 200 26481 "-" "Mozilla/5.0 (compatible; MJ12bot/v1.4.8; http://mj12bot.com/)"
193.70.81.126 - - [14/Mar/2025:14:04:14 +0000] "GET /store/shop/?filter_color=beige,black,blue,brown,yellow&filter_size=l,s&per_page=9 HTTP/1.1" 200 26484 "-" "Mozilla/5.0 (compatible; MJ12bot/v1.4.8; http://mj12bot.com/)"
193.70.81.126 - - [14/Mar/2025:14:04:22 +0000] "GET /store/shop/?filter_color=beige,black,blue,brown,yellow&filter_size=l,s&shop_view=grid&per_row=2 HTTP/1.1" 200 26474 "-" "Mozilla/5.0 (compatible; MJ12bot/v1.4.8; http://mj12bot.com/)"
193.70.81.126 - - [14/Mar/2025:14:04:29 +0000] "GET /store/shop/?filter_color=beige,black,blue,brown,yellow&filter_size=l,s&shop_view=grid&per_row=3 HTTP/1.1" 200 26475 "-" "Mozilla/5.0 (compatible; MJ12bot/v1.4.8; http://mj12bot.com/)"
193.70.81.126 - - [14/Mar/2025:14:04:37 +0000] "GET /store/shop/?filter_color=beige,black,blue,brown,yellow&filter_size=l,s&shop_view=grid&per_row=4 HTTP/1.1" 200 26475 "-" "Mozilla/5.0 (compatible; MJ12bot/v1.4.8; http://mj12bot.com/)"
193.70.81.126 - - [14/Mar/2025:14:04:43 +0000] "GET /store/shop/?filter_color=beige,black,blue,brown,yellow&filter_size=l,s&stock_status=instock&filter_brand=eva-solo HTTP/1.1" 200 26193 "-" "Mozilla/5.0 (compatible; MJ12bot/v1.4.8; http://mj12bot.com/)"
193.70.81.126 - - [14/Mar/2025:14:04:49 +0000] "GET /store/shop/?filter_color=beige,black,blue,brown,yellow&filter_size=l,s&stock_status=instock&filter_brand=eva-solo,joseph-joseph,klober,vitra HTTP/1.1" 200 26733 "-" "Mozilla/5.0 (compatible; MJ12bot/v1.4.8; http://mj12bot.com/)"
193.70.81.126 - - [14/Mar/2025:14:04:55 +0000] "GET /store/shop/?filter_color=beige,black,blue,brown,yellow&filter_size=l,s&stock_status=instock&filter_brand=eva-solo,joseph-joseph,magisso HTTP/1.1" 500 264 "-" "Mozilla/5.0 (compatible; MJ12bot/v1.4.8; http://mj12bot.com/)"
193.70.81.126 - - [14/Mar/2025:14:04:57 +0000] "GET /store/shop/?filter_color=beige,black,blue,brown,yellow&filter_size=l,s&stock_status=instock&filter_brand=eva-solo,klober HTTP/1.1" 200 26675 "-" "Mozilla/5.0 (compatible; MJ12bot/v1.4.8; http://mj12bot.com/)"
193.70.81.126 - - [14/Mar/2025:14:05:08 +0000] "GET /store/shop/?filter_color=beige,black,blue,brown,yellow&filter_size=l,s&stock_status=instock&filter_brand=eva-solo,magisso,vitra HTTP/1.1" 200 26661 "-" "Mozilla/5.0 (compatible; MJ12bot/v1.4.8; http://mj12bot.com/)"
193.70.81.126 - - [14/Mar/2025:14:05:14 +0000] "GET /store/shop/?filter_color=beige,black,blue,brown,yellow&filter_size=l,s&stock_status=instock&filter_brand=eva-solo,vitra HTTP/1.1" 200 26600 "-" "Mozilla/5.0 (compatible; MJ12bot/v1.4.8; http://mj12bot.com/)"
193.70.81.126 - - [14/Mar/2025:14:05:22 +0000] "GET /store/shop/?filter_color=beige,black,blue,brown,yellow&filter_size=l,s&stock_status=instock&filter_brand=joseph-joseph HTTP/1.1" 500 262 "-" "Mozilla/5.0 (compatible; MJ12bot/v1.4.8; http://mj12bot.com/)"
193.70.81.126 - - [14/Mar/2025:14:05:24 +0000] "GET /store/shop/?filter_color=beige,black,blue,brown,yellow&filter_size=l,s&stock_status=instock&filter_brand=joseph-joseph,klober HTTP/1.1" 200 26646 "-" "Mozilla/5.0 (compatible; MJ12bot/v1.4.8; http://mj12bot.com/)"
193.70.81.126 - - [14/Mar/2025:14:05:30 +0000] "GET /store/shop/?filter_color=beige,black,blue,brown,yellow&filter_size=l,s&stock_status=instock&filter_brand=joseph-joseph,magisso,vitra HTTP/1.1" 200 26656 "-" "Mozilla/5.0 (compatible; MJ12bot/v1.4.8; http://mj12bot.com/)"
193.70.81.126 - - [14/Mar/2025:14:05:37 +0000] "GET /store/shop/?filter_color=beige,black,blue,brown,yellow&filter_size=l,s&stock_status=instock&filter_brand=joseph-joseph,vitra HTTP/1.1" 200 26597 "-" "Mozilla/5.0 (compatible; MJ12bot/v1.4.8; http://mj12bot.com/)"
193.70.81.126 - - [14/Mar/2025:14:05:43 +0000] "GET /store/shop/?filter_color=beige,black,blue,brown,yellow&filter_size=l,s&stock_status=instock&filter_brand=klober,vitra HTTP/1.1" 200 26668 "-" "Mozilla/5.0 (compatible; MJ12bot/v1.4.8; http://mj12bot.com/)"
20.171.207.177 - - [14/Mar/2025:14:04:10 +0000] "GET /store/shop/?filter_brand=joseph-joseph%2Cmagisso&filter_color=beige%2Cblack%2Cyellow&filter_size=l%2Cm&per_page=24&per_row=3&shop_view=grid&stock_status=instock HTTP/2" 200 26670 "-" "Mozilla/5.0 AppleWebKit/537.36 (KHTML, like Gecko; compatible; GPTBot/1.2; +https://openai.com/gptbot)"
20.171.207.177 - - [14/Mar/2025:14:04:24 +0000] "GET /store/shop/?filter_brand=eva-solo%2Cmagisso%2Cvitra&filter_color=beige%2Cblue%2Cbrown%2Cyellow&per_page=18&per_row=4&shop_view=grid&stock_status=instock HTTP/2" 200 26650 "-" "Mozilla/5.0 AppleWebKit/537.36 (KHTML, like Gecko; compatible; GPTBot/1.2; +https://openai.com/gptbot)"
20.171.207.177 - - [14/Mar/2025:14:04:36 +0000] "GET /store/shop/?filter_brand=eva-solo%2Cjoseph-joseph%2Cmagisso&filter_color=brown%2Cyellow&filter_size=l&per_page=9&stock_status=instock%2Consale HTTP/2" 200 23845 "-" "Mozilla/5.0 AppleWebKit/537.36 (KHTML, like Gecko; compatible; GPTBot/1.2; +https://openai.com/gptbot)"
20.171.207.177 - - [14/Mar/2025:14:04:48 +0000] "GET /store/shop/?filter_brand=joseph-joseph%2Cmagisso&filter_color=beige%2Cblack%2Cyellow&filter_size=l%2Cm&per_page=24&per_row=4&shop_view=grid&stock_status=instock HTTP/2" 200 26670 "-" "Mozilla/5.0 AppleWebKit/537.36 (KHTML, like Gecko; compatible; GPTBot/1.2; +https://openai.com/gptbot)"
20.171.207.177 - - [14/Mar/2025:14:04:58 +0000] "GET /store/shop/?filter_brand=joseph-joseph&filter_color=beige%2Cblack%2Cblue%2Cbrown%2Cyellow&filter_size=s&stock_status=instock HTTP/2" 200 23857 "-" "Mozilla/5.0 AppleWebKit/537.36 (KHTML, like Gecko; compatible; GPTBot/1.2; +https://openai.com/gptbot)"
20.171.207.177 - - [14/Mar/2025:14:05:07 +0000] "GET /store/shop/?filter_brand=joseph-joseph%2Cklober&filter_color=beige%2Cblue%2Cbrown%2Cyellow&filter_size=m&per_row=4&shop_view=grid&stock_status=onsale HTTP/2" 200 23904 "-" "Mozilla/5.0 AppleWebKit/537.36 (KHTML, like Gecko; compatible; GPTBot/1.2; +https://openai.com/gptbot)"
20.171.207.177 - - [14/Mar/2025:14:05:15 +0000] "GET /store/shop/?filter_brand=joseph-joseph%2Cklober&filter_color=beige%2Cblue%2Cbrown%2Cyellow&filter_size=m&per_row=4&shop_view=grid&stock_status=instock HTTP/2" 200 26122 "-" "Mozilla/5.0 AppleWebKit/537.36 (KHTML, like Gecko; compatible; GPTBot/1.2; +https://openai.com/gptbot)"
20.171.207.177 - - [14/Mar/2025:14:05:23 +0000] "GET /store/shop/?filter_brand=joseph-joseph%2Cmagisso&filter_color=beige%2Cblack%2Cyellow&filter_size=l%2Cm&per_page=24&per_row=2&shop_view=grid&stock_status=instock HTTP/2" 200 26661 "-" "Mozilla/5.0 AppleWebKit/537.36 (KHTML, like Gecko; compatible; GPTBot/1.2; +https://openai.com/gptbot)"
20.171.207.177 - - [14/Mar/2025:14:05:30 +0000] "GET /store/shop/?filter_brand=eva-solo%2Cjoseph-joseph%2Cmagisso&filter_color=black%2Cblue&filter_size=s&per_page=18&stock_status=instock HTTP/2" 200 26084 "-" "Mozilla/5.0 AppleWebKit/537.36 (KHTML, like Gecko; compatible; GPTBot/1.2; +https://openai.com/gptbot)"
20.171.207.177 - - [14/Mar/2025:14:05:36 +0000] "GET /store/shop/?filter_brand=joseph-joseph%2Cvitra&filter_color=black%2Cblue%2Cbrown%2Cyellow&filter_size=l%2Cs&per_row=4&shop_view=grid HTTP/2" 200 26560 "-" "Mozilla/5.0 AppleWebKit/537.36 (KHTML, like Gecko; compatible; GPTBot/1.2; +https://openai.com/gptbot)"
20.171.207.177 - - [14/Mar/2025:14:05:42 +0000] "GET /store/shop/?filter_brand=joseph-joseph%2Cvitra&filter_color=black%2Cblue%2Cbrown%2Cyellow&filter_size=l%2Cs&per_row=4&shop_view=grid&stock_status=instock HTTP/2" 200 26629 "-" "Mozilla/5.0 AppleWebKit/537.36 (KHTML, like Gecko; compatible; GPTBot/1.2; +https://openai.com/gptbot)"
20.171.207.177 - - [14/Mar/2025:14:05:48 +0000] "GET /store/shop/?filter_brand=joseph-joseph%2Cmagisso&filter_color=beige%2Cblack%2Cyellow&filter_size=l%2Cm&per_page=24&per_row=3&shop_view=grid&stock_status=instock%2Consale HTTP/2" 200 23913 "-" "Mozilla/5.0 AppleWebKit/537.36 (KHTML, like Gecko; compatible; GPTBot/1.2; +https://openai.com/gptbot)"
38.91.101.117 - - [14/Mar/2025:14:05:55 +0000] "POST /store/wp-cron.php?doing_wp_cron=1741961155.0097279548645019531250 HTTP/1.1" 200 0 "-" "WordPress/6.7.2; https://valuecartpk.shop/store"
193.70.81.126 - - [14/Mar/2025:14:05:52 +0000] "GET /store/shop/?filter_color=beige,black,blue,brown,yellow&filter_size=l,s&stock_status=instock&filter_brand=magisso HTTP/1.1" 200 23901 "-" "Mozilla/5.0 (compatible; MJ12bot/v1.4.8; http://mj12bot.com/)"
193.70.81.126 - - [14/Mar/2025:14:05:59 +0000] "GET /store/shop/?filter_color=beige,black,blue,brown,yellow&filter_size=l,s&stock_status=instock,onsale HTTP/1.1" 200 23812 "-" "Mozilla/5.0 (compatible; MJ12bot/v1.4.8; http://mj12bot.com/)"
193.70.81.126 - - [14/Mar/2025:14:06:06 +0000] "GET /store/shop/?filter_color=beige,black,blue,brown,yellow&filter_size=l,s&stock_status=onsale&filter_brand=eva-solo HTTP/1.1" 200 23862 "-" "Mozilla/5.0 (compatible; MJ12bot/v1.4.8; http://mj12bot.com/)"
193.70.81.126 - - [14/Mar/2025:14:06:13 +0000] "GET /store/shop/?filter_color=beige,black,blue,brown,yellow&filter_size=l,s&stock_status=onsale&filter_brand=eva-solo,joseph-joseph,klober,vitra HTTP/1.1" 200 24105 "-" "Mozilla/5.0 (compatible; MJ12bot/v1.4.8; http://mj12bot.com/)"
193.70.81.126 - - [14/Mar/2025:14:06:17 +0000] "GET /store/shop/?filter_color=beige,black,blue,brown,yellow&filter_size=l,s&stock_status=onsale&filter_brand=eva-solo,joseph-joseph,magisso HTTP/1.1" 200 23941 "-" "Mozilla/5.0 (compatible; MJ12bot/v1.4.8; http://mj12bot.com/)"
193.70.81.126 - - [14/Mar/2025:14:06:24 +0000] "GET /store/shop/?filter_color=beige,black,blue,brown,yellow&filter_size=l,s&stock_status=onsale&filter_brand=eva-solo,klober HTTP/1.1" 200 23943 "-" "Mozilla/5.0 (compatible; MJ12bot/v1.4.8; http://mj12bot.com/)"
193.70.81.126 - - [14/Mar/2025:14:06:28 +0000] "GET /store/shop/?filter_color=beige,black,blue,brown,yellow&filter_size=l,s&stock_status=onsale&filter_brand=eva-solo,magisso,vitra HTTP/1.1" 200 23957 "-" "Mozilla/5.0 (compatible; MJ12bot/v1.4.8; http://mj12bot.com/)"
193.70.81.126 - - [14/Mar/2025:14:06:35 +0000] "GET /store/shop/?filter_color=beige,black,blue,brown,yellow&filter_size=l,s&stock_status=onsale&filter_brand=eva-solo,vitra HTTP/1.1" 200 23878 "-" "Mozilla/5.0 (compatible; MJ12bot/v1.4.8; http://mj12bot.com/)"
193.70.81.126 - - [14/Mar/2025:14:06:39 +0000] "GET /store/shop/?filter_color=beige,black,blue,brown,yellow&filter_size=l,s&stock_status=onsale&filter_brand=joseph-joseph HTTP/1.1" 200 23844 "-" "Mozilla/5.0 (compatible; MJ12bot/v1.4.8; http://mj12bot.com/)"
193.70.81.126 - - [14/Mar/2025:14:06:43 +0000] "GET /store/shop/?filter_color=beige,black,blue,brown,yellow&filter_size=l,s&stock_status=onsale&filter_brand=joseph-joseph,klober HTTP/1.1" 200 23952 "-" "Mozilla/5.0 (compatible; MJ12bot/v1.4.8; http://mj12bot.com/)"
193.70.81.126 - - [14/Mar/2025:14:06:47 +0000] "GET /store/shop/?filter_color=beige,black,blue,brown,yellow&filter_size=l,s&stock_status=onsale&filter_brand=joseph-joseph,magisso,vitra HTTP/1.1" 200 23959 "-" "Mozilla/5.0 (compatible; MJ12bot/v1.4.8; http://mj12bot.com/)"
193.70.81.126 - - [14/Mar/2025:14:06:51 +0000] "GET /store/shop/?filter_color=beige,black,blue,brown,yellow&filter_size=l,s&stock_status=onsale&filter_brand=joseph-joseph,vitra HTTP/1.1" 200 23907 "-" "Mozilla/5.0 (compatible; MJ12bot/v1.4.8; http://mj12bot.com/)"
193.70.81.126 - - [14/Mar/2025:14:06:56 +0000] "GET /store/shop/?filter_color=beige,black,blue,brown,yellow&filter_size=l,s&stock_status=onsale&filter_brand=klober,vitra HTTP/1.1" 200 23943 "-" "Mozilla/5.0 (compatible; MJ12bot/v1.4.8; http://mj12bot.com/)"
193.70.81.126 - - [14/Mar/2025:14:07:00 +0000] "GET /store/shop/?filter_color=beige,black,blue,brown,yellow&filter_size=l,s&stock_status=onsale&filter_brand=magisso HTTP/1.1" 200 23952 "-" "Mozilla/5.0 (compatible; MJ12bot/v1.4.8; http://mj12bot.com/)"
193.70.81.126 - - [14/Mar/2025:14:07:06 +0000] "GET /store/shop/?filter_color=beige,black,blue,brown,yellow&filter_size=m HTTP/1.1" 200 25928 "-" "Mozilla/5.0 (compatible; MJ12bot/v1.4.8; http://mj12bot.com/)"
20.171.207.177 - - [14/Mar/2025:14:05:53 +0000] "GET /store/shop/?filter_brand=joseph-joseph%2Cmagisso&filter_color=beige%2Cblack%2Cyellow&filter_size=l%2Cm&per_page=12&per_row=3&shop_view=grid&stock_status=instock HTTP/2" 200 26679 "-" "Mozilla/5.0 AppleWebKit/537.36 (KHTML, like Gecko; compatible; GPTBot/1.2; +https://openai.com/gptbot)"
20.171.207.177 - - [14/Mar/2025:14:06:00 +0000] "GET /store/shop/?filter_brand=joseph-joseph%2Cmagisso&filter_color=beige%2Cblack%2Cyellow&filter_size=l%2Cm&per_page=18&per_row=3&shop_view=grid&stock_status=instock HTTP/2" 200 26678 "-" "Mozilla/5.0 AppleWebKit/537.36 (KHTML, like Gecko; compatible; GPTBot/1.2; +https://openai.com/gptbot)"
20.171.207.177 - - [14/Mar/2025:14:06:05 +0000] "GET /store/shop/?filter_brand=joseph-joseph%2Cmagisso&filter_color=beige%2Cblack%2Cyellow&filter_size=l%2Cm&per_page=24&per_row=4&shop_view=grid&stock_status=instock%2Consale HTTP/2" 200 23912 "-" "Mozilla/5.0 AppleWebKit/537.36 (KHTML, like Gecko; compatible; GPTBot/1.2; +https://openai.com/gptbot)"
20.171.207.177 - - [14/Mar/2025:14:06:11 +0000] "GET /store/shop/?filter_brand=joseph-joseph%2Cvitra&filter_color=black%2Cblue%2Cbrown%2Cyellow&filter_size=l%2Cs&per_page=18&per_row=3&shop_view=grid&stock_status=instock HTTP/2" 200 26609 "-" "Mozilla/5.0 AppleWebKit/537.36 (KHTML, like Gecko; compatible; GPTBot/1.2; +https://openai.com/gptbot)"
20.171.207.177 - - [14/Mar/2025:14:06:17 +0000] "GET /store/shop/?filter_brand=joseph-joseph%2Cmagisso&filter_color=beige%2Cblack%2Cyellow&filter_size=l%2Cm&per_page=18&per_row=4&shop_view=grid&stock_status=instock HTTP/2" 200 26678 "-" "Mozilla/5.0 AppleWebKit/537.36 (KHTML, like Gecko; compatible; GPTBot/1.2; +https://openai.com/gptbot)"
20.171.207.177 - - [14/Mar/2025:14:06:22 +0000] "GET /store/shop/?filter_brand=joseph-joseph%2Cklober&filter_color=beige%2Cblue%2Cbrown%2Cyellow&filter_size=m&per_row=3&shop_view=grid&stock_status=instock HTTP/2" 500 1035 "-" "Mozilla/5.0 AppleWebKit/537.36 (KHTML, like Gecko; compatible; GPTBot/1.2; +https://openai.com/gptbot)"
20.171.207.177 - - [14/Mar/2025:14:06:28 +0000] "GET /store/shop/?filter_brand=joseph-joseph%2Cklober&filter_color=beige%2Cblue%2Cbrown%2Cyellow&filter_size=m&per_page=18&per_row=4&shop_view=grid&stock_status=instock HTTP/2" 200 26177 "-" "Mozilla/5.0 AppleWebKit/537.36 (KHTML, like Gecko; compatible; GPTBot/1.2; +https://openai.com/gptbot)"
20.171.207.177 - - [14/Mar/2025:14:06:44 +0000] "GET /store/shop/?filter_brand=joseph-joseph%2Cklober&filter_color=beige%2Cblue%2Cbrown%2Cyellow&filter_size=m&per_page=9&per_row=4&shop_view=grid&stock_status=instock HTTP/2" 200 26158 "-" "Mozilla/5.0 AppleWebKit/537.36 (KHTML, like Gecko; compatible; GPTBot/1.2; +https://openai.com/gptbot)"
20.171.207.177 - - [14/Mar/2025:14:06:58 +0000] "GET /store/shop/?filter_brand=joseph-joseph%2Cmagisso&filter_color=beige%2Cblack%2Cyellow&filter_size=l%2Cm&per_page=12&per_row=2&shop_view=grid&stock_status=instock HTTP/2" 200 26659 "-" "Mozilla/5.0 AppleWebKit/537.36 (KHTML, like Gecko; compatible; GPTBot/1.2; +https://openai.com/gptbot)"
20.171.207.177 - - [14/Mar/2025:14:07:12 +0000] "GET /store/shop/?filter_brand=joseph-joseph%2Cvitra&filter_color=black%2Cblue%2Cbrown%2Cyellow&filter_size=l%2Cs&per_page=24&per_row=4&shop_view=grid&stock_status=instock HTTP/2" 200 26606 "-" "Mozilla/5.0 AppleWebKit/537.36 (KHTML, like Gecko; compatible; GPTBot/1.2; +https://openai.com/gptbot)"
20.171.207.177 - - [14/Mar/2025:14:07:24 +0000] "GET /store/shop/?filter_brand=joseph-joseph%2Cvitra&filter_color=black%2Cblue%2Cbrown%2Cyellow&filter_size=l%2Cs&per_page=12&per_row=4&shop_view=grid&stock_status=instock HTTP/2" 200 26597 "-" "Mozilla/5.0 AppleWebKit/537.36 (KHTML, like Gecko; compatible; GPTBot/1.2; +https://openai.com/gptbot)"
193.70.81.126 - - [14/Mar/2025:14:07:11 +0000] "GET /store/shop/?filter_color=beige,black,blue,brown,yellow&filter_size=m&filter_brand=eva-solo,joseph-joseph,klober,vitra HTTP/1.1" 200 26098 "-" "Mozilla/5.0 (compatible; MJ12bot/v1.4.8; http://mj12bot.com/)"
193.70.81.126 - - [14/Mar/2025:14:07:16 +0000] "GET /store/shop/?filter_color=beige,black,blue,brown,yellow&filter_size=m&filter_brand=eva-solo,klober HTTP/1.1" 500 264 "-" "Mozilla/5.0 (compatible; MJ12bot/v1.4.8; http://mj12bot.com/)"
193.70.81.126 - - [14/Mar/2025:14:07:18 +0000] "GET /store/shop/?filter_color=beige,black,blue,brown,yellow&filter_size=m&filter_brand=eva-solo,klober,vitra&per_page=12 HTTP/1.1" 200 26132 "-" "Mozilla/5.0 (compatible; MJ12bot/v1.4.8; http://mj12bot.com/)"
193.70.81.126 - - [14/Mar/2025:14:07:22 +0000] "GET /store/shop/?filter_color=beige,black,blue,brown,yellow&filter_size=m&filter_brand=eva-solo,klober,vitra&per_page=18 HTTP/1.1" 200 26130 "-" "Mozilla/5.0 (compatible; MJ12bot/v1.4.8; http://mj12bot.com/)"
193.70.81.126 - - [14/Mar/2025:14:07:28 +0000] "GET /store/shop/?filter_color=beige,black,blue,brown,yellow&filter_size=m&filter_brand=eva-solo,klober,vitra&per_page=24 HTTP/1.1" 200 26126 "-" "Mozilla/5.0 (compatible; MJ12bot/v1.4.8; http://mj12bot.com/)"
193.70.81.126 - - [14/Mar/2025:14:07:34 +0000] "GET /store/shop/?filter_color=beige,black,blue,brown,yellow&filter_size=m&filter_brand=eva-solo,klober,vitra&per_page=9 HTTP/1.1" 200 26077 "-" "Mozilla/5.0 (compatible; MJ12bot/v1.4.8; http://mj12bot.com/)"
193.70.81.126 - - [14/Mar/2025:14:07:40 +0000] "GET /store/shop/?filter_color=beige,black,blue,brown,yellow&filter_size=m&filter_brand=eva-solo,klober,vitra&shop_view=grid&per_row=2 HTTP/1.1" 200 26117 "-" "Mozilla/5.0 (compatible; MJ12bot/v1.4.8; http://mj12bot.com/)"
193.70.81.126 - - [14/Mar/2025:14:07:44 +0000] "GET /store/shop/?filter_color=beige,black,blue,brown,yellow&filter_size=m&filter_brand=eva-solo,klober,vitra&shop_view=grid&per_row=3 HTTP/1.1" 200 26126 "-" "Mozilla/5.0 (compatible; MJ12bot/v1.4.8; http://mj12bot.com/)"
193.70.81.126 - - [14/Mar/2025:14:07:50 +0000] "GET /store/shop/?filter_color=beige,black,blue,brown,yellow&filter_size=m&filter_brand=eva-solo,klober,vitra&shop_view=grid&per_row=4 HTTP/1.1" 500 264 "-" "Mozilla/5.0 (compatible; MJ12bot/v1.4.8; http://mj12bot.com/)"
193.70.81.126 - - [14/Mar/2025:14:07:52 +0000] "GET /store/shop/?filter_color=beige,black,blue,brown,yellow&filter_size=m&filter_brand=eva-solo,klober,vitra&stock_status=instock HTTP/1.1" 200 26161 "-" "Mozilla/5.0 (compatible; MJ12bot/v1.4.8; http://mj12bot.com/)"
193.70.81.126 - - [14/Mar/2025:14:07:59 +0000] "GET /store/shop/?filter_color=beige,black,blue,brown,yellow&filter_size=m&filter_brand=eva-solo,klober,vitra&stock_status=instock,onsale HTTP/1.1" 200 23939 "-" "Mozilla/5.0 (compatible; MJ12bot/v1.4.8; http://mj12bot.com/)"
193.70.81.126 - - [14/Mar/2025:14:08:05 +0000] "GET /store/shop/?filter_color=beige,black,blue,brown,yellow&filter_size=m&filter_brand=eva-solo,klober,vitra&stock_status=onsale HTTP/1.1" 200 23925 "-" "Mozilla/5.0 (compatible; MJ12bot/v1.4.8; http://mj12bot.com/)"
193.70.81.126 - - [14/Mar/2025:14:08:11 +0000] "GET /store/shop/?filter_color=beige,black,blue,brown,yellow&filter_size=m&filter_brand=eva-solo,vitra HTTP/1.1" 200 25988 "-" "Mozilla/5.0 (compatible; MJ12bot/v1.4.8; http://mj12bot.com/)"
193.70.81.126 - - [14/Mar/2025:14:08:16 +0000] "GET /store/shop/?filter_color=beige,black,blue,brown,yellow&filter_size=m&filter_brand=joseph-joseph,klober HTTP/1.1" 200 26048 "-" "Mozilla/5.0 (compatible; MJ12bot/v1.4.8; http://mj12bot.com/)"
193.70.81.126 - - [14/Mar/2025:14:08:21 +0000] "GET /store/shop/?filter_color=beige,black,blue,brown,yellow&filter_size=m&filter_brand=joseph-joseph,klober,vitra&per_page=12 HTTP/1.1" 500 264 "-" "Mozilla/5.0 (compatible; MJ12bot/v1.4.8; http://mj12bot.com/)"
20.171.207.177 - - [14/Mar/2025:14:07:34 +0000] "GET /store/shop/?filter_brand=joseph-joseph%2Cmagisso&filter_color=beige%2Cblack%2Cyellow&filter_size=l%2Cm&per_page=12&per_row=3&shop_view=grid&stock_status=instock%2Consale HTTP/2" 200 23918 "-" "Mozilla/5.0 AppleWebKit/537.36 (KHTML, like Gecko; compatible; GPTBot/1.2; +https://openai.com/gptbot)"
20.171.207.177 - - [14/Mar/2025:14:07:43 +0000] "GET /store/shop/?filter_brand=joseph-joseph%2Cmagisso&filter_color=beige%2Cblack%2Cyellow&filter_size=l%2Cm&per_page=18&per_row=3&shop_view=grid&stock_status=instock%2Consale HTTP/2" 200 23914 "-" "Mozilla/5.0 AppleWebKit/537.36 (KHTML, like Gecko; compatible; GPTBot/1.2; +https://openai.com/gptbot)"
20.171.207.177 - - [14/Mar/2025:14:07:52 +0000] "GET /store/shop/?filter_brand=joseph-joseph%2Cvitra&filter_color=black%2Cblue%2Cbrown%2Cyellow&filter_size=l%2Cs&per_page=18&per_row=3&shop_view=grid&stock_status=instock%2Consale HTTP/2" 200 23906 "-" "Mozilla/5.0 AppleWebKit/537.36 (KHTML, like Gecko; compatible; GPTBot/1.2; +https://openai.com/gptbot)"
20.171.207.177 - - [14/Mar/2025:14:08:00 +0000] "GET /store/shop/?filter_brand=joseph-joseph%2Cmagisso&filter_color=beige%2Cblack%2Cyellow&filter_size=l%2Cm&per_page=24&per_row=3&shop_view=grid&stock_status=onsale HTTP/2" 200 23919 "-" "Mozilla/5.0 AppleWebKit/537.36 (KHTML, like Gecko; compatible; GPTBot/1.2; +https://openai.com/gptbot)"
20.171.207.177 - - [14/Mar/2025:14:08:07 +0000] "GET /store/shop/?filter_brand=joseph-joseph%2Cmagisso&filter_color=beige%2Cblack%2Cyellow&filter_size=l%2Cm&per_page=18&per_row=4&shop_view=grid&stock_status=instock%2Consale HTTP/2" 200 23917 "-" "Mozilla/5.0 AppleWebKit/537.36 (KHTML, like Gecko; compatible; GPTBot/1.2; +https://openai.com/gptbot)"
20.171.207.177 - - [14/Mar/2025:14:08:13 +0000] "GET /store/shop/?filter_brand=joseph-joseph%2Cmagisso&filter_color=beige%2Cblack%2Cyellow&filter_size=l%2Cm&per_page=12&per_row=4&shop_view=grid&stock_status=instock HTTP/2" 200 26679 "-" "Mozilla/5.0 AppleWebKit/537.36 (KHTML, like Gecko; compatible; GPTBot/1.2; +https://openai.com/gptbot)"
20.171.207.177 - - [14/Mar/2025:14:08:18 +0000] "GET /store/shop/?filter_brand=joseph-joseph%2Cklober&filter_color=beige%2Cblue%2Cbrown%2Cyellow&filter_size=m&per_page=18&per_row=4&shop_view=grid&stock_status=instock%2Consale HTTP/2" 200 23951 "-" "Mozilla/5.0 AppleWebKit/537.36 (KHTML, like Gecko; compatible; GPTBot/1.2; +https://openai.com/gptbot)"
20.171.207.177 - - [14/Mar/2025:14:08:23 +0000] "GET /store/shop/?filter_brand=joseph-joseph%2Cklober&filter_color=beige%2Cblue%2Cbrown%2Cyellow&filter_size=m&per_page=9&per_row=4&shop_view=grid&stock_status=instock%2Consale HTTP/2" 500 1034 "-" "Mozilla/5.0 AppleWebKit/537.36 (KHTML, like Gecko; compatible; GPTBot/1.2; +https://openai.com/gptbot)"
20.171.207.177 - - [14/Mar/2025:14:08:28 +0000] "GET /store/shop/?filter_brand=joseph-joseph%2Cklober&filter_color=beige%2Cblue%2Cbrown%2Cyellow&filter_size=m&per_page=9&per_row=3&shop_view=grid&stock_status=instock HTTP/2" 200 26162 "-" "Mozilla/5.0 AppleWebKit/537.36 (KHTML, like Gecko; compatible; GPTBot/1.2; +https://openai.com/gptbot)"
20.171.207.177 - - [14/Mar/2025:14:08:42 +0000] "GET /store/shop/?filter_brand=joseph-joseph%2Cvitra&filter_color=black%2Cblue%2Cbrown%2Cyellow&filter_size=l%2Cs&per_page=24&per_row=4&shop_view=grid&stock_status=instock%2Consale HTTP/2" 200 23906 "-" "Mozilla/5.0 AppleWebKit/537.36 (KHTML, like Gecko; compatible; GPTBot/1.2; +https://openai.com/gptbot)"
20.171.207.177 - - [14/Mar/2025:14:08:54 +0000] "GET /store/shop/?filter_brand=joseph-joseph%2Cvitra&filter_color=black%2Cblue%2Cbrown%2Cyellow&filter_size=l%2Cs&per_page=12&per_row=4&shop_view=grid&stock_status=instock%2Consale HTTP/2" 500 1035 "-" "Mozilla/5.0 AppleWebKit/537.36 (KHTML, like Gecko; compatible; GPTBot/1.2; +https://openai.com/gptbot)"
103.166.150.82 - - [14/Mar/2025:14:04:20 +0000] "GET /store/wp-includes/css/dist/block-library/style.min.css?ver=6.7.2 HTTP/1.1" 200 14225 "https://valuecartpk.shop/store/cart/" "Mozilla/5.0 (Linux; Android 10; K) AppleWebKit/537.36 (KHTML, like Gecko) Chrome/133.0.0.0 Mobile Safari/537.36"
103.166.150.82 - - [14/Mar/2025:14:04:20 +0000] "GET /store/wp-content/themes/css/parts/woo-page-empty-page.min.css?ver=7.5.2 HTTP/1.1" 200 472 "https://valuecartpk.shop/store/cart/" "Mozilla/5.0 (Linux; Android 10; K) AppleWebKit/537.36 (KHTML, like Gecko) Chrome/133.0.0.0 Mobile Safari/537.36"
103.166.150.82 - - [14/Mar/2025:14:04:20 +0000] "GET /store/wp-content/themes/css/parts/woo-page-cart.min.css?ver=7.5.2 HTTP/1.1" 200 1015 "https://valuecartpk.shop/store/cart/" "Mozilla/5.0 (Linux; Android 10; K) AppleWebKit/537.36 (KHTML, like Gecko) Chrome/133.0.0.0 Mobile Safari/537.36"
103.166.150.82 - - [14/Mar/2025:14:04:20 +0000] "GET /store/wp-content/themes/css/parts/woo-mod-checkout-steps.min.css?ver=7.5.2 HTTP/1.1" 200 409 "https://valuecartpk.shop/store/cart/" "Mozilla/5.0 (Linux; Android 10; K) AppleWebKit/537.36 (KHTML, like Gecko) Chrome/133.0.0.0 Mobile Safari/537.36"
103.166.150.82 - - [14/Mar/2025:14:04:20 +0000] "GET /store/wp-content/themes/css/parts/woo-page-cart-predefined.min.css?ver=7.5.2 HTTP/1.1" 200 419 "https://valuecartpk.shop/store/cart/" "Mozilla/5.0 (Linux; Android 10; K) AppleWebKit/537.36 (KHTML, like Gecko) Chrome/133.0.0.0 Mobile Safari/537.36"
103.166.150.82 - - [14/Mar/2025:14:04:21 +0000] "GET /store/wp-content/themes/js/scripts/wc/woocommerceWrappTable.min.js?ver=7.5.2 HTTP/1.1" 200 144 "https://valuecartpk.shop/store/cart/" "Mozilla/5.0 (Linux; Android 10; K) AppleWebKit/537.36 (KHTML, like Gecko) Chrome/133.0.0.0 Mobile Safari/537.36"
103.166.150.82 - - [14/Mar/2025:14:04:21 +0000] "GET /store/wp-content/plugins/woocommerce/assets/js/frontend/cart.min.js?ver=9.7.0 HTTP/1.1" 200 2238 "https://valuecartpk.shop/store/cart/" "Mozilla/5.0 (Linux; Android 10; K) AppleWebKit/537.36 (KHTML, like Gecko) Chrome/133.0.0.0 Mobile Safari/537.36"
103.166.150.82 - - [14/Mar/2025:14:04:22 +0000] "POST /store/?wc-ajax=get_refreshed_fragments HTTP/1.1" 200 869 "https://valuecartpk.shop/store/cart/" "Mozilla/5.0 (Linux; Android 10; K) AppleWebKit/537.36 (KHTML, like Gecko) Chrome/133.0.0.0 Mobile Safari/537.36"
103.166.150.82 - - [14/Mar/2025:14:04:28 +0000] "POST /store/wp-admin/admin-ajax.php HTTP/1.1" 200 1044 "https://valuecartpk.shop/store/cart/" "Mozilla/5.0 (Linux; Android 10; K) AppleWebKit/537.36 (KHTML, like Gecko) Chrome/133.0.0.0 Mobile Safari/537.36"
103.166.150.82 - - [14/Mar/2025:14:04:32 +0000] "POST /store/checkout/?wc-ajax=get_refreshed_fragments&wcf_checkout_id=15649 HTTP/1.1" 200 904 "https://valuecartpk.shop/store/checkout/" "Mozilla/5.0 (Linux; Android 10; K) AppleWebKit/537.36 (KHTML, like Gecko) Chrome/133.0.0.0 Mobile Safari/537.36"
103.166.150.82 - - [14/Mar/2025:14:05:00 +0000] "POST /store/?wc-ajax=get_refreshed_fragments HTTP/1.1" 200 0 "https://valuecartpk.shop/store/product/henectus-tincidunt/" "Mozilla/5.0 (Linux; Android 10; K) AppleWebKit/537.36 (KHTML, like Gecko) Chrome/133.0.0.0 Mobile Safari/537.36"
38.91.101.117 - - [14/Mar/2025:14:06:53 +0000] "POST /store/wp-cron.php?doing_wp_cron=1741961213.9154949188232421875000 HTTP/1.1" 200 0 "-" "WordPress/6.7.2; https://valuecartpk.shop/store"
2a06:98c0:3600::103 - - [14/Mar/2025:14:10:30 +0000] "GET /wordpress/wp-admin/setup-config.php HTTP/1.1" 404 1251 "-" "Mozilla/5.0 (Windows NT 10.0; Win64; x64) AppleWebKit/537.36 (KHTML, like Gecko) Chrome/133.0.0.0 Safari/537.36"
20.171.207.177 - - [14/Mar/2025:14:13:13 +0000] "GET /store/shop/?filter_brand=joseph-joseph%2Cklober&filter_color=beige%2Cblue%2Cbrown%2Cyellow&filter_size=m&per_page=18&per_row=3&shop_view=grid&stock_status=instock%2Consale HTTP/2" 200 23953 "-" "Mozilla/5.0 AppleWebKit/537.36 (KHTML, like Gecko; compatible; GPTBot/1.2; +https://openai.com/gptbot)"
20.171.207.177 - - [14/Mar/2025:14:14:58 +0000] "GET /store/shop/?filter_brand=joseph-joseph%2Cklober&filter_color=beige%2Cblue%2Cbrown%2Cyellow&filter_size=m&per_page=12&per_row=3&shop_view=grid&stock_status=instock%2Consale HTTP/2" 200 23951 "-" "Mozilla/5.0 AppleWebKit/537.36 (KHTML, like Gecko; compatible; GPTBot/1.2; +https://openai.com/gptbot)"
38.91.101.117 - - [14/Mar/2025:14:17:05 +0000] "POST /store/wp-cron.php?doing_wp_cron=1741961825.1002080440521240234375 HTTP/1.1" 200 0 "-" "WordPress/6.7.2; https://valuecartpk.shop/store"
38.91.101.117 - - [14/Mar/2025:14:16:15 +0000] "POST /store/wp-cron.php?doing_wp_cron=1741961775.1676409244537353515625 HTTP/1.1" 200 0 "-" "WordPress/6.7.2; https://valuecartpk.shop/store"
20.171.207.177 - - [14/Mar/2025:14:15:11 +0000] "GET /store/shop/?filter_brand=joseph-joseph%2Cklober&filter_color=beige%2Cblue%2Cbrown%2Cyellow&filter_size=m&per_page=12&per_row=4&shop_view=grid&stock_status=instock%2Consale HTTP/2" 200 23954 "-" "Mozilla/5.0 AppleWebKit/537.36 (KHTML, like Gecko; compatible; GPTBot/1.2; +https://openai.com/gptbot)"
20.171.207.177 - - [14/Mar/2025:14:15:23 +0000] "GET /store/shop/?filter_brand=joseph-joseph%2Cmagisso&filter_color=beige%2Cblack%2Cyellow&filter_size=l%2Cm&per_page=24&stock_status=onsale HTTP/2" 200 23890 "-" "Mozilla/5.0 AppleWebKit/537.36 (KHTML, like Gecko; compatible; GPTBot/1.2; +https://openai.com/gptbot)"
20.171.207.177 - - [14/Mar/2025:14:17:02 +0000] "GET /store/shop/?filter_brand=eva-solo%2Cjoseph-joseph%2Cmagisso&filter_color=beige%2Cbrown&filter_size=m%2Cs&per_page=12&stock_status=instock HTTP/2" 200 26472 "-" "Mozilla/5.0 AppleWebKit/537.36 (KHTML, like Gecko; compatible; GPTBot/1.2; +https://openai.com/gptbot)"
20.171.207.177 - - [14/Mar/2025:14:15:34 +0000] "GET /store/shop/?filter_brand=eva-solo%2Cmagisso&filter_color=beige%2Cblack%2Cblue%2Cyellow&filter_size=m&per_page=12&stock_status=onsale HTTP/2" 500 1035 "-" "Mozilla/5.0 AppleWebKit/537.36 (KHTML, like Gecko; compatible; GPTBot/1.2; +https://openai.com/gptbot)"
38.91.101.117 - - [14/Mar/2025:14:15:00 +0000] "POST /store/wp-cron.php?doing_wp_cron=1741961700.1553819179534912109375 HTTP/1.1" 200 0 "-" "WordPress/6.7.2; https://valuecartpk.shop/store"
20.171.207.177 - - [14/Mar/2025:14:17:24 +0000] "GET /store/shop/?filter_brand=eva-solo%2Cmagisso&filter_color=beige%2Cblue%2Cbrown%2Cyellow&filter_size=s&per_page=24&stock_status=instock HTTP/2" 200 26053 "-" "Mozilla/5.0 AppleWebKit/537.36 (KHTML, like Gecko; compatible; GPTBot/1.2; +https://openai.com/gptbot)"
20.171.207.177 - - [14/Mar/2025:14:17:43 +0000] "GET /store/shop/?filter_brand=eva-solo%2Cjoseph-joseph%2Cmagisso&filter_color=black%2Cblue&filter_size=s&per_page=9&stock_status=instock%2Consale HTTP/2" 200 23917 "-" "Mozilla/5.0 AppleWebKit/537.36 (KHTML, like Gecko; compatible; GPTBot/1.2; +https://openai.com/gptbot)"
