20.171.207.177 - - [14/Mar/2025:14:34:05 +0000] "GET /store/shop/?filter_brand=eva-solo%2Cjoseph-joseph%2Cmagisso&filter_color=beige%2Cblue%2Cyellow&per_page=9&per_row=3&shop_view=grid&stock_status=instock HTTP/2" 200 26572 "-" "Mozilla/5.0 AppleWebKit/537.36 (KHTML, like Gecko; compatible; GPTBot/1.2; +https://openai.com/gptbot)"
20.171.207.177 - - [14/Mar/2025:14:34:22 +0000] "GET /store/shop/?filter_brand=eva-solo%2Cjoseph-joseph%2Cmagisso&filter_color=beige%2Cblack&filter_size=l%2Cs&per_page=12&stock_status=instock%2Consale HTTP/2" 200 23886 "-" "Mozilla/5.0 AppleWebKit/537.36 (KHTML, like Gecko; compatible; GPTBot/1.2; +https://openai.com/gptbot)"
20.171.207.177 - - [14/Mar/2025:14:34:38 +0000] "GET /store/shop/?filter_brand=eva-solo%2Cjoseph-joseph%2Cvitra&filter_color=black%2Cblue%2Cbrown&filter_size=m&per_page=12&per_row=3&shop_view=grid HTTP/2" 200 26036 "-" "Mozilla/5.0 AppleWebKit/537.36 (KHTML, like Gecko; compatible; GPTBot/1.2; +https://openai.com/gptbot)"
20.171.207.177 - - [14/Mar/2025:14:34:52 +0000] "GET /store/shop/?filter_brand=eva-solo%2Cmagisso&filter_color=beige%2Cblue%2Cbrown%2Cyellow&filter_size=s&per_page=24&stock_status=onsale HTTP/2" 200 23920 "-" "Mozilla/5.0 AppleWebKit/537.36 (KHTML, like Gecko; compatible; GPTBot/1.2; +https://openai.com/gptbot)"
20.171.207.177 - - [14/Mar/2025:14:35:04 +0000] "GET /store/shop/?filter_brand=eva-solo%2Cjoseph-joseph%2Cmagisso&filter_color=beige%2Cblue%2Cyellow&per_page=18&per_row=3&shop_view=grid&stock_status=onsale HTTP/2" 200 23878 "-" "Mozilla/5.0 AppleWebKit/537.36 (KHTML, like Gecko; compatible; GPTBot/1.2; +https://openai.com/gptbot)"
20.171.207.177 - - [14/Mar/2025:14:35:15 +0000] "GET /store/shop/?filter_brand=eva-solo%2Cmagisso&filter_color=beige%2Cblue%2Cbrown%2Cyellow&filter_size=s&per_page=12&stock_status=onsale HTTP/2" 200 23924 "-" "Mozilla/5.0 AppleWebKit/537.36 (KHTML, like Gecko; compatible; GPTBot/1.2; +https://openai.com/gptbot)"
20.171.207.177 - - [14/Mar/2025:14:35:25 +0000] "GET /store/shop/?filter_brand=eva-solo%2Cjoseph-joseph%2Cmagisso&filter_color=black%2Cblue%2Cbrown&filter_size=s&per_row=2&shop_view=grid HTTP/2" 200 26058 "-" "Mozilla/5.0 AppleWebKit/537.36 (KHTML, like Gecko; compatible; GPTBot/1.2; +https://openai.com/gptbot)"
20.171.207.177 - - [14/Mar/2025:14:35:34 +0000] "GET /store/shop/?filter_brand=joseph-joseph%2Cmagisso%2Cvitra&filter_color=blue%2Cbrown&filter_size=l%2Cs&per_page=24&stock_status=instock HTTP/2" 200 26442 "-" "Mozilla/5.0 AppleWebKit/537.36 (KHTML, like Gecko; compatible; GPTBot/1.2; +https://openai.com/gptbot)"
20.171.207.177 - - [14/Mar/2025:14:35:42 +0000] "GET /store/shop/?filter_brand=eva-solo%2Cjoseph-joseph%2Cklober%2Cvitra&filter_color=blue%2Cyellow&filter_size=l%2Cs&per_page=12&stock_status=instock HTTP/2" 500 1035 "-" "Mozilla/5.0 AppleWebKit/537.36 (KHTML, like Gecko; compatible; GPTBot/1.2; +https://openai.com/gptbot)"
20.171.207.177 - - [14/Mar/2025:14:35:49 +0000] "GET /store/shop/?filter_brand=eva-solo%2Cjoseph-joseph%2Cvitra&filter_color=black%2Cblue%2Cbrown&filter_size=m&per_page=24&per_row=4&shop_view=grid&stock_status=instock%2Consale HTTP/2" 200 23921 "-" "Mozilla/5.0 AppleWebKit/537.36 (KHTML, like Gecko; compatible; GPTBot/1.2; +https://openai.com/gptbot)"
38.91.101.117 - - [14/Mar/2025:14:36:14 +0000] "POST /store/wp-cron.php?doing_wp_cron=1741962974.0781469345092773437500 HTTP/1.1" 200 0 "-" "WordPress/6.7.2; https://valuecartpk.shop/store"
20.171.207.177 - - [14/Mar/2025:14:36:12 +0000] "GET /store/shop/?filter_brand=eva-solo%2Cjoseph-joseph%2Cklober&filter_color=brown%2Cyellow&filter_size=m&per_page=12&stock_status=instock HTTP/2" 200 26074 "-" "Mozilla/5.0 AppleWebKit/537.36 (KHTML, like Gecko; compatible; GPTBot/1.2; +https://openai.com/gptbot)"
20.171.207.177 - - [14/Mar/2025:14:36:31 +0000] "GET /store/shop/?filter_brand=joseph-joseph%2Cklober&filter_color=beige%2Cbrown%2Cyellow&filter_size=l%2Cm&per_page=18&stock_status=instock HTTP/2" 200 26450 "-" "Mozilla/5.0 AppleWebKit/537.36 (KHTML, like Gecko; compatible; GPTBot/1.2; +https://openai.com/gptbot)"
20.171.207.177 - - [14/Mar/2025:14:36:49 +0000] "GET /store/shop/?filter_brand=eva-solo%2Cklober%2Cvitra&filter_color=beige%2Cblack%2Cbrown&filter_size=m%2Cs&per_page=9&stock_status=onsale HTTP/2" 200 23945 "-" "Mozilla/5.0 AppleWebKit/537.36 (KHTML, like Gecko; compatible; GPTBot/1.2; +https://openai.com/gptbot)"
20.171.207.177 - - [14/Mar/2025:14:37:05 +0000] "GET /store/shop/?filter_brand=eva-solo%2Cjoseph-joseph%2Cklober%2Cvitra&filter_color=beige%2Cbrown&per_row=4&shop_view=grid&stock_status=instock HTTP/2" 200 26373 "-" "Mozilla/5.0 AppleWebKit/537.36 (KHTML, like Gecko; compatible; GPTBot/1.2; +https://openai.com/gptbot)"
20.171.207.177 - - [14/Mar/2025:14:37:19 +0000] "GET /store/shop/?filter_brand=eva-solo%2Cmagisso&filter_color=beige%2Cblue%2Cbrown%2Cyellow&filter_size=s&per_page=24&stock_status=instock%2Consale HTTP/2" 200 23920 "-" "Mozilla/5.0 AppleWebKit/537.36 (KHTML, like Gecko; compatible; GPTBot/1.2; +https://openai.com/gptbot)"
20.171.207.177 - - [14/Mar/2025:14:37:33 +0000] "GET /store/shop/?filter_brand=eva-solo%2Cmagisso&filter_color=beige%2Cblue%2Cbrown%2Cyellow&filter_size=s&per_page=12&stock_status=instock%2Consale HTTP/2" 200 23922 "-" "Mozilla/5.0 AppleWebKit/537.36 (KHTML, like Gecko; compatible; GPTBot/1.2; +https://openai.com/gptbot)"
20.171.207.177 - - [14/Mar/2025:14:37:44 +0000] "GET /store/shop/?filter_brand=joseph-joseph%2Cklober&filter_color=beige%2Cblue%2Cbrown%2Cyellow&filter_size=l%2Cm&per_page=24&stock_status=instock HTTP/2" 200 26659 "-" "Mozilla/5.0 AppleWebKit/537.36 (KHTML, like Gecko; compatible; GPTBot/1.2; +https://openai.com/gptbot)"
20.171.207.177 - - [14/Mar/2025:14:37:54 +0000] "GET /store/shop/?filter_brand=eva-solo%2Cklober&filter_color=black%2Cbrown%2Cyellow&filter_size=m&per_page=24&stock_status=instock HTTP/2" 200 26080 "-" "Mozilla/5.0 AppleWebKit/537.36 (KHTML, like Gecko; compatible; GPTBot/1.2; +https://openai.com/gptbot)"
20.171.207.177 - - [14/Mar/2025:14:38:04 +0000] "GET /store/shop/?filter_brand=joseph-joseph%2Cmagisso%2Cvitra&filter_color=blue%2Cbrown&filter_size=l%2Cs&per_page=24&stock_status=instock%2Consale HTTP/2" 200 23900 "-" "Mozilla/5.0 AppleWebKit/537.36 (KHTML, like Gecko; compatible; GPTBot/1.2; +https://openai.com/gptbot)"
103.166.150.82 - - [14/Mar/2025:14:38:11 +0000] "POST /store/wp-admin/admin-ajax.php HTTP/1.1" 200 86 "https://valuecartpk.shop/store/wp-admin/admin.php?page=xts_theme_settings" "Mozilla/5.0 (Windows NT 10.0; Win64; x64) AppleWebKit/537.36 (KHTML, like Gecko) Chrome/134.0.0.0 Safari/537.36"
20.171.207.177 - - [14/Mar/2025:14:38:13 +0000] "GET /store/shop/?filter_brand=eva-solo&filter_color=blue%2Cbrown%2Cyellow&filter_size=m%2Cs&per_page=18&stock_status=instock%2Consale HTTP/2" 200 23798 "-" "Mozilla/5.0 AppleWebKit/537.36 (KHTML, like Gecko; compatible; GPTBot/1.2; +https://openai.com/gptbot)"
103.166.150.82 - - [14/Mar/2025:14:38:18 +0000] "GET /store/wp-admin/admin.php?page=cartflows&path=store-checkout&action=wcf-edit-flow&flow_id=15648 HTTP/1.1" 200 85195 "https://valuecartpk.shop/store/wp-admin/admin.php?page=cartflows&path=store-checkout-library" "Mozilla/5.0 (Windows NT 10.0; Win64; x64) AppleWebKit/537.36 (KHTML, like Gecko) Chrome/134.0.0.0 Safari/537.36"
103.166.150.82 - - [14/Mar/2025:14:38:20 +0000] "GET /store/shop/ HTTP/1.1" 200 35675 "https://valuecartpk.shop/store/wp-admin/admin.php?page=xts_header_builder" "Mozilla/5.0 (Windows NT 10.0; Win64; x64) AppleWebKit/537.36 (KHTML, like Gecko) Chrome/134.0.0.0 Safari/537.36"
20.171.207.177 - - [14/Mar/2025:14:38:20 +0000] "GET /store/shop/?filter_brand=joseph-joseph%2Cklober&filter_color=black%2Cbrown%2Cyellow&filter_size=m&per_row=3&shop_view=grid HTTP/2" 200 26078 "-" "Mozilla/5.0 AppleWebKit/537.36 (KHTML, like Gecko; compatible; GPTBot/1.2; +https://openai.com/gptbot)"
20.171.207.177 - - [14/Mar/2025:14:38:29 +0000] "GET /store/shop/?filter_brand=eva-solo%2Cjoseph-joseph%2Cklober&filter_color=brown%2Cyellow&filter_size=m&per_page=12&stock_status=instock%2Consale HTTP/2" 200 23873 "-" "Mozilla/5.0 AppleWebKit/537.36 (KHTML, like Gecko; compatible; GPTBot/1.2; +https://openai.com/gptbot)"
20.171.207.177 - - [14/Mar/2025:14:38:38 +0000] "GET /store/shop/?filter_brand=joseph-joseph%2Cklober&filter_color=beige%2Cbrown%2Cyellow&filter_size=l%2Cm&per_page=18&stock_status=instock%2Consale HTTP/2" 200 23894 "-" "Mozilla/5.0 AppleWebKit/537.36 (KHTML, like Gecko; compatible; GPTBot/1.2; +https://openai.com/gptbot)"
103.166.150.82 - - [14/Mar/2025:14:38:39 +0000] "GET /store/wp-admin/admin.php?page=wc-settings HTTP/1.1" 200 95904 "https://valuecartpk.shop/store/wp-admin/admin.php?page=xts_theme_settings" "Mozilla/5.0 (Windows NT 10.0; Win64; x64) AppleWebKit/537.36 (KHTML, like Gecko) Chrome/134.0.0.0 Safari/537.36"
103.166.150.82 - - [14/Mar/2025:14:38:44 +0000] "GET /store/wp-json/wc-admin/onboarding/tasks?_locale=user HTTP/1.1" 200 1235 "https://valuecartpk.shop/store/wp-admin/admin.php?page=wc-settings" "Mozilla/5.0 (Windows NT 10.0; Win64; x64) AppleWebKit/537.36 (KHTML, like Gecko) Chrome/134.0.0.0 Safari/537.36"
103.166.150.82 - - [14/Mar/2025:14:38:44 +0000] "GET /store/wp-json/wc-analytics/orders?page=1&per_page=1&status%5B0%5D=processing&status%5B1%5D=on-hold&_fields%5B0%5D=id&_locale=user HTTP/1.1" 200 6 "https://valuecartpk.shop/store/wp-admin/admin.php?page=wc-settings" "Mozilla/5.0 (Windows NT 10.0; Win64; x64) AppleWebKit/537.36 (KHTML, like Gecko) Chrome/134.0.0.0 Safari/537.36"
103.166.150.82 - - [14/Mar/2025:14:38:44 +0000] "GET /store/wp-json/wc-analytics/products/reviews?page=1&per_page=1&status=hold&_embed=1&_fields%5B0%5D=id&_locale=user HTTP/1.1" 200 6 "https://valuecartpk.shop/store/wp-admin/admin.php?page=wc-settings" "Mozilla/5.0 (Windows NT 10.0; Win64; x64) AppleWebKit/537.36 (KHTML, like Gecko) Chrome/134.0.0.0 Safari/537.36"
103.166.150.82 - - [14/Mar/2025:14:38:44 +0000] "GET /store/wp-json/wc-analytics/products/count-low-in-stock?status=publish&page=1&per_page=1&_locale=user HTTP/1.1" 200 15 "https://valuecartpk.shop/store/wp-admin/admin.php?page=wc-settings" "Mozilla/5.0 (Windows NT 10.0; Win64; x64) AppleWebKit/537.36 (KHTML, like Gecko) Chrome/134.0.0.0 Safari/537.36"
103.166.150.82 - - [14/Mar/2025:14:38:46 +0000] "GET /store/wp-json/wc-admin/options?options=woocommerce_ces_tracks_queue&_locale=user HTTP/1.1" 200 42 "https://valuecartpk.shop/store/wp-admin/admin.php?page=wc-settings" "Mozilla/5.0 (Windows NT 10.0; Win64; x64) AppleWebKit/537.36 (KHTML, like Gecko) Chrome/134.0.0.0 Safari/537.36"
103.166.150.82 - - [14/Mar/2025:14:38:46 +0000] "GET /store/wp-json/wc-admin/options?options=woocommerce_admin_transient_notices_queue%2Cwoocommerce_admin_install_timestamp&_locale=user HTTP/1.1" 200 83 "https://valuecartpk.shop/store/wp-admin/admin.php?page=wc-settings" "Mozilla/5.0 (Windows NT 10.0; Win64; x64) AppleWebKit/537.36 (KHTML, like Gecko) Chrome/134.0.0.0 Safari/537.36"
103.166.150.82 - - [14/Mar/2025:14:38:47 +0000] "GET /store/wp-json/wc-analytics/admin/notes?page=1&per_page=25&type=error%2Cupdate&status=unactioned&_locale=user HTTP/1.1" 200 6 "https://valuecartpk.shop/store/wp-admin/admin.php?page=wc-settings" "Mozilla/5.0 (Windows NT 10.0; Win64; x64) AppleWebKit/537.36 (KHTML, like Gecko) Chrome/134.0.0.0 Safari/537.36"
103.166.150.82 - - [14/Mar/2025:14:38:46 +0000] "GET /store/wp-json/jetpack/v4/connection/data?_locale=user HTTP/1.1" 200 205 "https://valuecartpk.shop/store/wp-admin/admin.php?page=wc-settings" "Mozilla/5.0 (Windows NT 10.0; Win64; x64) AppleWebKit/537.36 (KHTML, like Gecko) Chrome/134.0.0.0 Safari/537.36"
20.171.207.177 - - [14/Mar/2025:14:38:46 +0000] "GET /store/shop/?filter_brand=eva-solo%2Cjoseph-joseph%2Cklober%2Cvitra&filter_color=beige%2Cbrown&per_row=4&shop_view=grid&stock_status=instock%2Consale HTTP/2" 200 23890 "-" "Mozilla/5.0 AppleWebKit/537.36 (KHTML, like Gecko; compatible; GPTBot/1.2; +https://openai.com/gptbot)"
103.166.150.82 - - [14/Mar/2025:14:38:59 +0000] "GET /store/wp-json/wc-admin/options?options=woocommerce_task_list_reminder_bar_hidden&_locale=user HTTP/1.1" 200 53 "https://valuecartpk.shop/store/wp-admin/admin.php?page=wc-settings" "Mozilla/5.0 (Windows NT 10.0; Win64; x64) AppleWebKit/537.36 (KHTML, like Gecko) Chrome/134.0.0.0 Safari/537.36"
20.171.207.177 - - [14/Mar/2025:14:39:04 +0000] "GET /store/shop/?filter_brand=eva-solo%2Cjoseph-joseph%2Cklober%2Cvitra&filter_color=beige%2Cbrown&per_page=9&per_row=4&shop_view=grid&stock_status=instock HTTP/2" 200 26418 "-" "Mozilla/5.0 AppleWebKit/537.36 (KHTML, like Gecko; compatible; GPTBot/1.2; +https://openai.com/gptbot)"
103.166.150.82 - - [14/Mar/2025:14:39:19 +0000] "POST /store/wp-admin/admin.php?page=wc-settings HTTP/1.1" 200 95894 "https://valuecartpk.shop/store/wp-admin/admin.php?page=wc-settings" "Mozilla/5.0 (Windows NT 10.0; Win64; x64) AppleWebKit/537.36 (KHTML, like Gecko) Chrome/134.0.0.0 Safari/537.36"
20.171.207.177 - - [14/Mar/2025:14:39:22 +0000] "GET /store/shop/?filter_brand=eva-solo%2Cjoseph-joseph%2Cklober%2Cvitra&filter_color=beige%2Cbrown&per_row=4&shop_view=grid HTTP/2" 200 26381 "-" "Mozilla/5.0 AppleWebKit/537.36 (KHTML, like Gecko; compatible; GPTBot/1.2; +https://openai.com/gptbot)"
103.166.150.82 - - [14/Mar/2025:14:39:26 +0000] "GET /store/wp-json/wc-admin/onboarding/tasks?_locale=user HTTP/1.1" 200 1235 "https://valuecartpk.shop/store/wp-admin/admin.php?page=wc-settings" "Mozilla/5.0 (Windows NT 10.0; Win64; x64) AppleWebKit/537.36 (KHTML, like Gecko) Chrome/134.0.0.0 Safari/537.36"
103.166.150.82 - - [14/Mar/2025:14:39:27 +0000] "GET /store/wp-json/wc-analytics/products/reviews?page=1&per_page=1&status=hold&_embed=1&_fields%5B0%5D=id&_locale=user HTTP/1.1" 200 6 "https://valuecartpk.shop/store/wp-admin/admin.php?page=wc-settings" "Mozilla/5.0 (Windows NT 10.0; Win64; x64) AppleWebKit/537.36 (KHTML, like Gecko) Chrome/134.0.0.0 Safari/537.36"
103.166.150.82 - - [14/Mar/2025:14:39:27 +0000] "GET /store/wp-json/wc-analytics/orders?page=1&per_page=1&status%5B0%5D=processing&status%5B1%5D=on-hold&_fields%5B0%5D=id&_locale=user HTTP/1.1" 200 6 "https://valuecartpk.shop/store/wp-admin/admin.php?page=wc-settings" "Mozilla/5.0 (Windows NT 10.0; Win64; x64) AppleWebKit/537.36 (KHTML, like Gecko) Chrome/134.0.0.0 Safari/537.36"
103.166.150.82 - - [14/Mar/2025:14:39:27 +0000] "GET /store/wp-json/wc-analytics/products/count-low-in-stock?status=publish&page=1&per_page=1&_locale=user HTTP/1.1" 200 15 "https://valuecartpk.shop/store/wp-admin/admin.php?page=wc-settings" "Mozilla/5.0 (Windows NT 10.0; Win64; x64) AppleWebKit/537.36 (KHTML, like Gecko) Chrome/134.0.0.0 Safari/537.36"
103.166.150.82 - - [14/Mar/2025:14:39:28 +0000] "GET /store/wp-json/wc-admin/options?options=woocommerce_admin_transient_notices_queue%2Cwoocommerce_admin_install_timestamp&_locale=user HTTP/1.1" 200 83 "https://valuecartpk.shop/store/wp-admin/admin.php?page=wc-settings" "Mozilla/5.0 (Windows NT 10.0; Win64; x64) AppleWebKit/537.36 (KHTML, like Gecko) Chrome/134.0.0.0 Safari/537.36"
103.166.150.82 - - [14/Mar/2025:14:39:28 +0000] "GET /store/wp-json/wc-admin/options?options=woocommerce_ces_tracks_queue&_locale=user HTTP/1.1" 200 42 "https://valuecartpk.shop/store/wp-admin/admin.php?page=wc-settings" "Mozilla/5.0 (Windows NT 10.0; Win64; x64) AppleWebKit/537.36 (KHTML, like Gecko) Chrome/134.0.0.0 Safari/537.36"
103.166.150.82 - - [14/Mar/2025:14:39:28 +0000] "GET /store/wp-json/wc-analytics/admin/notes?page=1&per_page=25&type=error%2Cupdate&status=unactioned&_locale=user HTTP/1.1" 200 6 "https://valuecartpk.shop/store/wp-admin/admin.php?page=wc-settings" "Mozilla/5.0 (Windows NT 10.0; Win64; x64) AppleWebKit/537.36 (KHTML, like Gecko) Chrome/134.0.0.0 Safari/537.36"
103.166.150.82 - - [14/Mar/2025:14:39:28 +0000] "GET /store/wp-json/jetpack/v4/connection/data?_locale=user HTTP/1.1" 200 205 "https://valuecartpk.shop/store/wp-admin/admin.php?page=wc-settings" "Mozilla/5.0 (Windows NT 10.0; Win64; x64) AppleWebKit/537.36 (KHTML, like Gecko) Chrome/134.0.0.0 Safari/537.36"
38.91.101.117 - - [14/Mar/2025:14:33:03 +0000] "POST /store/wp-cron.php?doing_wp_cron=1741962783.0546801090240478515625 HTTP/1.1" 200 0 "-" "WordPress/6.7.2; https://valuecartpk.shop/store"
38.91.101.117 - - [14/Mar/2025:14:38:22 +0000] "POST /store/wp-cron.php?doing_wp_cron=1741963102.1711990833282470703125 HTTP/1.1" 200 0 "-" "WordPress/6.7.2; https://valuecartpk.shop/store"
103.166.150.82 - - [14/Mar/2025:14:40:40 +0000] "GET /store/wp-json/wc-analytics/orders?page=1&per_page=1&status%5B0%5D=processing&status%5B1%5D=on-hold&_fields%5B0%5D=id&_locale=user HTTP/2" 200 6 "https://valuecartpk.shop/store/wp-admin/admin.php?page=wc-settings" "Mozilla/5.0 (Windows NT 10.0; Win64; x64) AppleWebKit/537.36 (KHTML, like Gecko) Chrome/134.0.0.0 Safari/537.36"
103.166.150.82 - - [14/Mar/2025:14:40:40 +0000] "GET /store/wp-json/wc-admin/onboarding/tasks?_locale=user HTTP/2" 200 1195 "https://valuecartpk.shop/store/wp-admin/admin.php?page=wc-settings" "Mozilla/5.0 (Windows NT 10.0; Win64; x64) AppleWebKit/537.36 (KHTML, like Gecko) Chrome/134.0.0.0 Safari/537.36"
103.166.150.82 - - [14/Mar/2025:14:40:40 +0000] "GET /store/wp-json/wc-admin/options?options=woocommerce_admin_transient_notices_queue%2Cwoocommerce_admin_install_timestamp&_locale=user HTTP/2" 200 83 "https://valuecartpk.shop/store/wp-admin/admin.php?page=wc-settings" "Mozilla/5.0 (Windows NT 10.0; Win64; x64) AppleWebKit/537.36 (KHTML, like Gecko) Chrome/134.0.0.0 Safari/537.36"
103.166.150.82 - - [14/Mar/2025:14:40:40 +0000] "GET /store/wp-json/wc-admin/options?options=woocommerce_ces_tracks_queue&_locale=user HTTP/2" 200 42 "https://valuecartpk.shop/store/wp-admin/admin.php?page=wc-settings" "Mozilla/5.0 (Windows NT 10.0; Win64; x64) AppleWebKit/537.36 (KHTML, like Gecko) Chrome/134.0.0.0 Safari/537.36"
103.166.150.82 - - [14/Mar/2025:14:40:40 +0000] "GET /store/wp-json/wc-analytics/products/count-low-in-stock?status=publish&page=1&per_page=1&_locale=user HTTP/2" 200 15 "https://valuecartpk.shop/store/wp-admin/admin.php?page=wc-settings" "Mozilla/5.0 (Windows NT 10.0; Win64; x64) AppleWebKit/537.36 (KHTML, like Gecko) Chrome/134.0.0.0 Safari/537.36"
103.166.150.82 - - [14/Mar/2025:14:40:40 +0000] "GET /store/wp-json/wc-analytics/products/reviews?page=1&per_page=1&status=hold&_embed=1&_fields%5B0%5D=id&_locale=user HTTP/2" 200 6 "https://valuecartpk.shop/store/wp-admin/admin.php?page=wc-settings" "Mozilla/5.0 (Windows NT 10.0; Win64; x64) AppleWebKit/537.36 (KHTML, like Gecko) Chrome/134.0.0.0 Safari/537.36"
103.166.150.82 - - [14/Mar/2025:14:40:42 +0000] "GET /store/wp-admin/admin.php?page=wc-settings&tab=checkout HTTP/2" 200 64727 "https://valuecartpk.shop/store/wp-admin/admin.php?page=wc-settings" "Mozilla/5.0 (Windows NT 10.0; Win64; x64) AppleWebKit/537.36 (KHTML, like Gecko) Chrome/134.0.0.0 Safari/537.36"
103.166.150.82 - - [14/Mar/2025:14:40:54 +0000] "GET /store/wp-json/wc-analytics/admin/notes?page=1&per_page=25&type=error%2Cupdate&status=unactioned&_locale=user HTTP/2" 200 0 "https://valuecartpk.shop/store/wp-admin/admin.php?page=wc-settings" "Mozilla/5.0 (Windows NT 10.0; Win64; x64) AppleWebKit/537.36 (KHTML, like Gecko) Chrome/134.0.0.0 Safari/537.36"
103.166.150.82 - - [14/Mar/2025:14:40:54 +0000] "GET /store/wp-json/jetpack/v4/connection/data?_locale=user HTTP/2" 200 0 "https://valuecartpk.shop/store/wp-admin/admin.php?page=wc-settings" "Mozilla/5.0 (Windows NT 10.0; Win64; x64) AppleWebKit/537.36 (KHTML, like Gecko) Chrome/134.0.0.0 Safari/537.36"
103.166.150.82 - - [14/Mar/2025:14:40:54 +0000] "GET /store/wp-json/wc-admin/options?options=woocommerce_task_list_reminder_bar_hidden&_locale=user HTTP/2" 200 0 "https://valuecartpk.shop/store/wp-admin/admin.php?page=wc-settings" "Mozilla/5.0 (Windows NT 10.0; Win64; x64) AppleWebKit/537.36 (KHTML, like Gecko) Chrome/134.0.0.0 Safari/537.36"
103.166.150.82 - - [14/Mar/2025:14:40:59 +0000] "GET /store/wp-content/plugins/woocommerce/assets/client/admin/payment-method-promotions/style.css?ver=b2380094cbb00e9a7cc2 HTTP/2" 200 421 "https://valuecartpk.shop/store/wp-admin/admin.php?page=wc-settings&tab=checkout" "Mozilla/5.0 (Windows NT 10.0; Win64; x64) AppleWebKit/537.36 (KHTML, like Gecko) Chrome/134.0.0.0 Safari/537.36"
103.166.150.82 - - [14/Mar/2025:14:40:59 +0000] "GET /store/wp-admin/load-styles.php?c=1&dir=ltr&load%5Bchunk_0%5D=dashicons,admin-bar,common,forms,admin-menu,dashboard,list-tables,edit,revisions,media,themes,about,nav-menus,wp-pointer,widgets&load%5Bchunk_1%5D=,site-icon,l10n,buttons,wp-auth-check,wp-components,wp-color-picker&ver=6.7.2 HTTP/2" 200 117145 "https://valuecartpk.shop/store/wp-admin/admin.php?page=wc-settings&tab=checkout" "Mozilla/5.0 (Windows NT 10.0; Win64; x64) AppleWebKit/537.36 (KHTML, like Gecko) Chrome/134.0.0.0 Safari/537.36"
103.166.150.82 - - [14/Mar/2025:14:41:00 +0000] "GET /store/wp-content/plugins/woocommerce/assets/client/admin/wp-admin-scripts/payment-method-promotions.js?ver=24355e6f675c2ed8d4ce HTTP/2" 200 41607 "https://valuecartpk.shop/store/wp-admin/admin.php?page=wc-settings&tab=checkout" "Mozilla/5.0 (Windows NT 10.0; Win64; x64) AppleWebKit/537.36 (KHTML, like Gecko) Chrome/134.0.0.0 Safari/537.36"
103.166.150.82 - - [14/Mar/2025:14:40:51 +0000] "GET /store/product/decoration-wooden-present/ HTTP/2" 200 40357 "https://valuecartpk.shop/store/shop/" "Mozilla/5.0 (Windows NT 10.0; Win64; x64) AppleWebKit/537.36 (KHTML, like Gecko) Chrome/134.0.0.0 Safari/537.36"
103.166.150.82 - - [14/Mar/2025:14:41:01 +0000] "GET /store/wp-json/wc-analytics/products/reviews?page=1&per_page=1&status=hold&_embed=1&_fields%5B0%5D=id&_locale=user HTTP/2" 200 6 "https://valuecartpk.shop/store/wp-admin/admin.php?page=wc-settings&tab=checkout" "Mozilla/5.0 (Windows NT 10.0; Win64; x64) AppleWebKit/537.36 (KHTML, like Gecko) Chrome/134.0.0.0 Safari/537.36"
103.166.150.82 - - [14/Mar/2025:14:41:01 +0000] "GET /store/wp-json/wc-admin/onboarding/tasks?_locale=user HTTP/2" 200 1195 "https://valuecartpk.shop/store/wp-admin/admin.php?page=wc-settings&tab=checkout" "Mozilla/5.0 (Windows NT 10.0; Win64; x64) AppleWebKit/537.36 (KHTML, like Gecko) Chrome/134.0.0.0 Safari/537.36"
103.166.150.82 - - [14/Mar/2025:14:41:01 +0000] "GET /store/wp-json/wc-analytics/orders?page=1&per_page=1&status%5B0%5D=processing&status%5B1%5D=on-hold&_fields%5B0%5D=id&_locale=user HTTP/2" 200 6 "https://valuecartpk.shop/store/wp-admin/admin.php?page=wc-settings&tab=checkout" "Mozilla/5.0 (Windows NT 10.0; Win64; x64) AppleWebKit/537.36 (KHTML, like Gecko) Chrome/134.0.0.0 Safari/537.36"
103.166.150.82 - - [14/Mar/2025:14:41:02 +0000] "GET /store/wp-json/wc-admin/options?options=woocommerce_ces_tracks_queue&_locale=user HTTP/2" 200 42 "https://valuecartpk.shop/store/wp-admin/admin.php?page=wc-settings&tab=checkout" "Mozilla/5.0 (Windows NT 10.0; Win64; x64) AppleWebKit/537.36 (KHTML, like Gecko) Chrome/134.0.0.0 Safari/537.36"
103.166.150.82 - - [14/Mar/2025:14:41:01 +0000] "GET /store/wp-json/wc-analytics/products/count-low-in-stock?status=publish&page=1&per_page=1&_locale=user HTTP/2" 200 15 "https://valuecartpk.shop/store/wp-admin/admin.php?page=wc-settings&tab=checkout" "Mozilla/5.0 (Windows NT 10.0; Win64; x64) AppleWebKit/537.36 (KHTML, like Gecko) Chrome/134.0.0.0 Safari/537.36"
103.166.150.82 - - [14/Mar/2025:14:41:02 +0000] "GET /store/wp-json/wc-admin/options?options=woocommerce_admin_transient_notices_queue%2Cwoocommerce_admin_install_timestamp%2Cwoocommerce_show_marketplace_suggestions&_locale=user HTTP/2" 200 103 "https://valuecartpk.shop/store/wp-admin/admin.php?page=wc-settings&tab=checkout" "Mozilla/5.0 (Windows NT 10.0; Win64; x64) AppleWebKit/537.36 (KHTML, like Gecko) Chrome/134.0.0.0 Safari/537.36"
103.166.150.82 - - [14/Mar/2025:14:39:40 +0000] "GET /store/wp-json/wc-admin/options?options=woocommerce_task_list_reminder_bar_hidden&_locale=user HTTP/1.1" 200 53 "https://valuecartpk.shop/store/wp-admin/admin.php?page=wc-settings" "Mozilla/5.0 (Windows NT 10.0; Win64; x64) AppleWebKit/537.36 (KHTML, like Gecko) Chrome/134.0.0.0 Safari/537.36"
20.171.207.177 - - [14/Mar/2025:14:39:39 +0000] "GET /store/shop/?filter_brand=eva-solo%2Cjoseph-joseph%2Cklober%2Cvitra&filter_color=beige%2Cbrown&per_row=3&shop_view=grid&stock_status=instock HTTP/2" 200 26424 "-" "Mozilla/5.0 AppleWebKit/537.36 (KHTML, like Gecko; compatible; GPTBot/1.2; +https://openai.com/gptbot)"
20.171.207.177 - - [14/Mar/2025:14:39:59 +0000] "GET /store/shop/?filter_brand=joseph-joseph%2Cklober&filter_color=beige%2Cblue%2Cbrown%2Cyellow&filter_size=l%2Cm&per_page=24&stock_status=instock%2Consale HTTP/2" 200 23927 "-" "Mozilla/5.0 AppleWebKit/537.36 (KHTML, like Gecko; compatible; GPTBot/1.2; +https://openai.com/gptbot)"
20.171.207.177 - - [14/Mar/2025:14:40:19 +0000] "GET /store/shop/?filter_brand=eva-solo%2Cklober&filter_color=black%2Cbrown%2Cyellow&filter_size=m&per_page=12&stock_status=instock HTTP/2" 200 26069 "-" "Mozilla/5.0 AppleWebKit/537.36 (KHTML, like Gecko; compatible; GPTBot/1.2; +https://openai.com/gptbot)"
20.171.207.177 - - [14/Mar/2025:14:40:37 +0000] "GET /store/shop/?filter_brand=eva-solo%2Cklober&filter_color=black%2Cbrown%2Cyellow&filter_size=m&per_page=24&stock_status=instock%2Consale HTTP/2" 200 23921 "-" "Mozilla/5.0 AppleWebKit/537.36 (KHTML, like Gecko; compatible; GPTBot/1.2; +https://openai.com/gptbot)"
20.171.207.177 - - [14/Mar/2025:14:40:54 +0000] "GET /store/shop/?filter_brand=eva-solo%2Cjoseph-joseph%2Cmagisso&filter_color=beige%2Cblue%2Cyellow&filter_size=s&per_page=18&stock_status=onsale HTTP/2" 200 23893 "-" "Mozilla/5.0 AppleWebKit/537.36 (KHTML, like Gecko; compatible; GPTBot/1.2; +https://openai.com/gptbot)"
20.171.207.177 - - [14/Mar/2025:14:41:14 +0000] "GET /store/shop/?filter_brand=joseph-joseph%2Cklober&filter_color=black%2Cbrown%2Cyellow&filter_size=m&per_page=12&per_row=3&shop_view=grid HTTP/2" 200 26109 "-" "Mozilla/5.0 AppleWebKit/537.36 (KHTML, like Gecko; compatible; GPTBot/1.2; +https://openai.com/gptbot)"
20.171.207.177 - - [14/Mar/2025:14:41:34 +0000] "GET /store/shop/?filter_brand=joseph-joseph%2Cklober&filter_color=black%2Cbrown%2Cyellow&filter_size=m&per_page=24&per_row=3&shop_view=grid HTTP/2" 200 26106 "-" "Mozilla/5.0 AppleWebKit/537.36 (KHTML, like Gecko; compatible; GPTBot/1.2; +https://openai.com/gptbot)"
20.171.207.177 - - [14/Mar/2025:14:41:53 +0000] "GET /store/shop/?filter_brand=joseph-joseph%2Cmagisso&filter_color=black%2Cblue%2Cbrown%2Cyellow&filter_size=l%2Cm&per_page=9&stock_status=onsale HTTP/2" 200 23926 "-" "Mozilla/5.0 AppleWebKit/537.36 (KHTML, like Gecko; compatible; GPTBot/1.2; +https://openai.com/gptbot)"
20.171.207.177 - - [14/Mar/2025:14:42:09 +0000] "GET /store/shop/?filter_brand=magisso%2Cvitra&filter_color=beige%2Cblack%2Cbrown%2Cyellow&filter_size=l%2Cs&per_page=12&stock_status=instock HTTP/2" 200 26643 "-" "Mozilla/5.0 AppleWebKit/537.36 (KHTML, like Gecko; compatible; GPTBot/1.2; +https://openai.com/gptbot)"
20.171.207.177 - - [14/Mar/2025:14:42:24 +0000] "GET /store/shop/?filter_brand=eva-solo%2Cjoseph-joseph%2Cklober%2Cvitra&filter_color=beige%2Cbrown&per_page=9&per_row=2&shop_view=grid&stock_status=instock HTTP/2" 200 26473 "-" "Mozilla/5.0 AppleWebKit/537.36 (KHTML, like Gecko; compatible; GPTBot/1.2; +https://openai.com/gptbot)"
20.171.207.177 - - [14/Mar/2025:14:42:38 +0000] "GET /store/shop/?filter_brand=eva-solo%2Cjoseph-joseph%2Cklober%2Cvitra&filter_color=beige%2Cbrown&per_page=9&per_row=3&shop_view=grid&stock_status=instock HTTP/2" 200 26473 "-" "Mozilla/5.0 AppleWebKit/537.36 (KHTML, like Gecko; compatible; GPTBot/1.2; +https://openai.com/gptbot)"
103.166.150.82 - - [14/Mar/2025:14:41:02 +0000] "GET /store/wp-json/wc/v3/payment_gateways?_locale=user HTTP/2" 200 1146 "https://valuecartpk.shop/store/wp-admin/admin.php?page=wc-settings&tab=checkout" "Mozilla/5.0 (Windows NT 10.0; Win64; x64) AppleWebKit/537.36 (KHTML, like Gecko) Chrome/134.0.0.0 Safari/537.36"
103.166.150.82 - - [14/Mar/2025:14:41:02 +0000] "GET /store/wp-json/wc-admin/payment-gateway-suggestions?_locale=user HTTP/2" 200 245 "https://valuecartpk.shop/store/wp-admin/admin.php?page=wc-settings&tab=checkout" "Mozilla/5.0 (Windows NT 10.0; Win64; x64) AppleWebKit/537.36 (KHTML, like Gecko) Chrome/134.0.0.0 Safari/537.36"
103.166.150.82 - - [14/Mar/2025:14:41:22 +0000] "GET /store/wp-json/wc-admin/options?options=woocommerce_task_list_reminder_bar_hidden&_locale=user HTTP/2" 200 53 "https://valuecartpk.shop/store/wp-admin/admin.php?page=wc-settings&tab=checkout" "Mozilla/5.0 (Windows NT 10.0; Win64; x64) AppleWebKit/537.36 (KHTML, like Gecko) Chrome/134.0.0.0 Safari/537.36"
103.166.150.82 - - [14/Mar/2025:14:41:21 +0000] "GET /store/wp-json/jetpack/v4/connection/data?_locale=user HTTP/2" 200 205 "https://valuecartpk.shop/store/wp-admin/admin.php?page=wc-settings&tab=checkout" "Mozilla/5.0 (Windows NT 10.0; Win64; x64) AppleWebKit/537.36 (KHTML, like Gecko) Chrome/134.0.0.0 Safari/537.36"
103.166.150.82 - - [14/Mar/2025:14:41:22 +0000] "GET /store/wp-json/wc-analytics/admin/notes?page=1&per_page=25&type=error%2Cupdate&status=unactioned&_locale=user HTTP/2" 200 6 "https://valuecartpk.shop/store/wp-admin/admin.php?page=wc-settings&tab=checkout" "Mozilla/5.0 (Windows NT 10.0; Win64; x64) AppleWebKit/537.36 (KHTML, like Gecko) Chrome/134.0.0.0 Safari/537.36"
103.166.150.82 - - [14/Mar/2025:14:41:28 +0000] "GET /store/wp-content/plugins/woocommerce/assets/client/admin/chunks/payment-recommendations.js?ver=e90eb1a712c9c3c96a83 HTTP/2" 200 1673 "https://valuecartpk.shop/store/wp-admin/admin.php?page=wc-settings&tab=checkout" "Mozilla/5.0 (Windows NT 10.0; Win64; x64) AppleWebKit/537.36 (KHTML, like Gecko) Chrome/134.0.0.0 Safari/537.36"
103.166.150.82 - - [14/Mar/2025:14:41:30 +0000] "POST /store/wp-admin/admin-ajax.php HTTP/2" 200 51 "https://valuecartpk.shop/store/wp-admin/admin.php?page=cartflows&path=store-checkout&action=wcf-edit-flow&flow_id=15648" "Mozilla/5.0 (Windows NT 10.0; Win64; x64) AppleWebKit/537.36 (KHTML, like Gecko) Chrome/134.0.0.0 Safari/537.36"
103.166.150.82 - - [14/Mar/2025:14:41:41 +0000] "GET /store/wp-admin/admin.php?page=qcfw-checkout HTTP/2" 200 68864 "https://valuecartpk.shop/store/wp-admin/admin.php?page=cartflows&path=store-checkout&action=wcf-edit-flow&flow_id=15648" "Mozilla/5.0 (Windows NT 10.0; Win64; x64) AppleWebKit/537.36 (KHTML, like Gecko) Chrome/134.0.0.0 Safari/537.36"
38.91.101.117 - - [14/Mar/2025:14:42:05 +0000] "POST /store/wp-cron.php?doing_wp_cron=1741963324.8019080162048339843750 HTTP/1.1" 200 0 "-" "WordPress/6.7.2; https://valuecartpk.shop/store"
103.166.150.82 - - [14/Mar/2025:14:43:01 +0000] "POST /store/wp-admin/admin-ajax.php HTTP/2" 200 61 "https://valuecartpk.shop/store/wp-admin/admin.php?page=qcfw-checkout" "Mozilla/5.0 (Windows NT 10.0; Win64; x64) AppleWebKit/537.36 (KHTML, like Gecko) Chrome/134.0.0.0 Safari/537.36"
103.166.150.82 - - [14/Mar/2025:14:43:02 +0000] "POST /store/wp-admin/admin-ajax.php HTTP/2" 200 51 "https://valuecartpk.shop/store/wp-admin/admin.php?page=wc-settings&tab=checkout" "Mozilla/5.0 (Windows NT 10.0; Win64; x64) AppleWebKit/537.36 (KHTML, like Gecko) Chrome/134.0.0.0 Safari/537.36"
103.166.150.82 - - [14/Mar/2025:14:43:11 +0000] "POST /store/wp-admin/admin-ajax.php HTTP/2" 200 51 "https://valuecartpk.shop/store/wp-admin/admin.php?page=cartflows&path=store-checkout&action=wcf-edit-flow&flow_id=15648" "Mozilla/5.0 (Windows NT 10.0; Win64; x64) AppleWebKit/537.36 (KHTML, like Gecko) Chrome/134.0.0.0 Safari/537.36"
103.166.150.82 - - [14/Mar/2025:14:43:14 +0000] "GET /store/wp-admin/post.php?post=15649&action=elementor HTTP/2" 200 229681 "https://valuecartpk.shop/store/wp-admin/admin.php?page=cartflows&path=store-checkout&action=wcf-edit-flow&flow_id=15648" "Mozilla/5.0 (Windows NT 10.0; Win64; x64) AppleWebKit/537.36 (KHTML, like Gecko) Chrome/134.0.0.0 Safari/537.36"
103.166.150.82 - - [14/Mar/2025:14:43:25 +0000] "GET /store/wp-admin/admin.php?page=wc-settings&tab=checkout§ion=cod HTTP/2" 200 0 "https://valuecartpk.shop/store/wp-admin/admin.php?page=wc-settings&tab=checkout" "Mozilla/5.0 (Windows NT 10.0; Win64; x64) AppleWebKit/537.36 (KHTML, like Gecko) Chrome/134.0.0.0 Safari/537.36"
103.166.150.82 - - [14/Mar/2025:14:43:20 +0000] "GET /store/step/store-checkout-04/?elementor-preview=15649&ver=1741963398 HTTP/2" 200 40141 "https://valuecartpk.shop/store/wp-admin/post.php?post=15649&action=elementor" "Mozilla/5.0 (Windows NT 10.0; Win64; x64) AppleWebKit/537.36 (KHTML, like Gecko) Chrome/134.0.0.0 Safari/537.36"
103.166.150.82 - - [14/Mar/2025:14:43:20 +0000] "POST /store/wp-admin/admin-ajax.php HTTP/2" 200 71 "https://valuecartpk.shop/store/wp-admin/post.php?post=15649&action=elementor" "Mozilla/5.0 (Windows NT 10.0; Win64; x64) AppleWebKit/537.36 (KHTML, like Gecko) Chrome/134.0.0.0 Safari/537.36"
103.166.150.82 - - [14/Mar/2025:14:43:20 +0000] "GET /store/wp-json/elementor/v1/kit-elements-defaults HTTP/2" 200 6 "https://valuecartpk.shop/store/wp-admin/post.php?post=15649&action=elementor" "Mozilla/5.0 (Windows NT 10.0; Win64; x64) AppleWebKit/537.36 (KHTML, like Gecko) Chrome/134.0.0.0 Safari/537.36"
103.166.150.82 - - [14/Mar/2025:14:43:20 +0000] "GET /store/wp-json/elementor/v1/site-navigation/recent-posts?posts_per_page=6&_locale=user HTTP/2" 200 366 "https://valuecartpk.shop/store/wp-admin/post.php?post=15649&action=elementor" "Mozilla/5.0 (Windows NT 10.0; Win64; x64) AppleWebKit/537.36 (KHTML, like Gecko) Chrome/134.0.0.0 Safari/537.36"
103.166.150.82 - - [14/Mar/2025:14:43:20 +0000] "GET /store/wp-json/elementor/v1/checklist/user-progress HTTP/2" 200 183 "https://valuecartpk.shop/store/wp-admin/post.php?post=15649&action=elementor" "Mozilla/5.0 (Windows NT 10.0; Win64; x64) AppleWebKit/537.36 (KHTML, like Gecko) Chrome/134.0.0.0 Safari/537.36"
103.166.150.82 - - [14/Mar/2025:14:43:21 +0000] "POST /store/wp-admin/admin-ajax.php HTTP/2" 200 32 "https://valuecartpk.shop/store/wp-admin/admin.php?page=wc-settings&tab=checkout" "Mozilla/5.0 (Windows NT 10.0; Win64; x64) AppleWebKit/537.36 (KHTML, like Gecko) Chrome/134.0.0.0 Safari/537.36"
103.166.150.82 - - [14/Mar/2025:14:43:21 +0000] "POST /store/wp-admin/admin-ajax.php HTTP/2" 200 248430 "https://valuecartpk.shop/store/wp-admin/post.php?post=15649&action=elementor" "Mozilla/5.0 (Windows NT 10.0; Win64; x64) AppleWebKit/537.36 (KHTML, like Gecko) Chrome/134.0.0.0 Safari/537.36"
103.166.150.82 - - [14/Mar/2025:14:43:27 +0000] "POST /store/wp-admin/admin-ajax.php HTTP/2" 200 33 "https://valuecartpk.shop/store/wp-admin/admin.php?page=wc-settings&tab=checkout" "Mozilla/5.0 (Windows NT 10.0; Win64; x64) AppleWebKit/537.36 (KHTML, like Gecko) Chrome/134.0.0.0 Safari/537.36"
103.166.150.82 - - [14/Mar/2025:14:43:36 +0000] "POST /store/wp-admin/admin-ajax.php HTTP/2" 200 32 "https://valuecartpk.shop/store/wp-admin/admin.php?page=wc-settings&tab=checkout" "Mozilla/5.0 (Windows NT 10.0; Win64; x64) AppleWebKit/537.36 (KHTML, like Gecko) Chrome/134.0.0.0 Safari/537.36"
103.166.150.82 - - [14/Mar/2025:14:43:41 +0000] "GET /store/wp-json/elementor/v1/globals HTTP/2" 200 272 "https://valuecartpk.shop/store/wp-admin/post.php?post=15649&action=elementor" "Mozilla/5.0 (Windows NT 10.0; Win64; x64) AppleWebKit/537.36 (KHTML, like Gecko) Chrome/134.0.0.0 Safari/537.36"
2a06:98c0:3600::103 - - [14/Mar/2025:14:43:51 +0000] "GET /wordpress/wp-admin/setup-config.php HTTP/1.1" 404 1251 "-" "Mozilla/5.0 (Windows NT 10.0; Win64; x64) AppleWebKit/537.36 (KHTML, like Gecko) Chrome/133.0.0.0 Safari/537.36"
103.166.150.82 - - [14/Mar/2025:14:43:39 +0000] "GET /store/wp-admin/admin.php?page=wc-settings&tab=checkout§ion=cod HTTP/2" 200 65177 "https://valuecartpk.shop/store/wp-admin/admin.php?page=wc-settings&tab=checkout" "Mozilla/5.0 (Windows NT 10.0; Win64; x64) AppleWebKit/537.36 (KHTML, like Gecko) Chrome/134.0.0.0 Safari/537.36"
103.166.150.82 - - [14/Mar/2025:14:43:44 +0000] "POST /store/wp-admin/admin-ajax.php HTTP/2" 200 51 "https://valuecartpk.shop/store/wp-admin/admin.php?page=qcfw-checkout" "Mozilla/5.0 (Windows NT 10.0; Win64; x64) AppleWebKit/537.36 (KHTML, like Gecko) Chrome/134.0.0.0 Safari/537.36"
103.166.150.82 - - [14/Mar/2025:14:43:51 +0000] "GET /store/wp-json/elementor/v1/checklist/user-progress HTTP/2" 200 183 "https://valuecartpk.shop/store/wp-admin/post.php?post=15649&action=elementor" "Mozilla/5.0 (Windows NT 10.0; Win64; x64) AppleWebKit/537.36 (KHTML, like Gecko) Chrome/134.0.0.0 Safari/537.36"
103.166.150.82 - - [14/Mar/2025:14:43:52 +0000] "POST /store/wp-admin/admin-ajax.php HTTP/2" 200 253 "https://valuecartpk.shop/store/wp-admin/post.php?post=15649&action=elementor" "Mozilla/5.0 (Windows NT 10.0; Win64; x64) AppleWebKit/537.36 (KHTML, like Gecko) Chrome/134.0.0.0 Safari/537.36"
38.91.101.117 - - [14/Mar/2025:14:44:11 +0000] "POST /store/wp-cron.php?doing_wp_cron=1741963450.9259159564971923828125 HTTP/1.1" 200 0 "-" "WordPress/6.7.2; https://valuecartpk.shop/store"
103.166.150.82 - - [14/Mar/2025:14:43:54 +0000] "GET /store/wp-json/wc-admin/options?options=woocommerce_ces_tracks_queue&_locale=user HTTP/2" 200 42 "https://valuecartpk.shop/store/wp-admin/admin.php?page=wc-settings&tab=checkout§ion=cod" "Mozilla/5.0 (Windows NT 10.0; Win64; x64) AppleWebKit/537.36 (KHTML, like Gecko) Chrome/134.0.0.0 Safari/537.36"
103.166.150.82 - - [14/Mar/2025:14:43:54 +0000] "GET /store/wp-json/wc-analytics/orders?page=1&per_page=1&status%5B0%5D=processing&status%5B1%5D=on-hold&_fields%5B0%5D=id&_locale=user HTTP/2" 200 6 "https://valuecartpk.shop/store/wp-admin/admin.php?page=wc-settings&tab=checkout§ion=cod" "Mozilla/5.0 (Windows NT 10.0; Win64; x64) AppleWebKit/537.36 (KHTML, like Gecko) Chrome/134.0.0.0 Safari/537.36"
103.166.150.82 - - [14/Mar/2025:14:43:54 +0000] "GET /store/wp-json/wc-analytics/admin/notes?page=1&per_page=25&type=error%2Cupdate&status=unactioned&_locale=user HTTP/2" 200 6 "https://valuecartpk.shop/store/wp-admin/admin.php?page=wc-settings&tab=checkout§ion=cod" "Mozilla/5.0 (Windows NT 10.0; Win64; x64) AppleWebKit/537.36 (KHTML, like Gecko) Chrome/134.0.0.0 Safari/537.36"
103.166.150.82 - - [14/Mar/2025:14:43:54 +0000] "GET /store/wp-json/wc-analytics/products/reviews?page=1&per_page=1&status=hold&_embed=1&_fields%5B0%5D=id&_locale=user HTTP/2" 200 6 "https://valuecartpk.shop/store/wp-admin/admin.php?page=wc-settings&tab=checkout§ion=cod" "Mozilla/5.0 (Windows NT 10.0; Win64; x64) AppleWebKit/537.36 (KHTML, like Gecko) Chrome/134.0.0.0 Safari/537.36"
103.166.150.82 - - [14/Mar/2025:14:43:54 +0000] "GET /store/wp-json/wc-admin/onboarding/tasks?_locale=user HTTP/2" 200 1193 "https://valuecartpk.shop/store/wp-admin/admin.php?page=wc-settings&tab=checkout§ion=cod" "Mozilla/5.0 (Windows NT 10.0; Win64; x64) AppleWebKit/537.36 (KHTML, like Gecko) Chrome/134.0.0.0 Safari/537.36"
103.166.150.82 - - [14/Mar/2025:14:43:55 +0000] "GET /store/wp-json/wc-admin/options?options=woocommerce_admin_transient_notices_queue%2Cwoocommerce_admin_install_timestamp&_locale=user HTTP/2" 200 83 "https://valuecartpk.shop/store/wp-admin/admin.php?page=wc-settings&tab=checkout§ion=cod" "Mozilla/5.0 (Windows NT 10.0; Win64; x64) AppleWebKit/537.36 (KHTML, like Gecko) Chrome/134.0.0.0 Safari/537.36"
103.166.150.82 - - [14/Mar/2025:14:43:54 +0000] "GET /store/wp-json/wc-analytics/products/count-low-in-stock?status=publish&page=1&per_page=1&_locale=user HTTP/2" 200 15 "https://valuecartpk.shop/store/wp-admin/admin.php?page=wc-settings&tab=checkout§ion=cod" "Mozilla/5.0 (Windows NT 10.0; Win64; x64) AppleWebKit/537.36 (KHTML, like Gecko) Chrome/134.0.0.0 Safari/537.36"
20.171.207.177 - - [14/Mar/2025:14:42:50 +0000] "GET /store/shop/?filter_brand=eva-solo%2Cjoseph-joseph%2Cklober%2Cvitra&filter_color=beige%2Cbrown&per_row=3&shop_view=grid&stock_status=instock%2Consale HTTP/2" 200 23842 "-" "Mozilla/5.0 AppleWebKit/537.36 (KHTML, like Gecko; compatible; GPTBot/1.2; +https://openai.com/gptbot)"
20.171.207.177 - - [14/Mar/2025:14:43:02 +0000] "GET /store/shop/?filter_brand=eva-solo%2Cjoseph-joseph%2Cklober%2Cvitra&filter_color=beige HTTP/2" 200 23612 "-" "Mozilla/5.0 AppleWebKit/537.36 (KHTML, like Gecko; compatible; GPTBot/1.2; +https://openai.com/gptbot)"
20.171.207.177 - - [14/Mar/2025:14:43:12 +0000] "GET /store/shop/?filter_brand=eva-solo%2Cjoseph-joseph%2Cklober%2Cvitra&filter_color=beige%2Cbrown&per_row=2&shop_view=grid HTTP/2" 200 26382 "-" "Mozilla/5.0 AppleWebKit/537.36 (KHTML, like Gecko; compatible; GPTBot/1.2; +https://openai.com/gptbot)"
20.171.207.177 - - [14/Mar/2025:14:43:20 +0000] "GET /store/shop/?filter_brand=eva-solo%2Cjoseph-joseph%2Cklober%2Cvitra&filter_color=beige%2Cbrown&per_row=3&shop_view=grid HTTP/2" 200 26382 "-" "Mozilla/5.0 AppleWebKit/537.36 (KHTML, like Gecko; compatible; GPTBot/1.2; +https://openai.com/gptbot)"
20.171.207.177 - - [14/Mar/2025:14:43:43 +0000] "GET /store/shop/?filter_brand=eva-solo%2Cjoseph-joseph%2Cmagisso&filter_color=beige%2Cblue%2Cyellow&filter_size=s&per_page=18&stock_status=instock%2Consale HTTP/2" 200 23915 "-" "Mozilla/5.0 AppleWebKit/537.36 (KHTML, like Gecko; compatible; GPTBot/1.2; +https://openai.com/gptbot)"
38.91.101.117 - - [14/Mar/2025:14:44:11 +0000] "POST /store/wp-cron.php?doing_wp_cron=1741963451.2696750164031982421875 HTTP/1.1" 200 0 "-" "WordPress/6.7.2; https://valuecartpk.shop/store"
38.91.101.117 - - [14/Mar/2025:14:44:25 +0000] "POST /store/wp-cron.php?doing_wp_cron=1741963464.8362710475921630859375 HTTP/1.1" 200 0 "-" "WordPress/6.7.2; https://valuecartpk.shop/store"
20.171.207.177 - - [14/Mar/2025:14:44:08 +0000] "GET /store/shop/?filter_brand=joseph-joseph%2Cklober&filter_color=black%2Cbrown%2Cyellow&filter_size=m&per_page=24&per_row=4&shop_view=grid HTTP/2" 200 26101 "-" "Mozilla/5.0 AppleWebKit/537.36 (KHTML, like Gecko; compatible; GPTBot/1.2; +https://openai.com/gptbot)"
20.171.207.177 - - [14/Mar/2025:14:44:36 +0000] "GET /store/shop/?filter_brand=joseph-joseph%2Cklober&filter_color=black%2Cbrown%2Cyellow&filter_size=m&per_page=12&per_row=2&shop_view=grid HTTP/2" 200 26093 "-" "Mozilla/5.0 AppleWebKit/537.36 (KHTML, like Gecko; compatible; GPTBot/1.2; +https://openai.com/gptbot)"
20.171.207.177 - - [14/Mar/2025:14:45:06 +0000] "GET /store/shop/?filter_brand=joseph-joseph%2Cklober&filter_color=black%2Cbrown%2Cyellow&filter_size=m&per_page=12&per_row=4&shop_view=grid HTTP/2" 200 26102 "-" "Mozilla/5.0 AppleWebKit/537.36 (KHTML, like Gecko; compatible; GPTBot/1.2; +https://openai.com/gptbot)"
20.171.207.177 - - [14/Mar/2025:14:45:34 +0000] "GET /store/shop/?filter_brand=joseph-joseph%2Cmagisso&filter_color=black%2Cblue%2Cbrown%2Cyellow&filter_size=l%2Cm&per_page=9&stock_status=instock%2Consale HTTP/2" 200 23915 "-" "Mozilla/5.0 AppleWebKit/537.36 (KHTML, like Gecko; compatible; GPTBot/1.2; +https://openai.com/gptbot)"
20.171.207.177 - - [14/Mar/2025:14:45:58 +0000] "GET /store/shop/?filter_brand=joseph-joseph%2Cklober&filter_color=black%2Cbrown%2Cyellow&filter_size=m&per_page=12&per_row=3&shop_view=grid&stock_status=instock HTTP/2" 200 26136 "-" "Mozilla/5.0 AppleWebKit/537.36 (KHTML, like Gecko; compatible; GPTBot/1.2; +https://openai.com/gptbot)"
20.171.207.177 - - [14/Mar/2025:14:46:21 +0000] "GET /store/shop/?filter_brand=joseph-joseph%2Cklober&filter_color=black%2Cbrown%2Cyellow&filter_size=m&per_page=24&per_row=3&shop_view=grid&stock_status=onsale HTTP/2" 200 23869 "-" "Mozilla/5.0 AppleWebKit/537.36 (KHTML, like Gecko; compatible; GPTBot/1.2; +https://openai.com/gptbot)"
38.91.101.117 - - [14/Mar/2025:14:27:56 +0000] "POST /store/wp-cron.php?doing_wp_cron=1741962476.0914990901947021484375 HTTP/1.1" 200 0 "-" "WordPress/6.7.2; https://valuecartpk.shop/store"
38.91.101.117 - - [14/Mar/2025:14:37:56 +0000] "POST /store/wp-cron.php?doing_wp_cron=1741963076.2955210208892822265625 HTTP/1.1" 200 0 "-" "WordPress/6.7.2; https://valuecartpk.shop/store"
38.91.101.117 - - [14/Mar/2025:14:39:45 +0000] "POST /store/wp-cron.php?doing_wp_cron=1741963184.6559510231018066406250 HTTP/1.1" 200 0 "-" "WordPress/6.7.2; https://valuecartpk.shop/store"
2a06:98c0:3600::103 - - [14/Mar/2025:14:40:28 +0000] "GET /wordpress/wp-admin/setup-config.php HTTP/1.1" 404 1251 "-" "Mozilla/5.0 (Windows NT 10.0; Win64; x64) AppleWebKit/537.36 (KHTML, like Gecko) Chrome/133.0.0.0 Safari/537.36"
103.166.150.82 - - [14/Mar/2025:14:45:56 +0000] "POST /store/wp-admin/admin-ajax.php HTTP/1.1" 200 51 "https://valuecartpk.shop/store/wp-admin/admin.php?page=wc-settings&tab=checkout§ion=cod" "Mozilla/5.0 (Windows NT 10.0; Win64; x64) AppleWebKit/537.36 (KHTML, like Gecko) Chrome/134.0.0.0 Safari/537.36"
103.166.150.82 - - [14/Mar/2025:14:46:09 +0000] "POST /store/wp-admin/admin-ajax.php HTTP/1.1" 200 71 "https://valuecartpk.shop/store/wp-admin/post.php?post=15649&action=elementor" "Mozilla/5.0 (Windows NT 10.0; Win64; x64) AppleWebKit/537.36 (KHTML, like Gecko) Chrome/134.0.0.0 Safari/537.36"
103.166.150.82 - - [14/Mar/2025:14:46:23 +0000] "GET /store/wp-json/elementor/v1/checklist/user-progress HTTP/1.1" 200 183 "https://valuecartpk.shop/store/wp-admin/post.php?post=15649&action=elementor" "Mozilla/5.0 (Windows NT 10.0; Win64; x64) AppleWebKit/537.36 (KHTML, like Gecko) Chrome/134.0.0.0 Safari/537.36"
103.166.150.82 - - [14/Mar/2025:14:46:25 +0000] "POST /store/wp-admin/admin-ajax.php HTTP/1.1" 200 71 "https://valuecartpk.shop/store/wp-admin/post.php?post=15649&action=elementor" "Mozilla/5.0 (Windows NT 10.0; Win64; x64) AppleWebKit/537.36 (KHTML, like Gecko) Chrome/134.0.0.0 Safari/537.36"
103.166.150.82 - - [14/Mar/2025:14:46:39 +0000] "POST /store/wp-admin/admin-ajax.php HTTP/1.1" 200 71 "https://valuecartpk.shop/store/wp-admin/post.php?post=15649&action=elementor" "Mozilla/5.0 (Windows NT 10.0; Win64; x64) AppleWebKit/537.36 (KHTML, like Gecko) Chrome/134.0.0.0 Safari/537.36"
103.166.150.82 - - [14/Mar/2025:14:46:54 +0000] "POST /store/wp-admin/admin-ajax.php HTTP/1.1" 200 71 "https://valuecartpk.shop/store/wp-admin/post.php?post=15649&action=elementor" "Mozilla/5.0 (Windows NT 10.0; Win64; x64) AppleWebKit/537.36 (KHTML, like Gecko) Chrome/134.0.0.0 Safari/537.36"
103.166.150.82 - - [14/Mar/2025:14:47:09 +0000] "POST /store/wp-admin/admin-ajax.php HTTP/1.1" 200 71 "https://valuecartpk.shop/store/wp-admin/post.php?post=15649&action=elementor" "Mozilla/5.0 (Windows NT 10.0; Win64; x64) AppleWebKit/537.36 (KHTML, like Gecko) Chrome/134.0.0.0 Safari/537.36"
103.166.150.82 - - [14/Mar/2025:14:47:24 +0000] "POST /store/wp-admin/admin-ajax.php HTTP/1.1" 200 71 "https://valuecartpk.shop/store/wp-admin/post.php?post=15649&action=elementor" "Mozilla/5.0 (Windows NT 10.0; Win64; x64) AppleWebKit/537.36 (KHTML, like Gecko) Chrome/134.0.0.0 Safari/537.36"
103.166.150.82 - - [14/Mar/2025:14:47:40 +0000] "POST /store/wp-admin/admin-ajax.php HTTP/1.1" 500 0 "https://valuecartpk.shop/store/wp-admin/post.php?post=15649&action=elementor" "Mozilla/5.0 (Windows NT 10.0; Win64; x64) AppleWebKit/537.36 (KHTML, like Gecko) Chrome/134.0.0.0 Safari/537.36"
103.166.150.82 - - [14/Mar/2025:14:47:47 +0000] "POST /store/wp-admin/admin-ajax.php HTTP/1.1" 200 51 "https://valuecartpk.shop/store/wp-admin/admin.php?page=qcfw-checkout" "Mozilla/5.0 (Windows NT 10.0; Win64; x64) AppleWebKit/537.36 (KHTML, like Gecko) Chrome/134.0.0.0 Safari/537.36"
103.166.150.82 - - [14/Mar/2025:14:47:54 +0000] "POST /store/wp-admin/admin-ajax.php HTTP/1.1" 200 71 "https://valuecartpk.shop/store/wp-admin/post.php?post=15649&action=elementor" "Mozilla/5.0 (Windows NT 10.0; Win64; x64) AppleWebKit/537.36 (KHTML, like Gecko) Chrome/134.0.0.0 Safari/537.36"
20.171.207.177 - - [14/Mar/2025:14:46:41 +0000] "GET /store/shop/?filter_brand=joseph-joseph%2Cklober&filter_color=black%2Cbrown%2Cyellow&filter_size=m&per_page=12&per_row=3&shop_view=grid&stock_status=onsale HTTP/2" 200 23868 "-" "Mozilla/5.0 AppleWebKit/537.36 (KHTML, like Gecko; compatible; GPTBot/1.2; +https://openai.com/gptbot)"
20.171.207.177 - - [14/Mar/2025:14:46:59 +0000] "GET /store/shop/?filter_brand=joseph-joseph%2Cklober&filter_color=beige%2Cblue%2Cbrown%2Cyellow&filter_size=l%2Cm&per_page=24&stock_status=onsale HTTP/2" 200 23966 "-" "Mozilla/5.0 AppleWebKit/537.36 (KHTML, like Gecko; compatible; GPTBot/1.2; +https://openai.com/gptbot)"
20.171.207.177 - - [14/Mar/2025:14:47:14 +0000] "GET /store/shop/?filter_brand=eva-solo%2Cjoseph-joseph&filter_color=beige%2Cblue%2Cyellow&filter_size=l%2Cm%2Cs&per_page=12&stock_status=instock HTTP/2" 200 26593 "-" "Mozilla/5.0 AppleWebKit/537.36 (KHTML, like Gecko; compatible; GPTBot/1.2; +https://openai.com/gptbot)"
20.171.207.177 - - [14/Mar/2025:14:47:28 +0000] "GET /store/shop/?filter_brand=joseph-joseph%2Cklober&filter_color=beige%2Cblack%2Cblue%2Cyellow&filter_size=s&per_page=9&stock_status=onsale HTTP/2" 200 23909 "-" "Mozilla/5.0 AppleWebKit/537.36 (KHTML, like Gecko; compatible; GPTBot/1.2; +https://openai.com/gptbot)"
20.171.207.177 - - [14/Mar/2025:14:47:42 +0000] "GET /store/shop/?filter_brand=magisso%2Cvitra&filter_color=black%2Cbrown%2Cyellow&filter_size=l&per_page=12&stock_status=onsale HTTP/2" 200 23902 "-" "Mozilla/5.0 AppleWebKit/537.36 (KHTML, like Gecko; compatible; GPTBot/1.2; +https://openai.com/gptbot)"
38.91.101.117 - - [14/Mar/2025:14:47:57 +0000] "POST /store/wp-cron.php?doing_wp_cron=1741963676.1518750190734863281250 HTTP/1.1" 200 0 "-" "WordPress/6.7.2; https://valuecartpk.shop/store"
20.171.207.177 - - [14/Mar/2025:14:47:54 +0000] "GET /store/shop/?filter_brand=joseph-joseph%2Cklober&filter_color=black%2Cbrown%2Cyellow&filter_size=m&per_page=24&per_row=4&shop_view=grid&stock_status=instock HTTP/2" 200 26136 "-" "Mozilla/5.0 AppleWebKit/537.36 (KHTML, like Gecko; compatible; GPTBot/1.2; +https://openai.com/gptbot)"
20.171.207.177 - - [14/Mar/2025:14:48:04 +0000] "GET /store/shop/?filter_brand=joseph-joseph%2Cklober&filter_color=black%2Cbrown%2Cyellow&filter_size=m&per_page=18&per_row=2&shop_view=grid HTTP/2" 200 26096 "-" "Mozilla/5.0 AppleWebKit/537.36 (KHTML, like Gecko; compatible; GPTBot/1.2; +https://openai.com/gptbot)"
