94.23.209.55 - - [14/Mar/2025:15:48:46 +0000] "GET /store/shop/?filter_color=beige,black&filter_brand=eva-solo,klober,vitra&stock_status=instock,onsale&filter_size=m,s HTTP/1.1" 200 26373 "-" "Mozilla/5.0 (compatible; MJ12bot/v1.4.8; http://mj12bot.com/)"
94.23.209.55 - - [14/Mar/2025:15:48:51 +0000] "GET /store/shop/?filter_color=beige,black&filter_brand=eva-solo,klober,vitra&stock_status=instock,onsale&filter_size=s HTTP/1.1" 200 26353 "-" "Mozilla/5.0 (compatible; MJ12bot/v1.4.8; http://mj12bot.com/)"
94.23.209.55 - - [14/Mar/2025:15:48:57 +0000] "GET /store/shop/?filter_color=beige,black&filter_brand=eva-solo,magisso&filter_size=l&stock_status=instock,onsale HTTP/1.1" 200 26331 "-" "Mozilla/5.0 (compatible; MJ12bot/v1.4.8; http://mj12bot.com/)"
94.23.209.55 - - [14/Mar/2025:15:49:01 +0000] "GET /store/shop/?filter_color=beige,black&filter_brand=eva-solo,magisso&filter_size=l,m&per_page=12 HTTP/1.1" 200 28814 "-" "Mozilla/5.0 (compatible; MJ12bot/v1.4.8; http://mj12bot.com/)"
94.23.209.55 - - [14/Mar/2025:15:49:05 +0000] "GET /store/shop/?filter_color=beige,black&filter_brand=eva-solo,magisso&filter_size=l,m&per_page=18 HTTP/1.1" 200 28820 "-" "Mozilla/5.0 (compatible; MJ12bot/v1.4.8; http://mj12bot.com/)"
94.23.209.55 - - [14/Mar/2025:15:49:13 +0000] "GET /store/shop/?filter_color=beige,black&filter_brand=eva-solo,magisso&filter_size=l,m&per_page=24 HTTP/1.1" 200 28819 "-" "Mozilla/5.0 (compatible; MJ12bot/v1.4.8; http://mj12bot.com/)"
94.23.209.55 - - [14/Mar/2025:15:49:17 +0000] "GET /store/shop/?filter_color=beige,black&filter_brand=eva-solo,magisso&filter_size=l,m&shop_view=grid&per_row=2 HTTP/1.1" 200 28755 "-" "Mozilla/5.0 (compatible; MJ12bot/v1.4.8; http://mj12bot.com/)"
94.23.209.55 - - [14/Mar/2025:15:49:22 +0000] "GET /store/shop/?filter_color=beige,black&filter_brand=eva-solo,magisso&filter_size=l,m&shop_view=grid&per_row=3 HTTP/1.1" 200 28760 "-" "Mozilla/5.0 (compatible; MJ12bot/v1.4.8; http://mj12bot.com/)"
94.23.209.55 - - [14/Mar/2025:15:49:26 +0000] "GET /store/shop/?filter_color=beige,black&filter_brand=eva-solo,magisso&filter_size=l,m&shop_view=grid&per_row=4 HTTP/1.1" 200 28758 "-" "Mozilla/5.0 (compatible; MJ12bot/v1.4.8; http://mj12bot.com/)"
94.23.209.55 - - [14/Mar/2025:15:49:31 +0000] "GET /store/shop/?filter_color=beige,black&filter_brand=eva-solo,magisso&filter_size=l,m&stock_status=instock HTTP/1.1" 200 28829 "-" "Mozilla/5.0 (compatible; MJ12bot/v1.4.8; http://mj12bot.com/)"
94.23.209.55 - - [14/Mar/2025:15:49:35 +0000] "GET /store/shop/?filter_color=beige,black&filter_brand=eva-solo,magisso&filter_size=l,m&stock_status=instock,onsale HTTP/1.1" 200 26303 "-" "Mozilla/5.0 (compatible; MJ12bot/v1.4.8; http://mj12bot.com/)"
94.23.209.55 - - [14/Mar/2025:15:49:43 +0000] "GET /store/shop/?filter_color=beige,black&filter_brand=eva-solo,magisso&filter_size=l,m&stock_status=onsale HTTP/1.1" 200 26326 "-" "Mozilla/5.0 (compatible; MJ12bot/v1.4.8; http://mj12bot.com/)"
94.23.209.55 - - [14/Mar/2025:15:49:47 +0000] "GET /store/shop/?filter_color=beige,black&filter_brand=eva-solo,magisso&filter_size=l,m,s&stock_status=instock,onsale HTTP/1.1" 200 26333 "-" "Mozilla/5.0 (compatible; MJ12bot/v1.4.8; http://mj12bot.com/)"
20.171.207.177 - - [14/Mar/2025:15:49:27 +0000] "GET /store/shop/?filter_brand=joseph-joseph%2Cvitra&filter_color=black%2Cblue%2Cbrown%2Cyellow&filter_size=m%2Cs&per_row=2&shop_view=grid HTTP/2" 200 28818 "-" "Mozilla/5.0 AppleWebKit/537.36 (KHTML, like Gecko; compatible; GPTBot/1.2; +https://openai.com/gptbot)"
103.166.150.82 - - [14/Mar/2025:15:49:34 +0000] "POST /store/wp-admin/admin-ajax.php HTTP/1.1" 200 71 "https://valuecartpk.shop/store/wp-admin/post.php?post=15691&action=elementor" "Mozilla/5.0 (Windows NT 10.0; Win64; x64) AppleWebKit/537.36 (KHTML, like Gecko) Chrome/134.0.0.0 Safari/537.36"
20.171.207.177 - - [14/Mar/2025:15:49:47 +0000] "GET /store/shop/?filter_brand=eva-solo%2Cmagisso&filter_color=black%2Cblue%2Cbrown%2Cyellow&filter_size=m&per_page=18&stock_status=instock%2Consale HTTP/2" 200 26358 "-" "Mozilla/5.0 AppleWebKit/537.36 (KHTML, like Gecko; compatible; GPTBot/1.2; +https://openai.com/gptbot)"
103.166.150.82 - - [14/Mar/2025:15:49:49 +0000] "POST /store/wp-admin/admin-ajax.php HTTP/1.1" 200 71 "https://valuecartpk.shop/store/wp-admin/post.php?post=15691&action=elementor" "Mozilla/5.0 (Windows NT 10.0; Win64; x64) AppleWebKit/537.36 (KHTML, like Gecko) Chrome/134.0.0.0 Safari/537.36"
103.166.150.82 - - [14/Mar/2025:15:50:01 +0000] "POST /store/wp-admin/admin-ajax.php HTTP/1.1" 200 51 "https://valuecartpk.shop/store/wp-admin/plugins.php?plugin_status=all&paged=1&s" "Mozilla/5.0 (Windows NT 10.0; Win64; x64) AppleWebKit/537.36 (KHTML, like Gecko) Chrome/134.0.0.0 Safari/537.36"
103.166.150.82 - - [14/Mar/2025:15:50:04 +0000] "POST /store/wp-admin/admin-ajax.php HTTP/1.1" 500 0 "https://valuecartpk.shop/store/wp-admin/post.php?post=15691&action=elementor" "Mozilla/5.0 (Windows NT 10.0; Win64; x64) AppleWebKit/537.36 (KHTML, like Gecko) Chrome/134.0.0.0 Safari/537.36"
20.171.207.177 - - [14/Mar/2025:15:50:06 +0000] "GET /store/shop/?filter_brand=joseph-joseph%2Cvitra&filter_color=black%2Cblue%2Cbrown%2Cyellow&filter_size=m%2Cs&per_row=4&shop_view=grid HTTP/2" 200 28817 "-" "Mozilla/5.0 AppleWebKit/537.36 (KHTML, like Gecko; compatible; GPTBot/1.2; +https://openai.com/gptbot)"
103.166.150.82 - - [14/Mar/2025:15:50:19 +0000] "POST /store/wp-admin/admin-ajax.php HTTP/1.1" 200 51 "https://valuecartpk.shop/store/wp-admin/admin.php?page=qcfw-checkout" "Mozilla/5.0 (Windows NT 10.0; Win64; x64) AppleWebKit/537.36 (KHTML, like Gecko) Chrome/134.0.0.0 Safari/537.36"
103.166.150.82 - - [14/Mar/2025:15:50:19 +0000] "POST /store/wp-admin/admin-ajax.php HTTP/1.1" 200 71 "https://valuecartpk.shop/store/wp-admin/post.php?post=15691&action=elementor" "Mozilla/5.0 (Windows NT 10.0; Win64; x64) AppleWebKit/537.36 (KHTML, like Gecko) Chrome/134.0.0.0 Safari/537.36"
20.171.207.177 - - [14/Mar/2025:15:50:22 +0000] "GET /store/shop/?filter_brand=eva-solo%2Cklober&filter_color=beige%2Cblack%2Cbrown&filter_size=m%2Cs&per_page=12&stock_status=instock HTTP/2" 200 28897 "-" "Mozilla/5.0 AppleWebKit/537.36 (KHTML, like Gecko; compatible; GPTBot/1.2; +https://openai.com/gptbot)"
103.166.150.82 - - [14/Mar/2025:15:50:35 +0000] "POST /store/wp-admin/admin-ajax.php HTTP/1.1" 200 71 "https://valuecartpk.shop/store/wp-admin/post.php?post=15691&action=elementor" "Mozilla/5.0 (Windows NT 10.0; Win64; x64) AppleWebKit/537.36 (KHTML, like Gecko) Chrome/134.0.0.0 Safari/537.36"
20.171.207.177 - - [14/Mar/2025:15:50:37 +0000] "GET /store/shop/?filter_brand=eva-solo%2Cklober&filter_color=beige%2Cblack%2Cbrown&filter_size=m%2Cs&per_page=18&stock_status=instock HTTP/2" 200 28894 "-" "Mozilla/5.0 AppleWebKit/537.36 (KHTML, like Gecko; compatible; GPTBot/1.2; +https://openai.com/gptbot)"
103.166.150.82 - - [14/Mar/2025:15:50:49 +0000] "POST /store/wp-admin/admin-ajax.php HTTP/1.1" 200 71 "https://valuecartpk.shop/store/wp-admin/post.php?post=15691&action=elementor" "Mozilla/5.0 (Windows NT 10.0; Win64; x64) AppleWebKit/537.36 (KHTML, like Gecko) Chrome/134.0.0.0 Safari/537.36"
94.23.209.55 - - [14/Mar/2025:15:49:54 +0000] "GET /store/shop/?filter_color=beige,black&filter_brand=eva-solo,magisso&filter_size=l,s&stock_status=instock,onsale HTTP/1.1" 200 26308 "-" "Mozilla/5.0 (compatible; MJ12bot/v1.4.8; http://mj12bot.com/)"
94.23.209.55 - - [14/Mar/2025:15:49:59 +0000] "GET /store/shop/?filter_color=beige,black&filter_brand=eva-solo,magisso&filter_size=m&stock_status=instock,onsale HTTP/1.1" 200 26335 "-" "Mozilla/5.0 (compatible; MJ12bot/v1.4.8; http://mj12bot.com/)"
94.23.209.55 - - [14/Mar/2025:15:50:03 +0000] "GET /store/shop/?filter_color=beige,black&filter_brand=eva-solo,magisso&filter_size=m,s&stock_status=instock,onsale HTTP/1.1" 500 264 "-" "Mozilla/5.0 (compatible; MJ12bot/v1.4.8; http://mj12bot.com/)"
94.23.209.55 - - [14/Mar/2025:15:50:05 +0000] "GET /store/shop/?filter_color=beige,black&filter_brand=eva-solo,magisso&stock_status=instock,onsale HTTP/1.1" 200 26063 "-" "Mozilla/5.0 (compatible; MJ12bot/v1.4.8; http://mj12bot.com/)"
94.23.209.55 - - [14/Mar/2025:15:50:12 +0000] "GET /store/shop/?filter_color=beige,black&filter_brand=eva-solo,magisso&stock_status=instock,onsale&filter_size=s HTTP/1.1" 200 26333 "-" "Mozilla/5.0 (compatible; MJ12bot/v1.4.8; http://mj12bot.com/)"
94.23.209.55 - - [14/Mar/2025:15:50:17 +0000] "GET /store/shop/?filter_color=beige,black&filter_brand=joseph-joseph,klober,vitra&stock_status=instock,onsale&filter_size=l HTTP/1.1" 200 26373 "-" "Mozilla/5.0 (compatible; MJ12bot/v1.4.8; http://mj12bot.com/)"
94.23.209.55 - - [14/Mar/2025:15:50:22 +0000] "GET /store/shop/?filter_color=beige,black&filter_brand=joseph-joseph,klober,vitra&stock_status=instock,onsale&filter_size=l,m HTTP/1.1" 200 26364 "-" "Mozilla/5.0 (compatible; MJ12bot/v1.4.8; http://mj12bot.com/)"
94.23.209.55 - - [14/Mar/2025:15:50:31 +0000] "GET /store/shop/?filter_color=beige,black&filter_brand=joseph-joseph,klober,vitra&stock_status=instock,onsale&filter_size=l,m,s HTTP/1.1" 200 26365 "-" "Mozilla/5.0 (compatible; MJ12bot/v1.4.8; http://mj12bot.com/)"
94.23.209.55 - - [14/Mar/2025:15:50:35 +0000] "GET /store/shop/?filter_color=beige,black&filter_brand=joseph-joseph,klober,vitra&stock_status=instock,onsale&filter_size=l,s HTTP/1.1" 200 26369 "-" "Mozilla/5.0 (compatible; MJ12bot/v1.4.8; http://mj12bot.com/)"
94.23.209.55 - - [14/Mar/2025:15:50:40 +0000] "GET /store/shop/?filter_color=beige,black&filter_brand=joseph-joseph,magisso&filter_size=l,m&stock_status=instock,onsale HTTP/1.1" 200 26312 "-" "Mozilla/5.0 (compatible; MJ12bot/v1.4.8; http://mj12bot.com/)"
94.23.209.55 - - [14/Mar/2025:15:50:47 +0000] "GET /store/shop/?filter_color=beige,black&filter_brand=joseph-joseph,magisso&filter_size=l,s&stock_status=instock,onsale HTTP/1.1" 200 26315 "-" "Mozilla/5.0 (compatible; MJ12bot/v1.4.8; http://mj12bot.com/)"
94.23.209.55 - - [14/Mar/2025:15:50:51 +0000] "GET /store/shop/?filter_color=beige,black&filter_brand=magisso,vitra&stock_status=instock,onsale&filter_size=s HTTP/1.1" 200 26315 "-" "Mozilla/5.0 (compatible; MJ12bot/v1.4.8; http://mj12bot.com/)"
94.23.209.55 - - [14/Mar/2025:15:50:58 +0000] "GET /store/shop/?filter_color=beige,black&filter_size=m&filter_brand=joseph-joseph,vitra&stock_status=instock HTTP/1.1" 200 26277 "-" "Mozilla/5.0 (compatible; MJ12bot/v1.4.8; http://mj12bot.com/)"
94.23.209.55 - - [14/Mar/2025:15:51:02 +0000] "GET /store/shop/?filter_color=beige,black&filter_size=m&filter_brand=joseph-joseph,vitra&stock_status=onsale HTTP/1.1" 200 26279 "-" "Mozilla/5.0 (compatible; MJ12bot/v1.4.8; http://mj12bot.com/)"
94.23.209.55 - - [14/Mar/2025:15:51:09 +0000] "GET /store/shop/?filter_color=beige,black&filter_size=m,s&filter_brand=eva-solo,joseph-joseph&stock_status=instock,onsale HTTP/1.1" 200 26322 "-" "Mozilla/5.0 (compatible; MJ12bot/v1.4.8; http://mj12bot.com/)"
94.23.209.55 - - [14/Mar/2025:15:51:13 +0000] "GET /store/shop/?filter_color=beige,black&filter_size=m,s&filter_brand=eva-solo,joseph-joseph,klober,vitra&stock_status=instock HTTP/1.1" 200 28899 "-" "Mozilla/5.0 (compatible; MJ12bot/v1.4.8; http://mj12bot.com/)"
38.91.101.117 - - [14/Mar/2025:15:50:54 +0000] "POST /store/wp-cron.php?doing_wp_cron=1741967454.1732869148254394531250 HTTP/1.1" 200 0 "-" "WordPress/6.7.2; https://valuecartpk.shop/store"
20.171.207.177 - - [14/Mar/2025:15:50:51 +0000] "GET /store/shop/?filter_brand=eva-solo%2Cjoseph-joseph&filter_color=beige%2Cbrown&filter_size=m%2Cs&per_page=12 HTTP/2" 200 28621 "-" "Mozilla/5.0 AppleWebKit/537.36 (KHTML, like Gecko; compatible; GPTBot/1.2; +https://openai.com/gptbot)"
20.171.207.177 - - [14/Mar/2025:15:51:02 +0000] "GET /store/shop/?filter_brand=eva-solo%2Cjoseph-joseph&filter_color=beige%2Cbrown&filter_size=m%2Cs&per_page=24 HTTP/2" 200 28618 "-" "Mozilla/5.0 AppleWebKit/537.36 (KHTML, like Gecko; compatible; GPTBot/1.2; +https://openai.com/gptbot)"
103.166.150.82 - - [14/Mar/2025:15:51:04 +0000] "POST /store/wp-admin/admin-ajax.php HTTP/1.1" 200 71 "https://valuecartpk.shop/store/wp-admin/post.php?post=15691&action=elementor" "Mozilla/5.0 (Windows NT 10.0; Win64; x64) AppleWebKit/537.36 (KHTML, like Gecko) Chrome/134.0.0.0 Safari/537.36"
20.171.207.177 - - [14/Mar/2025:15:51:13 +0000] "GET /store/shop/?filter_brand=klober%2Cvitra&filter_color=beige%2Cblack%2Cbrown%2Cyellow&filter_size=m%2Cs&per_page=18&stock_status=instock HTTP/2" 200 28922 "-" "Mozilla/5.0 AppleWebKit/537.36 (KHTML, like Gecko; compatible; GPTBot/1.2; +https://openai.com/gptbot)"
103.166.150.82 - - [14/Mar/2025:15:51:19 +0000] "POST /store/wp-admin/admin-ajax.php HTTP/1.1" 200 71 "https://valuecartpk.shop/store/wp-admin/post.php?post=15691&action=elementor" "Mozilla/5.0 (Windows NT 10.0; Win64; x64) AppleWebKit/537.36 (KHTML, like Gecko) Chrome/134.0.0.0 Safari/537.36"
20.171.207.177 - - [14/Mar/2025:15:51:22 +0000] "GET /store/shop/?filter_brand=eva-solo%2Cklober&filter_color=beige%2Cblack%2Cbrown&filter_size=m%2Cs&per_page=9&stock_status=instock HTTP/2" 200 28846 "-" "Mozilla/5.0 AppleWebKit/537.36 (KHTML, like Gecko; compatible; GPTBot/1.2; +https://openai.com/gptbot)"
20.171.207.177 - - [14/Mar/2025:15:51:31 +0000] "GET /store/shop/?filter_brand=joseph-joseph%2Cmagisso&filter_color=beige%2Cblack%2Cbrown&filter_size=l%2Cm&per_row=4&shop_view=grid&stock_status=onsale HTTP/2" 200 26367 "-" "Mozilla/5.0 AppleWebKit/537.36 (KHTML, like Gecko; compatible; GPTBot/1.2; +https://openai.com/gptbot)"
103.166.150.82 - - [14/Mar/2025:15:51:34 +0000] "POST /store/wp-admin/admin-ajax.php HTTP/1.1" 200 71 "https://valuecartpk.shop/store/wp-admin/post.php?post=15691&action=elementor" "Mozilla/5.0 (Windows NT 10.0; Win64; x64) AppleWebKit/537.36 (KHTML, like Gecko) Chrome/134.0.0.0 Safari/537.36"
20.171.207.177 - - [14/Mar/2025:15:51:39 +0000] "GET /store/shop/?filter_brand=joseph-joseph%2Cmagisso&filter_color=beige%2Cblack%2Cbrown&filter_size=l%2Cm&per_row=4&shop_view=grid&stock_status=instock HTTP/2" 200 28929 "-" "Mozilla/5.0 AppleWebKit/537.36 (KHTML, like Gecko; compatible; GPTBot/1.2; +https://openai.com/gptbot)"
20.171.207.177 - - [14/Mar/2025:15:51:46 +0000] "GET /store/shop/?filter_brand=klober%2Cvitra&filter_color=beige%2Cblack%2Cbrown%2Cyellow&filter_size=m%2Cs&per_page=12&stock_status=instock HTTP/2" 200 28912 "-" "Mozilla/5.0 AppleWebKit/537.36 (KHTML, like Gecko; compatible; GPTBot/1.2; +https://openai.com/gptbot)"
103.166.150.82 - - [14/Mar/2025:15:51:49 +0000] "POST /store/wp-admin/admin-ajax.php HTTP/1.1" 200 71 "https://valuecartpk.shop/store/wp-admin/post.php?post=15691&action=elementor" "Mozilla/5.0 (Windows NT 10.0; Win64; x64) AppleWebKit/537.36 (KHTML, like Gecko) Chrome/134.0.0.0 Safari/537.36"
20.171.207.177 - - [14/Mar/2025:15:51:52 +0000] "GET /store/shop/?filter_brand=eva-solo%2Cjoseph-joseph%2Cklober&filter_color=black%2Cblue%2Cyellow&per_row=2&shop_view=grid&stock_status=onsale HTTP/2" 200 26356 "-" "Mozilla/5.0 AppleWebKit/537.36 (KHTML, like Gecko; compatible; GPTBot/1.2; +https://openai.com/gptbot)"
20.171.207.177 - - [14/Mar/2025:15:51:59 +0000] "GET /store/shop/?filter_brand=joseph-joseph%2Cvitra&filter_color=black%2Cblue%2Cbrown%2Cyellow&filter_size=m%2Cs&per_row=4&shop_view=grid&stock_status=onsale HTTP/2" 200 26382 "-" "Mozilla/5.0 AppleWebKit/537.36 (KHTML, like Gecko; compatible; GPTBot/1.2; +https://openai.com/gptbot)"
103.166.150.82 - - [14/Mar/2025:15:52:02 +0000] "POST /store/wp-admin/admin-ajax.php HTTP/1.1" 200 51 "https://valuecartpk.shop/store/wp-admin/plugins.php?plugin_status=all&paged=1&s" "Mozilla/5.0 (Windows NT 10.0; Win64; x64) AppleWebKit/537.36 (KHTML, like Gecko) Chrome/134.0.0.0 Safari/537.36"
103.166.150.82 - - [14/Mar/2025:15:52:04 +0000] "POST /store/wp-admin/admin-ajax.php HTTP/1.1" 500 0 "https://valuecartpk.shop/store/wp-admin/post.php?post=15691&action=elementor" "Mozilla/5.0 (Windows NT 10.0; Win64; x64) AppleWebKit/537.36 (KHTML, like Gecko) Chrome/134.0.0.0 Safari/537.36"
20.171.207.177 - - [14/Mar/2025:15:52:06 +0000] "GET /store/shop/?filter_brand=magisso%2Cvitra&filter_color=black%2Cblue%2Cbrown%2Cyellow&filter_size=l%2Cs&per_page=24&stock_status=instock HTTP/2" 200 28910 "-" "Mozilla/5.0 AppleWebKit/537.36 (KHTML, like Gecko; compatible; GPTBot/1.2; +https://openai.com/gptbot)"
103.166.150.82 - - [14/Mar/2025:15:52:11 +0000] "GET /store/wp-json/elementor/v1/checklist/user-progress HTTP/1.1" 200 183 "https://valuecartpk.shop/store/wp-admin/post.php?post=15691&action=elementor" "Mozilla/5.0 (Windows NT 10.0; Win64; x64) AppleWebKit/537.36 (KHTML, like Gecko) Chrome/134.0.0.0 Safari/537.36"
103.166.150.82 - - [14/Mar/2025:15:52:11 +0000] "POST /store/wp-admin/admin-ajax.php HTTP/1.1" 200 576 "https://valuecartpk.shop/store/wp-admin/post.php?post=15691&action=elementor" "Mozilla/5.0 (Windows NT 10.0; Win64; x64) AppleWebKit/537.36 (KHTML, like Gecko) Chrome/134.0.0.0 Safari/537.36"
103.166.150.82 - - [14/Mar/2025:15:52:19 +0000] "POST /store/wp-admin/admin-ajax.php HTTP/1.1" 500 0 "https://valuecartpk.shop/store/wp-admin/post.php?post=15691&action=elementor" "Mozilla/5.0 (Windows NT 10.0; Win64; x64) AppleWebKit/537.36 (KHTML, like Gecko) Chrome/134.0.0.0 Safari/537.36"
20.171.207.177 - - [14/Mar/2025:15:52:13 +0000] "GET /store/shop/?filter_brand=eva-solo%2Cjoseph-joseph%2Cmagisso&filter_color=beige%2Cbrown&filter_size=m&per_page=9&stock_status=onsale HTTP/2" 200 26363 "-" "Mozilla/5.0 AppleWebKit/537.36 (KHTML, like Gecko; compatible; GPTBot/1.2; +https://openai.com/gptbot)"
103.166.150.82 - - [14/Mar/2025:15:52:20 +0000] "POST /store/wp-admin/admin-ajax.php HTTP/1.1" 200 51 "https://valuecartpk.shop/store/wp-admin/admin.php?page=qcfw-checkout" "Mozilla/5.0 (Windows NT 10.0; Win64; x64) AppleWebKit/537.36 (KHTML, like Gecko) Chrome/134.0.0.0 Safari/537.36"
103.166.150.82 - - [14/Mar/2025:15:52:21 +0000] "GET /store/wp-json/elementor/v1/checklist/user-progress HTTP/1.1" 200 183 "https://valuecartpk.shop/store/wp-admin/post.php?post=15691&action=elementor" "Mozilla/5.0 (Windows NT 10.0; Win64; x64) AppleWebKit/537.36 (KHTML, like Gecko) Chrome/134.0.0.0 Safari/537.36"
20.171.207.177 - - [14/Mar/2025:15:52:22 +0000] "GET /store/shop/?filter_brand=joseph-joseph%2Cmagisso&filter_color=blue%2Cbrown%2Cyellow&filter_size=l%2Cm%2Cs&per_page=24&stock_status=onsale HTTP/2" 200 26656 "-" "Mozilla/5.0 AppleWebKit/537.36 (KHTML, like Gecko; compatible; GPTBot/1.2; +https://openai.com/gptbot)"
103.166.150.82 - - [14/Mar/2025:15:52:23 +0000] "POST /store/wp-admin/admin-ajax.php HTTP/1.1" 200 352 "https://valuecartpk.shop/store/wp-admin/post.php?post=15691&action=elementor" "Mozilla/5.0 (Windows NT 10.0; Win64; x64) AppleWebKit/537.36 (KHTML, like Gecko) Chrome/134.0.0.0 Safari/537.36"
103.166.150.82 - - [14/Mar/2025:15:52:31 +0000] "GET /store/wp-json/elementor/v1/checklist/user-progress HTTP/1.1" 200 183 "https://valuecartpk.shop/store/wp-admin/post.php?post=15691&action=elementor" "Mozilla/5.0 (Windows NT 10.0; Win64; x64) AppleWebKit/537.36 (KHTML, like Gecko) Chrome/134.0.0.0 Safari/537.36"
94.23.209.55 - - [14/Mar/2025:15:51:19 +0000] "GET /store/shop/?filter_color=beige,black&filter_size=m,s&filter_brand=eva-solo,joseph-joseph,klober,vitra&stock_status=onsale HTTP/1.1" 200 26389 "-" "Mozilla/5.0 (compatible; MJ12bot/v1.4.8; http://mj12bot.com/)"
94.23.209.55 - - [14/Mar/2025:15:51:25 +0000] "GET /store/shop/?filter_color=beige,black&filter_size=m,s&filter_brand=eva-solo,joseph-joseph,magisso,vitra&stock_status=instock HTTP/1.1" 200 28873 "-" "Mozilla/5.0 (compatible; MJ12bot/v1.4.8; http://mj12bot.com/)"
94.23.209.55 - - [14/Mar/2025:15:51:31 +0000] "GET /store/shop/?filter_color=beige,black&filter_size=m,s&filter_brand=eva-solo,joseph-joseph,magisso,vitra&stock_status=instock,onsale HTTP/1.1" 200 26358 "-" "Mozilla/5.0 (compatible; MJ12bot/v1.4.8; http://mj12bot.com/)"
94.23.209.55 - - [14/Mar/2025:15:51:37 +0000] "GET /store/shop/?filter_color=beige,black&filter_size=m,s&filter_brand=eva-solo,joseph-joseph,magisso,vitra&stock_status=onsale HTTP/1.1" 200 26380 "-" "Mozilla/5.0 (compatible; MJ12bot/v1.4.8; http://mj12bot.com/)"
94.23.209.55 - - [14/Mar/2025:15:51:43 +0000] "GET /store/shop/?filter_color=beige,black&filter_size=m,s&filter_brand=eva-solo,magisso&per_page=12 HTTP/1.1" 200 28821 "-" "Mozilla/5.0 (compatible; MJ12bot/v1.4.8; http://mj12bot.com/)"
94.23.209.55 - - [14/Mar/2025:15:51:47 +0000] "GET /store/shop/?filter_color=beige,black&filter_size=m,s&filter_brand=eva-solo,magisso&per_page=18 HTTP/1.1" 200 28819 "-" "Mozilla/5.0 (compatible; MJ12bot/v1.4.8; http://mj12bot.com/)"
38.91.101.117 - - [14/Mar/2025:15:51:54 +0000] "POST /store/wp-cron.php?doing_wp_cron=1741967514.3575780391693115234375 HTTP/1.1" 200 0 "-" "WordPress/6.7.2; https://valuecartpk.shop/store"
94.23.209.55 - - [14/Mar/2025:15:51:54 +0000] "GET /store/shop/?filter_color=beige,black&filter_size=m,s&filter_brand=eva-solo,magisso&per_page=24 HTTP/1.1" 200 28815 "-" "Mozilla/5.0 (compatible; MJ12bot/v1.4.8; http://mj12bot.com/)"
94.23.209.55 - - [14/Mar/2025:15:52:02 +0000] "GET /store/shop/?filter_color=beige,black&filter_size=m,s&filter_brand=eva-solo,magisso&per_page=9 HTTP/1.1" 500 264 "-" "Mozilla/5.0 (compatible; MJ12bot/v1.4.8; http://mj12bot.com/)"
94.23.209.55 - - [14/Mar/2025:15:52:04 +0000] "GET /store/shop/?filter_color=beige,black&filter_size=m,s&filter_brand=eva-solo,magisso&shop_view=grid&per_row=2 HTTP/1.1" 200 28751 "-" "Mozilla/5.0 (compatible; MJ12bot/v1.4.8; http://mj12bot.com/)"
94.23.209.55 - - [14/Mar/2025:15:52:09 +0000] "GET /store/shop/?filter_color=beige,black&filter_size=m,s&filter_brand=eva-solo,magisso&shop_view=grid&per_row=3 HTTP/1.1" 200 28758 "-" "Mozilla/5.0 (compatible; MJ12bot/v1.4.8; http://mj12bot.com/)"
94.23.209.55 - - [14/Mar/2025:15:52:15 +0000] "GET /store/shop/?filter_color=beige,black&filter_size=m,s&filter_brand=eva-solo,magisso&shop_view=grid&per_row=4 HTTP/1.1" 200 29046 "-" "Mozilla/5.0 (compatible; MJ12bot/v1.4.8; http://mj12bot.com/)"
94.23.209.55 - - [14/Mar/2025:15:52:27 +0000] "GET /store/shop/?filter_color=beige,black&filter_size=m,s&filter_brand=eva-solo,magisso&stock_status=instock HTTP/1.1" 200 29049 "-" "Mozilla/5.0 (compatible; MJ12bot/v1.4.8; http://mj12bot.com/)"
94.23.209.55 - - [14/Mar/2025:15:52:37 +0000] "GET /store/shop/?filter_color=beige,black&filter_size=m,s&filter_brand=eva-solo,magisso&stock_status=instock,onsale HTTP/1.1" 200 26571 "-" "Mozilla/5.0 (compatible; MJ12bot/v1.4.8; http://mj12bot.com/)"
94.23.209.55 - - [14/Mar/2025:15:52:43 +0000] "GET /store/shop/?filter_color=beige,black&filter_size=m,s&filter_brand=eva-solo,magisso&stock_status=onsale HTTP/1.1" 200 26565 "-" "Mozilla/5.0 (compatible; MJ12bot/v1.4.8; http://mj12bot.com/)"
94.23.209.55 - - [14/Mar/2025:15:52:47 +0000] "GET /store/shop/?filter_color=beige,black&filter_size=m,s&filter_brand=eva-solo,vitra&per_page=12 HTTP/1.1" 200 28947 "-" "Mozilla/5.0 (compatible; MJ12bot/v1.4.8; http://mj12bot.com/)"
38.91.101.117 - - [14/Mar/2025:15:52:54 +0000] "POST /store/wp-cron.php?doing_wp_cron=1741967574.7194199562072753906250 HTTP/1.1" 200 0 "-" "WordPress/6.7.2; https://valuecartpk.shop/store"
20.171.207.177 - - [14/Mar/2025:15:52:32 +0000] "GET /store/shop/?filter_brand=eva-solo%2Cjoseph-joseph&filter_color=beige%2Cbrown&filter_size=m%2Cs&per_page=24&stock_status=onsale HTTP/2" 200 26574 "-" "Mozilla/5.0 AppleWebKit/537.36 (KHTML, like Gecko; compatible; GPTBot/1.2; +https://openai.com/gptbot)"
103.166.150.82 - - [14/Mar/2025:15:52:34 +0000] "POST /store/wp-admin/admin-ajax.php HTTP/1.1" 200 71 "https://valuecartpk.shop/store/wp-admin/post.php?post=15691&action=elementor" "Mozilla/5.0 (Windows NT 10.0; Win64; x64) AppleWebKit/537.36 (KHTML, like Gecko) Chrome/134.0.0.0 Safari/537.36"
20.171.207.177 - - [14/Mar/2025:15:52:42 +0000] "GET /store/shop/?filter_brand=klober%2Cvitra&filter_color=beige%2Cblack%2Cbrown%2Cyellow&filter_size=m%2Cs&per_page=18&per_row=3&shop_view=grid&stock_status=instock HTTP/2" 500 1035 "-" "Mozilla/5.0 AppleWebKit/537.36 (KHTML, like Gecko; compatible; GPTBot/1.2; +https://openai.com/gptbot)"
103.166.150.82 - - [14/Mar/2025:15:52:49 +0000] "POST /store/wp-admin/admin-ajax.php HTTP/1.1" 200 71 "https://valuecartpk.shop/store/wp-admin/post.php?post=15691&action=elementor" "Mozilla/5.0 (Windows NT 10.0; Win64; x64) AppleWebKit/537.36 (KHTML, like Gecko) Chrome/134.0.0.0 Safari/537.36"
20.171.207.177 - - [14/Mar/2025:15:52:52 +0000] "GET /store/shop/?filter_brand=eva-solo%2Cklober&filter_color=beige%2Cblack%2Cbrown&filter_size=m%2Cs&per_page=9 HTTP/2" 500 1035 "-" "Mozilla/5.0 AppleWebKit/537.36 (KHTML, like Gecko; compatible; GPTBot/1.2; +https://openai.com/gptbot)"
103.166.150.82 - - [14/Mar/2025:15:53:04 +0000] "POST /store/wp-admin/admin-ajax.php HTTP/1.1" 200 71 "https://valuecartpk.shop/store/wp-admin/post.php?post=15691&action=elementor" "Mozilla/5.0 (Windows NT 10.0; Win64; x64) AppleWebKit/537.36 (KHTML, like Gecko) Chrome/134.0.0.0 Safari/537.36"
103.166.150.82 - - [14/Mar/2025:15:53:19 +0000] "POST /store/wp-admin/admin-ajax.php HTTP/1.1" 200 71 "https://valuecartpk.shop/store/wp-admin/post.php?post=15691&action=elementor" "Mozilla/5.0 (Windows NT 10.0; Win64; x64) AppleWebKit/537.36 (KHTML, like Gecko) Chrome/134.0.0.0 Safari/537.36"
20.171.207.177 - - [14/Mar/2025:15:53:20 +0000] "GET /store/shop/?filter_brand=eva-solo%2Cklober&filter_color=beige%2Cblack%2Cbrown&filter_size=m%2Cs&per_page=9&stock_status=instock%2Consale HTTP/2" 200 26620 "-" "Mozilla/5.0 AppleWebKit/537.36 (KHTML, like Gecko; compatible; GPTBot/1.2; +https://openai.com/gptbot)"
103.166.150.82 - - [14/Mar/2025:15:53:34 +0000] "POST /store/wp-admin/admin-ajax.php HTTP/1.1" 200 71 "https://valuecartpk.shop/store/wp-admin/post.php?post=15691&action=elementor" "Mozilla/5.0 (Windows NT 10.0; Win64; x64) AppleWebKit/537.36 (KHTML, like Gecko) Chrome/134.0.0.0 Safari/537.36"
103.166.150.82 - - [14/Mar/2025:15:53:49 +0000] "POST /store/wp-admin/admin-ajax.php HTTP/1.1" 200 71 "https://valuecartpk.shop/store/wp-admin/post.php?post=15691&action=elementor" "Mozilla/5.0 (Windows NT 10.0; Win64; x64) AppleWebKit/537.36 (KHTML, like Gecko) Chrome/134.0.0.0 Safari/537.36"
103.166.150.82 - - [14/Mar/2025:15:53:59 +0000] "GET /store/wp-json/elementor/v1/checklist/user-progress HTTP/1.1" 200 183 "https://valuecartpk.shop/store/wp-admin/post.php?post=15691&action=elementor" "Mozilla/5.0 (Windows NT 10.0; Win64; x64) AppleWebKit/537.36 (KHTML, like Gecko) Chrome/134.0.0.0 Safari/537.36"
103.166.150.82 - - [14/Mar/2025:15:54:00 +0000] "POST /store/wp-admin/admin-ajax.php HTTP/1.1" 200 585 "https://valuecartpk.shop/store/wp-admin/post.php?post=15691&action=elementor" "Mozilla/5.0 (Windows NT 10.0; Win64; x64) AppleWebKit/537.36 (KHTML, like Gecko) Chrome/134.0.0.0 Safari/537.36"
103.166.150.82 - - [14/Mar/2025:15:54:03 +0000] "POST /store/wp-admin/admin-ajax.php HTTP/1.1" 200 51 "https://valuecartpk.shop/store/wp-admin/plugins.php?plugin_status=all&paged=1&s" "Mozilla/5.0 (Windows NT 10.0; Win64; x64) AppleWebKit/537.36 (KHTML, like Gecko) Chrome/134.0.0.0 Safari/537.36"
94.23.209.55 - - [14/Mar/2025:15:52:52 +0000] "GET /store/shop/?filter_color=beige,black&filter_size=m,s&filter_brand=eva-solo,vitra&per_page=18 HTTP/1.1" 200 28945 "-" "Mozilla/5.0 (compatible; MJ12bot/v1.4.8; http://mj12bot.com/)"
94.23.209.55 - - [14/Mar/2025:15:52:57 +0000] "GET /store/shop/?filter_color=beige,black&filter_size=m,s&filter_brand=eva-solo,vitra&per_page=24 HTTP/1.1" 200 28947 "-" "Mozilla/5.0 (compatible; MJ12bot/v1.4.8; http://mj12bot.com/)"
94.23.209.55 - - [14/Mar/2025:15:53:01 +0000] "GET /store/shop/?filter_color=beige,black&filter_size=m,s&filter_brand=eva-solo,vitra&per_page=9 HTTP/1.1" 200 28982 "-" "Mozilla/5.0 (compatible; MJ12bot/v1.4.8; http://mj12bot.com/)"
94.23.209.55 - - [14/Mar/2025:15:53:05 +0000] "GET /store/shop/?filter_color=beige,black&filter_size=m,s&filter_brand=eva-solo,vitra&shop_view=grid&per_row=2 HTTP/1.1" 500 264 "-" "Mozilla/5.0 (compatible; MJ12bot/v1.4.8; http://mj12bot.com/)"
94.23.209.55 - - [14/Mar/2025:15:53:08 +0000] "GET /store/shop/?filter_color=beige,black&filter_size=m,s&filter_brand=eva-solo,vitra&shop_view=grid&per_row=3 HTTP/1.1" 200 28994 "-" "Mozilla/5.0 (compatible; MJ12bot/v1.4.8; http://mj12bot.com/)"
94.23.209.55 - - [14/Mar/2025:15:53:11 +0000] "GET /store/shop/?filter_color=beige,black&filter_size=m,s&filter_brand=eva-solo,vitra&shop_view=grid&per_row=4 HTTP/1.1" 200 28994 "-" "Mozilla/5.0 (compatible; MJ12bot/v1.4.8; http://mj12bot.com/)"
94.23.209.55 - - [14/Mar/2025:15:53:15 +0000] "GET /store/shop/?filter_color=beige,black&filter_size=m,s&filter_brand=eva-solo,vitra&stock_status=instock HTTP/1.1" 200 28995 "-" "Mozilla/5.0 (compatible; MJ12bot/v1.4.8; http://mj12bot.com/)"
94.23.209.55 - - [14/Mar/2025:15:53:22 +0000] "GET /store/shop/?filter_color=beige,black&filter_size=m,s&filter_brand=eva-solo,vitra&stock_status=instock,onsale HTTP/1.1" 200 26539 "-" "Mozilla/5.0 (compatible; MJ12bot/v1.4.8; http://mj12bot.com/)"
94.23.209.55 - - [14/Mar/2025:15:53:28 +0000] "GET /store/shop/?filter_color=beige,black&filter_size=m,s&filter_brand=eva-solo,vitra&stock_status=onsale HTTP/1.1" 200 26542 "-" "Mozilla/5.0 (compatible; MJ12bot/v1.4.8; http://mj12bot.com/)"
94.23.209.55 - - [14/Mar/2025:15:53:34 +0000] "GET /store/shop/?filter_color=beige,black&filter_size=m,s&filter_brand=joseph-joseph,magisso&per_page=12 HTTP/1.1" 200 29048 "-" "Mozilla/5.0 (compatible; MJ12bot/v1.4.8; http://mj12bot.com/)"
94.23.209.55 - - [14/Mar/2025:15:53:41 +0000] "GET /store/shop/?filter_color=beige,black&filter_size=m,s&filter_brand=joseph-joseph,magisso&per_page=18 HTTP/1.1" 200 29032 "-" "Mozilla/5.0 (compatible; MJ12bot/v1.4.8; http://mj12bot.com/)"
94.23.209.55 - - [14/Mar/2025:15:53:45 +0000] "GET /store/shop/?filter_color=beige,black&filter_size=m,s&filter_brand=joseph-joseph,magisso&per_page=24 HTTP/1.1" 200 29030 "-" "Mozilla/5.0 (compatible; MJ12bot/v1.4.8; http://mj12bot.com/)"
94.23.209.55 - - [14/Mar/2025:15:53:49 +0000] "GET /store/shop/?filter_color=beige,black&filter_size=m,s&filter_brand=joseph-joseph,magisso&per_page=9 HTTP/1.1" 200 29046 "-" "Mozilla/5.0 (compatible; MJ12bot/v1.4.8; http://mj12bot.com/)"
94.23.209.55 - - [14/Mar/2025:15:53:56 +0000] "GET /store/shop/?filter_color=beige,black&filter_size=m,s&filter_brand=joseph-joseph,magisso&shop_view=grid&per_row=2 HTTP/1.1" 200 29052 "-" "Mozilla/5.0 (compatible; MJ12bot/v1.4.8; http://mj12bot.com/)"
94.23.209.55 - - [14/Mar/2025:15:54:01 +0000] "GET /store/shop/?filter_color=beige,black&filter_size=m,s&filter_brand=joseph-joseph,magisso&shop_view=grid&per_row=3 HTTP/1.1" 200 29055 "-" "Mozilla/5.0 (compatible; MJ12bot/v1.4.8; http://mj12bot.com/)"
94.23.209.55 - - [14/Mar/2025:15:54:13 +0000] "GET /store/shop/?filter_color=beige,black&filter_size=m,s&filter_brand=joseph-joseph,magisso&shop_view=grid&per_row=4 HTTP/1.1" 200 29053 "-" "Mozilla/5.0 (compatible; MJ12bot/v1.4.8; http://mj12bot.com/)"
103.166.150.82 - - [14/Mar/2025:15:54:04 +0000] "POST /store/wp-admin/admin-ajax.php HTTP/1.1" 200 71 "https://valuecartpk.shop/store/wp-admin/post.php?post=15691&action=elementor" "Mozilla/5.0 (Windows NT 10.0; Win64; x64) AppleWebKit/537.36 (KHTML, like Gecko) Chrome/134.0.0.0 Safari/537.36"
103.166.150.82 - - [14/Mar/2025:15:54:11 +0000] "GET /store/wp-json/elementor/v1/checklist/user-progress HTTP/1.1" 200 183 "https://valuecartpk.shop/store/wp-admin/post.php?post=15691&action=elementor" "Mozilla/5.0 (Windows NT 10.0; Win64; x64) AppleWebKit/537.36 (KHTML, like Gecko) Chrome/134.0.0.0 Safari/537.36"
103.166.150.82 - - [14/Mar/2025:15:54:19 +0000] "POST /store/wp-admin/admin-ajax.php HTTP/1.1" 200 71 "https://valuecartpk.shop/store/wp-admin/post.php?post=15691&action=elementor" "Mozilla/5.0 (Windows NT 10.0; Win64; x64) AppleWebKit/537.36 (KHTML, like Gecko) Chrome/134.0.0.0 Safari/537.36"
103.166.150.82 - - [14/Mar/2025:15:54:21 +0000] "POST /store/wp-admin/admin-ajax.php HTTP/1.1" 200 51 "https://valuecartpk.shop/store/wp-admin/admin.php?page=qcfw-checkout" "Mozilla/5.0 (Windows NT 10.0; Win64; x64) AppleWebKit/537.36 (KHTML, like Gecko) Chrome/134.0.0.0 Safari/537.36"
103.166.150.82 - - [14/Mar/2025:15:54:23 +0000] "POST /store/wp-admin/admin-ajax.php HTTP/1.1" 500 133 "https://valuecartpk.shop/store/wp-admin/post.php?post=15691&action=elementor" "Mozilla/5.0 (Windows NT 10.0; Win64; x64) AppleWebKit/537.36 (KHTML, like Gecko) Chrome/134.0.0.0 Safari/537.36"
20.171.207.177 - - [14/Mar/2025:15:54:26 +0000] "GET /store/shop/?filter_brand=joseph-joseph%2Cmagisso&filter_color=beige%2Cblack%2Cbrown&filter_size=l%2Cm&per_row=2&shop_view=grid&stock_status=instock HTTP/2" 200 29101 "-" "Mozilla/5.0 AppleWebKit/537.36 (KHTML, like Gecko; compatible; GPTBot/1.2; +https://openai.com/gptbot)"
103.166.150.82 - - [14/Mar/2025:15:54:34 +0000] "POST /store/wp-admin/admin-ajax.php HTTP/1.1" 200 71 "https://valuecartpk.shop/store/wp-admin/post.php?post=15691&action=elementor" "Mozilla/5.0 (Windows NT 10.0; Win64; x64) AppleWebKit/537.36 (KHTML, like Gecko) Chrome/134.0.0.0 Safari/537.36"
103.166.150.82 - - [14/Mar/2025:15:54:50 +0000] "POST /store/wp-admin/admin-ajax.php HTTP/1.1" 200 71 "https://valuecartpk.shop/store/wp-admin/post.php?post=15691&action=elementor" "Mozilla/5.0 (Windows NT 10.0; Win64; x64) AppleWebKit/537.36 (KHTML, like Gecko) Chrome/134.0.0.0 Safari/537.36"
103.166.150.82 - - [14/Mar/2025:15:54:52 +0000] "GET /store/wp-json/elementor/v1/checklist/user-progress HTTP/1.1" 500 1035 "https://valuecartpk.shop/store/wp-admin/post.php?post=15691&action=elementor" "Mozilla/5.0 (Windows NT 10.0; Win64; x64) AppleWebKit/537.36 (KHTML, like Gecko) Chrome/134.0.0.0 Safari/537.36"
103.166.150.82 - - [14/Mar/2025:15:54:54 +0000] "GET /store/wp-json/elementor/v1/checklist/user-progress HTTP/1.1" 200 183 "https://valuecartpk.shop/store/wp-admin/post.php?post=15691&action=elementor" "Mozilla/5.0 (Windows NT 10.0; Win64; x64) AppleWebKit/537.36 (KHTML, like Gecko) Chrome/134.0.0.0 Safari/537.36"
103.166.150.82 - - [14/Mar/2025:15:54:53 +0000] "POST /store/wp-admin/admin-ajax.php HTTP/1.1" 200 591 "https://valuecartpk.shop/store/wp-admin/post.php?post=15691&action=elementor" "Mozilla/5.0 (Windows NT 10.0; Win64; x64) AppleWebKit/537.36 (KHTML, like Gecko) Chrome/134.0.0.0 Safari/537.36"
103.166.150.82 - - [14/Mar/2025:15:55:03 +0000] "GET /store/wp-json/elementor/v1/checklist/user-progress HTTP/1.1" 200 183 "https://valuecartpk.shop/store/wp-admin/post.php?post=15691&action=elementor" "Mozilla/5.0 (Windows NT 10.0; Win64; x64) AppleWebKit/537.36 (KHTML, like Gecko) Chrome/134.0.0.0 Safari/537.36"
103.166.150.82 - - [14/Mar/2025:15:55:05 +0000] "POST /store/wp-admin/admin-ajax.php HTTP/1.1" 200 71 "https://valuecartpk.shop/store/wp-admin/post.php?post=15691&action=elementor" "Mozilla/5.0 (Windows NT 10.0; Win64; x64) AppleWebKit/537.36 (KHTML, like Gecko) Chrome/134.0.0.0 Safari/537.36"
94.23.209.55 - - [14/Mar/2025:15:54:18 +0000] "GET /store/shop/?filter_color=beige,black&filter_size=m,s&filter_brand=joseph-joseph,magisso&stock_status=instock HTTP/1.1" 200 29036 "-" "Mozilla/5.0 (compatible; MJ12bot/v1.4.8; http://mj12bot.com/)"
94.23.209.55 - - [14/Mar/2025:15:54:23 +0000] "GET /store/shop/?filter_color=beige,black&filter_size=m,s&filter_brand=joseph-joseph,magisso&stock_status=instock,onsale HTTP/1.1" 200 26585 "-" "Mozilla/5.0 (compatible; MJ12bot/v1.4.8; http://mj12bot.com/)"
94.23.209.55 - - [14/Mar/2025:15:54:28 +0000] "GET /store/shop/?filter_color=beige,black&filter_size=m,s&filter_brand=joseph-joseph,magisso&stock_status=onsale HTTP/1.1" 200 26554 "-" "Mozilla/5.0 (compatible; MJ12bot/v1.4.8; http://mj12bot.com/)"
94.23.209.55 - - [14/Mar/2025:15:54:33 +0000] "GET /store/shop/?filter_color=beige,black&filter_size=m,s&filter_brand=joseph-joseph,vitra&per_page=12 HTTP/1.1" 200 28972 "-" "Mozilla/5.0 (compatible; MJ12bot/v1.4.8; http://mj12bot.com/)"
94.23.209.55 - - [14/Mar/2025:15:54:39 +0000] "GET /store/shop/?filter_color=beige,black&filter_size=m,s&filter_brand=joseph-joseph,vitra&per_page=18 HTTP/1.1" 500 264 "-" "Mozilla/5.0 (compatible; MJ12bot/v1.4.8; http://mj12bot.com/)"
94.23.209.55 - - [14/Mar/2025:15:54:41 +0000] "GET /store/shop/?filter_color=beige,black&filter_size=m,s&filter_brand=joseph-joseph,vitra&per_page=24 HTTP/1.1" 200 28968 "-" "Mozilla/5.0 (compatible; MJ12bot/v1.4.8; http://mj12bot.com/)"
94.23.209.55 - - [14/Mar/2025:15:54:46 +0000] "GET /store/shop/?filter_color=beige,black&filter_size=m,s&filter_brand=joseph-joseph,vitra&per_page=9 HTTP/1.1" 200 28960 "-" "Mozilla/5.0 (compatible; MJ12bot/v1.4.8; http://mj12bot.com/)"
2a06:98c0:3600::103 - - [14/Mar/2025:15:54:53 +0000] "GET /wp-admin/setup-config.php HTTP/1.1" 404 1251 "-" "Mozilla/5.0 (Windows NT 10.0; Win64; x64) AppleWebKit/537.36 (KHTML, like Gecko) Chrome/133.0.0.0 Safari/537.36"
94.23.209.55 - - [14/Mar/2025:15:54:51 +0000] "GET /store/shop/?filter_color=beige,black&filter_size=m,s&filter_brand=joseph-joseph,vitra&shop_view=grid&per_row=2 HTTP/1.1" 200 29014 "-" "Mozilla/5.0 (compatible; MJ12bot/v1.4.8; http://mj12bot.com/)"
94.23.209.55 - - [14/Mar/2025:15:54:59 +0000] "GET /store/shop/?filter_color=beige,black&filter_size=m,s&filter_brand=joseph-joseph,vitra&shop_view=grid&per_row=3 HTTP/1.1" 200 29022 "-" "Mozilla/5.0 (compatible; MJ12bot/v1.4.8; http://mj12bot.com/)"
94.23.209.55 - - [14/Mar/2025:15:55:05 +0000] "GET /store/shop/?filter_color=beige,black&filter_size=m,s&filter_brand=joseph-joseph,vitra&shop_view=grid&per_row=4 HTTP/1.1" 200 29016 "-" "Mozilla/5.0 (compatible; MJ12bot/v1.4.8; http://mj12bot.com/)"
94.23.209.55 - - [14/Mar/2025:15:55:12 +0000] "GET /store/shop/?filter_color=beige,black&filter_size=m,s&filter_brand=joseph-joseph,vitra&stock_status=instock HTTP/1.1" 200 28993 "-" "Mozilla/5.0 (compatible; MJ12bot/v1.4.8; http://mj12bot.com/)"
94.23.209.55 - - [14/Mar/2025:15:55:17 +0000] "GET /store/shop/?filter_color=beige,black&filter_size=m,s&filter_brand=joseph-joseph,vitra&stock_status=instock,onsale HTTP/1.1" 200 26523 "-" "Mozilla/5.0 (compatible; MJ12bot/v1.4.8; http://mj12bot.com/)"
94.23.209.55 - - [14/Mar/2025:15:55:21 +0000] "GET /store/shop/?filter_color=beige,black&filter_size=m,s&filter_brand=joseph-joseph,vitra&stock_status=onsale HTTP/1.1" 200 26555 "-" "Mozilla/5.0 (compatible; MJ12bot/v1.4.8; http://mj12bot.com/)"
94.23.209.55 - - [14/Mar/2025:15:55:27 +0000] "GET /store/shop/?filter_color=beige,black&filter_size=m,s&filter_brand=magisso,vitra&per_page=12 HTTP/1.1" 200 29001 "-" "Mozilla/5.0 (compatible; MJ12bot/v1.4.8; http://mj12bot.com/)"
94.23.209.55 - - [14/Mar/2025:15:55:30 +0000] "GET /store/shop/?filter_color=beige,black&filter_size=m,s&filter_brand=magisso,vitra&per_page=18 HTTP/1.1" 200 29002 "-" "Mozilla/5.0 (compatible; MJ12bot/v1.4.8; http://mj12bot.com/)"
94.23.209.55 - - [14/Mar/2025:15:55:34 +0000] "GET /store/shop/?filter_color=beige,black&filter_size=m,s&filter_brand=magisso,vitra&per_page=24 HTTP/1.1" 200 29012 "-" "Mozilla/5.0 (compatible; MJ12bot/v1.4.8; http://mj12bot.com/)"
94.23.209.55 - - [14/Mar/2025:15:55:42 +0000] "GET /store/shop/?filter_color=beige,black&filter_size=m,s&filter_brand=magisso,vitra&per_page=9 HTTP/1.1" 200 29026 "-" "Mozilla/5.0 (compatible; MJ12bot/v1.4.8; http://mj12bot.com/)"
94.23.209.55 - - [14/Mar/2025:15:55:48 +0000] "GET /store/shop/?filter_color=beige,black&filter_size=m,s&filter_brand=magisso,vitra&shop_view=grid&per_row=2 HTTP/1.1" 200 29022 "-" "Mozilla/5.0 (compatible; MJ12bot/v1.4.8; http://mj12bot.com/)"
94.23.209.55 - - [14/Mar/2025:15:55:55 +0000] "GET /store/shop/?filter_color=beige,black&filter_size=m,s&filter_brand=magisso,vitra&shop_view=grid&per_row=3 HTTP/1.1" 500 264 "-" "Mozilla/5.0 (compatible; MJ12bot/v1.4.8; http://mj12bot.com/)"
94.23.209.55 - - [14/Mar/2025:15:55:57 +0000] "GET /store/shop/?filter_color=beige,black&filter_size=m,s&filter_brand=magisso,vitra&shop_view=grid&per_row=4 HTTP/1.1" 200 29024 "-" "Mozilla/5.0 (compatible; MJ12bot/v1.4.8; http://mj12bot.com/)"
94.23.209.55 - - [14/Mar/2025:15:56:03 +0000] "GET /store/shop/?filter_color=beige,black&filter_size=m,s&filter_brand=magisso,vitra&stock_status=instock HTTP/1.1" 200 29009 "-" "Mozilla/5.0 (compatible; MJ12bot/v1.4.8; http://mj12bot.com/)"
94.23.209.55 - - [14/Mar/2025:15:56:10 +0000] "GET /store/shop/?filter_color=beige,black&filter_size=m,s&filter_brand=magisso,vitra&stock_status=instock,onsale HTTP/1.1" 200 26567 "-" "Mozilla/5.0 (compatible; MJ12bot/v1.4.8; http://mj12bot.com/)"
94.23.209.55 - - [14/Mar/2025:15:56:17 +0000] "GET /store/shop/?filter_color=beige,black&filter_size=m,s&filter_brand=magisso,vitra&stock_status=onsale HTTP/1.1" 200 26554 "-" "Mozilla/5.0 (compatible; MJ12bot/v1.4.8; http://mj12bot.com/)"
94.23.209.55 - - [14/Mar/2025:15:56:21 +0000] "GET /store/shop/?filter_color=beige,black&filter_size=m,s&stock_status=onsale&filter_brand=magisso,vitra HTTP/1.1" 200 26553 "-" "Mozilla/5.0 (compatible; MJ12bot/v1.4.8; http://mj12bot.com/)"
94.23.209.55 - - [14/Mar/2025:15:56:29 +0000] "GET /store/shop/?filter_color=beige,black&filter_size=s&filter_brand=eva-solo,joseph-joseph&stock_status=instock HTTP/1.1" 200 26528 "-" "Mozilla/5.0 (compatible; MJ12bot/v1.4.8; http://mj12bot.com/)"
94.23.209.55 - - [14/Mar/2025:15:56:35 +0000] "GET /store/shop/?filter_color=beige,black&filter_size=s&filter_brand=eva-solo,joseph-joseph&stock_status=instock,onsale HTTP/1.1" 200 26532 "-" "Mozilla/5.0 (compatible; MJ12bot/v1.4.8; http://mj12bot.com/)"
18.216.135.3 - - [14/Mar/2025:15:56:44 +0000] "GET /wp/xmlrpc.php?filesrc=%2Fhome%2Fmultihiv%2Fpublic_html%2Fwp%2Findex.php&path=%2Fhome%2Fmultihiv%2Fpublic_html%2Fwp HTTP/2" 200 844 "-" "Mozilla/5.0 AppleWebKit/537.36 (KHTML, like Gecko; compatible; ClaudeBot/1.0; +claudebot@anthropic.com)"
94.23.209.55 - - [14/Mar/2025:15:56:41 +0000] "GET /store/shop/?filter_color=beige,black&filter_size=s&filter_brand=eva-solo,joseph-joseph&stock_status=onsale HTTP/1.1" 200 26540 "-" "Mozilla/5.0 (compatible; MJ12bot/v1.4.8; http://mj12bot.com/)"
18.216.135.3 - - [14/Mar/2025:15:56:44 +0000] "GET /wp/xmlrpc.php?filesrc=%2Fhome%2Fmultihiv%2Fpublic_html%2Fwp%2F.htaccess&path=%2Fhome%2Fmultihiv%2Fpublic_html%2Fwp HTTP/2" 200 933 "-" "Mozilla/5.0 AppleWebKit/537.36 (KHTML, like Gecko; compatible; ClaudeBot/1.0; +claudebot@anthropic.com)"
94.23.209.55 - - [14/Mar/2025:15:56:46 +0000] "GET /store/shop/?filter_color=beige,black&filter_size=s&filter_brand=eva-solo,joseph-joseph,klober&stock_status=instock HTTP/1.1" 200 26590 "-" "Mozilla/5.0 (compatible; MJ12bot/v1.4.8; http://mj12bot.com/)"
94.23.209.55 - - [14/Mar/2025:15:56:50 +0000] "GET /store/shop/?filter_color=beige,black&filter_size=s&filter_brand=eva-solo,joseph-joseph,klober&stock_status=onsale HTTP/1.1" 200 26585 "-" "Mozilla/5.0 (compatible; MJ12bot/v1.4.8; http://mj12bot.com/)"
103.166.150.82 - - [14/Mar/2025:15:55:20 +0000] "POST /store/wp-admin/admin-ajax.php HTTP/1.1" 200 71 "https://valuecartpk.shop/store/wp-admin/post.php?post=15691&action=elementor" "Mozilla/5.0 (Windows NT 10.0; Win64; x64) AppleWebKit/537.36 (KHTML, like Gecko) Chrome/134.0.0.0 Safari/537.36"
20.171.207.177 - - [14/Mar/2025:15:55:21 +0000] "GET /store/shop/?filter_brand=joseph-joseph%2Cmagisso&filter_color=beige%2Cblack%2Cbrown&filter_size=l%2Cm&per_row=3&shop_view=grid&stock_status=instock HTTP/2" 200 29105 "-" "Mozilla/5.0 AppleWebKit/537.36 (KHTML, like Gecko; compatible; GPTBot/1.2; +https://openai.com/gptbot)"
103.166.150.82 - - [14/Mar/2025:15:55:35 +0000] "POST /store/wp-admin/admin-ajax.php HTTP/1.1" 200 71 "https://valuecartpk.shop/store/wp-admin/post.php?post=15691&action=elementor" "Mozilla/5.0 (Windows NT 10.0; Win64; x64) AppleWebKit/537.36 (KHTML, like Gecko) Chrome/134.0.0.0 Safari/537.36"
103.166.150.82 - - [14/Mar/2025:15:55:46 +0000] "GET /store/wp-json/elementor/v1/checklist/user-progress HTTP/1.1" 200 183 "https://valuecartpk.shop/store/wp-admin/post.php?post=15691&action=elementor" "Mozilla/5.0 (Windows NT 10.0; Win64; x64) AppleWebKit/537.36 (KHTML, like Gecko) Chrome/134.0.0.0 Safari/537.36"
103.166.150.82 - - [14/Mar/2025:15:55:50 +0000] "POST /store/wp-admin/admin-ajax.php HTTP/1.1" 200 71 "https://valuecartpk.shop/store/wp-admin/post.php?post=15691&action=elementor" "Mozilla/5.0 (Windows NT 10.0; Win64; x64) AppleWebKit/537.36 (KHTML, like Gecko) Chrome/134.0.0.0 Safari/537.36"
103.166.150.82 - - [14/Mar/2025:15:56:05 +0000] "POST /store/wp-admin/admin-ajax.php HTTP/1.1" 200 71 "https://valuecartpk.shop/store/wp-admin/post.php?post=15691&action=elementor" "Mozilla/5.0 (Windows NT 10.0; Win64; x64) AppleWebKit/537.36 (KHTML, like Gecko) Chrome/134.0.0.0 Safari/537.36"
20.171.207.177 - - [14/Mar/2025:15:56:10 +0000] "GET /store/shop/?filter_brand=eva-solo%2Cjoseph-joseph%2Cklober&filter_color=black%2Cyellow&stock_status=onsale HTTP/2" 200 26557 "-" "Mozilla/5.0 AppleWebKit/537.36 (KHTML, like Gecko; compatible; GPTBot/1.2; +https://openai.com/gptbot)"
103.166.150.82 - - [14/Mar/2025:15:56:20 +0000] "POST /store/wp-admin/admin-ajax.php HTTP/1.1" 200 71 "https://valuecartpk.shop/store/wp-admin/post.php?post=15691&action=elementor" "Mozilla/5.0 (Windows NT 10.0; Win64; x64) AppleWebKit/537.36 (KHTML, like Gecko) Chrome/134.0.0.0 Safari/537.36"
103.166.150.82 - - [14/Mar/2025:15:56:22 +0000] "POST /store/wp-admin/admin-ajax.php HTTP/1.1" 200 51 "https://valuecartpk.shop/store/wp-admin/admin.php?page=qcfw-checkout" "Mozilla/5.0 (Windows NT 10.0; Win64; x64) AppleWebKit/537.36 (KHTML, like Gecko) Chrome/134.0.0.0 Safari/537.36"
103.166.150.82 - - [14/Mar/2025:15:56:35 +0000] "POST /store/wp-admin/admin-ajax.php HTTP/1.1" 200 71 "https://valuecartpk.shop/store/wp-admin/post.php?post=15691&action=elementor" "Mozilla/5.0 (Windows NT 10.0; Win64; x64) AppleWebKit/537.36 (KHTML, like Gecko) Chrome/134.0.0.0 Safari/537.36"
103.166.150.82 - - [14/Mar/2025:15:56:50 +0000] "POST /store/wp-admin/admin-ajax.php HTTP/1.1" 200 71 "https://valuecartpk.shop/store/wp-admin/post.php?post=15691&action=elementor" "Mozilla/5.0 (Windows NT 10.0; Win64; x64) AppleWebKit/537.36 (KHTML, like Gecko) Chrome/134.0.0.0 Safari/537.36"
20.171.207.177 - - [14/Mar/2025:15:56:55 +0000] "GET /store/shop/?filter_brand=eva-solo%2Cjoseph-joseph%2Cklober&filter_color=beige%2Cblack%2Cyellow&filter_size=m&per_page=12&stock_status=instock HTTP/2" 200 28626 "-" "Mozilla/5.0 AppleWebKit/537.36 (KHTML, like Gecko; compatible; GPTBot/1.2; +https://openai.com/gptbot)"
103.166.150.82 - - [14/Mar/2025:15:57:05 +0000] "POST /store/wp-admin/admin-ajax.php HTTP/1.1" 200 71 "https://valuecartpk.shop/store/wp-admin/post.php?post=15691&action=elementor" "Mozilla/5.0 (Windows NT 10.0; Win64; x64) AppleWebKit/537.36 (KHTML, like Gecko) Chrome/134.0.0.0 Safari/537.36"
94.23.209.55 - - [14/Mar/2025:15:56:59 +0000] "GET /store/shop/?filter_color=beige,black&filter_size=s&filter_brand=eva-solo,joseph-joseph,klober,vitra&stock_status=instock HTTP/1.1" 200 26659 "-" "Mozilla/5.0 (compatible; MJ12bot/v1.4.8; http://mj12bot.com/)"
94.23.209.55 - - [14/Mar/2025:15:57:04 +0000] "GET /store/shop/?filter_color=beige,black&filter_size=s&filter_brand=eva-solo,joseph-joseph,klober,vitra&stock_status=onsale HTTP/1.1" 200 26610 "-" "Mozilla/5.0 (compatible; MJ12bot/v1.4.8; http://mj12bot.com/)"
94.23.209.55 - - [14/Mar/2025:15:57:09 +0000] "GET /store/shop/?filter_color=beige,black&filter_size=s&filter_brand=eva-solo,klober&stock_status=instock,onsale HTTP/1.1" 500 264 "-" "Mozilla/5.0 (compatible; MJ12bot/v1.4.8; http://mj12bot.com/)"
94.23.209.55 - - [14/Mar/2025:15:57:12 +0000] "GET /store/shop/?filter_color=beige,black&filter_size=s&filter_brand=eva-solo,klober,vitra&stock_status=instock HTTP/1.1" 200 26598 "-" "Mozilla/5.0 (compatible; MJ12bot/v1.4.8; http://mj12bot.com/)"
94.23.209.55 - - [14/Mar/2025:15:57:16 +0000] "GET /store/shop/?filter_color=beige,black&filter_size=s&filter_brand=eva-solo,klober,vitra&stock_status=onsale HTTP/1.1" 200 26618 "-" "Mozilla/5.0 (compatible; MJ12bot/v1.4.8; http://mj12bot.com/)"
94.23.209.55 - - [14/Mar/2025:15:57:21 +0000] "GET /store/shop/?filter_color=beige,black&filter_size=s&filter_brand=eva-solo,magisso,vitra&stock_status=instock HTTP/1.1" 200 26540 "-" "Mozilla/5.0 (compatible; MJ12bot/v1.4.8; http://mj12bot.com/)"
94.23.209.55 - - [14/Mar/2025:15:57:26 +0000] "GET /store/shop/?filter_color=beige,black&filter_size=s&filter_brand=eva-solo,magisso,vitra&stock_status=instock,onsale HTTP/1.1" 200 26578 "-" "Mozilla/5.0 (compatible; MJ12bot/v1.4.8; http://mj12bot.com/)"
94.23.209.55 - - [14/Mar/2025:15:57:31 +0000] "GET /store/shop/?filter_color=beige,black&filter_size=s&filter_brand=eva-solo,magisso,vitra&stock_status=onsale HTTP/1.1" 200 26597 "-" "Mozilla/5.0 (compatible; MJ12bot/v1.4.8; http://mj12bot.com/)"
94.23.209.55 - - [14/Mar/2025:15:57:35 +0000] "GET /store/shop/?filter_color=beige,black&filter_size=s&filter_brand=eva-solo,vitra&stock_status=instock HTTP/1.1" 200 26509 "-" "Mozilla/5.0 (compatible; MJ12bot/v1.4.8; http://mj12bot.com/)"
94.23.209.55 - - [14/Mar/2025:15:57:42 +0000] "GET /store/shop/?filter_color=beige,black&filter_size=s&filter_brand=eva-solo,vitra&stock_status=onsale HTTP/1.1" 200 26549 "-" "Mozilla/5.0 (compatible; MJ12bot/v1.4.8; http://mj12bot.com/)"
94.23.209.55 - - [14/Mar/2025:15:57:46 +0000] "GET /store/shop/?filter_color=beige,black&filter_size=s&filter_brand=joseph-joseph,magisso,vitra&stock_status=instock HTTP/1.1" 200 26581 "-" "Mozilla/5.0 (compatible; MJ12bot/v1.4.8; http://mj12bot.com/)"
94.23.209.55 - - [14/Mar/2025:15:57:51 +0000] "GET /store/shop/?filter_color=beige,black&filter_size=s&filter_brand=joseph-joseph,magisso,vitra&stock_status=instock,onsale HTTP/1.1" 200 26562 "-" "Mozilla/5.0 (compatible; MJ12bot/v1.4.8; http://mj12bot.com/)"
94.23.209.55 - - [14/Mar/2025:15:57:57 +0000] "GET /store/shop/?filter_color=beige,black&filter_size=s&filter_brand=joseph-joseph,magisso,vitra&stock_status=onsale HTTP/1.1" 200 26605 "-" "Mozilla/5.0 (compatible; MJ12bot/v1.4.8; http://mj12bot.com/)"
